147.135.213.27 - - [04/Jun/2026:18:39:06 +0000] "GET /app/Http/Middleware/VerifyCsrfToken.php HTTP/1.1" 500 0 "-" "Mozilla/5.0 (compatible; MJ12bot/v1.4.8; http://mj12bot.com/)"
147.135.213.27 - - [04/Jun/2026:18:39:11 +0000] "GET /app/Http/Middleware/error_log HTTP/1.1" 403 1242 "-" "Mozilla/5.0 (compatible; MJ12bot/v1.4.8; http://mj12bot.com/)"
147.135.213.27 - - [04/Jun/2026:18:39:16 +0000] "GET /app/Http/Requests/?MD HTTP/1.1" 200 1175 "-" "Mozilla/5.0 (compatible; MJ12bot/v1.4.8; http://mj12bot.com/)"
216.244.66.244 - - [04/Jun/2026:18:41:52 +0000] "GET /bnh/?SD HTTP/1.1" 200 5331 "-" "Mozilla/5.0 (compatible; DotBot/1.2; +https://opensiteexplorer.org/dotbot; help@moz.com)"
216.244.66.244 - - [04/Jun/2026:18:42:01 +0000] "GET /storage/framework/views/daa792f83fb7689b3e4f9373f7727c1baec4c976.php HTTP/1.1" 500 0 "-" "Mozilla/5.0 (compatible; DotBot/1.2; +https://opensiteexplorer.org/dotbot; help@moz.com)"
209.50.228.94 - - [04/Jun/2026:18:52:16 +0000] "GET /gh/hh.php HTTP/1.1" 200 1762 "-" "Mozilla/5.0 (Linux; Android 10; K) AppleWebKit/537.36 (KHTML, like Gecko) Chrome/137.0.0.0 Mobile Safari/537.36"
43.167.239.66 - - [04/Jun/2026:18:58:05 +0000] "GET /gh/?MD HTTP/1.1" 200 758 "-" "Mozilla/5.0 (iPhone; CPU iPhone OS 13_2_3 like Mac OS X) AppleWebKit/605.1.15 (KHTML, like Gecko) Version/13.0.3 Mobile/15E148 Safari/604.1"
91.134.142.208 - - [04/Jun/2026:19:00:58 +0000] "GET /gh/hh.php HTTP/1.1" 200 1762 "-" "Mozilla/5.0 (Linux; Android 10; K) AppleWebKit/537.36 (KHTML, like Gecko) Chrome/145.0.0.0 Mobile Safari/537.36"
170.64.251.156 - - [04/Jun/2026:19:00:59 +0000] "GET /gh/hh.php HTTP/1.1" 200 1762 "-" "Mozilla/5.0 (Linux; Android 10; K) AppleWebKit/537.36 (KHTML, like Gecko) Chrome/145.0.0.0 Mobile Safari/537.36"
43.159.136.201 - - [04/Jun/2026:19:08:14 +0000] "GET /tests/Unit/ HTTP/1.1" 200 896 "-" "Mozilla/5.0 (iPhone; CPU iPhone OS 13_2_3 like Mac OS X) AppleWebKit/605.1.15 (KHTML, like Gecko) Version/13.0.3 Mobile/15E148 Safari/604.1"
51.91.156.252 - - [04/Jun/2026:18:52:13 +0000] "GET /gh/hh.php HTTP/1.1" 200 1762 "-" "Mozilla/5.0 (Linux; Android 10; K) AppleWebKit/537.36 (KHTML, like Gecko) Chrome/137.0.0.0 Mobile Safari/537.36"
159.223.242.210 - - [04/Jun/2026:18:52:13 +0000] "GET /gh/hh.php HTTP/1.1" 200 1762 "-" "Mozilla/5.0 (Linux; Android 10; K) AppleWebKit/537.36 (KHTML, like Gecko) Chrome/137.0.0.0 Mobile Safari/537.36"
157.230.195.44 - - [04/Jun/2026:18:52:14 +0000] "GET /gh/hh.php HTTP/1.1" 200 1762 "-" "Mozilla/5.0 (Linux; Android 10; K) AppleWebKit/537.36 (KHTML, like Gecko) Chrome/137.0.0.0 Mobile Safari/537.36"
43.153.123.4 - - [04/Jun/2026:19:00:47 +0000] "GET / HTTP/1.1" 200 2465 "-" "Mozilla/5.0 (iPhone; CPU iPhone OS 13_2_3 like Mac OS X) AppleWebKit/605.1.15 (KHTML, like Gecko) Version/13.0.3 Mobile/15E148 Safari/604.1"
155.254.22.50 - - [04/Jun/2026:19:00:55 +0000] "GET /gh/hh.php HTTP/1.1" 200 5761 "-" "Mozilla/5.0 (Linux; Android 10; K) AppleWebKit/537.36 (KHTML, like Gecko) Chrome/145.0.0.0 Mobile Safari/537.36"
57.129.134.182 - - [04/Jun/2026:19:01:11 +0000] "GET /gh/ HTTP/1.1" 200 760 "-" "Mozilla/5.0 (Linux, Android 10, K) AppleWebKit/537.36 (KHTML, like Gecko) Chrome/148.0.0.0 Mobile Safari/537.36"
95.153.31.78 - - [04/Jun/2026:19:01:13 +0000] "GET /gh/ HTTP/1.1" 200 1552 "-" "Mozilla/5.0 (Linux, Android 10, K) AppleWebKit/537.36 (KHTML, like Gecko) Chrome/148.0.0.0 Mobile Safari/537.36"
216.244.66.244 - - [04/Jun/2026:19:20:31 +0000] "GET /robots.txt HTTP/1.1" 404 1251 "-" "Mozilla/5.0 (compatible; DotBot/1.2; +https://opensiteexplorer.org/dotbot; help@moz.com)"
96.126.130.244 - - [04/Jun/2026:19:20:40 +0000] "GET /.env HTTP/1.1" 200 1395 "-" "Mozilla/5.0 (Windows NT 10.0; Win64; x64) AppleWebKit/537.36 (KHTML, like Gecko) Chrome/120.0.0.0 Safari/537.36"
43.157.148.38 - - [04/Jun/2026:19:18:22 +0000] "GET /?SA HTTP/1.1" 200 2452 "-" "Mozilla/5.0 (iPhone; CPU iPhone OS 13_2_3 like Mac OS X) AppleWebKit/605.1.15 (KHTML, like Gecko) Version/13.0.3 Mobile/15E148 Safari/604.1"
216.244.66.244 - - [04/Jun/2026:19:24:32 +0000] "GET /storage/framework/sessions/KozxZX2NixgmTZmrAFLSDGwH6tCGlwMefQ7gWFbw HTTP/1.1" 200 261 "-" "Mozilla/5.0 (compatible; DotBot/1.2; +https://opensiteexplorer.org/dotbot; help@moz.com)"
216.244.66.244 - - [04/Jun/2026:19:24:37 +0000] "GET /storage/framework/views/3b50228e9e2fd5888d1b14faafc0b24d74ac5f28.php HTTP/1.1" 500 0 "-" "Mozilla/5.0 (compatible; DotBot/1.2; +https://opensiteexplorer.org/dotbot; help@moz.com)"
155.254.22.50 - - [04/Jun/2026:19:33:37 +0000] "GET /gh/hh.php HTTP/1.1" 200 5761 "-" "Mozilla/5.0 (Linux; Android 10; K) AppleWebKit/537.36 (KHTML, like Gecko) Chrome/145.0.0.0 Mobile Safari/537.36"
91.134.142.208 - - [04/Jun/2026:19:33:39 +0000] "GET /gh/hh.php HTTP/1.1" 200 1762 "-" "Mozilla/5.0 (Linux; Android 10; K) AppleWebKit/537.36 (KHTML, like Gecko) Chrome/145.0.0.0 Mobile Safari/537.36"
170.64.251.156 - - [04/Jun/2026:19:33:39 +0000] "GET /gh/hh.php HTTP/1.1" 200 1762 "-" "Mozilla/5.0 (Linux; Android 10; K) AppleWebKit/537.36 (KHTML, like Gecko) Chrome/145.0.0.0 Mobile Safari/537.36"
95.153.31.78 - - [04/Jun/2026:19:34:28 +0000] "GET /gh/ HTTP/1.1" 200 1552 "-" "Mozilla/5.0 (Linux, Android 10, K) AppleWebKit/537.36 (KHTML, like Gecko) Chrome/148.0.0.0 Mobile Safari/537.36"
43.162.109.249 - - [04/Jun/2026:19:39:35 +0000] "GET /dfrr/ HTTP/1.1" 200 755 "-" "Mozilla/5.0 (iPhone; CPU iPhone OS 13_2_3 like Mac OS X) AppleWebKit/605.1.15 (KHTML, like Gecko) Version/13.0.3 Mobile/15E148 Safari/604.1"
157.55.39.57 - - [04/Jun/2026:19:41:33 +0000] "GET /sitemap.xml.gz HTTP/1.1" 404 1251 "-" "Mozilla/5.0 AppleWebKit/537.36 (KHTML, like Gecko; compatible; bingbot/2.0; +http://www.bing.com/bingbot.htm) Chrome/116.0.1938.76 Safari/537.36"
101.33.55.204 - - [04/Jun/2026:19:29:27 +0000] "GET /bnh/ HTTP/1.1" 200 1515 "-" "Mozilla/5.0 (iPhone; CPU iPhone OS 13_2_3 like Mac OS X) AppleWebKit/605.1.15 (KHTML, like Gecko) Version/13.0.3 Mobile/15E148 Safari/604.1"
66.249.64.41 - - [04/Jun/2026:19:31:03 +0000] "GET /robots.txt HTTP/1.1" 404 1251 "-" "Mozilla/5.0 (compatible; Googlebot/2.1; +http://www.google.com/bot.html)"
57.129.134.182 - - [04/Jun/2026:19:34:28 +0000] "GET /gh/ HTTP/1.1" 200 760 "-" "Mozilla/5.0 (Linux, Android 10, K) AppleWebKit/537.36 (KHTML, like Gecko) Chrome/148.0.0.0 Mobile Safari/537.36"
147.135.214.166 - - [04/Jun/2026:19:45:26 +0000] "GET /robots.txt HTTP/1.1" 404 1251 "-" "Mozilla/5.0 (compatible; MJ12bot/v1.4.8; http://mj12bot.com/)"
147.135.214.166 - - [04/Jun/2026:19:45:27 +0000] "GET /assets/demo/?NA HTTP/1.1" 200 708 "-" "Mozilla/5.0 (compatible; MJ12bot/v1.4.8; http://mj12bot.com/)"
147.135.214.166 - - [04/Jun/2026:19:45:31 +0000] "GET /assets/demo/?SD HTTP/1.1" 200 719 "-" "Mozilla/5.0 (compatible; MJ12bot/v1.4.8; http://mj12bot.com/)"
146.190.190.67 - - [04/Jun/2026:19:45:31 +0000] "GET /gh/ HTTP/1.1" 200 771 "-" "Mozilla/5.0 (Linux; Android 10; K) AppleWebKit/537.36 (KHTML, like Gecko) Chrome/139.0.0.0 Mobile Safari/537.36"
138.68.120.52 - - [04/Jun/2026:19:45:31 +0000] "GET /gh/ HTTP/1.1" 200 771 "-" "Mozilla/5.0 (Linux; Android 10; K) AppleWebKit/537.36 (KHTML, like Gecko) Chrome/139.0.0.0 Mobile Safari/537.36"
209.38.173.77 - - [04/Jun/2026:19:45:32 +0000] "GET /gh/ HTTP/1.1" 200 771 "-" "Mozilla/5.0 (Linux; Android 10; K) AppleWebKit/537.36 (KHTML, like Gecko) Chrome/139.0.0.0 Mobile Safari/537.36"
147.135.214.166 - - [04/Jun/2026:19:45:34 +0000] "GET /assets/fonts/?MD HTTP/1.1" 200 697 "-" "Mozilla/5.0 (compatible; MJ12bot/v1.4.8; http://mj12bot.com/)"
147.135.214.166 - - [04/Jun/2026:19:45:37 +0000] "GET /assets/fonts/?NA HTTP/1.1" 200 694 "-" "Mozilla/5.0 (compatible; MJ12bot/v1.4.8; http://mj12bot.com/)"
147.135.214.166 - - [04/Jun/2026:19:45:40 +0000] "GET /assets/fonts/?SD HTTP/1.1" 200 696 "-" "Mozilla/5.0 (compatible; MJ12bot/v1.4.8; http://mj12bot.com/)"
147.135.214.166 - - [04/Jun/2026:19:45:42 +0000] "GET /assets/img/?MD HTTP/1.1" 200 1148 "-" "Mozilla/5.0 (compatible; MJ12bot/v1.4.8; http://mj12bot.com/)"
147.135.214.166 - - [04/Jun/2026:19:45:46 +0000] "GET /assets/img/?SD HTTP/1.1" 200 1151 "-" "Mozilla/5.0 (compatible; MJ12bot/v1.4.8; http://mj12bot.com/)"
147.135.214.166 - - [04/Jun/2026:19:45:50 +0000] "GET /cv/shared/?ND HTTP/1.1" 200 623 "-" "Mozilla/5.0 (compatible; MJ12bot/v1.4.8; http://mj12bot.com/)"
51.91.156.252 - - [04/Jun/2026:19:54:41 +0000] "GET /gh/hh.php HTTP/1.1" 200 1762 "-" "Mozilla/5.0 (Linux; Android 10; K) AppleWebKit/537.36 (KHTML, like Gecko) Chrome/137.0.0.0 Mobile Safari/537.36"
209.50.228.94 - - [04/Jun/2026:19:54:41 +0000] "GET /gh/hh.php HTTP/1.1" 200 1762 "-" "Mozilla/5.0 (Linux; Android 10; K) AppleWebKit/537.36 (KHTML, like Gecko) Chrome/137.0.0.0 Mobile Safari/537.36"
147.135.214.166 - - [04/Jun/2026:19:45:24 +0000] "GET /robots.txt HTTP/1.1" 404 1251 "-" "Mozilla/5.0 (compatible; MJ12bot/v1.4.8; http://mj12bot.com/)"
147.135.214.166 - - [04/Jun/2026:19:45:25 +0000] "GET /app/Exceptions/objects/?ND HTTP/1.1" 200 621 "-" "Mozilla/5.0 (compatible; MJ12bot/v1.4.8; http://mj12bot.com/)"
57.131.13.108 - - [04/Jun/2026:19:45:32 +0000] "GET /gh/ HTTP/1.1" 200 771 "-" "Mozilla/5.0 (Linux; Android 10; K) AppleWebKit/537.36 (KHTML, like Gecko) Chrome/139.0.0.0 Mobile Safari/537.36"
43.130.60.195 - - [04/Jun/2026:19:49:30 +0000] "GET /HMP/ HTTP/1.1" 200 674 "-" "Mozilla/5.0 (iPhone; CPU iPhone OS 13_2_3 like Mac OS X) AppleWebKit/605.1.15 (KHTML, like Gecko) Version/13.0.3 Mobile/15E148 Safari/604.1"
157.230.195.44 - - [04/Jun/2026:19:54:42 +0000] "GET /gh/hh.php HTTP/1.1" 200 1762 "-" "Mozilla/5.0 (Linux; Android 10; K) AppleWebKit/537.36 (KHTML, like Gecko) Chrome/137.0.0.0 Mobile Safari/537.36"
159.223.242.210 - - [04/Jun/2026:19:54:44 +0000] "GET /gh/hh.php HTTP/1.1" 200 1762 "-" "Mozilla/5.0 (Linux; Android 10; K) AppleWebKit/537.36 (KHTML, like Gecko) Chrome/137.0.0.0 Mobile Safari/537.36"
119.28.122.202 - - [04/Jun/2026:19:57:24 +0000] "GET /SaudiaPOST HTTP/1.1" 200 112331 "-" "Mozilla/5.0 (iPhone; CPU iPhone OS 13_2_3 like Mac OS X) AppleWebKit/605.1.15 (KHTML, like Gecko) Version/13.0.3 Mobile/15E148 Safari/604.1"
155.254.22.50 - - [04/Jun/2026:20:02:46 +0000] "GET /gh/hh.php HTTP/1.1" 200 5761 "-" "Mozilla/5.0 (Linux; Android 10; K) AppleWebKit/537.36 (KHTML, like Gecko) Chrome/145.0.0.0 Mobile Safari/537.36"
170.64.251.156 - - [04/Jun/2026:20:02:46 +0000] "GET /gh/hh.php HTTP/1.1" 200 1762 "-" "Mozilla/5.0 (Linux; Android 10; K) AppleWebKit/537.36 (KHTML, like Gecko) Chrome/145.0.0.0 Mobile Safari/537.36"
216.244.66.244 - - [04/Jun/2026:20:02:48 +0000] "GET /robots.txt HTTP/1.1" 404 1251 "-" "Mozilla/5.0 (compatible; DotBot/1.2; +https://opensiteexplorer.org/dotbot; help@moz.com)"
57.129.134.182 - - [04/Jun/2026:20:02:57 +0000] "GET /gh/ HTTP/1.1" 200 760 "-" "Mozilla/5.0 (Linux, Android 10, K) AppleWebKit/537.36 (KHTML, like Gecko) Chrome/148.0.0.0 Mobile Safari/537.36"
124.156.226.179 - - [04/Jun/2026:20:03:13 +0000] "GET / HTTP/1.1" 200 2461 "-" "Mozilla/5.0 (iPhone; CPU iPhone OS 13_2_3 like Mac OS X) AppleWebKit/605.1.15 (KHTML, like Gecko) Version/13.0.3 Mobile/15E148 Safari/604.1"
216.244.66.244 - - [04/Jun/2026:20:06:29 +0000] "GET /resources/views/sales/editproduct.blade.php HTTP/1.1" 200 5269 "-" "Mozilla/5.0 (compatible; DotBot/1.2; +https://opensiteexplorer.org/dotbot; help@moz.com)"
216.244.66.244 - - [04/Jun/2026:20:06:33 +0000] "GET /app/Http/?SD HTTP/1.1" 200 2541 "-" "Mozilla/5.0 (compatible; DotBot/1.2; +https://opensiteexplorer.org/dotbot; help@moz.com)"
216.244.66.244 - - [04/Jun/2026:20:06:38 +0000] "GET /storage/framework/views/10bf9a40d985825a2185fd9c0ed8bf3a5a0874ea.php HTTP/1.1" 500 0 "-" "Mozilla/5.0 (compatible; DotBot/1.2; +https://opensiteexplorer.org/dotbot; help@moz.com)"
91.134.142.208 - - [04/Jun/2026:20:02:46 +0000] "GET /gh/hh.php HTTP/1.1" 200 1762 "-" "Mozilla/5.0 (Linux; Android 10; K) AppleWebKit/537.36 (KHTML, like Gecko) Chrome/145.0.0.0 Mobile Safari/537.36"
95.153.31.78 - - [04/Jun/2026:20:02:53 +0000] "GET /gh/ HTTP/1.1" 200 1552 "-" "Mozilla/5.0 (Linux, Android 10, K) AppleWebKit/537.36 (KHTML, like Gecko) Chrome/148.0.0.0 Mobile Safari/537.36"
43.159.63.116 - - [04/Jun/2026:20:07:30 +0000] "GET /cv/ HTTP/1.1" 200 1383 "-" "Mozilla/5.0 (iPhone; CPU iPhone OS 13_2_3 like Mac OS X) AppleWebKit/605.1.15 (KHTML, like Gecko) Version/13.0.3 Mobile/15E148 Safari/604.1"
43.165.125.66 - - [04/Jun/2026:20:18:15 +0000] "GET /email/ HTTP/1.1" 200 674 "-" "Mozilla/5.0 (iPhone; CPU iPhone OS 13_2_3 like Mac OS X) AppleWebKit/605.1.15 (KHTML, like Gecko) Version/13.0.3 Mobile/15E148 Safari/604.1"
34.148.206.86 - - [04/Jun/2026:20:23:18 +0000] "GET /getcmd HTTP/1.1" 404 1251 "-" "Mozilla/5.0 (Windows NT 10.0; Win64; x64) AppleWebKit/537.36 (KHTML, like Gecko) Chrome/70.0.3538.77 Safari/537.36"
34.148.206.86 - - [04/Jun/2026:20:23:18 +0000] "GET / HTTP/1.1" 200 2458 "-" "Mozilla/5.0 (Windows NT 10.0; Win64; x64) AppleWebKit/537.36 (KHTML, like Gecko) Chrome/70.0.3538.77 Safari/537.36"
34.148.206.86 - - [04/Jun/2026:20:23:18 +0000] "GET / HTTP/1.1" 200 11310 "-" "Mozilla/5.0 (Windows NT 10.0; Win64; x64) AppleWebKit/537.36 (KHTML, like Gecko) Chrome/70.0.3538.77 Safari/537.36"
217.182.194.2 - - [04/Jun/2026:20:24:32 +0000] "GET /robots.txt HTTP/1.1" 404 1251 "-" "Mozilla/5.0 (compatible; MJ12bot/v1.4.8; http://mj12bot.com/)"
217.182.194.2 - - [04/Jun/2026:20:24:34 +0000] "GET /app/Exceptions/objects/?MD HTTP/1.1" 200 626 "-" "Mozilla/5.0 (compatible; MJ12bot/v1.4.8; http://mj12bot.com/)"
217.182.194.2 - - [04/Jun/2026:20:24:36 +0000] "GET /assets/scss/?NA HTTP/1.1" 200 680 "-" "Mozilla/5.0 (compatible; MJ12bot/v1.4.8; http://mj12bot.com/)"
217.182.194.2 - - [04/Jun/2026:20:24:37 +0000] "GET /storage/framework/views/24a62f6d7478c56e50927ffc457ba9959eca58fd.php HTTP/1.1" 500 0 "-" "Mozilla/5.0 (compatible; MJ12bot/v1.4.8; http://mj12bot.com/)"
217.182.194.2 - - [04/Jun/2026:20:24:39 +0000] "GET /storage/framework/views/2737f3873ab7b8799f056ac0e486827fdb8226fb.php HTTP/1.1" 500 0 "-" "Mozilla/5.0 (compatible; MJ12bot/v1.4.8; http://mj12bot.com/)"
217.182.194.2 - - [04/Jun/2026:20:24:40 +0000] "GET /storage/framework/views/2822df6c56a92a6325d5ce400378c26926e9f1d2.php HTTP/1.1" 500 0 "-" "Mozilla/5.0 (compatible; MJ12bot/v1.4.8; http://mj12bot.com/)"
217.182.194.2 - - [04/Jun/2026:20:24:42 +0000] "GET /storage/framework/views/2a2fbbf89cb05893eeb17b3523d78f69cc52a4e8.php HTTP/1.1" 200 104 "-" "Mozilla/5.0 (compatible; MJ12bot/v1.4.8; http://mj12bot.com/)"
217.182.194.2 - - [04/Jun/2026:20:24:43 +0000] "GET /storage/framework/views/2bab70040c8df90c9a5b2d9d31005029f7ac9efe.php HTTP/1.1" 500 0 "-" "Mozilla/5.0 (compatible; MJ12bot/v1.4.8; http://mj12bot.com/)"
217.182.194.2 - - [04/Jun/2026:20:24:45 +0000] "GET /storage/framework/views/2d0558829caab28575243c82847a2ce79985f322.php HTTP/1.1" 500 0 "-" "Mozilla/5.0 (compatible; MJ12bot/v1.4.8; http://mj12bot.com/)"
217.182.194.2 - - [04/Jun/2026:20:24:46 +0000] "GET /storage/framework/views/2ee493720bf858b4d140edfef11a461e5974bd12.php HTTP/1.1" 500 0 "-" "Mozilla/5.0 (compatible; MJ12bot/v1.4.8; http://mj12bot.com/)"
217.182.194.2 - - [04/Jun/2026:20:24:48 +0000] "GET /storage/framework/views/2ef746db34d92d1f5ebb43e2d3f99d301206bb1b.php HTTP/1.1" 500 0 "-" "Mozilla/5.0 (compatible; MJ12bot/v1.4.8; http://mj12bot.com/)"
217.182.194.2 - - [04/Jun/2026:20:24:50 +0000] "GET /storage/framework/views/31a72dca53076aa492fc38d060d8d7db5ab04a45.php HTTP/1.1" 500 0 "-" "Mozilla/5.0 (compatible; MJ12bot/v1.4.8; http://mj12bot.com/)"
217.182.194.2 - - [04/Jun/2026:20:24:51 +0000] "GET /storage/framework/views/324d28263c2a32e70d43eaf9c642ee9ae80d7842.php HTTP/1.1" 200 28 "-" "Mozilla/5.0 (compatible; MJ12bot/v1.4.8; http://mj12bot.com/)"
217.182.194.2 - - [04/Jun/2026:20:24:53 +0000] "GET /storage/framework/views/3350081cc235f1a91ac051b45fe2f7c171db1072.php HTTP/1.1" 500 0 "-" "Mozilla/5.0 (compatible; MJ12bot/v1.4.8; http://mj12bot.com/)"
217.182.194.2 - - [04/Jun/2026:20:24:54 +0000] "GET /storage/framework/views/379e660756993af8c529af308977b6ca9db48874.php HTTP/1.1" 200 678 "-" "Mozilla/5.0 (compatible; MJ12bot/v1.4.8; http://mj12bot.com/)"
217.182.194.2 - - [04/Jun/2026:20:24:55 +0000] "GET /storage/framework/views/3b50228e9e2fd5888d1b14faafc0b24d74ac5f28.php HTTP/1.1" 500 0 "-" "Mozilla/5.0 (compatible; MJ12bot/v1.4.8; http://mj12bot.com/)"
217.182.194.2 - - [04/Jun/2026:20:24:57 +0000] "GET /storage/framework/views/3f279bcbe424ee3b4be2729d1e6b8d54886774d7.php HTTP/1.1" 500 0 "-" "Mozilla/5.0 (compatible; MJ12bot/v1.4.8; http://mj12bot.com/)"
217.182.194.2 - - [04/Jun/2026:20:24:59 +0000] "GET /storage/framework/views/3f4c91157ddde4c758e65b9f40155b789f6f1936.php HTTP/1.1" 500 0 "-" "Mozilla/5.0 (compatible; MJ12bot/v1.4.8; http://mj12bot.com/)"
217.182.194.2 - - [04/Jun/2026:20:25:00 +0000] "GET /storage/framework/views/3f78cd800373f9c76ef8542c38218dc7873a18bf.php HTTP/1.1" 500 0 "-" "Mozilla/5.0 (compatible; MJ12bot/v1.4.8; http://mj12bot.com/)"
217.182.194.2 - - [04/Jun/2026:20:25:02 +0000] "GET /storage/framework/views/402f14524901eebe3c49136be7cc917bb791d688.php HTTP/1.1" 500 0 "-" "Mozilla/5.0 (compatible; MJ12bot/v1.4.8; http://mj12bot.com/)"
217.182.194.2 - - [04/Jun/2026:20:25:03 +0000] "GET /storage/framework/views/43e5af4c0a7e0b58d8a36de8e0655cb096b25b3c.php HTTP/1.1" 500 0 "-" "Mozilla/5.0 (compatible; MJ12bot/v1.4.8; http://mj12bot.com/)"
217.182.194.2 - - [04/Jun/2026:20:25:04 +0000] "GET /storage/framework/views/4529abc1d959201f4a863e46d6a87e76eaa57382.php HTTP/1.1" 500 0 "-" "Mozilla/5.0 (compatible; MJ12bot/v1.4.8; http://mj12bot.com/)"
217.182.194.2 - - [04/Jun/2026:20:25:06 +0000] "GET /storage/framework/views/458e9695be5f898a9a55695aa8fc6df1f5260e88.php HTTP/1.1" 500 0 "-" "Mozilla/5.0 (compatible; MJ12bot/v1.4.8; http://mj12bot.com/)"
217.182.194.2 - - [04/Jun/2026:20:25:08 +0000] "GET /storage/framework/views/5e3b2f4f7566098eaccbc0e417bdc785699e0895.php HTTP/1.1" 500 0 "-" "Mozilla/5.0 (compatible; MJ12bot/v1.4.8; http://mj12bot.com/)"
217.182.194.2 - - [04/Jun/2026:20:25:09 +0000] "GET /storage/framework/views/73147084411f989d64510892d2b0a0c01708ba1d.php HTTP/1.1" 200 28 "-" "Mozilla/5.0 (compatible; MJ12bot/v1.4.8; http://mj12bot.com/)"
217.182.194.2 - - [04/Jun/2026:20:25:11 +0000] "GET /storage/framework/views/73599065ac00da216e155d5412a2c797f4fe2a50.php HTTP/1.1" 500 0 "-" "Mozilla/5.0 (compatible; MJ12bot/v1.4.8; http://mj12bot.com/)"
217.182.194.2 - - [04/Jun/2026:20:25:12 +0000] "GET /storage/framework/views/74b775f69870ccbb0c66fbcede0d61ff67b7218d.php HTTP/1.1" 200 678 "-" "Mozilla/5.0 (compatible; MJ12bot/v1.4.8; http://mj12bot.com/)"
217.182.194.2 - - [04/Jun/2026:20:25:14 +0000] "GET /storage/framework/views/7583b2451ad325d363c403883c9f2d299ada4e3f.php HTTP/1.1" 500 0 "-" "Mozilla/5.0 (compatible; MJ12bot/v1.4.8; http://mj12bot.com/)"
217.182.194.2 - - [04/Jun/2026:20:25:15 +0000] "GET /storage/framework/views/777ecc505c24f55dfec7cea55615f4122f5d468f.php HTTP/1.1" 200 6 "-" "Mozilla/5.0 (compatible; MJ12bot/v1.4.8; http://mj12bot.com/)"
217.182.194.2 - - [04/Jun/2026:20:25:17 +0000] "GET /storage/framework/views/79618fc6078a2e9e32834195d93820d4d2b347d5.php HTTP/1.1" 500 0 "-" "Mozilla/5.0 (compatible; MJ12bot/v1.4.8; http://mj12bot.com/)"
217.182.194.2 - - [04/Jun/2026:20:25:19 +0000] "GET /storage/framework/views/afe1479758326f5a1f526b33f16d0738cdea994b.php HTTP/1.1" 500 0 "-" "Mozilla/5.0 (compatible; MJ12bot/v1.4.8; http://mj12bot.com/)"
217.182.194.2 - - [04/Jun/2026:20:25:20 +0000] "GET /storage/framework/views/b04fa25c6483ce340498790771c42e359bebaf75.php HTTP/1.1" 500 0 "-" "Mozilla/5.0 (compatible; MJ12bot/v1.4.8; http://mj12bot.com/)"
217.182.194.2 - - [04/Jun/2026:20:25:22 +0000] "GET /storage/framework/views/b31c7d6c79abbcaa6a59b39682933b97038e356b.php HTTP/1.1" 200 66 "-" "Mozilla/5.0 (compatible; MJ12bot/v1.4.8; http://mj12bot.com/)"
217.182.194.2 - - [04/Jun/2026:20:25:23 +0000] "GET /storage/framework/views/b33d37ade4e7b12e939830749227b037dbd914f4.php HTTP/1.1" 500 0 "-" "Mozilla/5.0 (compatible; MJ12bot/v1.4.8; http://mj12bot.com/)"
217.182.194.2 - - [04/Jun/2026:20:25:25 +0000] "GET /storage/framework/views/b40ff7ad12c1ddedd10bd205ecd9161bd47999fa.php HTTP/1.1" 500 0 "-" "Mozilla/5.0 (compatible; MJ12bot/v1.4.8; http://mj12bot.com/)"
217.182.194.2 - - [04/Jun/2026:20:25:26 +0000] "GET /storage/framework/views/b49daaa621587aa52ebd5cc9635acfc4766c13ea.php HTTP/1.1" 500 0 "-" "Mozilla/5.0 (compatible; MJ12bot/v1.4.8; http://mj12bot.com/)"
217.182.194.2 - - [04/Jun/2026:20:25:28 +0000] "GET /storage/framework/views/b537567b261c2fa094f053ac718dc33a1eff42d9.php HTTP/1.1" 500 0 "-" "Mozilla/5.0 (compatible; MJ12bot/v1.4.8; http://mj12bot.com/)"
217.182.194.2 - - [04/Jun/2026:20:25:29 +0000] "GET /storage/framework/views/b5c4cb1cfdd808555336ba06a44eec9f676af9e7.php HTTP/1.1" 500 0 "-" "Mozilla/5.0 (compatible; MJ12bot/v1.4.8; http://mj12bot.com/)"
217.182.194.2 - - [04/Jun/2026:20:25:31 +0000] "GET /storage/framework/views/bbac2a9bebb23a25f09bf69900a06ab707211aae.php HTTP/1.1" 500 0 "-" "Mozilla/5.0 (compatible; MJ12bot/v1.4.8; http://mj12bot.com/)"
217.182.194.2 - - [04/Jun/2026:20:25:32 +0000] "GET /storage/framework/views/bc1b22e33580c87d3c201e157259cd9c31df9eb0.php HTTP/1.1" 500 0 "-" "Mozilla/5.0 (compatible; MJ12bot/v1.4.8; http://mj12bot.com/)"
217.182.194.2 - - [04/Jun/2026:20:25:34 +0000] "GET /storage/framework/views/bd8da3b0fd5350448799abf0fe0c7a51710db198.php HTTP/1.1" 500 0 "-" "Mozilla/5.0 (compatible; MJ12bot/v1.4.8; http://mj12bot.com/)"
217.182.194.2 - - [04/Jun/2026:20:25:35 +0000] "GET /storage/framework/views/be8eb5cd1bd241555e6ff4b05c4cf67c5762dede.php HTTP/1.1" 500 0 "-" "Mozilla/5.0 (compatible; MJ12bot/v1.4.8; http://mj12bot.com/)"
217.182.194.2 - - [04/Jun/2026:20:25:37 +0000] "GET /storage/framework/views/bea6ff514ed4af5ebe8fa4f967d3be0a9203933b.php HTTP/1.1" 500 0 "-" "Mozilla/5.0 (compatible; MJ12bot/v1.4.8; http://mj12bot.com/)"
217.182.194.2 - - [04/Jun/2026:20:25:38 +0000] "GET /storage/framework/views/bf181c604bd1d66c320e5fe98e61e153f20219b3.php HTTP/1.1" 500 0 "-" "Mozilla/5.0 (compatible; MJ12bot/v1.4.8; http://mj12bot.com/)"
217.182.194.2 - - [04/Jun/2026:20:25:40 +0000] "GET /storage/framework/views/c136d1a99c2ee4679cb1274ca5c135bb01b554f4.php HTTP/1.1" 500 0 "-" "Mozilla/5.0 (compatible; MJ12bot/v1.4.8; http://mj12bot.com/)"
217.182.194.2 - - [04/Jun/2026:20:25:41 +0000] "GET /storage/framework/views/c5a465342090d47161b2812460e92c58a68a59fe.php HTTP/1.1" 500 0 "-" "Mozilla/5.0 (compatible; MJ12bot/v1.4.8; http://mj12bot.com/)"
217.182.194.2 - - [04/Jun/2026:20:25:43 +0000] "GET /storage/framework/views/cbd25977c07349e987b3276fd4984b411890406f.php HTTP/1.1" 500 0 "-" "Mozilla/5.0 (compatible; MJ12bot/v1.4.8; http://mj12bot.com/)"
217.182.194.2 - - [04/Jun/2026:20:25:44 +0000] "GET /storage/framework/views/cdfa936c57009e8c3d0f587a7a8b210f90e5f9c9.php HTTP/1.1" 500 0 "-" "Mozilla/5.0 (compatible; MJ12bot/v1.4.8; http://mj12bot.com/)"
217.182.194.2 - - [04/Jun/2026:20:25:46 +0000] "GET /storage/framework/views/ce1966dba27aa5ce103e07b49887c75c349e7161.php HTTP/1.1" 500 0 "-" "Mozilla/5.0 (compatible; MJ12bot/v1.4.8; http://mj12bot.com/)"
217.182.194.2 - - [04/Jun/2026:20:25:47 +0000] "GET /storage/framework/views/cfd0c758e8c810b67709bc738a0d8d69021ef68c.php HTTP/1.1" 500 0 "-" "Mozilla/5.0 (compatible; MJ12bot/v1.4.8; http://mj12bot.com/)"
217.182.194.2 - - [04/Jun/2026:20:25:49 +0000] "GET /storage/framework/views/d153ddd7ed66a19d3f3d8cfece1a98d5e122e016.php HTTP/1.1" 500 0 "-" "Mozilla/5.0 (compatible; MJ12bot/v1.4.8; http://mj12bot.com/)"
217.182.194.2 - - [04/Jun/2026:20:25:50 +0000] "GET /storage/framework/views/d1f0fe588c871533cd5542d2a484c37b4f9b450c.php HTTP/1.1" 500 0 "-" "Mozilla/5.0 (compatible; MJ12bot/v1.4.8; http://mj12bot.com/)"
217.182.194.2 - - [04/Jun/2026:20:25:52 +0000] "GET /storage/framework/views/ef7386283f7efe4f381be84055f0d4e47ab53d55.php HTTP/1.1" 500 0 "-" "Mozilla/5.0 (compatible; MJ12bot/v1.4.8; http://mj12bot.com/)"
217.182.194.2 - - [04/Jun/2026:20:25:53 +0000] "GET /storage/framework/views/ef8c4f52794bff7c6933837d775a1b0efef0b91f.php HTTP/1.1" 200 6 "-" "Mozilla/5.0 (compatible; MJ12bot/v1.4.8; http://mj12bot.com/)"
1.15.52.154 - - [04/Jun/2026:20:25:05 +0000] "GET / HTTP/1.1" 200 2463 "-" "Mozilla/5.0 (iPhone; CPU iPhone OS 13_2_3 like Mac OS X) AppleWebKit/605.1.15 (KHTML, like Gecko) Version/13.0.3 Mobile/15E148 Safari/604.1"
217.182.194.2 - - [04/Jun/2026:20:26:23 +0000] "GET /assets/css/index-rtl.css HTTP/1.1" 200 199706 "-" "Mozilla/5.0 (compatible; MJ12bot/v1.4.8; http://mj12bot.com/)"
43.157.142.101 - - [04/Jun/2026:20:27:15 +0000] "GET /bnh/ideas.md HTTP/1.1" 200 5334 "-" "Mozilla/5.0 (iPhone; CPU iPhone OS 13_2_3 like Mac OS X) AppleWebKit/605.1.15 (KHTML, like Gecko) Version/13.0.3 Mobile/15E148 Safari/604.1"
217.182.194.2 - - [04/Jun/2026:20:25:55 +0000] "GET /storage/framework/views/efe0bd5472154552101bbf3cb91a6dd2ba75247c.php HTTP/1.1" 200 66 "-" "Mozilla/5.0 (compatible; MJ12bot/v1.4.8; http://mj12bot.com/)"
217.182.194.2 - - [04/Jun/2026:20:25:57 +0000] "GET /storage/framework/views/error_log HTTP/1.1" 403 1242 "-" "Mozilla/5.0 (compatible; MJ12bot/v1.4.8; http://mj12bot.com/)"
217.182.194.2 - - [04/Jun/2026:20:25:58 +0000] "GET /storage/framework/views/f043247305c686b1cc5045d1d1b56fe655ba143b.php HTTP/1.1" 500 0 "-" "Mozilla/5.0 (compatible; MJ12bot/v1.4.8; http://mj12bot.com/)"
217.182.194.2 - - [04/Jun/2026:20:25:59 +0000] "GET /robots.txt HTTP/1.1" 404 1251 "-" "Mozilla/5.0 (compatible; MJ12bot/v1.4.8; http://mj12bot.com/)"
217.182.194.2 - - [04/Jun/2026:20:26:00 +0000] "GET /app/Models/?SA HTTP/1.1" 200 691 "-" "Mozilla/5.0 (compatible; MJ12bot/v1.4.8; http://mj12bot.com/)"
217.182.194.2 - - [04/Jun/2026:20:26:05 +0000] "GET /app/Models/User.php HTTP/1.1" 500 0 "-" "Mozilla/5.0 (compatible; MJ12bot/v1.4.8; http://mj12bot.com/)"
217.182.194.2 - - [04/Jun/2026:20:26:07 +0000] "GET /app/Models/error_log HTTP/1.1" 403 1242 "-" "Mozilla/5.0 (compatible; MJ12bot/v1.4.8; http://mj12bot.com/)"
217.182.194.2 - - [04/Jun/2026:20:26:12 +0000] "GET /app/Providers/?MD HTTP/1.1" 200 1083 "-" "Mozilla/5.0 (compatible; MJ12bot/v1.4.8; http://mj12bot.com/)"
217.182.194.2 - - [04/Jun/2026:20:26:14 +0000] "GET /assets/css/?NA HTTP/1.1" 200 1258 "-" "Mozilla/5.0 (compatible; MJ12bot/v1.4.8; http://mj12bot.com/)"
217.182.194.2 - - [04/Jun/2026:20:26:17 +0000] "GET /assets/css/?SD HTTP/1.1" 200 1257 "-" "Mozilla/5.0 (compatible; MJ12bot/v1.4.8; http://mj12bot.com/)"
217.182.194.2 - - [04/Jun/2026:20:26:20 +0000] "GET /assets/css/bootstrap.min.css.map HTTP/1.1" 200 76744 "-" "Mozilla/5.0 (compatible; MJ12bot/v1.4.8; http://mj12bot.com/)"
217.182.194.2 - - [04/Jun/2026:20:26:31 +0000] "GET /assets/img/?NA HTTP/1.1" 200 1154 "-" "Mozilla/5.0 (compatible; MJ12bot/v1.4.8; http://mj12bot.com/)"
217.182.194.2 - - [04/Jun/2026:20:26:34 +0000] "GET /cv/shared/?MA HTTP/1.1" 200 626 "-" "Mozilla/5.0 (compatible; MJ12bot/v1.4.8; http://mj12bot.com/)"
217.182.194.2 - - [04/Jun/2026:20:26:38 +0000] "GET /cv/shared/?SA HTTP/1.1" 200 627 "-" "Mozilla/5.0 (compatible; MJ12bot/v1.4.8; http://mj12bot.com/)"
91.134.142.208 - - [04/Jun/2026:20:32:40 +0000] "GET /gh/hh.php HTTP/1.1" 200 1762 "-" "Mozilla/5.0 (Linux; Android 10; K) AppleWebKit/537.36 (KHTML, like Gecko) Chrome/145.0.0.0 Mobile Safari/537.36"
170.64.251.156 - - [04/Jun/2026:20:32:42 +0000] "GET /gh/hh.php HTTP/1.1" 200 1762 "-" "Mozilla/5.0 (Linux; Android 10; K) AppleWebKit/537.36 (KHTML, like Gecko) Chrome/145.0.0.0 Mobile Safari/537.36"
95.153.31.78 - - [04/Jun/2026:20:34:31 +0000] "GET /gh/ HTTP/1.1" 200 1552 "-" "Mozilla/5.0 (Linux, Android 10, K) AppleWebKit/537.36 (KHTML, like Gecko) Chrome/148.0.0.0 Mobile Safari/537.36"
155.254.22.50 - - [04/Jun/2026:20:32:41 +0000] "GET /gh/hh.php HTTP/1.1" 200 5761 "-" "Mozilla/5.0 (Linux; Android 10; K) AppleWebKit/537.36 (KHTML, like Gecko) Chrome/145.0.0.0 Mobile Safari/537.36"
57.129.134.182 - - [04/Jun/2026:20:34:31 +0000] "GET /gh/ HTTP/1.1" 200 760 "-" "Mozilla/5.0 (Linux, Android 10, K) AppleWebKit/537.36 (KHTML, like Gecko) Chrome/148.0.0.0 Mobile Safari/537.36"
43.161.233.190 - - [04/Jun/2026:20:39:50 +0000] "GET /dfrr/formati/ HTTP/1.1" 200 783 "-" "Mozilla/5.0 (iPhone; CPU iPhone OS 13_2_3 like Mac OS X) AppleWebKit/605.1.15 (KHTML, like Gecko) Version/13.0.3 Mobile/15E148 Safari/604.1"
216.244.66.244 - - [04/Jun/2026:20:45:03 +0000] "GET /robots.txt HTTP/1.1" 404 1251 "-" "Mozilla/5.0 (compatible; DotBot/1.2; +https://opensiteexplorer.org/dotbot; help@moz.com)"
43.157.46.118 - - [04/Jun/2026:20:49:06 +0000] "GET /HMP/?ND HTTP/1.1" 200 673 "-" "Mozilla/5.0 (iPhone; CPU iPhone OS 13_2_3 like Mac OS X) AppleWebKit/605.1.15 (KHTML, like Gecko) Version/13.0.3 Mobile/15E148 Safari/604.1"
216.244.66.244 - - [04/Jun/2026:20:49:37 +0000] "GET /resources/views/sales/?MA HTTP/1.1" 200 4013 "-" "Mozilla/5.0 (compatible; DotBot/1.2; +https://opensiteexplorer.org/dotbot; help@moz.com)"
216.244.66.244 - - [04/Jun/2026:20:49:42 +0000] "GET /storage/framework/sessions/?SA HTTP/1.1" 200 8147 "-" "Mozilla/5.0 (compatible; DotBot/1.2; +https://opensiteexplorer.org/dotbot; help@moz.com)"
216.244.66.244 - - [04/Jun/2026:20:49:45 +0000] "GET /resources/views/transactions/payment/?MA HTTP/1.1" 200 2279 "-" "Mozilla/5.0 (compatible; DotBot/1.2; +https://opensiteexplorer.org/dotbot; help@moz.com)"
51.91.156.252 - - [04/Jun/2026:20:50:55 +0000] "GET /gh/hh.php HTTP/1.1" 200 1762 "-" "Mozilla/5.0 (Linux; Android 10; K) AppleWebKit/537.36 (KHTML, like Gecko) Chrome/137.0.0.0 Mobile Safari/537.36"
209.50.228.94 - - [04/Jun/2026:20:50:55 +0000] "GET /gh/hh.php HTTP/1.1" 200 1762 "-" "Mozilla/5.0 (Linux; Android 10; K) AppleWebKit/537.36 (KHTML, like Gecko) Chrome/137.0.0.0 Mobile Safari/537.36"
157.230.195.44 - - [04/Jun/2026:20:50:56 +0000] "GET /gh/hh.php HTTP/1.1" 200 1762 "-" "Mozilla/5.0 (Linux; Android 10; K) AppleWebKit/537.36 (KHTML, like Gecko) Chrome/137.0.0.0 Mobile Safari/537.36"
157.55.39.204 - - [04/Jun/2026:20:51:00 +0000] "GET /sitemap.xml.gz HTTP/1.1" 404 1251 "-" "Mozilla/5.0 AppleWebKit/537.36 (KHTML, like Gecko; compatible; bingbot/2.0; +http://www.bing.com/bingbot.htm) Chrome/116.0.1938.76 Safari/537.36"
95.153.31.78 - - [04/Jun/2026:21:01:45 +0000] "GET /gh/ HTTP/1.1" 200 1552 "-" "Mozilla/5.0 (Linux, Android 10, K) AppleWebKit/537.36 (KHTML, like Gecko) Chrome/148.0.0.0 Mobile Safari/537.36"
57.129.134.182 - - [04/Jun/2026:21:01:47 +0000] "GET /gh/ HTTP/1.1" 200 760 "-" "Mozilla/5.0 (Linux, Android 10, K) AppleWebKit/537.36 (KHTML, like Gecko) Chrome/148.0.0.0 Mobile Safari/537.36"
91.134.142.208 - - [04/Jun/2026:21:01:52 +0000] "GET /gh/hh.php HTTP/1.1" 200 1762 "-" "Mozilla/5.0 (Linux; Android 10; K) AppleWebKit/537.36 (KHTML, like Gecko) Chrome/145.0.0.0 Mobile Safari/537.36"
170.64.251.156 - - [04/Jun/2026:21:01:53 +0000] "GET /gh/hh.php HTTP/1.1" 200 1762 "-" "Mozilla/5.0 (Linux; Android 10; K) AppleWebKit/537.36 (KHTML, like Gecko) Chrome/145.0.0.0 Mobile Safari/537.36"
216.244.66.244 - - [04/Jun/2026:20:49:30 +0000] "GET /resources/views/providers/create.blade.php HTTP/1.1" 200 4483 "-" "Mozilla/5.0 (compatible; DotBot/1.2; +https://opensiteexplorer.org/dotbot; help@moz.com)"
159.223.242.210 - - [04/Jun/2026:20:50:55 +0000] "GET /gh/hh.php HTTP/1.1" 200 1762 "-" "Mozilla/5.0 (Linux; Android 10; K) AppleWebKit/537.36 (KHTML, like Gecko) Chrome/137.0.0.0 Mobile Safari/537.36"
185.231.100.72 - - [04/Jun/2026:20:56:55 +0000] "GET /robots.txt HTTP/1.1" 404 1251 "-" "Mozilla/5.0 (compatible; MJ12bot/v1.4.8; http://mj12bot.com/)"
185.231.100.72 - - [04/Jun/2026:20:56:56 +0000] "GET /app/Console/0c/?MD HTTP/1.1" 200 545 "-" "Mozilla/5.0 (compatible; MJ12bot/v1.4.8; http://mj12bot.com/)"
185.231.100.72 - - [04/Jun/2026:20:56:57 +0000] "GET /robots.txt HTTP/1.1" 404 1251 "-" "Mozilla/5.0 (compatible; MJ12bot/v1.4.8; http://mj12bot.com/)"
185.231.100.72 - - [04/Jun/2026:20:56:59 +0000] "GET /app/Http/Controllers/?MD HTTP/1.1" 200 1451 "-" "Mozilla/5.0 (compatible; MJ12bot/v1.4.8; http://mj12bot.com/)"
43.157.22.109 - - [04/Jun/2026:20:58:10 +0000] "GET /package.json HTTP/1.1" 200 231 "-" "Mozilla/5.0 (iPhone; CPU iPhone OS 13_2_3 like Mac OS X) AppleWebKit/605.1.15 (KHTML, like Gecko) Version/13.0.3 Mobile/15E148 Safari/604.1"
155.254.22.50 - - [04/Jun/2026:21:01:53 +0000] "GET /gh/hh.php HTTP/1.1" 200 5761 "-" "Mozilla/5.0 (Linux; Android 10; K) AppleWebKit/537.36 (KHTML, like Gecko) Chrome/145.0.0.0 Mobile Safari/537.36"
43.134.177.47 - - [04/Jun/2026:21:07:08 +0000] "GET /cv/ideas.md HTTP/1.1" 200 5334 "-" "Mozilla/5.0 (iPhone; CPU iPhone OS 13_2_3 like Mac OS X) AppleWebKit/605.1.15 (KHTML, like Gecko) Version/13.0.3 Mobile/15E148 Safari/604.1"
43.130.139.177 - - [04/Jun/2026:21:19:14 +0000] "GET /email/?ND HTTP/1.1" 200 673 "-" "Mozilla/5.0 (iPhone; CPU iPhone OS 13_2_3 like Mac OS X) AppleWebKit/605.1.15 (KHTML, like Gecko) Version/13.0.3 Mobile/15E148 Safari/604.1"
81.167.26.57 - - [04/Jun/2026:21:27:33 +0000] "GET /robots.txt HTTP/1.1" 404 1251 "-" "Mozilla/5.0 (compatible; MJ12bot/v1.4.8; http://mj12bot.com/)"
81.167.26.57 - - [04/Jun/2026:21:27:35 +0000] "GET /app/Console/0c/?NA HTTP/1.1" 200 546 "-" "Mozilla/5.0 (compatible; MJ12bot/v1.4.8; http://mj12bot.com/)"
81.167.26.57 - - [04/Jun/2026:21:27:37 +0000] "GET /bnh/patches/?MA HTTP/1.1" 200 635 "-" "Mozilla/5.0 (compatible; MJ12bot/v1.4.8; http://mj12bot.com/)"
81.167.26.57 - - [04/Jun/2026:21:27:38 +0000] "GET /storage/framework/views/53679e0b26e5ecdef3483a274392b3063e884612.php HTTP/1.1" 200 6 "-" "Mozilla/5.0 (compatible; MJ12bot/v1.4.8; http://mj12bot.com/)"
81.167.26.57 - - [04/Jun/2026:21:27:40 +0000] "GET /storage/framework/views/55a255525d8ceff4eb390885ced2e3e83ee919af.php HTTP/1.1" 200 205 "-" "Mozilla/5.0 (compatible; MJ12bot/v1.4.8; http://mj12bot.com/)"
81.167.26.57 - - [04/Jun/2026:21:27:41 +0000] "GET /storage/framework/views/55e2d26ebb3117d4c3deba6635bda4d62c57b6dd.php HTTP/1.1" 500 0 "-" "Mozilla/5.0 (compatible; MJ12bot/v1.4.8; http://mj12bot.com/)"
81.167.26.57 - - [04/Jun/2026:21:27:43 +0000] "GET /storage/framework/views/575545e0e1f9384c66fd1ecfbfd5f18757b02f15.php HTTP/1.1" 500 0 "-" "Mozilla/5.0 (compatible; MJ12bot/v1.4.8; http://mj12bot.com/)"
81.167.26.57 - - [04/Jun/2026:21:27:44 +0000] "GET /storage/framework/views/58aeedaa0aca602d51a3c9c34045c7574a0148c8.php HTTP/1.1" 200 28 "-" "Mozilla/5.0 (compatible; MJ12bot/v1.4.8; http://mj12bot.com/)"
81.167.26.57 - - [04/Jun/2026:21:27:46 +0000] "GET /storage/framework/views/5d45286ee318fa71ae3cc6aefcc71c60bea34c3c.php HTTP/1.1" 500 0 "-" "Mozilla/5.0 (compatible; MJ12bot/v1.4.8; http://mj12bot.com/)"
81.167.26.57 - - [04/Jun/2026:21:27:47 +0000] "GET /storage/framework/views/61aaa0a2fde8df77ba0c8a745bae92a07dd83d2a.php HTTP/1.1" 200 176 "-" "Mozilla/5.0 (compatible; MJ12bot/v1.4.8; http://mj12bot.com/)"
81.167.26.57 - - [04/Jun/2026:21:27:49 +0000] "GET /storage/framework/views/70160c75104ed88395e4e832a1d2642e050a81a6.php HTTP/1.1" 500 0 "-" "Mozilla/5.0 (compatible; MJ12bot/v1.4.8; http://mj12bot.com/)"
81.167.26.57 - - [04/Jun/2026:21:27:50 +0000] "GET /storage/framework/views/719f2022d564b2217504e7733024abd1c6708ab3.php HTTP/1.1" 500 0 "-" "Mozilla/5.0 (compatible; MJ12bot/v1.4.8; http://mj12bot.com/)"
81.167.26.57 - - [04/Jun/2026:21:27:52 +0000] "GET /storage/framework/views/7ab3fa46e09aaa5c2e90661dbcf84f901c7dfc41.php HTTP/1.1" 500 0 "-" "Mozilla/5.0 (compatible; MJ12bot/v1.4.8; http://mj12bot.com/)"
81.167.26.57 - - [04/Jun/2026:21:27:53 +0000] "GET /storage/framework/views/7b32ee749649e77b3d0c257a5c94d01e31772968.php HTTP/1.1" 500 0 "-" "Mozilla/5.0 (compatible; MJ12bot/v1.4.8; http://mj12bot.com/)"
81.167.26.57 - - [04/Jun/2026:21:27:55 +0000] "GET /storage/framework/views/7c35c3c458c5557f136bbe179d6fa4d5210840c8.php HTTP/1.1" 500 0 "-" "Mozilla/5.0 (compatible; MJ12bot/v1.4.8; http://mj12bot.com/)"
216.244.66.244 - - [04/Jun/2026:21:27:56 +0000] "GET /robots.txt HTTP/1.1" 404 1251 "-" "Mozilla/5.0 (compatible; DotBot/1.2; +https://opensiteexplorer.org/dotbot; help@moz.com)"
81.167.26.57 - - [04/Jun/2026:21:27:56 +0000] "GET /storage/framework/views/7d53640ebf88924977487e756f5536fe8c26c95f.php HTTP/1.1" 500 0 "-" "Mozilla/5.0 (compatible; MJ12bot/v1.4.8; http://mj12bot.com/)"
81.167.26.57 - - [04/Jun/2026:21:27:58 +0000] "GET /storage/framework/views/7fee65ca4701d05f63994bbc0a6ff0a64a460dbc.php HTTP/1.1" 500 0 "-" "Mozilla/5.0 (compatible; MJ12bot/v1.4.8; http://mj12bot.com/)"
81.167.26.57 - - [04/Jun/2026:21:28:00 +0000] "GET /storage/framework/views/80639b94d5ebc3ad0e46c6024b166f30518461d2.php HTTP/1.1" 500 0 "-" "Mozilla/5.0 (compatible; MJ12bot/v1.4.8; http://mj12bot.com/)"
81.167.26.57 - - [04/Jun/2026:21:28:01 +0000] "GET /storage/framework/views/81c1e7f6dc81c8cc85c0e01d25bc6804dbba225b.php HTTP/1.1" 500 0 "-" "Mozilla/5.0 (compatible; MJ12bot/v1.4.8; http://mj12bot.com/)"
81.167.26.57 - - [04/Jun/2026:21:28:03 +0000] "GET /storage/framework/views/9ce95d9c37b25f992c845d385d267182a3bb56a6.php HTTP/1.1" 500 0 "-" "Mozilla/5.0 (compatible; MJ12bot/v1.4.8; http://mj12bot.com/)"
81.167.26.57 - - [04/Jun/2026:21:28:04 +0000] "GET /storage/framework/views/9e2347fdc2b9ad5e18b352ce2c330beb4b3a852a.php HTTP/1.1" 200 37 "-" "Mozilla/5.0 (compatible; MJ12bot/v1.4.8; http://mj12bot.com/)"
81.167.26.57 - - [04/Jun/2026:21:28:06 +0000] "GET /storage/framework/views/9e4c34adee17bb0b7cf20790cebf19c0b46b8ef7.php HTTP/1.1" 500 0 "-" "Mozilla/5.0 (compatible; MJ12bot/v1.4.8; http://mj12bot.com/)"
81.167.26.57 - - [04/Jun/2026:21:28:07 +0000] "GET /storage/framework/views/?MA HTTP/1.1" 200 7946 "-" "Mozilla/5.0 (compatible; MJ12bot/v1.4.8; http://mj12bot.com/)"
81.167.26.57 - - [04/Jun/2026:21:28:09 +0000] "GET /storage/framework/views/?ND HTTP/1.1" 200 8286 "-" "Mozilla/5.0 (compatible; MJ12bot/v1.4.8; http://mj12bot.com/)"
81.167.26.57 - - [04/Jun/2026:21:28:11 +0000] "GET /storage/framework/views/?SA HTTP/1.1" 200 8100 "-" "Mozilla/5.0 (compatible; MJ12bot/v1.4.8; http://mj12bot.com/)"
81.167.26.57 - - [04/Jun/2026:21:28:12 +0000] "GET /storage/framework/views/ac2bb77545649e9575f41bb1b22631cae916d7bf.php HTTP/1.1" 200 104 "-" "Mozilla/5.0 (compatible; MJ12bot/v1.4.8; http://mj12bot.com/)"
81.167.26.57 - - [04/Jun/2026:21:28:14 +0000] "GET /storage/framework/views/aea44fa12a2bbf9331639cfcd1e8c195bbb7b032.php HTTP/1.1" 500 0 "-" "Mozilla/5.0 (compatible; MJ12bot/v1.4.8; http://mj12bot.com/)"
81.167.26.57 - - [04/Jun/2026:21:28:15 +0000] "GET /storage/framework/views/f13ca80e2157eebf0e9410a11c29b027bd7d4777.php HTTP/1.1" 500 0 "-" "Mozilla/5.0 (compatible; MJ12bot/v1.4.8; http://mj12bot.com/)"
81.167.26.57 - - [04/Jun/2026:21:28:17 +0000] "GET /tests/Feature/?NA HTTP/1.1" 200 738 "-" "Mozilla/5.0 (compatible; MJ12bot/v1.4.8; http://mj12bot.com/)"
81.167.26.57 - - [04/Jun/2026:21:28:18 +0000] "GET /tests/Feature/?SD HTTP/1.1" 200 738 "-" "Mozilla/5.0 (compatible; MJ12bot/v1.4.8; http://mj12bot.com/)"
81.167.26.57 - - [04/Jun/2026:21:28:20 +0000] "GET /tests/Unit/users/?MD HTTP/1.1" 200 623 "-" "Mozilla/5.0 (compatible; MJ12bot/v1.4.8; http://mj12bot.com/)"
81.167.26.57 - - [04/Jun/2026:21:28:21 +0000] "GET /tests/Unit/users/?NA HTTP/1.1" 200 620 "-" "Mozilla/5.0 (compatible; MJ12bot/v1.4.8; http://mj12bot.com/)"
81.167.26.57 - - [04/Jun/2026:21:28:23 +0000] "GET /tests/Unit/users/?SD HTTP/1.1" 200 622 "-" "Mozilla/5.0 (compatible; MJ12bot/v1.4.8; http://mj12bot.com/)"
81.167.26.57 - - [04/Jun/2026:21:28:24 +0000] "GET /robots.txt HTTP/1.1" 404 1251 "-" "Mozilla/5.0 (compatible; MJ12bot/v1.4.8; http://mj12bot.com/)"
81.167.26.57 - - [04/Jun/2026:21:28:25 +0000] "GET /app/Console/0c/?MD HTTP/1.1" 200 556 "-" "Mozilla/5.0 (compatible; MJ12bot/v1.4.8; http://mj12bot.com/)"
81.167.26.57 - - [04/Jun/2026:21:28:29 +0000] "GET /app/Models/?ND HTTP/1.1" 200 687 "-" "Mozilla/5.0 (compatible; MJ12bot/v1.4.8; http://mj12bot.com/)"
81.167.26.57 - - [04/Jun/2026:21:28:30 +0000] "GET /app/Providers/?ND HTTP/1.1" 200 1077 "-" "Mozilla/5.0 (compatible; MJ12bot/v1.4.8; http://mj12bot.com/)"
81.167.26.57 - - [04/Jun/2026:21:28:32 +0000] "GET /app/Providers/?SD HTTP/1.1" 200 1079 "-" "Mozilla/5.0 (compatible; MJ12bot/v1.4.8; http://mj12bot.com/)"
81.167.26.57 - - [04/Jun/2026:21:28:38 +0000] "GET /app/Providers/RouteServiceProvider.php HTTP/1.1" 500 0 "-" "Mozilla/5.0 (compatible; MJ12bot/v1.4.8; http://mj12bot.com/)"
81.167.26.57 - - [04/Jun/2026:21:28:41 +0000] "GET /app/Providers/error_log HTTP/1.1" 403 1242 "-" "Mozilla/5.0 (compatible; MJ12bot/v1.4.8; http://mj12bot.com/)"
81.167.26.57 - - [04/Jun/2026:21:28:44 +0000] "GET /assets/css/?MA HTTP/1.1" 200 1253 "-" "Mozilla/5.0 (compatible; MJ12bot/v1.4.8; http://mj12bot.com/)"
81.167.26.57 - - [04/Jun/2026:21:28:47 +0000] "GET /assets/css/index.css HTTP/1.1" 200 199908 "-" "Mozilla/5.0 (compatible; MJ12bot/v1.4.8; http://mj12bot.com/)"
81.167.26.57 - - [04/Jun/2026:21:28:51 +0000] "GET /assets/demo/?MD HTTP/1.1" 200 720 "-" "Mozilla/5.0 (compatible; MJ12bot/v1.4.8; http://mj12bot.com/)"
81.167.26.57 - - [04/Jun/2026:21:28:55 +0000] "GET /assets/js/?MD HTTP/1.1" 200 1192 "-" "Mozilla/5.0 (compatible; MJ12bot/v1.4.8; http://mj12bot.com/)"
81.167.26.57 - - [04/Jun/2026:21:28:58 +0000] "GET /assets/js/?NA HTTP/1.1" 200 1185 "-" "Mozilla/5.0 (compatible; MJ12bot/v1.4.8; http://mj12bot.com/)"
81.167.26.57 - - [04/Jun/2026:21:29:01 +0000] "GET /assets/js/?SD HTTP/1.1" 200 1193 "-" "Mozilla/5.0 (compatible; MJ12bot/v1.4.8; http://mj12bot.com/)"
81.167.26.57 - - [04/Jun/2026:21:29:04 +0000] "GET /assets/scss/?MD HTTP/1.1" 200 694 "-" "Mozilla/5.0 (compatible; MJ12bot/v1.4.8; http://mj12bot.com/)"
81.167.26.57 - - [04/Jun/2026:21:29:07 +0000] "GET /assets/scss/?NA HTTP/1.1" 200 689 "-" "Mozilla/5.0 (compatible; MJ12bot/v1.4.8; http://mj12bot.com/)"
81.167.26.57 - - [04/Jun/2026:21:29:10 +0000] "GET /assets/scss/?SD HTTP/1.1" 200 693 "-" "Mozilla/5.0 (compatible; MJ12bot/v1.4.8; http://mj12bot.com/)"
81.167.26.57 - - [04/Jun/2026:21:29:13 +0000] "GET /cv/server/?NA HTTP/1.1" 200 624 "-" "Mozilla/5.0 (compatible; MJ12bot/v1.4.8; http://mj12bot.com/)"
81.167.26.57 - - [04/Jun/2026:21:29:16 +0000] "GET /cv/server/?SD HTTP/1.1" 200 627 "-" "Mozilla/5.0 (compatible; MJ12bot/v1.4.8; http://mj12bot.com/)"
81.167.26.57 - - [04/Jun/2026:21:29:17 +0000] "GET /cv/shared/?NA HTTP/1.1" 200 623 "-" "Mozilla/5.0 (compatible; MJ12bot/v1.4.8; http://mj12bot.com/)"
81.167.26.57 - - [04/Jun/2026:21:29:19 +0000] "GET /cv/shared/const.ts HTTP/1.1" 200 99 "-" "Mozilla/5.0 (compatible; MJ12bot/v1.4.8; http://mj12bot.com/)"
81.167.26.57 - - [04/Jun/2026:21:29:22 +0000] "GET /dfrr/formati/?MA HTTP/1.1" 200 646 "-" "Mozilla/5.0 (compatible; MJ12bot/v1.4.8; http://mj12bot.com/)"
81.167.26.57 - - [04/Jun/2026:21:29:26 +0000] "GET /dfrr/formati/?ND HTTP/1.1" 200 642 "-" "Mozilla/5.0 (compatible; MJ12bot/v1.4.8; http://mj12bot.com/)"
81.167.26.57 - - [04/Jun/2026:21:29:29 +0000] "GET /dfrr/formati/?SA HTTP/1.1" 200 647 "-" "Mozilla/5.0 (compatible; MJ12bot/v1.4.8; http://mj12bot.com/)"
81.167.26.57 - - [04/Jun/2026:21:29:32 +0000] "GET /dfrr/formati/ameli-inscription.html HTTP/1.1" 200 5281 "-" "Mozilla/5.0 (compatible; MJ12bot/v1.4.8; http://mj12bot.com/)"
81.167.26.57 - - [04/Jun/2026:21:29:35 +0000] "GET /https:/ms-hostingladz.com:3000/?MA HTTP/1.1" 200 561 "-" "Mozilla/5.0 (compatible; MJ12bot/v1.4.8; http://mj12bot.com/)"
81.167.26.57 - - [04/Jun/2026:21:29:40 +0000] "GET /https:/ms-hostingladz.com:3000/?SA HTTP/1.1" 200 562 "-" "Mozilla/5.0 (compatible; MJ12bot/v1.4.8; http://mj12bot.com/)"
81.167.26.57 - - [04/Jun/2026:21:29:43 +0000] "GET /https:/ms-hostingladz:3000/?MA HTTP/1.1" 200 560 "-" "Mozilla/5.0 (compatible; MJ12bot/v1.4.8; http://mj12bot.com/)"
81.167.26.57 - - [04/Jun/2026:21:29:47 +0000] "GET /https:/ms-hostingladz:3000/?ND HTTP/1.1" 200 557 "-" "Mozilla/5.0 (compatible; MJ12bot/v1.4.8; http://mj12bot.com/)"
81.167.26.57 - - [04/Jun/2026:21:29:50 +0000] "GET /https:/ms-hostingladz:3000/?SA HTTP/1.1" 200 562 "-" "Mozilla/5.0 (compatible; MJ12bot/v1.4.8; http://mj12bot.com/)"
81.167.26.57 - - [04/Jun/2026:21:29:53 +0000] "GET /resources/css/?MA HTTP/1.1" 200 687 "-" "Mozilla/5.0 (compatible; MJ12bot/v1.4.8; http://mj12bot.com/)"
81.167.26.57 - - [04/Jun/2026:21:29:56 +0000] "GET /resources/css/?ND HTTP/1.1" 200 683 "-" "Mozilla/5.0 (compatible; MJ12bot/v1.4.8; http://mj12bot.com/)"
81.167.26.57 - - [04/Jun/2026:21:29:59 +0000] "GET /resources/css/?SA HTTP/1.1" 200 688 "-" "Mozilla/5.0 (compatible; MJ12bot/v1.4.8; http://mj12bot.com/)"
81.167.26.57 - - [04/Jun/2026:21:30:02 +0000] "GET /resources/css/app.css HTTP/1.1" 200 0 "-" "Mozilla/5.0 (compatible; MJ12bot/v1.4.8; http://mj12bot.com/)"
81.167.26.57 - - [04/Jun/2026:21:30:05 +0000] "GET /resources/js/?MA HTTP/1.1" 200 721 "-" "Mozilla/5.0 (compatible; MJ12bot/v1.4.8; http://mj12bot.com/)"
43.157.95.239 - - [04/Jun/2026:21:29:16 +0000] "GET /formationbtp.zip HTTP/1.1" 200 5955 "-" "Mozilla/5.0 (iPhone; CPU iPhone OS 13_2_3 like Mac OS X) AppleWebKit/605.1.15 (KHTML, like Gecko) Version/13.0.3 Mobile/15E148 Safari/604.1"
81.167.26.57 - - [04/Jun/2026:21:30:36 +0000] "GET /resources/views/?MA HTTP/1.1" 200 1267 "-" "Mozilla/5.0 (compatible; MJ12bot/v1.4.8; http://mj12bot.com/)"
81.167.26.57 - - [04/Jun/2026:21:30:38 +0000] "GET /resources/views/?ND HTTP/1.1" 200 1271 "-" "Mozilla/5.0 (compatible; MJ12bot/v1.4.8; http://mj12bot.com/)"
91.134.142.208 - - [04/Jun/2026:21:31:48 +0000] "GET /gh/hh.php HTTP/1.1" 200 1762 "-" "Mozilla/5.0 (Linux; Android 10; K) AppleWebKit/537.36 (KHTML, like Gecko) Chrome/145.0.0.0 Mobile Safari/537.36"
216.244.66.244 - - [04/Jun/2026:21:32:36 +0000] "GET /assets/scss/black-dashboard/plugins/ HTTP/1.1" 200 1740 "-" "Mozilla/5.0 (compatible; DotBot/1.2; +https://opensiteexplorer.org/dotbot; help@moz.com)"
216.244.66.244 - - [04/Jun/2026:21:32:39 +0000] "GET /storage/framework/views/00b36c40e93aff3e08f9f805da67cb5821e778d5.php HTTP/1.1" 500 0 "-" "Mozilla/5.0 (compatible; DotBot/1.2; +https://opensiteexplorer.org/dotbot; help@moz.com)"
43.134.98.88 - - [04/Jun/2026:21:37:48 +0000] "GET /dfrr/formati/?ND HTTP/1.1" 200 782 "-" "Mozilla/5.0 (iPhone; CPU iPhone OS 13_2_3 like Mac OS X) AppleWebKit/605.1.15 (KHTML, like Gecko) Version/13.0.3 Mobile/15E148 Safari/604.1"
81.167.26.57 - - [04/Jun/2026:21:30:08 +0000] "GET /resources/js/?ND HTTP/1.1" 200 716 "-" "Mozilla/5.0 (compatible; MJ12bot/v1.4.8; http://mj12bot.com/)"
81.167.26.57 - - [04/Jun/2026:21:30:11 +0000] "GET /resources/js/?SA HTTP/1.1" 200 719 "-" "Mozilla/5.0 (compatible; MJ12bot/v1.4.8; http://mj12bot.com/)"
81.167.26.57 - - [04/Jun/2026:21:30:14 +0000] "GET /resources/js/app.js HTTP/1.1" 200 24 "-" "Mozilla/5.0 (compatible; MJ12bot/v1.4.8; http://mj12bot.com/)"
95.153.31.78 - - [04/Jun/2026:21:30:16 +0000] "GET /gh/ HTTP/1.1" 200 1552 "-" "Mozilla/5.0 (Linux, Android 10, K) AppleWebKit/537.36 (KHTML, like Gecko) Chrome/148.0.0.0 Mobile Safari/537.36"
81.167.26.57 - - [04/Jun/2026:21:30:17 +0000] "GET /resources/js/bootstrap.js HTTP/1.1" 200 446 "-" "Mozilla/5.0 (compatible; MJ12bot/v1.4.8; http://mj12bot.com/)"
57.129.134.182 - - [04/Jun/2026:21:30:17 +0000] "GET /gh/ HTTP/1.1" 200 760 "-" "Mozilla/5.0 (Linux, Android 10, K) AppleWebKit/537.36 (KHTML, like Gecko) Chrome/148.0.0.0 Mobile Safari/537.36"
81.167.26.57 - - [04/Jun/2026:21:30:20 +0000] "GET /resources/lang/?MA HTTP/1.1" 200 623 "-" "Mozilla/5.0 (compatible; MJ12bot/v1.4.8; http://mj12bot.com/)"
81.167.26.57 - - [04/Jun/2026:21:30:21 +0000] "GET /resources/lang/?ND HTTP/1.1" 200 620 "-" "Mozilla/5.0 (compatible; MJ12bot/v1.4.8; http://mj12bot.com/)"
81.167.26.57 - - [04/Jun/2026:21:30:23 +0000] "GET /resources/lang/?SA HTTP/1.1" 200 624 "-" "Mozilla/5.0 (compatible; MJ12bot/v1.4.8; http://mj12bot.com/)"
170.64.251.156 - - [04/Jun/2026:21:31:48 +0000] "GET /gh/hh.php HTTP/1.1" 200 1762 "-" "Mozilla/5.0 (Linux; Android 10; K) AppleWebKit/537.36 (KHTML, like Gecko) Chrome/145.0.0.0 Mobile Safari/537.36"
155.254.22.50 - - [04/Jun/2026:21:31:49 +0000] "GET /gh/hh.php HTTP/1.1" 200 5761 "-" "Mozilla/5.0 (Linux; Android 10; K) AppleWebKit/537.36 (KHTML, like Gecko) Chrome/145.0.0.0 Mobile Safari/537.36"
216.244.66.244 - - [04/Jun/2026:21:32:30 +0000] "GET /app/Http/?NA HTTP/1.1" 200 2540 "-" "Mozilla/5.0 (compatible; DotBot/1.2; +https://opensiteexplorer.org/dotbot; help@moz.com)"
216.244.66.244 - - [04/Jun/2026:21:36:21 +0000] "GET /assets/js/plugins/black-dashboard/?path=%2Fhome2%2Fmshostin%2Fpublic_html%2Fassets%2Fjs HTTP/1.1" 200 8901 "-" "Mozilla/5.0 (compatible; DotBot/1.2; +https://opensiteexplorer.org/dotbot; help@moz.com)"
43.156.116.44 - - [04/Jun/2026:21:48:18 +0000] "GET /HMP/?MA HTTP/1.1" 200 676 "-" "Mozilla/5.0 (iPhone; CPU iPhone OS 13_2_3 like Mac OS X) AppleWebKit/605.1.15 (KHTML, like Gecko) Version/13.0.3 Mobile/15E148 Safari/604.1"
51.91.156.252 - - [04/Jun/2026:21:54:09 +0000] "GET /gh/hh.php HTTP/1.1" 200 1762 "-" "Mozilla/5.0 (Linux; Android 10; K) AppleWebKit/537.36 (KHTML, like Gecko) Chrome/137.0.0.0 Mobile Safari/537.36"
159.223.242.210 - - [04/Jun/2026:21:54:11 +0000] "GET /gh/hh.php HTTP/1.1" 200 1762 "-" "Mozilla/5.0 (Linux; Android 10; K) AppleWebKit/537.36 (KHTML, like Gecko) Chrome/137.0.0.0 Mobile Safari/537.36"
209.50.228.94 - - [04/Jun/2026:21:54:11 +0000] "GET /gh/hh.php HTTP/1.1" 200 1762 "-" "Mozilla/5.0 (Linux; Android 10; K) AppleWebKit/537.36 (KHTML, like Gecko) Chrome/137.0.0.0 Mobile Safari/537.36"
157.230.195.44 - - [04/Jun/2026:21:54:11 +0000] "GET /gh/hh.php HTTP/1.1" 200 1762 "-" "Mozilla/5.0 (Linux; Android 10; K) AppleWebKit/537.36 (KHTML, like Gecko) Chrome/137.0.0.0 Mobile Safari/537.36"
155.254.22.50 - - [04/Jun/2026:22:03:46 +0000] "GET /gh/hh.php HTTP/1.1" 200 5761 "-" "Mozilla/5.0 (Linux; Android 10; K) AppleWebKit/537.36 (KHTML, like Gecko) Chrome/145.0.0.0 Mobile Safari/537.36"
57.129.134.182 - - [04/Jun/2026:21:57:44 +0000] "GET /gh/ HTTP/1.1" 200 760 "-" "Mozilla/5.0 (Linux, Android 10, K) AppleWebKit/537.36 (KHTML, like Gecko) Chrome/148.0.0.0 Mobile Safari/537.36"
