65.108.125.120 - - [05/Jun/2026:03:21:49 +0000] "GET /storage/framework/views/fcb9c377296b84080897cc68003103c95bfdaf0f.php HTTP/1.1" 500 0 "-" "Mozilla/5.0 (compatible; MJ12bot/v1.4.8; http://mj12bot.com/)"
65.108.125.120 - - [05/Jun/2026:03:21:56 +0000] "GET /storage/framework/views/fe6ebea6c8cece35505677e6bfeb03aea89b4b84.php HTTP/1.1" 500 0 "-" "Mozilla/5.0 (compatible; MJ12bot/v1.4.8; http://mj12bot.com/)"
65.108.125.120 - - [05/Jun/2026:03:22:07 +0000] "GET /tests/Feature/css/?SA HTTP/1.1" 200 656 "-" "Mozilla/5.0 (compatible; MJ12bot/v1.4.8; http://mj12bot.com/)"
65.108.125.120 - - [05/Jun/2026:03:22:18 +0000] "GET /tests/Unit/users/?SA HTTP/1.1" 200 635 "-" "Mozilla/5.0 (compatible; MJ12bot/v1.4.8; http://mj12bot.com/)"
65.108.125.120 - - [05/Jun/2026:03:22:21 +0000] "GET /robots.txt HTTP/1.1" 404 1251 "-" "Mozilla/5.0 (compatible; MJ12bot/v1.4.8; http://mj12bot.com/)"
65.108.125.120 - - [05/Jun/2026:03:22:27 +0000] "GET /app/Console/0c/?ND HTTP/1.1" 200 557 "-" "Mozilla/5.0 (compatible; MJ12bot/v1.4.8; http://mj12bot.com/)"
65.108.125.120 - - [05/Jun/2026:03:22:31 +0000] "GET /app/Console/0c/?SA HTTP/1.1" 200 564 "-" "Mozilla/5.0 (compatible; MJ12bot/v1.4.8; http://mj12bot.com/)"
65.108.125.120 - - [05/Jun/2026:03:22:45 +0000] "GET /app/Http/Controllers/?MA HTTP/1.1" 200 1471 "-" "Mozilla/5.0 (compatible; MJ12bot/v1.4.8; http://mj12bot.com/)"
65.108.125.120 - - [05/Jun/2026:03:22:49 +0000] "GET /app/Http/Controllers/?ND HTTP/1.1" 200 1465 "-" "Mozilla/5.0 (compatible; MJ12bot/v1.4.8; http://mj12bot.com/)"
65.108.125.120 - - [05/Jun/2026:03:22:51 +0000] "GET /app/Http/Controllers/?SA HTTP/1.1" 200 1458 "-" "Mozilla/5.0 (compatible; MJ12bot/v1.4.8; http://mj12bot.com/)"
57.129.134.182 - - [05/Jun/2026:03:27:44 +0000] "GET /gh/ HTTP/1.1" 200 760 "-" "Mozilla/5.0 (Linux, Android 10, K) AppleWebKit/537.36 (KHTML, like Gecko) Chrome/148.0.0.0 Mobile Safari/537.36"
95.153.31.78 - - [05/Jun/2026:03:27:45 +0000] "GET /gh/ HTTP/1.1" 200 1552 "-" "Mozilla/5.0 (Linux, Android 10, K) AppleWebKit/537.36 (KHTML, like Gecko) Chrome/148.0.0.0 Mobile Safari/537.36"
65.108.125.120 - - [05/Jun/2026:03:22:00 +0000] "GET /tests/Feature/css/?MA HTTP/1.1" 200 650 "-" "Mozilla/5.0 (compatible; MJ12bot/v1.4.8; http://mj12bot.com/)"
65.108.125.120 - - [05/Jun/2026:03:22:03 +0000] "GET /tests/Feature/css/?ND HTTP/1.1" 200 649 "-" "Mozilla/5.0 (compatible; MJ12bot/v1.4.8; http://mj12bot.com/)"
65.108.125.120 - - [05/Jun/2026:03:22:11 +0000] "GET /tests/Unit/users/?MA HTTP/1.1" 200 632 "-" "Mozilla/5.0 (compatible; MJ12bot/v1.4.8; http://mj12bot.com/)"
65.108.125.120 - - [05/Jun/2026:03:22:14 +0000] "GET /tests/Unit/users/?ND HTTP/1.1" 200 625 "-" "Mozilla/5.0 (compatible; MJ12bot/v1.4.8; http://mj12bot.com/)"
65.108.125.120 - - [05/Jun/2026:03:22:23 +0000] "GET /app/Console/0c/?MA HTTP/1.1" 200 561 "-" "Mozilla/5.0 (compatible; MJ12bot/v1.4.8; http://mj12bot.com/)"
65.108.125.120 - - [05/Jun/2026:03:22:35 +0000] "GET /app/Exceptions/objects/?MA HTTP/1.1" 200 639 "-" "Mozilla/5.0 (compatible; MJ12bot/v1.4.8; http://mj12bot.com/)"
65.108.125.120 - - [05/Jun/2026:03:22:38 +0000] "GET /app/Exceptions/objects/?ND HTTP/1.1" 200 633 "-" "Mozilla/5.0 (compatible; MJ12bot/v1.4.8; http://mj12bot.com/)"
65.108.125.120 - - [05/Jun/2026:03:22:42 +0000] "GET /app/Exceptions/objects/?SA HTTP/1.1" 200 640 "-" "Mozilla/5.0 (compatible; MJ12bot/v1.4.8; http://mj12bot.com/)"
170.64.251.156 - - [05/Jun/2026:03:35:08 +0000] "GET /gh/hh.php HTTP/1.1" 200 1762 "-" "Mozilla/5.0 (Linux; Android 10; K) AppleWebKit/537.36 (KHTML, like Gecko) Chrome/145.0.0.0 Mobile Safari/537.36"
216.244.66.244 - - [05/Jun/2026:03:51:37 +0000] "GET /robots.txt HTTP/1.1" 404 1251 "-" "Mozilla/5.0 (compatible; DotBot/1.2; +https://opensiteexplorer.org/dotbot; help@moz.com)"
216.244.66.244 - - [05/Jun/2026:03:55:58 +0000] "GET /storage/app/public/?ND HTTP/1.1" 200 1594 "-" "Mozilla/5.0 (compatible; DotBot/1.2; +https://opensiteexplorer.org/dotbot; help@moz.com)"
51.91.156.252 - - [05/Jun/2026:04:03:26 +0000] "GET /gh/hh.php HTTP/1.1" 200 1762 "-" "Mozilla/5.0 (Linux; Android 10; K) AppleWebKit/537.36 (KHTML, like Gecko) Chrome/137.0.0.0 Mobile Safari/537.36"
209.50.228.94 - - [05/Jun/2026:04:03:27 +0000] "GET /gh/hh.php HTTP/1.1" 200 1762 "-" "Mozilla/5.0 (Linux; Android 10; K) AppleWebKit/537.36 (KHTML, like Gecko) Chrome/137.0.0.0 Mobile Safari/537.36"
159.223.242.210 - - [05/Jun/2026:04:03:28 +0000] "GET /gh/hh.php HTTP/1.1" 200 1762 "-" "Mozilla/5.0 (Linux; Android 10; K) AppleWebKit/537.36 (KHTML, like Gecko) Chrome/137.0.0.0 Mobile Safari/537.36"
91.134.142.208 - - [05/Jun/2026:04:05:39 +0000] "GET /gh/hh.php HTTP/1.1" 200 1762 "-" "Mozilla/5.0 (Linux; Android 10; K) AppleWebKit/537.36 (KHTML, like Gecko) Chrome/145.0.0.0 Mobile Safari/537.36"
155.254.22.50 - - [05/Jun/2026:04:05:39 +0000] "GET /gh/hh.php HTTP/1.1" 200 5761 "-" "Mozilla/5.0 (Linux; Android 10; K) AppleWebKit/537.36 (KHTML, like Gecko) Chrome/145.0.0.0 Mobile Safari/537.36"
170.64.251.156 - - [05/Jun/2026:04:05:41 +0000] "GET /gh/hh.php HTTP/1.1" 200 1762 "-" "Mozilla/5.0 (Linux; Android 10; K) AppleWebKit/537.36 (KHTML, like Gecko) Chrome/145.0.0.0 Mobile Safari/537.36"
91.134.142.208 - - [05/Jun/2026:04:34:06 +0000] "GET /gh/hh.php HTTP/1.1" 200 1762 "-" "Mozilla/5.0 (Linux; Android 10; K) AppleWebKit/537.36 (KHTML, like Gecko) Chrome/145.0.0.0 Mobile Safari/537.36"
155.254.22.50 - - [05/Jun/2026:04:34:08 +0000] "GET /gh/hh.php HTTP/1.1" 200 5761 "-" "Mozilla/5.0 (Linux; Android 10; K) AppleWebKit/537.36 (KHTML, like Gecko) Chrome/145.0.0.0 Mobile Safari/537.36"
170.64.251.156 - - [05/Jun/2026:04:34:08 +0000] "GET /gh/hh.php HTTP/1.1" 200 1762 "-" "Mozilla/5.0 (Linux; Android 10; K) AppleWebKit/537.36 (KHTML, like Gecko) Chrome/145.0.0.0 Mobile Safari/537.36"
216.244.66.244 - - [05/Jun/2026:04:38:31 +0000] "GET /storage/framework/views/53679e0b26e5ecdef3483a274392b3063e884612.php HTTP/1.1" 200 2 "-" "Mozilla/5.0 (compatible; DotBot/1.2; +https://opensiteexplorer.org/dotbot; help@moz.com)"
43.161.234.148 - - [05/Jun/2026:04:41:52 +0000] "GET / HTTP/1.1" 200 2459 "-" "Mozilla/5.0 (iPhone; CPU iPhone OS 13_2_3 like Mac OS X) AppleWebKit/605.1.15 (KHTML, like Gecko) Version/13.0.3 Mobile/15E148 Safari/604.1"
88.88.156.124 - - [05/Jun/2026:04:48:28 +0000] "GET /robots.txt HTTP/1.1" 404 1251 "-" "Mozilla/5.0 (compatible; MJ12bot/v1.4.8; http://mj12bot.com/)"
88.88.156.124 - - [05/Jun/2026:04:48:29 +0000] "GET /assets/js/?MA HTTP/1.1" 200 1182 "-" "Mozilla/5.0 (compatible; MJ12bot/v1.4.8; http://mj12bot.com/)"
88.88.156.124 - - [05/Jun/2026:04:48:31 +0000] "GET /assets/js/?ND HTTP/1.1" 200 1158 "-" "Mozilla/5.0 (compatible; MJ12bot/v1.4.8; http://mj12bot.com/)"
88.88.156.124 - - [05/Jun/2026:04:48:32 +0000] "GET /assets/js/?SA HTTP/1.1" 200 1167 "-" "Mozilla/5.0 (compatible; MJ12bot/v1.4.8; http://mj12bot.com/)"
91.134.142.208 - - [05/Jun/2026:03:35:07 +0000] "GET /gh/hh.php HTTP/1.1" 200 1762 "-" "Mozilla/5.0 (Linux; Android 10; K) AppleWebKit/537.36 (KHTML, like Gecko) Chrome/145.0.0.0 Mobile Safari/537.36"
155.254.22.50 - - [05/Jun/2026:03:35:07 +0000] "GET /gh/hh.php HTTP/1.1" 200 5761 "-" "Mozilla/5.0 (Linux; Android 10; K) AppleWebKit/537.36 (KHTML, like Gecko) Chrome/145.0.0.0 Mobile Safari/537.36"
57.129.134.182 - - [05/Jun/2026:03:58:14 +0000] "GET /gh/ HTTP/1.1" 200 760 "-" "Mozilla/5.0 (Linux, Android 10, K) AppleWebKit/537.36 (KHTML, like Gecko) Chrome/148.0.0.0 Mobile Safari/537.36"
95.153.31.78 - - [05/Jun/2026:03:58:14 +0000] "GET /gh/ HTTP/1.1" 200 1552 "-" "Mozilla/5.0 (Linux, Android 10, K) AppleWebKit/537.36 (KHTML, like Gecko) Chrome/148.0.0.0 Mobile Safari/537.36"
157.230.195.44 - - [05/Jun/2026:04:03:28 +0000] "GET /gh/hh.php HTTP/1.1" 200 1762 "-" "Mozilla/5.0 (Linux; Android 10; K) AppleWebKit/537.36 (KHTML, like Gecko) Chrome/137.0.0.0 Mobile Safari/537.36"
129.226.146.42 - - [05/Jun/2026:04:14:11 +0000] "GET / HTTP/1.1" 200 2459 "-" "Mozilla/5.0 (iPhone; CPU iPhone OS 13_2_3 like Mac OS X) AppleWebKit/605.1.15 (KHTML, like Gecko) Version/13.0.3 Mobile/15E148 Safari/604.1"
95.153.31.78 - - [05/Jun/2026:04:31:17 +0000] "GET /gh/ HTTP/1.1" 200 1552 "-" "Mozilla/5.0 (Linux, Android 10, K) AppleWebKit/537.36 (KHTML, like Gecko) Chrome/148.0.0.0 Mobile Safari/537.36"
57.129.134.182 - - [05/Jun/2026:04:31:18 +0000] "GET /gh/ HTTP/1.1" 200 760 "-" "Mozilla/5.0 (Linux, Android 10, K) AppleWebKit/537.36 (KHTML, like Gecko) Chrome/148.0.0.0 Mobile Safari/537.36"
216.244.66.244 - - [05/Jun/2026:04:34:23 +0000] "GET /robots.txt HTTP/1.1" 404 1251 "-" "Mozilla/5.0 (compatible; DotBot/1.2; +https://opensiteexplorer.org/dotbot; help@moz.com)"
216.244.66.244 - - [05/Jun/2026:04:38:21 +0000] "GET /app/Http/Middleware/TrustProxies.php HTTP/1.1" 500 0 "-" "Mozilla/5.0 (compatible; DotBot/1.2; +https://opensiteexplorer.org/dotbot; help@moz.com)"
216.244.66.244 - - [05/Jun/2026:04:38:41 +0000] "GET /storage/framework/views/d98e485c1712df296b212a9ce2e20096b79162a1.php HTTP/1.1" 500 0 "-" "Mozilla/5.0 (compatible; DotBot/1.2; +https://opensiteexplorer.org/dotbot; help@moz.com)"
88.88.156.124 - - [05/Jun/2026:04:55:31 +0000] "GET /resources/views/layouts/?MA HTTP/1.1" 200 692 "-" "Mozilla/5.0 (compatible; MJ12bot/v1.4.8; http://mj12bot.com/)"
88.88.156.124 - - [05/Jun/2026:04:55:32 +0000] "GET /resources/views/layouts/?ND HTTP/1.1" 200 686 "-" "Mozilla/5.0 (compatible; MJ12bot/v1.4.8; http://mj12bot.com/)"
88.88.156.124 - - [05/Jun/2026:04:55:34 +0000] "GET /resources/views/layouts/app.blade.php HTTP/1.1" 200 1822 "-" "Mozilla/5.0 (compatible; MJ12bot/v1.4.8; http://mj12bot.com/)"
88.88.156.124 - - [05/Jun/2026:04:55:35 +0000] "GET /resources/views/reference/?MA HTTP/1.1" 200 1074 "-" "Mozilla/5.0 (compatible; MJ12bot/v1.4.8; http://mj12bot.com/)"
88.88.156.124 - - [05/Jun/2026:04:55:37 +0000] "GET /resources/views/reference/?ND HTTP/1.1" 200 1064 "-" "Mozilla/5.0 (compatible; MJ12bot/v1.4.8; http://mj12bot.com/)"
88.88.156.124 - - [05/Jun/2026:04:55:38 +0000] "GET /resources/views/reference/?SA HTTP/1.1" 200 1072 "-" "Mozilla/5.0 (compatible; MJ12bot/v1.4.8; http://mj12bot.com/)"
88.88.156.124 - - [05/Jun/2026:04:55:40 +0000] "GET /resources/views/reference/create.blade.php HTTP/1.1" 200 1006 "-" "Mozilla/5.0 (compatible; MJ12bot/v1.4.8; http://mj12bot.com/)"
88.88.156.124 - - [05/Jun/2026:04:55:41 +0000] "GET /resources/views/reference/edit.blade.php HTTP/1.1" 200 700 "-" "Mozilla/5.0 (compatible; MJ12bot/v1.4.8; http://mj12bot.com/)"
88.88.156.124 - - [05/Jun/2026:04:55:43 +0000] "GET /resources/views/reference/index.blade.php HTTP/1.1" 200 896 "-" "Mozilla/5.0 (compatible; MJ12bot/v1.4.8; http://mj12bot.com/)"
88.88.156.124 - - [05/Jun/2026:04:55:44 +0000] "GET /resources/views/reference/printLedger.blade.php HTTP/1.1" 200 1526 "-" "Mozilla/5.0 (compatible; MJ12bot/v1.4.8; http://mj12bot.com/)"
88.88.156.124 - - [05/Jun/2026:04:55:46 +0000] "GET /resources/views/reference/%7B%7B%20route('clients.show',%20$refs)%20%7D%7D HTTP/1.1" 404 1251 "-" "Mozilla/5.0 (compatible; MJ12bot/v1.4.8; http://mj12bot.com/)"
88.88.156.124 - - [05/Jun/2026:04:55:47 +0000] "GET /resources/views/reference/%7B%7B%20route('reference.print.ledger',$ref-%3Eid)%20%7D%7D HTTP/1.1" 404 1251 "-" "Mozilla/5.0 (compatible; MJ12bot/v1.4.8; http://mj12bot.com/)"
88.88.156.124 - - [05/Jun/2026:04:55:49 +0000] "GET /resources/views/reference/%7B%7B%20route('reference.print.report',$ref-%3Eid)%20%7D%7D HTTP/1.1" 404 1251 "-" "Mozilla/5.0 (compatible; MJ12bot/v1.4.8; http://mj12bot.com/)"
88.88.156.124 - - [05/Jun/2026:04:55:50 +0000] "GET /resources/views/sales/?MD HTTP/1.1" 200 1060 "-" "Mozilla/5.0 (compatible; MJ12bot/v1.4.8; http://mj12bot.com/)"
88.88.156.124 - - [05/Jun/2026:04:55:52 +0000] "GET /resources/views/transfers/create.blade.php HTTP/1.1" 200 1004 "-" "Mozilla/5.0 (compatible; MJ12bot/v1.4.8; http://mj12bot.com/)"
88.88.156.124 - - [05/Jun/2026:04:55:53 +0000] "GET /storage/framework/sessions/?MD HTTP/1.1" 200 2277 "-" "Mozilla/5.0 (compatible; MJ12bot/v1.4.8; http://mj12bot.com/)"
88.88.156.124 - - [05/Jun/2026:04:55:55 +0000] "GET /storage/framework/sessions/?NA HTTP/1.1" 200 2300 "-" "Mozilla/5.0 (compatible; MJ12bot/v1.4.8; http://mj12bot.com/)"
88.88.156.124 - - [05/Jun/2026:04:55:57 +0000] "GET /storage/framework/sessions/?ND HTTP/1.1" 200 2297 "-" "Mozilla/5.0 (compatible; MJ12bot/v1.4.8; http://mj12bot.com/)"
88.88.156.124 - - [05/Jun/2026:04:55:58 +0000] "GET /storage/framework/sessions/?SD HTTP/1.1" 200 2285 "-" "Mozilla/5.0 (compatible; MJ12bot/v1.4.8; http://mj12bot.com/)"
88.88.156.124 - - [05/Jun/2026:04:56:03 +0000] "GET /robots.txt HTTP/1.1" 404 1251 "-" "Mozilla/5.0 (compatible; MJ12bot/v1.4.8; http://mj12bot.com/)"
88.88.156.124 - - [05/Jun/2026:04:56:05 +0000] "GET /storage/framework/views/13c4f0157073f0b34f2180df1ad7503080f8ae10.php HTTP/1.1" 500 0 "-" "Mozilla/5.0 (compatible; MJ12bot/v1.4.8; http://mj12bot.com/)"
88.88.156.124 - - [05/Jun/2026:04:56:06 +0000] "GET /storage/framework/views/1552e2ed0e7e5518b130cebc3d0c3e1ce027d92a.php HTTP/1.1" 500 0 "-" "Mozilla/5.0 (compatible; MJ12bot/v1.4.8; http://mj12bot.com/)"
88.88.156.124 - - [05/Jun/2026:04:56:08 +0000] "GET /storage/framework/views/2196bd863938102464a874d79b0978269e89f477.php HTTP/1.1" 500 0 "-" "Mozilla/5.0 (compatible; MJ12bot/v1.4.8; http://mj12bot.com/)"
88.88.156.124 - - [05/Jun/2026:04:56:09 +0000] "GET /storage/framework/views/24a62f6d7478c56e50927ffc457ba9959eca58fd.php HTTP/1.1" 500 0 "-" "Mozilla/5.0 (compatible; MJ12bot/v1.4.8; http://mj12bot.com/)"
88.88.156.124 - - [05/Jun/2026:04:56:12 +0000] "GET /storage/framework/views/81773765e9b3d77428a2bc4ed2e1cb2ed196a868.php HTTP/1.1" 500 0 "-" "Mozilla/5.0 (compatible; MJ12bot/v1.4.8; http://mj12bot.com/)"
88.88.156.124 - - [05/Jun/2026:04:56:15 +0000] "GET /storage/framework/views/81c1e7f6dc81c8cc85c0e01d25bc6804dbba225b.php HTTP/1.1" 500 0 "-" "Mozilla/5.0 (compatible; MJ12bot/v1.4.8; http://mj12bot.com/)"
88.88.156.124 - - [05/Jun/2026:04:56:18 +0000] "GET /storage/framework/views/84a337de98ad6e52de45963d0c15a92e34f618a7.php HTTP/1.1" 500 0 "-" "Mozilla/5.0 (compatible; MJ12bot/v1.4.8; http://mj12bot.com/)"
88.88.156.124 - - [05/Jun/2026:04:56:21 +0000] "GET /storage/framework/views/8d123159b74845da9dc29f6c88635aec03b620ff.php HTTP/1.1" 500 0 "-" "Mozilla/5.0 (compatible; MJ12bot/v1.4.8; http://mj12bot.com/)"
88.88.156.124 - - [05/Jun/2026:04:56:24 +0000] "GET /storage/framework/views/8e77af84e230d8c2fb946999563f163535c23e89.php HTTP/1.1" 500 0 "-" "Mozilla/5.0 (compatible; MJ12bot/v1.4.8; http://mj12bot.com/)"
88.88.156.124 - - [05/Jun/2026:04:56:26 +0000] "GET /storage/framework/views/9c87a22f652d0d7b43f1ac759f57cd19c785e3bf.php HTTP/1.1" 500 0 "-" "Mozilla/5.0 (compatible; MJ12bot/v1.4.8; http://mj12bot.com/)"
88.88.156.124 - - [05/Jun/2026:04:56:27 +0000] "GET /storage/framework/views/9ce95d9c37b25f992c845d385d267182a3bb56a6.php HTTP/1.1" 500 0 "-" "Mozilla/5.0 (compatible; MJ12bot/v1.4.8; http://mj12bot.com/)"
88.88.156.124 - - [05/Jun/2026:04:56:30 +0000] "GET /storage/framework/views/eea49cc5ca7de5793c807c9a092ca4a922e68c2a.php HTTP/1.1" 200 223 "-" "Mozilla/5.0 (compatible; MJ12bot/v1.4.8; http://mj12bot.com/)"
88.88.156.124 - - [05/Jun/2026:04:56:34 +0000] "GET /storage/framework/views/ef7386283f7efe4f381be84055f0d4e47ab53d55.php HTTP/1.1" 500 0 "-" "Mozilla/5.0 (compatible; MJ12bot/v1.4.8; http://mj12bot.com/)"
209.38.173.77 - - [05/Jun/2026:04:56:36 +0000] "GET /gh/ HTTP/1.1" 200 771 "-" "Mozilla/5.0 (Linux; Android 10; K) AppleWebKit/537.36 (KHTML, like Gecko) Chrome/139.0.0.0 Mobile Safari/537.36"
146.190.190.67 - - [05/Jun/2026:04:56:36 +0000] "GET /gh/ HTTP/1.1" 200 771 "-" "Mozilla/5.0 (Linux; Android 10; K) AppleWebKit/537.36 (KHTML, like Gecko) Chrome/139.0.0.0 Mobile Safari/537.36"
88.88.156.124 - - [05/Jun/2026:04:56:37 +0000] "GET /storage/framework/views/ef8c4f52794bff7c6933837d775a1b0efef0b91f.php HTTP/1.1" 200 6 "-" "Mozilla/5.0 (compatible; MJ12bot/v1.4.8; http://mj12bot.com/)"
138.68.120.52 - - [05/Jun/2026:04:56:37 +0000] "GET /gh/ HTTP/1.1" 200 771 "-" "Mozilla/5.0 (Linux; Android 10; K) AppleWebKit/537.36 (KHTML, like Gecko) Chrome/139.0.0.0 Mobile Safari/537.36"
88.88.156.124 - - [05/Jun/2026:04:56:39 +0000] "GET /storage/framework/views/efe0bd5472154552101bbf3cb91a6dd2ba75247c.php HTTP/1.1" 200 66 "-" "Mozilla/5.0 (compatible; MJ12bot/v1.4.8; http://mj12bot.com/)"
88.88.156.124 - - [05/Jun/2026:04:56:43 +0000] "GET /storage/framework/views/error_log HTTP/1.1" 403 1242 "-" "Mozilla/5.0 (compatible; MJ12bot/v1.4.8; http://mj12bot.com/)"
88.88.156.124 - - [05/Jun/2026:04:56:44 +0000] "GET /storage/framework/views/f043247305c686b1cc5045d1d1b56fe655ba143b.php HTTP/1.1" 500 0 "-" "Mozilla/5.0 (compatible; MJ12bot/v1.4.8; http://mj12bot.com/)"
88.88.156.124 - - [05/Jun/2026:04:56:47 +0000] "GET /storage/framework/views/f13ca80e2157eebf0e9410a11c29b027bd7d4777.php HTTP/1.1" 500 0 "-" "Mozilla/5.0 (compatible; MJ12bot/v1.4.8; http://mj12bot.com/)"
88.88.156.124 - - [05/Jun/2026:04:56:50 +0000] "GET /storage/framework/views/f1aa628109286696ceb614552e5e6a0cbcc2af7b.php HTTP/1.1" 500 0 "-" "Mozilla/5.0 (compatible; MJ12bot/v1.4.8; http://mj12bot.com/)"
88.88.156.124 - - [05/Jun/2026:04:56:53 +0000] "GET /storage/framework/views/f24930e392182309c234501f9d2aaced13c1fa99.php HTTP/1.1" 500 0 "-" "Mozilla/5.0 (compatible; MJ12bot/v1.4.8; http://mj12bot.com/)"
88.88.156.124 - - [05/Jun/2026:04:56:59 +0000] "GET /robots.txt HTTP/1.1" 404 1251 "-" "Mozilla/5.0 (compatible; MJ12bot/v1.4.8; http://mj12bot.com/)"
88.88.156.124 - - [05/Jun/2026:04:57:00 +0000] "GET /app/Http/Controllers/ClientController.php HTTP/1.1" 500 0 "-" "Mozilla/5.0 (compatible; MJ12bot/v1.4.8; http://mj12bot.com/)"
88.88.156.124 - - [05/Jun/2026:04:57:03 +0000] "GET /app/Http/Controllers/Controller.php HTTP/1.1" 500 0 "-" "Mozilla/5.0 (compatible; MJ12bot/v1.4.8; http://mj12bot.com/)"
88.88.156.124 - - [05/Jun/2026:04:57:07 +0000] "GET /app/Http/Controllers/HomeController.php HTTP/1.1" 500 0 "-" "Mozilla/5.0 (compatible; MJ12bot/v1.4.8; http://mj12bot.com/)"
88.88.156.124 - - [05/Jun/2026:04:57:09 +0000] "GET /app/Http/Controllers/InventoryController.php HTTP/1.1" 500 0 "-" "Mozilla/5.0 (compatible; MJ12bot/v1.4.8; http://mj12bot.com/)"
88.88.156.124 - - [05/Jun/2026:04:57:12 +0000] "GET /app/Http/Controllers/MethodController.php HTTP/1.1" 500 0 "-" "Mozilla/5.0 (compatible; MJ12bot/v1.4.8; http://mj12bot.com/)"
88.88.156.124 - - [05/Jun/2026:04:57:15 +0000] "GET /app/Http/Controllers/PageController.php HTTP/1.1" 500 0 "-" "Mozilla/5.0 (compatible; MJ12bot/v1.4.8; http://mj12bot.com/)"
88.88.156.124 - - [05/Jun/2026:04:57:19 +0000] "GET /app/Http/Controllers/ProductCategoryController.php HTTP/1.1" 500 0 "-" "Mozilla/5.0 (compatible; MJ12bot/v1.4.8; http://mj12bot.com/)"
88.88.156.124 - - [05/Jun/2026:04:57:22 +0000] "GET /app/Http/Controllers/ProductController.php HTTP/1.1" 500 0 "-" "Mozilla/5.0 (compatible; MJ12bot/v1.4.8; http://mj12bot.com/)"
88.88.156.124 - - [05/Jun/2026:04:57:25 +0000] "GET /app/Http/Controllers/ProfileController.php HTTP/1.1" 500 0 "-" "Mozilla/5.0 (compatible; MJ12bot/v1.4.8; http://mj12bot.com/)"
88.88.156.124 - - [05/Jun/2026:04:57:28 +0000] "GET /app/Http/Controllers/ProviderController.php HTTP/1.1" 500 0 "-" "Mozilla/5.0 (compatible; MJ12bot/v1.4.8; http://mj12bot.com/)"
88.88.156.124 - - [05/Jun/2026:04:57:31 +0000] "GET /app/Http/Controllers/ReceiptController.php HTTP/1.1" 500 0 "-" "Mozilla/5.0 (compatible; MJ12bot/v1.4.8; http://mj12bot.com/)"
88.88.156.124 - - [05/Jun/2026:04:57:34 +0000] "GET /app/Http/Controllers/ReferenceController.php HTTP/1.1" 500 0 "-" "Mozilla/5.0 (compatible; MJ12bot/v1.4.8; http://mj12bot.com/)"
88.88.156.124 - - [05/Jun/2026:04:57:37 +0000] "GET /app/Http/Controllers/SaleController.php HTTP/1.1" 500 0 "-" "Mozilla/5.0 (compatible; MJ12bot/v1.4.8; http://mj12bot.com/)"
88.88.156.124 - - [05/Jun/2026:04:57:40 +0000] "GET /app/Http/Controllers/TransactionController.php HTTP/1.1" 500 0 "-" "Mozilla/5.0 (compatible; MJ12bot/v1.4.8; http://mj12bot.com/)"
88.88.156.124 - - [05/Jun/2026:04:57:43 +0000] "GET /app/Http/Controllers/TransferController.php HTTP/1.1" 500 0 "-" "Mozilla/5.0 (compatible; MJ12bot/v1.4.8; http://mj12bot.com/)"
88.88.156.124 - - [05/Jun/2026:04:57:46 +0000] "GET /app/Http/Controllers/UserController.php HTTP/1.1" 500 0 "-" "Mozilla/5.0 (compatible; MJ12bot/v1.4.8; http://mj12bot.com/)"
88.88.156.124 - - [05/Jun/2026:04:57:49 +0000] "GET /app/Http/Controllers/error_log HTTP/1.1" 403 1242 "-" "Mozilla/5.0 (compatible; MJ12bot/v1.4.8; http://mj12bot.com/)"
88.88.156.124 - - [05/Jun/2026:04:57:52 +0000] "GET /app/Http/Middleware/?MA HTTP/1.1" 200 1201 "-" "Mozilla/5.0 (compatible; MJ12bot/v1.4.8; http://mj12bot.com/)"
88.88.156.124 - - [05/Jun/2026:04:57:55 +0000] "GET /app/Http/Middleware/?ND HTTP/1.1" 200 1193 "-" "Mozilla/5.0 (compatible; MJ12bot/v1.4.8; http://mj12bot.com/)"
88.88.156.124 - - [05/Jun/2026:04:57:58 +0000] "GET /app/Http/Middleware/?SA HTTP/1.1" 200 1197 "-" "Mozilla/5.0 (compatible; MJ12bot/v1.4.8; http://mj12bot.com/)"
88.88.156.124 - - [05/Jun/2026:04:58:01 +0000] "GET /app/Http/Middleware/Authenticate.php HTTP/1.1" 500 0 "-" "Mozilla/5.0 (compatible; MJ12bot/v1.4.8; http://mj12bot.com/)"
88.88.156.124 - - [05/Jun/2026:04:58:02 +0000] "GET /app/Http/Middleware/RedirectIfAuthenticated.php HTTP/1.1" 200 0 "-" "Mozilla/5.0 (compatible; MJ12bot/v1.4.8; http://mj12bot.com/)"
88.88.156.124 - - [05/Jun/2026:04:58:05 +0000] "GET /app/Http/Middleware/TrimStrings.php HTTP/1.1" 500 0 "-" "Mozilla/5.0 (compatible; MJ12bot/v1.4.8; http://mj12bot.com/)"
88.88.156.124 - - [05/Jun/2026:04:58:08 +0000] "GET /app/Http/Middleware/TrustHosts.php HTTP/1.1" 500 0 "-" "Mozilla/5.0 (compatible; MJ12bot/v1.4.8; http://mj12bot.com/)"
88.88.156.124 - - [05/Jun/2026:04:58:11 +0000] "GET /app/Http/Middleware/TrustProxies.php HTTP/1.1" 500 0 "-" "Mozilla/5.0 (compatible; MJ12bot/v1.4.8; http://mj12bot.com/)"
88.88.156.124 - - [05/Jun/2026:04:58:14 +0000] "GET /app/Http/Middleware/VerifyCsrfToken.php HTTP/1.1" 500 0 "-" "Mozilla/5.0 (compatible; MJ12bot/v1.4.8; http://mj12bot.com/)"
88.88.156.124 - - [05/Jun/2026:04:58:17 +0000] "GET /app/Http/Middleware/error_log HTTP/1.1" 403 1242 "-" "Mozilla/5.0 (compatible; MJ12bot/v1.4.8; http://mj12bot.com/)"
88.88.156.124 - - [05/Jun/2026:04:58:20 +0000] "GET /app/Http/Requests/?MA HTTP/1.1" 200 1178 "-" "Mozilla/5.0 (compatible; MJ12bot/v1.4.8; http://mj12bot.com/)"
88.88.156.124 - - [05/Jun/2026:04:58:22 +0000] "GET /app/Http/Requests/error_log HTTP/1.1" 403 1242 "-" "Mozilla/5.0 (compatible; MJ12bot/v1.4.8; http://mj12bot.com/)"
88.88.156.124 - - [05/Jun/2026:04:58:25 +0000] "GET /assets/css/dd/?MA HTTP/1.1" 200 553 "-" "Mozilla/5.0 (compatible; MJ12bot/v1.4.8; http://mj12bot.com/)"
88.88.156.124 - - [05/Jun/2026:04:58:28 +0000] "GET /assets/css/dd/?ND HTTP/1.1" 200 549 "-" "Mozilla/5.0 (compatible; MJ12bot/v1.4.8; http://mj12bot.com/)"
88.88.156.124 - - [05/Jun/2026:04:58:31 +0000] "GET /assets/css/dd/?SA HTTP/1.1" 200 553 "-" "Mozilla/5.0 (compatible; MJ12bot/v1.4.8; http://mj12bot.com/)"
88.88.156.124 - - [05/Jun/2026:04:58:34 +0000] "GET /assets/demo/config/?MA HTTP/1.1" 200 634 "-" "Mozilla/5.0 (compatible; MJ12bot/v1.4.8; http://mj12bot.com/)"
88.88.156.124 - - [05/Jun/2026:04:58:37 +0000] "GET /assets/demo/config/?ND HTTP/1.1" 200 627 "-" "Mozilla/5.0 (compatible; MJ12bot/v1.4.8; http://mj12bot.com/)"
88.88.156.124 - - [05/Jun/2026:04:58:40 +0000] "GET /assets/demo/config/?SA HTTP/1.1" 200 633 "-" "Mozilla/5.0 (compatible; MJ12bot/v1.4.8; http://mj12bot.com/)"
88.88.156.124 - - [05/Jun/2026:04:58:43 +0000] "GET /assets/js/core/?MA HTTP/1.1" 200 746 "-" "Mozilla/5.0 (compatible; MJ12bot/v1.4.8; http://mj12bot.com/)"
88.88.156.124 - - [05/Jun/2026:04:58:46 +0000] "GET /assets/js/core/?ND HTTP/1.1" 200 741 "-" "Mozilla/5.0 (compatible; MJ12bot/v1.4.8; http://mj12bot.com/)"
88.88.156.124 - - [05/Jun/2026:04:58:49 +0000] "GET /assets/js/core/?SA HTTP/1.1" 200 748 "-" "Mozilla/5.0 (compatible; MJ12bot/v1.4.8; http://mj12bot.com/)"
88.88.156.124 - - [05/Jun/2026:04:58:52 +0000] "GET /assets/js/core/bootstrap.min.js HTTP/1.1" 200 13400 "-" "Mozilla/5.0 (compatible; MJ12bot/v1.4.8; http://mj12bot.com/)"
88.88.156.124 - - [05/Jun/2026:04:58:55 +0000] "GET /assets/js/core/jquery.min.js HTTP/1.1" 200 29485 "-" "Mozilla/5.0 (compatible; MJ12bot/v1.4.8; http://mj12bot.com/)"
88.88.156.124 - - [05/Jun/2026:04:58:59 +0000] "GET /assets/js/core/popper.min.js HTTP/1.1" 200 6545 "-" "Mozilla/5.0 (compatible; MJ12bot/v1.4.8; http://mj12bot.com/)"
88.88.156.124 - - [05/Jun/2026:04:59:02 +0000] "GET /assets/js/plugins/?MA HTTP/1.1" 200 780 "-" "Mozilla/5.0 (compatible; MJ12bot/v1.4.8; http://mj12bot.com/)"
88.88.156.124 - - [05/Jun/2026:04:59:05 +0000] "GET /assets/js/plugins/?ND HTTP/1.1" 200 773 "-" "Mozilla/5.0 (compatible; MJ12bot/v1.4.8; http://mj12bot.com/)"
88.88.156.124 - - [05/Jun/2026:04:59:08 +0000] "GET /assets/js/plugins/?SA HTTP/1.1" 200 780 "-" "Mozilla/5.0 (compatible; MJ12bot/v1.4.8; http://mj12bot.com/)"
57.129.134.182 - - [05/Jun/2026:04:59:10 +0000] "GET /gh/ HTTP/1.1" 200 760 "-" "Mozilla/5.0 (Linux, Android 10, K) AppleWebKit/537.36 (KHTML, like Gecko) Chrome/148.0.0.0 Mobile Safari/537.36"
88.88.156.124 - - [05/Jun/2026:04:59:11 +0000] "GET /assets/js/plugins/bootstrap-notify.js HTTP/1.1" 200 3901 "-" "Mozilla/5.0 (compatible; MJ12bot/v1.4.8; http://mj12bot.com/)"
88.88.156.124 - - [05/Jun/2026:04:59:14 +0000] "GET /assets/js/plugins/chartjs.min.js HTTP/1.1" 200 44493 "-" "Mozilla/5.0 (compatible; MJ12bot/v1.4.8; http://mj12bot.com/)"
88.88.156.124 - - [05/Jun/2026:04:59:19 +0000] "GET /assets/js/plugins/perfect-scrollbar.jquery.min.js HTTP/1.1" 200 5196 "-" "Mozilla/5.0 (compatible; MJ12bot/v1.4.8; http://mj12bot.com/)"
88.88.156.124 - - [05/Jun/2026:04:59:22 +0000] "GET /assets/scss/black-dashboard/?MA HTTP/1.1" 200 667 "-" "Mozilla/5.0 (compatible; MJ12bot/v1.4.8; http://mj12bot.com/)"
88.88.156.124 - - [05/Jun/2026:04:59:25 +0000] "GET /assets/scss/black-dashboard/?ND HTTP/1.1" 200 667 "-" "Mozilla/5.0 (compatible; MJ12bot/v1.4.8; http://mj12bot.com/)"
88.88.156.124 - - [05/Jun/2026:04:59:28 +0000] "GET /resources/css/objects/?MA HTTP/1.1" 200 564 "-" "Mozilla/5.0 (compatible; MJ12bot/v1.4.8; http://mj12bot.com/)"
88.88.156.124 - - [05/Jun/2026:04:59:31 +0000] "GET /resources/css/objects/?SA HTTP/1.1" 200 564 "-" "Mozilla/5.0 (compatible; MJ12bot/v1.4.8; http://mj12bot.com/)"
88.88.156.124 - - [05/Jun/2026:04:59:34 +0000] "GET /resources/js/objects/?MA HTTP/1.1" 200 564 "-" "Mozilla/5.0 (compatible; MJ12bot/v1.4.8; http://mj12bot.com/)"
88.88.156.124 - - [05/Jun/2026:04:59:37 +0000] "GET /resources/js/objects/?ND HTTP/1.1" 200 560 "-" "Mozilla/5.0 (compatible; MJ12bot/v1.4.8; http://mj12bot.com/)"
88.88.156.124 - - [05/Jun/2026:04:59:40 +0000] "GET /resources/js/objects/?SA HTTP/1.1" 200 563 "-" "Mozilla/5.0 (compatible; MJ12bot/v1.4.8; http://mj12bot.com/)"
88.88.156.124 - - [05/Jun/2026:04:59:43 +0000] "GET /resources/lang/en/?MA HTTP/1.1" 200 712 "-" "Mozilla/5.0 (compatible; MJ12bot/v1.4.8; http://mj12bot.com/)"
88.88.156.124 - - [05/Jun/2026:04:59:44 +0000] "GET /resources/lang/en/?ND HTTP/1.1" 200 707 "-" "Mozilla/5.0 (compatible; MJ12bot/v1.4.8; http://mj12bot.com/)"
88.88.156.124 - - [05/Jun/2026:04:59:47 +0000] "GET /resources/lang/en/?SA HTTP/1.1" 200 710 "-" "Mozilla/5.0 (compatible; MJ12bot/v1.4.8; http://mj12bot.com/)"
88.88.156.124 - - [05/Jun/2026:04:59:50 +0000] "GET /resources/lang/en/auth.php HTTP/1.1" 200 0 "-" "Mozilla/5.0 (compatible; MJ12bot/v1.4.8; http://mj12bot.com/)"
88.88.156.124 - - [05/Jun/2026:04:59:54 +0000] "GET /resources/lang/en/pagination.php HTTP/1.1" 200 0 "-" "Mozilla/5.0 (compatible; MJ12bot/v1.4.8; http://mj12bot.com/)"
88.88.156.124 - - [05/Jun/2026:04:59:57 +0000] "GET /resources/lang/en/passwords.php HTTP/1.1" 200 0 "-" "Mozilla/5.0 (compatible; MJ12bot/v1.4.8; http://mj12bot.com/)"
88.88.156.124 - - [05/Jun/2026:05:00:01 +0000] "GET /resources/views/%7B%7B%20route('transactions.create',%20['type'%20=%3E%20'expense'])%20%7D%7D HTTP/1.1" 404 1251 "-" "Mozilla/5.0 (compatible; MJ12bot/v1.4.8; http://mj12bot.com/)"
88.88.156.124 - - [05/Jun/2026:05:00:06 +0000] "GET /resources/views/%7B%7B%20route('transfer.create')%20%7D%7D HTTP/1.1" 404 1251 "-" "Mozilla/5.0 (compatible; MJ12bot/v1.4.8; http://mj12bot.com/)"
88.88.156.124 - - [05/Jun/2026:05:00:09 +0000] "GET /resources/views/alerts/?MA HTTP/1.1" 200 690 "-" "Mozilla/5.0 (compatible; MJ12bot/v1.4.8; http://mj12bot.com/)"
88.88.156.124 - - [05/Jun/2026:05:00:12 +0000] "GET /resources/views/alerts/?ND HTTP/1.1" 200 683 "-" "Mozilla/5.0 (compatible; MJ12bot/v1.4.8; http://mj12bot.com/)"
88.88.156.124 - - [05/Jun/2026:05:00:15 +0000] "GET /resources/views/alerts/?SA HTTP/1.1" 200 688 "-" "Mozilla/5.0 (compatible; MJ12bot/v1.4.8; http://mj12bot.com/)"
88.88.156.124 - - [05/Jun/2026:05:00:18 +0000] "GET /resources/views/inventory/?SA HTTP/1.1" 200 729 "-" "Mozilla/5.0 (compatible; MJ12bot/v1.4.8; http://mj12bot.com/)"
88.88.156.124 - - [05/Jun/2026:05:00:20 +0000] "GET /resources/views/inventory/stats.blade.php HTTP/1.1" 200 764 "-" "Mozilla/5.0 (compatible; MJ12bot/v1.4.8; http://mj12bot.com/)"
57.131.13.108 - - [05/Jun/2026:04:56:36 +0000] "GET /gh/ HTTP/1.1" 200 771 "-" "Mozilla/5.0 (Linux; Android 10; K) AppleWebKit/537.36 (KHTML, like Gecko) Chrome/139.0.0.0 Mobile Safari/537.36"
95.153.31.78 - - [05/Jun/2026:04:59:09 +0000] "GET /gh/ HTTP/1.1" 200 1552 "-" "Mozilla/5.0 (Linux, Android 10, K) AppleWebKit/537.36 (KHTML, like Gecko) Chrome/148.0.0.0 Mobile Safari/537.36"
155.254.22.50 - - [05/Jun/2026:05:04:07 +0000] "GET /gh/hh.php HTTP/1.1" 200 5761 "-" "Mozilla/5.0 (Linux; Android 10; K) AppleWebKit/537.36 (KHTML, like Gecko) Chrome/145.0.0.0 Mobile Safari/537.36"
209.50.228.94 - - [05/Jun/2026:05:04:38 +0000] "GET /gh/hh.php HTTP/1.1" 200 1762 "-" "Mozilla/5.0 (Linux; Android 10; K) AppleWebKit/537.36 (KHTML, like Gecko) Chrome/137.0.0.0 Mobile Safari/537.36"
157.230.195.44 - - [05/Jun/2026:05:04:41 +0000] "GET /gh/hh.php HTTP/1.1" 200 1762 "-" "Mozilla/5.0 (Linux; Android 10; K) AppleWebKit/537.36 (KHTML, like Gecko) Chrome/137.0.0.0 Mobile Safari/537.36"
216.244.66.244 - - [05/Jun/2026:05:16:56 +0000] "GET /robots.txt HTTP/1.1" 404 1251 "-" "Mozilla/5.0 (compatible; DotBot/1.2; +https://opensiteexplorer.org/dotbot; help@moz.com)"
95.153.31.78 - - [05/Jun/2026:05:30:39 +0000] "GET /gh/ HTTP/1.1" 200 1552 "-" "Mozilla/5.0 (Linux, Android 10, K) AppleWebKit/537.36 (KHTML, like Gecko) Chrome/148.0.0.0 Mobile Safari/537.36"
57.129.134.182 - - [05/Jun/2026:05:30:39 +0000] "GET /gh/ HTTP/1.1" 200 760 "-" "Mozilla/5.0 (Linux, Android 10, K) AppleWebKit/537.36 (KHTML, like Gecko) Chrome/148.0.0.0 Mobile Safari/537.36"
91.134.142.208 - - [05/Jun/2026:05:31:40 +0000] "GET /gh/hh.php HTTP/1.1" 200 1762 "-" "Mozilla/5.0 (Linux; Android 10; K) AppleWebKit/537.36 (KHTML, like Gecko) Chrome/145.0.0.0 Mobile Safari/537.36"
155.254.22.50 - - [05/Jun/2026:05:31:43 +0000] "GET /gh/hh.php HTTP/1.1" 200 5761 "-" "Mozilla/5.0 (Linux; Android 10; K) AppleWebKit/537.36 (KHTML, like Gecko) Chrome/145.0.0.0 Mobile Safari/537.36"
170.64.251.156 - - [05/Jun/2026:05:31:44 +0000] "GET /gh/hh.php HTTP/1.1" 200 1762 "-" "Mozilla/5.0 (Linux; Android 10; K) AppleWebKit/537.36 (KHTML, like Gecko) Chrome/145.0.0.0 Mobile Safari/537.36"
91.134.142.208 - - [05/Jun/2026:05:04:09 +0000] "GET /gh/hh.php HTTP/1.1" 200 1762 "-" "Mozilla/5.0 (Linux; Android 10; K) AppleWebKit/537.36 (KHTML, like Gecko) Chrome/145.0.0.0 Mobile Safari/537.36"
170.64.251.156 - - [05/Jun/2026:05:04:10 +0000] "GET /gh/hh.php HTTP/1.1" 200 1762 "-" "Mozilla/5.0 (Linux; Android 10; K) AppleWebKit/537.36 (KHTML, like Gecko) Chrome/145.0.0.0 Mobile Safari/537.36"
159.223.242.210 - - [05/Jun/2026:05:04:36 +0000] "GET /gh/hh.php HTTP/1.1" 200 1762 "-" "Mozilla/5.0 (Linux; Android 10; K) AppleWebKit/537.36 (KHTML, like Gecko) Chrome/137.0.0.0 Mobile Safari/537.36"
51.91.156.252 - - [05/Jun/2026:05:04:36 +0000] "GET /gh/hh.php HTTP/1.1" 200 1762 "-" "Mozilla/5.0 (Linux; Android 10; K) AppleWebKit/537.36 (KHTML, like Gecko) Chrome/137.0.0.0 Mobile Safari/537.36"
216.244.66.244 - - [05/Jun/2026:05:20:30 +0000] "GET /storage/framework/views/b5c4cb1cfdd808555336ba06a44eec9f676af9e7.php HTTP/1.1" 500 0 "-" "Mozilla/5.0 (compatible; DotBot/1.2; +https://opensiteexplorer.org/dotbot; help@moz.com)"
216.244.66.244 - - [05/Jun/2026:05:20:40 +0000] "GET /storage/framework/views/ce1966dba27aa5ce103e07b49887c75c349e7161.php HTTP/1.1" 500 0 "-" "Mozilla/5.0 (compatible; DotBot/1.2; +https://opensiteexplorer.org/dotbot; help@moz.com)"
150.109.46.88 - - [05/Jun/2026:05:24:17 +0000] "GET / HTTP/1.1" 200 2462 "-" "Mozilla/5.0 (iPhone; CPU iPhone OS 13_2_3 like Mac OS X) AppleWebKit/605.1.15 (KHTML, like Gecko) Version/13.0.3 Mobile/15E148 Safari/604.1"
185.128.227.82 - - [05/Jun/2026:05:30:37 +0000] "GET /wp-login.php HTTP/1.1" 404 1251 "https://www.google.com/" "Mozilla/5.0 (Macintosh; Intel Mac OS X 13_6_1) AppleWebKit/605.1.15 (KHTML, like Gecko) Version/16.6 Safari/605.1.15"
46.62.173.36 - - [05/Jun/2026:05:40:35 +0000] "GET /formationbtp.zip HTTP/1.1" 200 5955 "-" "Mozilla/5.0 (Linux; Android 10; K) AppleWebKit/537.36 (KHTML, like Gecko) Chrome/138.0.0.0 Mobile Safari/537.36"
155.254.22.50 - - [05/Jun/2026:05:58:35 +0000] "GET /gh/hh.php HTTP/1.1" 200 5761 "-" "Mozilla/5.0 (Linux; Android 10; K) AppleWebKit/537.36 (KHTML, like Gecko) Chrome/145.0.0.0 Mobile Safari/537.36"
216.244.66.244 - - [05/Jun/2026:05:59:16 +0000] "GET /robots.txt HTTP/1.1" 404 1251 "-" "Mozilla/5.0 (compatible; DotBot/1.2; +https://opensiteexplorer.org/dotbot; help@moz.com)"
95.153.31.78 - - [05/Jun/2026:06:01:23 +0000] "GET /gh/ HTTP/1.1" 200 1552 "-" "Mozilla/5.0 (Linux, Android 10, K) AppleWebKit/537.36 (KHTML, like Gecko) Chrome/148.0.0.0 Mobile Safari/537.36"
57.129.134.182 - - [05/Jun/2026:06:01:25 +0000] "GET /gh/ HTTP/1.1" 200 760 "-" "Mozilla/5.0 (Linux, Android 10, K) AppleWebKit/537.36 (KHTML, like Gecko) Chrome/148.0.0.0 Mobile Safari/537.36"
216.244.66.244 - - [05/Jun/2026:06:02:54 +0000] "GET /storage/framework/cache/data/ HTTP/1.1" 200 32265 "-" "Mozilla/5.0 (compatible; DotBot/1.2; +https://opensiteexplorer.org/dotbot; help@moz.com)"
159.223.242.210 - - [05/Jun/2026:06:07:13 +0000] "GET /gh/hh.php HTTP/1.1" 200 1762 "-" "Mozilla/5.0 (Linux; Android 10; K) AppleWebKit/537.36 (KHTML, like Gecko) Chrome/137.0.0.0 Mobile Safari/537.36"
209.50.228.94 - - [05/Jun/2026:06:07:13 +0000] "GET /gh/hh.php HTTP/1.1" 200 1762 "-" "Mozilla/5.0 (Linux; Android 10; K) AppleWebKit/537.36 (KHTML, like Gecko) Chrome/137.0.0.0 Mobile Safari/537.36"
148.113.128.231 - - [05/Jun/2026:06:18:32 +0000] "GET /app/ReceivedProduct.php HTTP/1.1" 500 0 "-" "Mozilla/5.0 (compatible; AhrefsBot/7.0; +http://ahrefs.com/robot/)"
65.108.2.171 - - [05/Jun/2026:06:25:51 +0000] "GET /robots.txt HTTP/1.1" 404 1251 "-" "Mozilla/5.0 (compatible; MJ12bot/v1.4.8; http://mj12bot.com/)"
65.108.2.171 - - [05/Jun/2026:06:25:53 +0000] "GET /resources/views/profile/?ND HTTP/1.1" 200 706 "-" "Mozilla/5.0 (compatible; MJ12bot/v1.4.8; http://mj12bot.com/)"
65.108.2.171 - - [05/Jun/2026:06:26:00 +0000] "GET /resources/views/profile/edit.blade.php HTTP/1.1" 200 973 "-" "Mozilla/5.0 (compatible; MJ12bot/v1.4.8; http://mj12bot.com/)"
91.134.142.208 - - [05/Jun/2026:06:29:41 +0000] "GET /gh/hh.php HTTP/1.1" 200 1762 "-" "Mozilla/5.0 (Linux; Android 10; K) AppleWebKit/537.36 (KHTML, like Gecko) Chrome/145.0.0.0 Mobile Safari/537.36"
155.254.22.50 - - [05/Jun/2026:06:29:43 +0000] "GET /gh/hh.php HTTP/1.1" 200 5761 "-" "Mozilla/5.0 (Linux; Android 10; K) AppleWebKit/537.36 (KHTML, like Gecko) Chrome/145.0.0.0 Mobile Safari/537.36"
57.129.134.182 - - [05/Jun/2026:06:31:34 +0000] "GET /gh/ HTTP/1.1" 200 760 "-" "Mozilla/5.0 (Linux, Android 10, K) AppleWebKit/537.36 (KHTML, like Gecko) Chrome/148.0.0.0 Mobile Safari/537.36"
95.153.31.78 - - [05/Jun/2026:06:31:36 +0000] "GET /gh/ HTTP/1.1" 200 1552 "-" "Mozilla/5.0 (Linux, Android 10, K) AppleWebKit/537.36 (KHTML, like Gecko) Chrome/148.0.0.0 Mobile Safari/537.36"
145.239.69.44 - - [05/Jun/2026:06:44:06 +0000] "GET /robots.txt HTTP/1.1" 404 1251 "-" "Mozilla/5.0 (compatible; MJ12bot/v1.4.8; http://mj12bot.com/)"
145.239.69.44 - - [05/Jun/2026:06:44:07 +0000] "GET /resources/views/transactions/index.blade.php HTTP/1.1" 200 1376 "-" "Mozilla/5.0 (compatible; MJ12bot/v1.4.8; http://mj12bot.com/)"
145.239.69.44 - - [05/Jun/2026:06:44:09 +0000] "GET /resources/views/transactions/stats.blade.php HTTP/1.1" 200 1359 "-" "Mozilla/5.0 (compatible; MJ12bot/v1.4.8; http://mj12bot.com/)"
145.239.69.44 - - [05/Jun/2026:06:44:10 +0000] "GET /resources/views/transfers/?MA HTTP/1.1" 200 679 "-" "Mozilla/5.0 (compatible; MJ12bot/v1.4.8; http://mj12bot.com/)"
145.239.69.44 - - [05/Jun/2026:06:44:12 +0000] "GET /storage/framework/sessions/AUOCpp2CeeSJuaDBzeEozlu4QfGa3hREfHmzim3t HTTP/1.1" 200 269 "-" "Mozilla/5.0 (compatible; MJ12bot/v1.4.8; http://mj12bot.com/)"
145.239.69.44 - - [05/Jun/2026:06:44:14 +0000] "GET /storage/framework/sessions/KozxZX2NixgmTZmrAFLSDGwH6tCGlwMefQ7gWFbw HTTP/1.1" 200 261 "-" "Mozilla/5.0 (compatible; MJ12bot/v1.4.8; http://mj12bot.com/)"
145.239.69.44 - - [05/Jun/2026:06:44:15 +0000] "GET /storage/framework/sessions/UdBy0l6vd0vnj3KXbWK7DtgWj9lnDJqqbIZsukO2 HTTP/1.1" 200 287 "-" "Mozilla/5.0 (compatible; MJ12bot/v1.4.8; http://mj12bot.com/)"
145.239.69.44 - - [05/Jun/2026:06:44:17 +0000] "GET /storage/framework/testing/?MD HTTP/1.1" 200 623 "-" "Mozilla/5.0 (compatible; MJ12bot/v1.4.8; http://mj12bot.com/)"
145.239.69.44 - - [05/Jun/2026:06:44:18 +0000] "GET /storage/framework/testing/?NA HTTP/1.1" 200 620 "-" "Mozilla/5.0 (compatible; MJ12bot/v1.4.8; http://mj12bot.com/)"
145.239.69.44 - - [05/Jun/2026:06:44:21 +0000] "GET /robots.txt HTTP/1.1" 404 1251 "-" "Mozilla/5.0 (compatible; MJ12bot/v1.4.8; http://mj12bot.com/)"
145.239.69.44 - - [05/Jun/2026:06:44:23 +0000] "GET /app/Http/Controllers/?NA HTTP/1.1" 200 1448 "-" "Mozilla/5.0 (compatible; MJ12bot/v1.4.8; http://mj12bot.com/)"
145.239.69.44 - - [05/Jun/2026:06:44:27 +0000] "GET /resources/views/alerts/feedback.blade.php HTTP/1.1" 200 89 "-" "Mozilla/5.0 (compatible; MJ12bot/v1.4.8; http://mj12bot.com/)"
145.239.69.44 - - [05/Jun/2026:06:44:29 +0000] "GET /resources/views/alerts/success.blade.php HTTP/1.1" 200 97 "-" "Mozilla/5.0 (compatible; MJ12bot/v1.4.8; http://mj12bot.com/)"
145.239.69.44 - - [05/Jun/2026:06:44:33 +0000] "GET /resources/views/auth/?MA HTTP/1.1" 200 681 "-" "Mozilla/5.0 (compatible; MJ12bot/v1.4.8; http://mj12bot.com/)"
145.239.69.44 - - [05/Jun/2026:06:44:35 +0000] "GET /resources/views/auth/?ND HTTP/1.1" 200 676 "-" "Mozilla/5.0 (compatible; MJ12bot/v1.4.8; http://mj12bot.com/)"
145.239.69.44 - - [05/Jun/2026:06:44:38 +0000] "GET /resources/views/auth/login.blade.php HTTP/1.1" 200 707 "-" "Mozilla/5.0 (compatible; MJ12bot/v1.4.8; http://mj12bot.com/)"
145.239.69.44 - - [05/Jun/2026:06:44:41 +0000] "GET /resources/views/clients/?SA HTTP/1.1" 200 779 "-" "Mozilla/5.0 (compatible; MJ12bot/v1.4.8; http://mj12bot.com/)"
145.239.69.44 - - [05/Jun/2026:06:44:44 +0000] "GET /resources/views/clients/create.blade.php HTTP/1.1" 200 1038 "-" "Mozilla/5.0 (compatible; MJ12bot/v1.4.8; http://mj12bot.com/)"
145.239.69.44 - - [05/Jun/2026:06:44:46 +0000] "GET /resources/views/inventory/?MA HTTP/1.1" 200 730 "-" "Mozilla/5.0 (compatible; MJ12bot/v1.4.8; http://mj12bot.com/)"
145.239.69.44 - - [05/Jun/2026:06:44:49 +0000] "GET /resources/views/inventory/?ND HTTP/1.1" 200 726 "-" "Mozilla/5.0 (compatible; MJ12bot/v1.4.8; http://mj12bot.com/)"
145.239.69.44 - - [05/Jun/2026:06:44:53 +0000] "GET /resources/views/layouts/?MA HTTP/1.1" 200 706 "-" "Mozilla/5.0 (compatible; MJ12bot/v1.4.8; http://mj12bot.com/)"
145.239.69.44 - - [05/Jun/2026:06:44:56 +0000] "GET /resources/views/layouts/?ND HTTP/1.1" 200 700 "-" "Mozilla/5.0 (compatible; MJ12bot/v1.4.8; http://mj12bot.com/)"
145.239.69.44 - - [05/Jun/2026:06:44:59 +0000] "GET /resources/views/layouts/?SA HTTP/1.1" 200 705 "-" "Mozilla/5.0 (compatible; MJ12bot/v1.4.8; http://mj12bot.com/)"
145.239.69.44 - - [05/Jun/2026:06:45:02 +0000] "GET /resources/views/methods/?ND HTTP/1.1" 200 709 "-" "Mozilla/5.0 (compatible; MJ12bot/v1.4.8; http://mj12bot.com/)"
145.239.69.44 - - [05/Jun/2026:06:45:05 +0000] "GET /resources/views/methods/?SA HTTP/1.1" 200 715 "-" "Mozilla/5.0 (compatible; MJ12bot/v1.4.8; http://mj12bot.com/)"
145.239.69.44 - - [05/Jun/2026:06:45:08 +0000] "GET /resources/views/methods/create.blade.php HTTP/1.1" 200 677 "-" "Mozilla/5.0 (compatible; MJ12bot/v1.4.8; http://mj12bot.com/)"
145.239.69.44 - - [05/Jun/2026:06:45:11 +0000] "GET /resources/views/methods/edit.blade.php HTTP/1.1" 200 706 "-" "Mozilla/5.0 (compatible; MJ12bot/v1.4.8; http://mj12bot.com/)"
145.239.69.44 - - [05/Jun/2026:06:45:14 +0000] "GET /resources/views/methods/index.blade.php HTTP/1.1" 200 845 "-" "Mozilla/5.0 (compatible; MJ12bot/v1.4.8; http://mj12bot.com/)"
216.244.66.244 - - [05/Jun/2026:06:45:15 +0000] "GET /storage/framework/testing/?NA HTTP/1.1" 200 1629 "-" "Mozilla/5.0 (compatible; DotBot/1.2; +https://opensiteexplorer.org/dotbot; help@moz.com)"
145.239.69.44 - - [05/Jun/2026:06:45:17 +0000] "GET /resources/views/methods/show.blade.php HTTP/1.1" 200 944 "-" "Mozilla/5.0 (compatible; MJ12bot/v1.4.8; http://mj12bot.com/)"
216.244.66.244 - - [05/Jun/2026:06:45:18 +0000] "GET /storage/framework/views/0c3fc51aa33ddab6df3af2f23dbac24fcb96f302.php HTTP/1.1" 500 0 "-" "Mozilla/5.0 (compatible; DotBot/1.2; +https://opensiteexplorer.org/dotbot; help@moz.com)"
145.239.69.44 - - [05/Jun/2026:06:45:20 +0000] "GET /resources/views/pages/?MA HTTP/1.1" 200 738 "-" "Mozilla/5.0 (compatible; MJ12bot/v1.4.8; http://mj12bot.com/)"
145.239.69.44 - - [05/Jun/2026:06:45:23 +0000] "GET /resources/views/pages/?ND HTTP/1.1" 200 726 "-" "Mozilla/5.0 (compatible; MJ12bot/v1.4.8; http://mj12bot.com/)"
145.239.69.44 - - [05/Jun/2026:06:45:26 +0000] "GET /resources/views/pages/?SA HTTP/1.1" 200 737 "-" "Mozilla/5.0 (compatible; MJ12bot/v1.4.8; http://mj12bot.com/)"
145.239.69.44 - - [05/Jun/2026:06:45:29 +0000] "GET /resources/views/pages/icons.blade.php HTTP/1.1" 200 1467 "-" "Mozilla/5.0 (compatible; MJ12bot/v1.4.8; http://mj12bot.com/)"
145.239.69.44 - - [05/Jun/2026:06:45:32 +0000] "GET /resources/views/pages/notifications.blade.php HTTP/1.1" 200 825 "-" "Mozilla/5.0 (compatible; MJ12bot/v1.4.8; http://mj12bot.com/)"
216.244.66.244 - - [05/Jun/2026:06:45:33 +0000] "GET /storage/framework/views/6a103edf62bba493a2da15291d6b461536a55b5c.php HTTP/1.1" 500 0 "-" "Mozilla/5.0 (compatible; DotBot/1.2; +https://opensiteexplorer.org/dotbot; help@moz.com)"
145.239.69.44 - - [05/Jun/2026:06:45:35 +0000] "GET /resources/views/pages/tables.blade.php HTTP/1.1" 200 736 "-" "Mozilla/5.0 (compatible; MJ12bot/v1.4.8; http://mj12bot.com/)"
145.239.69.44 - - [05/Jun/2026:06:45:38 +0000] "GET /resources/views/pages/typography.blade.php HTTP/1.1" 200 1080 "-" "Mozilla/5.0 (compatible; MJ12bot/v1.4.8; http://mj12bot.com/)"
145.239.69.44 - - [05/Jun/2026:06:45:41 +0000] "GET /resources/views/profile/?MA HTTP/1.1" 200 709 "-" "Mozilla/5.0 (compatible; MJ12bot/v1.4.8; http://mj12bot.com/)"
145.239.69.44 - - [05/Jun/2026:06:45:44 +0000] "GET /resources/views/providers/?ND HTTP/1.1" 200 707 "-" "Mozilla/5.0 (compatible; MJ12bot/v1.4.8; http://mj12bot.com/)"
216.244.66.244 - - [05/Jun/2026:06:45:45 +0000] "GET /resources/views/users/PhpOption/?SA HTTP/1.1" 200 1401 "-" "Mozilla/5.0 (compatible; DotBot/1.2; +https://opensiteexplorer.org/dotbot; help@moz.com)"
145.239.69.44 - - [05/Jun/2026:06:45:46 +0000] "GET /resources/views/providers/?SA HTTP/1.1" 200 713 "-" "Mozilla/5.0 (compatible; MJ12bot/v1.4.8; http://mj12bot.com/)"
145.239.69.44 - - [05/Jun/2026:06:45:49 +0000] "GET /resources/views/providers/create.blade.php HTTP/1.1" 200 826 "-" "Mozilla/5.0 (compatible; MJ12bot/v1.4.8; http://mj12bot.com/)"
145.239.69.44 - - [05/Jun/2026:06:45:52 +0000] "GET /resources/views/providers/edit.blade.php HTTP/1.1" 200 856 "-" "Mozilla/5.0 (compatible; MJ12bot/v1.4.8; http://mj12bot.com/)"
145.239.69.44 - - [05/Jun/2026:06:45:55 +0000] "GET /resources/views/providers/index.blade.php HTTP/1.1" 200 912 "-" "Mozilla/5.0 (compatible; MJ12bot/v1.4.8; http://mj12bot.com/)"
145.239.69.44 - - [05/Jun/2026:06:45:58 +0000] "GET /resources/views/providers/show.blade.php HTTP/1.1" 200 807 "-" "Mozilla/5.0 (compatible; MJ12bot/v1.4.8; http://mj12bot.com/)"
145.239.69.44 - - [05/Jun/2026:06:46:01 +0000] "GET /resources/views/reference/?MA HTTP/1.1" 200 1088 "-" "Mozilla/5.0 (compatible; MJ12bot/v1.4.8; http://mj12bot.com/)"
145.239.69.44 - - [05/Jun/2026:06:46:04 +0000] "GET /resources/views/reference/?ND HTTP/1.1" 200 1077 "-" "Mozilla/5.0 (compatible; MJ12bot/v1.4.8; http://mj12bot.com/)"
145.239.69.44 - - [05/Jun/2026:06:46:07 +0000] "GET /resources/views/reference/?SA HTTP/1.1" 200 1086 "-" "Mozilla/5.0 (compatible; MJ12bot/v1.4.8; http://mj12bot.com/)"
145.239.69.44 - - [05/Jun/2026:06:46:10 +0000] "GET /resources/views/reference/create.blade.php HTTP/1.1" 200 1006 "-" "Mozilla/5.0 (compatible; MJ12bot/v1.4.8; http://mj12bot.com/)"
145.239.69.44 - - [05/Jun/2026:06:46:13 +0000] "GET /resources/views/reference/edit.blade.php HTTP/1.1" 200 700 "-" "Mozilla/5.0 (compatible; MJ12bot/v1.4.8; http://mj12bot.com/)"
145.239.69.44 - - [05/Jun/2026:06:46:16 +0000] "GET /resources/views/reference/index.blade.php HTTP/1.1" 200 896 "-" "Mozilla/5.0 (compatible; MJ12bot/v1.4.8; http://mj12bot.com/)"
145.239.69.44 - - [05/Jun/2026:06:46:19 +0000] "GET /resources/views/reference/print.blade.php HTTP/1.1" 200 1527 "-" "Mozilla/5.0 (compatible; MJ12bot/v1.4.8; http://mj12bot.com/)"
145.239.69.44 - - [05/Jun/2026:06:46:22 +0000] "GET /resources/views/reference/printLedger.blade.php HTTP/1.1" 200 1526 "-" "Mozilla/5.0 (compatible; MJ12bot/v1.4.8; http://mj12bot.com/)"
145.239.69.44 - - [05/Jun/2026:06:46:25 +0000] "GET /resources/views/reference/show.blade.php HTTP/1.1" 200 926 "-" "Mozilla/5.0 (compatible; MJ12bot/v1.4.8; http://mj12bot.com/)"
145.239.69.44 - - [05/Jun/2026:06:46:27 +0000] "GET /resources/views/sales/?MA HTTP/1.1" 200 1070 "-" "Mozilla/5.0 (compatible; MJ12bot/v1.4.8; http://mj12bot.com/)"
145.239.69.44 - - [05/Jun/2026:06:46:30 +0000] "GET /resources/views/sales/?ND HTTP/1.1" 200 1067 "-" "Mozilla/5.0 (compatible; MJ12bot/v1.4.8; http://mj12bot.com/)"
145.239.69.44 - - [05/Jun/2026:06:46:33 +0000] "GET /resources/views/sales/?SA HTTP/1.1" 200 1069 "-" "Mozilla/5.0 (compatible; MJ12bot/v1.4.8; http://mj12bot.com/)"
145.239.69.44 - - [05/Jun/2026:06:46:36 +0000] "GET /resources/views/sales/addproduct.blade.php HTTP/1.1" 200 1017 "-" "Mozilla/5.0 (compatible; MJ12bot/v1.4.8; http://mj12bot.com/)"
145.239.69.44 - - [05/Jun/2026:06:46:39 +0000] "GET /resources/views/sales/addtransaction.blade.php HTTP/1.1" 200 1054 "-" "Mozilla/5.0 (compatible; MJ12bot/v1.4.8; http://mj12bot.com/)"
145.239.69.44 - - [05/Jun/2026:06:46:42 +0000] "GET /resources/views/sales/create.blade.php HTTP/1.1" 200 791 "-" "Mozilla/5.0 (compatible; MJ12bot/v1.4.8; http://mj12bot.com/)"
145.239.69.44 - - [05/Jun/2026:06:46:45 +0000] "GET /resources/views/sales/editproduct.blade.php HTTP/1.1" 200 1073 "-" "Mozilla/5.0 (compatible; MJ12bot/v1.4.8; http://mj12bot.com/)"
145.239.69.44 - - [05/Jun/2026:06:46:48 +0000] "GET /resources/views/sales/edittransaction.blade.php HTTP/1.1" 200 1124 "-" "Mozilla/5.0 (compatible; MJ12bot/v1.4.8; http://mj12bot.com/)"
145.239.69.44 - - [05/Jun/2026:06:46:51 +0000] "GET /resources/views/sales/index.blade.php HTTP/1.1" 200 988 "-" "Mozilla/5.0 (compatible; MJ12bot/v1.4.8; http://mj12bot.com/)"
145.239.69.44 - - [05/Jun/2026:06:46:54 +0000] "GET /resources/views/sales/show.blade.php HTTP/1.1" 200 1399 "-" "Mozilla/5.0 (compatible; MJ12bot/v1.4.8; http://mj12bot.com/)"
145.239.69.44 - - [05/Jun/2026:06:46:57 +0000] "GET /resources/views/transactions/?MA HTTP/1.1" 200 753 "-" "Mozilla/5.0 (compatible; MJ12bot/v1.4.8; http://mj12bot.com/)"
145.239.69.44 - - [05/Jun/2026:06:47:00 +0000] "GET /resources/views/transactions/?ND HTTP/1.1" 200 747 "-" "Mozilla/5.0 (compatible; MJ12bot/v1.4.8; http://mj12bot.com/)"
145.239.69.44 - - [05/Jun/2026:06:47:03 +0000] "GET /resources/views/transactions/?SA HTTP/1.1" 200 752 "-" "Mozilla/5.0 (compatible; MJ12bot/v1.4.8; http://mj12bot.com/)"
145.239.69.44 - - [05/Jun/2026:06:47:06 +0000] "GET /resources/views/transactions/index.blade.php HTTP/1.1" 200 1376 "-" "Mozilla/5.0 (compatible; MJ12bot/v1.4.8; http://mj12bot.com/)"
145.239.69.44 - - [05/Jun/2026:06:47:08 +0000] "GET /resources/views/transfers/?ND HTTP/1.1" 200 692 "-" "Mozilla/5.0 (compatible; MJ12bot/v1.4.8; http://mj12bot.com/)"
145.239.69.44 - - [05/Jun/2026:06:47:11 +0000] "GET /resources/views/transfers/?SA HTTP/1.1" 200 694 "-" "Mozilla/5.0 (compatible; MJ12bot/v1.4.8; http://mj12bot.com/)"
145.239.69.44 - - [05/Jun/2026:06:47:13 +0000] "GET /resources/views/transfers/create.blade.php HTTP/1.1" 200 1004 "-" "Mozilla/5.0 (compatible; MJ12bot/v1.4.8; http://mj12bot.com/)"
145.239.69.44 - - [05/Jun/2026:06:47:16 +0000] "GET /resources/views/transfers/edit.blade.php HTTP/1.1" 200 0 "-" "Mozilla/5.0 (compatible; MJ12bot/v1.4.8; http://mj12bot.com/)"
145.239.69.44 - - [05/Jun/2026:06:47:19 +0000] "GET /resources/views/transfers/index.blade.php HTTP/1.1" 200 855 "-" "Mozilla/5.0 (compatible; MJ12bot/v1.4.8; http://mj12bot.com/)"
145.239.69.44 - - [05/Jun/2026:06:47:22 +0000] "GET /resources/views/users/?MA HTTP/1.1" 200 763 "-" "Mozilla/5.0 (compatible; MJ12bot/v1.4.8; http://mj12bot.com/)"
145.239.69.44 - - [05/Jun/2026:06:47:25 +0000] "GET /resources/views/users/?ND HTTP/1.1" 200 756 "-" "Mozilla/5.0 (compatible; MJ12bot/v1.4.8; http://mj12bot.com/)"
145.239.69.44 - - [05/Jun/2026:06:47:27 +0000] "GET /storage/app/public/?SA HTTP/1.1" 200 636 "-" "Mozilla/5.0 (compatible; MJ12bot/v1.4.8; http://mj12bot.com/)"
