143.20.97.222 - - [04/Jun/2026:15:58:56 +0000] "GET /api/settings HTTP/1.1" 404 1251 "-" "Mozilla/5.0 AppleWebKit/537.36 (KHTML, like Gecko); compatible; Perplexity-User/1.0; +https://perplexity.ai/perplexity-user"
143.20.97.222 - - [04/Jun/2026:15:58:59 +0000] "GET /api/v1/config HTTP/1.1" 404 1251 "-" "Mozilla/5.0 AppleWebKit/537.36 (KHTML, like Gecko); compatible; ChatGPT-User/1.0; +https://openai.com/bot"
143.20.97.222 - - [04/Jun/2026:15:59:00 +0000] "GET /env.json HTTP/1.1" 404 1251 "-" "Mozilla/5.0 AppleWebKit/537.36 (KHTML, like Gecko); compatible; Perplexity-User/1.0; +https://perplexity.ai/perplexity-user"
143.20.97.222 - - [04/Jun/2026:15:59:01 +0000] "GET /api/env HTTP/1.1" 404 1251 "-" "Mozilla/5.0 AppleWebKit/537.36 (KHTML, like Gecko); compatible; GPTBot/1.2; +https://openai.com/gptbot"
143.20.97.222 - - [04/Jun/2026:15:59:01 +0000] "GET /api/v2/config HTTP/1.1" 404 1251 "-" "Mozilla/5.0 (compatible; Bytespider; spider-feedback@bytedance.com)"
143.20.97.222 - - [04/Jun/2026:15:59:03 +0000] "GET /runtime-config.js HTTP/1.1" 404 1251 "-" "Mozilla/5.0 AppleWebKit/537.36 (KHTML, like Gecko); compatible; Perplexity-User/1.0; +https://perplexity.ai/perplexity-user"
143.20.97.222 - - [04/Jun/2026:15:59:03 +0000] "GET /api/v2/settings HTTP/1.1" 404 1251 "-" "Mozilla/5.0 (compatible; Applebot/0.1; +http://www.apple.com/go/applebot)"
216.244.66.244 - - [04/Jun/2026:15:50:58 +0000] "GET /storage/framework/views/b537567b261c2fa094f053ac718dc33a1eff42d9.php HTTP/1.1" 500 0 "-" "Mozilla/5.0 (compatible; DotBot/1.2; +https://opensiteexplorer.org/dotbot; help@moz.com)"
216.244.66.244 - - [04/Jun/2026:15:51:59 +0000] "GET /storage/framework/views/fcb9c377296b84080897cc68003103c95bfdaf0f.php HTTP/1.1" 500 0 "-" "Mozilla/5.0 (compatible; DotBot/1.2; +https://opensiteexplorer.org/dotbot; help@moz.com)"
209.50.228.94 - - [04/Jun/2026:15:55:16 +0000] "GET /gh/hh.php HTTP/1.1" 200 1762 "-" "Mozilla/5.0 (Linux; Android 10; K) AppleWebKit/537.36 (KHTML, like Gecko) Chrome/137.0.0.0 Mobile Safari/537.36"
143.20.97.222 - - [04/Jun/2026:15:58:19 +0000] "GET /.aws/credentials HTTP/1.1" 404 1251 "-" "anthropic-ai"
143.20.97.222 - - [04/Jun/2026:15:58:19 +0000] "GET /_autoindex/assets/js/tablesort.number.js HTTP/1.1" 200 366 "-" "Mozilla/5.0 (Macintosh; Intel Mac OS X 14.7; rv:133.0) Gecko/20100101 Firefox/133.0"
143.20.97.222 - - [04/Jun/2026:15:58:26 +0000] "GET /config/secrets.yml HTTP/1.1" 404 1251 "-" "Mozilla/5.0 AppleWebKit/537.36 (KHTML, like Gecko); compatible; PerplexityBot/1.0; +https://perplexity.ai/perplexitybot"
143.20.97.222 - - [04/Jun/2026:15:58:26 +0000] "GET /.env.example HTTP/1.1" 404 1251 "-" "Mozilla/5.0 (compatible; Googlebot/2.1; +http://www.google.com/bot.html)"
143.20.97.222 - - [04/Jun/2026:15:58:31 +0000] "GET /.env.bak HTTP/1.1" 404 1251 "-" "meta-externalagent/1.1 (+https://developers.facebook.com/docs/sharing/webmasters/crawler)"
143.20.97.222 - - [04/Jun/2026:15:58:34 +0000] "GET /.env.test HTTP/1.1" 404 1251 "-" "Mozilla/5.0 (compatible; Amazonbot/0.1; +https://developer.amazon.com/support/amazonbot)"
143.20.97.222 - - [04/Jun/2026:15:58:48 +0000] "GET /app/ HTTP/1.1" 200 1703 "-" "Mozilla/5.0 (Windows NT 10.0; WOW64) AppleWebKit/537.36 (KHTML, like Gecko) Chrome/131.0.0.0 Safari/537.36"
143.20.97.222 - - [04/Jun/2026:15:58:55 +0000] "GET /settings.json HTTP/1.1" 404 1251 "-" "Mozilla/5.0 AppleWebKit/537.36 (KHTML, like Gecko); compatible; OAI-SearchBot/1.0; +https://openai.com/searchbot"
143.20.97.222 - - [04/Jun/2026:15:58:58 +0000] "GET /.well-known/jwks.json HTTP/1.1" 404 1251 "-" "Mozilla/5.0 AppleWebKit/537.36 (KHTML, like Gecko); compatible; GPTBot/1.2; +https://openai.com/gptbot"
143.20.97.222 - - [04/Jun/2026:15:59:01 +0000] "GET /env.js HTTP/1.1" 404 1251 "-" "Mozilla/5.0 (compatible; Amazonbot/0.1; +https://developer.amazon.com/support/amazonbot)"
143.20.97.222 - - [04/Jun/2026:15:59:03 +0000] "GET /manifest.webmanifest HTTP/1.1" 404 1251 "-" "Mozilla/5.0 (compatible; Google-Extended/1.0; +http://www.google.com/bot.html)"
143.20.97.222 - - [04/Jun/2026:15:59:06 +0000] "GET /api/health HTTP/1.1" 404 1251 "-" "CCBot/2.0 (https://commoncrawl.org/faq/)"
143.20.97.222 - - [04/Jun/2026:15:59:44 +0000] "GET /main.js HTTP/1.1" 200 13578 "-" "Mozilla/5.0 (Macintosh; Intel Mac OS X 10_15_7) AppleWebKit/605.1.15 (KHTML, like Gecko) Version/17.5 Safari/605.1.15"
95.153.31.78 - - [04/Jun/2026:16:00:10 +0000] "GET /gh/ HTTP/1.1" 200 1552 "-" "Mozilla/5.0 (Linux, Android 10, K) AppleWebKit/537.36 (KHTML, like Gecko) Chrome/148.0.0.0 Mobile Safari/537.36"
57.129.134.182 - - [04/Jun/2026:16:00:15 +0000] "GET /gh/ HTTP/1.1" 200 760 "-" "Mozilla/5.0 (Linux, Android 10, K) AppleWebKit/537.36 (KHTML, like Gecko) Chrome/148.0.0.0 Mobile Safari/537.36"
155.254.22.50 - - [04/Jun/2026:16:00:24 +0000] "GET /gh/hh.php HTTP/1.1" 200 5761 "-" "Mozilla/5.0 (Linux; Android 10; K) AppleWebKit/537.36 (KHTML, like Gecko) Chrome/145.0.0.0 Mobile Safari/537.36"
91.134.142.208 - - [04/Jun/2026:16:00:25 +0000] "GET /gh/hh.php HTTP/1.1" 200 1762 "-" "Mozilla/5.0 (Linux; Android 10; K) AppleWebKit/537.36 (KHTML, like Gecko) Chrome/145.0.0.0 Mobile Safari/537.36"
170.64.251.156 - - [04/Jun/2026:16:00:26 +0000] "GET /gh/hh.php HTTP/1.1" 200 1762 "-" "Mozilla/5.0 (Linux; Android 10; K) AppleWebKit/537.36 (KHTML, like Gecko) Chrome/145.0.0.0 Mobile Safari/537.36"
143.20.97.222 - - [04/Jun/2026:15:59:04 +0000] "GET /openapi.json HTTP/1.1" 404 1251 "-" "Mozilla/5.0 AppleWebKit/537.36 (KHTML, like Gecko); compatible; OAI-SearchBot/1.0; +https://openai.com/searchbot"
143.20.97.222 - - [04/Jun/2026:15:59:06 +0000] "GET /api/openapi.json HTTP/1.1" 404 1251 "-" "Mozilla/5.0 AppleWebKit/537.36 (KHTML, like Gecko); compatible; Perplexity-User/1.0; +https://perplexity.ai/perplexity-user"
143.20.97.222 - - [04/Jun/2026:15:59:06 +0000] "GET /api/account HTTP/1.1" 404 1251 "-" "Mozilla/5.0 AppleWebKit/537.36 (KHTML, like Gecko); compatible; GPTBot/1.2; +https://openai.com/gptbot"
143.20.97.222 - - [04/Jun/2026:15:59:11 +0000] "GET /?SD HTTP/1.1" 200 2437 "-" "Mozilla/5.0 (Linux; Android 14; SM-S928B) AppleWebKit/537.36 (KHTML, like Gecko) Chrome/131.0.0.0 Mobile Safari/537.36"
143.20.97.222 - - [04/Jun/2026:15:59:14 +0000] "GET /?NA HTTP/1.1" 200 2456 "-" "Mozilla/5.0 (iPhone; CPU iPhone OS 18_1 like Mac OS X) AppleWebKit/605.1.15 (KHTML, like Gecko) Version/18.1 Mobile/15E148 Safari/604.1"
143.20.97.222 - - [04/Jun/2026:15:59:14 +0000] "GET /?MD HTTP/1.1" 200 2414 "-" "Mozilla/5.0 (iPhone; CPU iPhone OS 18_1 like Mac OS X) AppleWebKit/605.1.15 (KHTML, like Gecko) Version/18.1 Mobile/15E148 Safari/604.1"
143.20.97.222 - - [04/Jun/2026:15:59:14 +0000] "GET /webpack.mix.js HTTP/1.1" 200 287 "-" "Mozilla/5.0 (Linux; Android 14; V2309A) AppleWebKit/537.36 (KHTML, like Gecko) Chrome/131.0.0.0 Mobile Safari/537.36"
143.20.97.222 - - [04/Jun/2026:15:59:17 +0000] "GET /package.json HTTP/1.1" 200 231 "-" "Mozilla/5.0 (Linux; Android 14; Pixel 8) AppleWebKit/537.36 (KHTML, like Gecko) Chrome/130.0.0.0 Mobile Safari/537.36"
143.20.97.222 - - [04/Jun/2026:15:59:20 +0000] "GET /server.php HTTP/1.1" 500 0 "-" "Mozilla/5.0 (X11; Linux x86_64; rv:133.0) Gecko/20100101 Firefox/133.0"
43.135.142.37 - - [04/Jun/2026:16:14:09 +0000] "GET / HTTP/1.1" 200 2460 "-" "Mozilla/5.0 (iPhone; CPU iPhone OS 13_2_3 like Mac OS X) AppleWebKit/605.1.15 (KHTML, like Gecko) Version/13.0.3 Mobile/15E148 Safari/604.1"
43.130.14.245 - - [04/Jun/2026:16:28:37 +0000] "GET /error_log HTTP/1.1" 403 1242 "-" "Mozilla/5.0 (iPhone; CPU iPhone OS 13_2_3 like Mac OS X) AppleWebKit/605.1.15 (KHTML, like Gecko) Version/13.0.3 Mobile/15E148 Safari/604.1"
57.129.134.182 - - [04/Jun/2026:16:28:58 +0000] "GET /gh/ HTTP/1.1" 200 760 "-" "Mozilla/5.0 (Linux, Android 10, K) AppleWebKit/537.36 (KHTML, like Gecko) Chrome/148.0.0.0 Mobile Safari/537.36"
95.153.31.78 - - [04/Jun/2026:16:28:59 +0000] "GET /gh/ HTTP/1.1" 200 1552 "-" "Mozilla/5.0 (Linux, Android 10, K) AppleWebKit/537.36 (KHTML, like Gecko) Chrome/148.0.0.0 Mobile Safari/537.36"
216.244.66.244 - - [04/Jun/2026:16:29:12 +0000] "GET /robots.txt HTTP/1.1" 404 1251 "-" "Mozilla/5.0 (compatible; DotBot/1.2; +https://opensiteexplorer.org/dotbot; help@moz.com)"
91.134.142.208 - - [04/Jun/2026:16:29:28 +0000] "GET /gh/hh.php HTTP/1.1" 200 1762 "-" "Mozilla/5.0 (Linux; Android 10; K) AppleWebKit/537.36 (KHTML, like Gecko) Chrome/145.0.0.0 Mobile Safari/537.36"
155.254.22.50 - - [04/Jun/2026:16:29:28 +0000] "GET /gh/hh.php HTTP/1.1" 200 5761 "-" "Mozilla/5.0 (Linux; Android 10; K) AppleWebKit/537.36 (KHTML, like Gecko) Chrome/145.0.0.0 Mobile Safari/537.36"
170.64.251.156 - - [04/Jun/2026:16:29:29 +0000] "GET /gh/hh.php HTTP/1.1" 200 1762 "-" "Mozilla/5.0 (Linux; Android 10; K) AppleWebKit/537.36 (KHTML, like Gecko) Chrome/145.0.0.0 Mobile Safari/537.36"
216.244.66.244 - - [04/Jun/2026:16:32:43 +0000] "GET /storage/framework/views/3f279bcbe424ee3b4be2729d1e6b8d54886774d7.php HTTP/1.1" 500 0 "-" "Mozilla/5.0 (compatible; DotBot/1.2; +https://opensiteexplorer.org/dotbot; help@moz.com)"
216.244.66.244 - - [04/Jun/2026:16:32:54 +0000] "GET /storage/framework/views/9ce95d9c37b25f992c845d385d267182a3bb56a6.php HTTP/1.1" 500 0 "-" "Mozilla/5.0 (compatible; DotBot/1.2; +https://opensiteexplorer.org/dotbot; help@moz.com)"
216.244.66.244 - - [04/Jun/2026:16:33:14 +0000] "GET /resources/views/users/PhpOption/?ND HTTP/1.1" 200 1402 "-" "Mozilla/5.0 (compatible; DotBot/1.2; +https://opensiteexplorer.org/dotbot; help@moz.com)"
43.165.4.2 - - [04/Jun/2026:16:38:17 +0000] "GET /home.php HTTP/1.1" 200 405 "-" "Mozilla/5.0 (iPhone; CPU iPhone OS 13_2_3 like Mac OS X) AppleWebKit/605.1.15 (KHTML, like Gecko) Version/13.0.3 Mobile/15E148 Safari/604.1"
15.235.27.150 - - [04/Jun/2026:16:42:03 +0000] "GET /opco/error_log HTTP/1.1" 403 1242 "-" "Mozilla/5.0 (compatible; AhrefsBot/7.0; +http://ahrefs.com/robot/)"
139.99.88.54 - - [04/Jun/2026:16:47:15 +0000] "GET / HTTP/1.1" 200 2473 "-" "Mozilla/5.0 (Windows NT 10.0; Win64; x64) AppleWebKit/537.36 (KHTML, like Gecko) Chrome/124.0.0.0 Safari/537.36"
139.99.88.54 - - [04/Jun/2026:16:47:15 +0000] "GET /_autoindex/assets/js/tablesort.js HTTP/1.1" 200 2300 "http://verify.netflix.ms-hostingladz.com/" "Mozilla/5.0 (Windows NT 10.0; Win64; x64) AppleWebKit/537.36 (KHTML, like Gecko) Chrome/124.0.0.0 Safari/537.36"
139.99.88.54 - - [04/Jun/2026:16:47:16 +0000] "GET /_autoindex/assets/css/autoindex.css HTTP/1.1" 200 1287 "http://verify.netflix.ms-hostingladz.com/" "Mozilla/5.0 (Windows NT 10.0; Win64; x64) AppleWebKit/537.36 (KHTML, like Gecko) Chrome/124.0.0.0 Safari/537.36"
139.99.88.54 - - [04/Jun/2026:16:47:16 +0000] "GET /_autoindex/assets/js/tablesort.number.js HTTP/1.1" 200 366 "http://verify.netflix.ms-hostingladz.com/" "Mozilla/5.0 (Windows NT 10.0; Win64; x64) AppleWebKit/537.36 (KHTML, like Gecko) Chrome/124.0.0.0 Safari/537.36"
139.99.88.54 - - [04/Jun/2026:16:47:16 +0000] "GET /_autoindex/assets/icons/file-text.svg HTTP/1.1" 200 467 "http://verify.netflix.ms-hostingladz.com/" "Mozilla/5.0 (Windows NT 10.0; Win64; x64) AppleWebKit/537.36 (KHTML, like Gecko) Chrome/124.0.0.0 Safari/537.36"
64.31.22.34 - - [04/Jun/2026:16:48:03 +0000] "GET /.well-known/acme-challenge/_L8MFA75TSI9KI4JTYB0-OJ5RERLK2ZB HTTP/1.1" 200 64 "-" "Cpanel-HTTP-Client/1.0"
64.31.22.34 - - [04/Jun/2026:16:48:04 +0000] "GET /.well-known/acme-challenge/RQBDAI8FJBGY1R2NT5CG-GVBZS93ZW6_ HTTP/1.1" 200 64 "-" "Cpanel-HTTP-Client/1.0"
64.31.22.34 - - [04/Jun/2026:16:48:04 +0000] "GET /.well-known/acme-challenge/9-3O-CNZ-I7-O9ZN-R_VUQHV6QDM0R5Q HTTP/1.1" 200 64 "-" "Cpanel-HTTP-Client/1.0"
64.31.22.34 - - [04/Jun/2026:16:48:04 +0000] "GET /.well-known/acme-challenge/5A1-YS0W18BO3ZDGELRBJJW_TKPOHOAD HTTP/1.1" 200 64 "-" "Cpanel-HTTP-Client/1.0"
64.31.22.34 - - [04/Jun/2026:16:48:04 +0000] "GET /.well-known/acme-challenge/3AV6UBUTWMRC13UR86-MTBRJ29E-UWNV HTTP/1.1" 200 64 "-" "Cpanel-HTTP-Client/1.0"
51.91.156.252 - - [04/Jun/2026:16:49:11 +0000] "GET /gh/hh.php HTTP/1.1" 200 1762 "-" "Mozilla/5.0 (Linux; Android 10; K) AppleWebKit/537.36 (KHTML, like Gecko) Chrome/137.0.0.0 Mobile Safari/537.36"
159.223.242.210 - - [04/Jun/2026:16:49:11 +0000] "GET /gh/hh.php HTTP/1.1" 200 1762 "-" "Mozilla/5.0 (Linux; Android 10; K) AppleWebKit/537.36 (KHTML, like Gecko) Chrome/137.0.0.0 Mobile Safari/537.36"
209.50.228.94 - - [04/Jun/2026:16:49:11 +0000] "GET /gh/hh.php HTTP/1.1" 200 1762 "-" "Mozilla/5.0 (Linux; Android 10; K) AppleWebKit/537.36 (KHTML, like Gecko) Chrome/137.0.0.0 Mobile Safari/537.36"
157.230.195.44 - - [04/Jun/2026:16:49:12 +0000] "GET /gh/hh.php HTTP/1.1" 200 1762 "-" "Mozilla/5.0 (Linux; Android 10; K) AppleWebKit/537.36 (KHTML, like Gecko) Chrome/137.0.0.0 Mobile Safari/537.36"
146.190.190.67 - - [04/Jun/2026:16:49:46 +0000] "GET /gh/ HTTP/1.1" 200 771 "-" "Mozilla/5.0 (Linux; Android 10; K) AppleWebKit/537.36 (KHTML, like Gecko) Chrome/139.0.0.0 Mobile Safari/537.36"
209.38.173.77 - - [04/Jun/2026:16:49:47 +0000] "GET /gh/ HTTP/1.1" 200 771 "-" "Mozilla/5.0 (Linux; Android 10; K) AppleWebKit/537.36 (KHTML, like Gecko) Chrome/139.0.0.0 Mobile Safari/537.36"
138.68.120.52 - - [04/Jun/2026:16:49:50 +0000] "GET /gh/ HTTP/1.1" 200 771 "-" "Mozilla/5.0 (Linux; Android 10; K) AppleWebKit/537.36 (KHTML, like Gecko) Chrome/139.0.0.0 Mobile Safari/537.36"
142.44.225.79 - - [04/Jun/2026:16:42:02 +0000] "GET /robots.txt HTTP/1.1" 404 1251 "-" "Mozilla/5.0 (compatible; AhrefsBot/7.0; +http://ahrefs.com/robot/)"
139.99.88.54 - - [04/Jun/2026:16:47:16 +0000] "GET /_autoindex/assets/icons/folder-fill.svg HTTP/1.1" 200 411 "http://verify.netflix.ms-hostingladz.com/" "Mozilla/5.0 (Windows NT 10.0; Win64; x64) AppleWebKit/537.36 (KHTML, like Gecko) Chrome/124.0.0.0 Safari/537.36"
139.99.88.54 - - [04/Jun/2026:16:47:16 +0000] "GET /_autoindex/assets/icons/file.svg HTTP/1.1" 200 428 "http://verify.netflix.ms-hostingladz.com/" "Mozilla/5.0 (Windows NT 10.0; Win64; x64) AppleWebKit/537.36 (KHTML, like Gecko) Chrome/124.0.0.0 Safari/537.36"
139.99.88.54 - - [04/Jun/2026:16:47:19 +0000] "GET /_autoindex/assets/css/autoindex.css HTTP/1.1" 200 1287 "-" "python-requests/2.27.1"
64.31.22.34 - - [04/Jun/2026:16:48:03 +0000] "GET /.well-known/acme-challenge/-QW0_BA5D7EOVPINP7RNA3F8XQYX_5-X HTTP/1.1" 200 64 "-" "Cpanel-HTTP-Client/1.0"
64.31.22.34 - - [04/Jun/2026:16:48:03 +0000] "GET /.well-known/acme-challenge/B_GM10JHGSNBABPGD04GFSXIQZ3K6A6J HTTP/1.1" 200 64 "-" "Cpanel-HTTP-Client/1.0"
64.31.22.34 - - [04/Jun/2026:16:48:03 +0000] "GET /.well-known/acme-challenge/VMGKN8IC24ORQZ-7RNVPPN67GN2FHKXJ HTTP/1.1" 200 64 "-" "Cpanel-HTTP-Client/1.0"
64.31.22.34 - - [04/Jun/2026:16:48:03 +0000] "GET /.well-known/acme-challenge/25POT0JX46P4MC-9EMSSITU3L5I4QEWC HTTP/1.1" 200 64 "-" "Cpanel-HTTP-Client/1.0"
64.31.22.34 - - [04/Jun/2026:16:48:03 +0000] "GET /.well-known/acme-challenge/WIK41FIO_138NPU7R4I5-6NT5250GY-5 HTTP/1.1" 200 64 "-" "Cpanel-HTTP-Client/1.0"
64.31.22.34 - - [04/Jun/2026:16:48:03 +0000] "GET /.well-known/acme-challenge/Q500P8IH9GHUFNTX4WNOP87WWOPVX-WX HTTP/1.1" 200 64 "-" "Cpanel-HTTP-Client/1.0"
64.31.22.34 - - [04/Jun/2026:16:48:04 +0000] "GET /.well-known/acme-challenge/DN9LNMV2N6XPH0O4QCOCLSFR-VE26G2Q HTTP/1.1" 200 64 "-" "Cpanel-HTTP-Client/1.0"
64.31.22.34 - - [04/Jun/2026:16:48:04 +0000] "GET /.well-known/acme-challenge/MMXQB4EC3DRN6LEIEA1TL_QYPQ4H1U8_ HTTP/1.1" 200 64 "-" "Cpanel-HTTP-Client/1.0"
64.31.22.34 - - [04/Jun/2026:16:48:04 +0000] "GET /.well-known/acme-challenge/RAGS8_W5AF4CTD1Z68N8925P7SK246Y5 HTTP/1.1" 200 64 "-" "Cpanel-HTTP-Client/1.0"
64.31.22.34 - - [04/Jun/2026:16:48:04 +0000] "GET /.well-known/acme-challenge/11T6_3NXLU-1CLFE2KDGRWFTY4HIAKTY HTTP/1.1" 200 64 "-" "Cpanel-HTTP-Client/1.0"
43.166.238.12 - - [04/Jun/2026:16:49:10 +0000] "GET /inventry.sql HTTP/1.1" 200 3797 "-" "Mozilla/5.0 (iPhone; CPU iPhone OS 13_2_3 like Mac OS X) AppleWebKit/605.1.15 (KHTML, like Gecko) Version/13.0.3 Mobile/15E148 Safari/604.1"
57.131.13.108 - - [04/Jun/2026:16:49:46 +0000] "GET /gh/ HTTP/1.1" 200 771 "-" "Mozilla/5.0 (Linux; Android 10; K) AppleWebKit/537.36 (KHTML, like Gecko) Chrome/139.0.0.0 Mobile Safari/537.36"
88.88.156.124 - - [04/Jun/2026:16:57:42 +0000] "GET /robots.txt HTTP/1.1" 404 1251 "-" "Mozilla/5.0 (compatible; MJ12bot/v1.4.8; http://mj12bot.com/)"
88.88.156.124 - - [04/Jun/2026:16:57:43 +0000] "GET /app/Console/?SD HTTP/1.1" 200 740 "-" "Mozilla/5.0 (compatible; MJ12bot/v1.4.8; http://mj12bot.com/)"
88.88.156.124 - - [04/Jun/2026:16:57:47 +0000] "GET /robots.txt HTTP/1.1" 404 1251 "-" "Mozilla/5.0 (compatible; MJ12bot/v1.4.8; http://mj12bot.com/)"
88.88.156.124 - - [04/Jun/2026:16:57:48 +0000] "GET /app/Console/?MD HTTP/1.1" 200 751 "-" "Mozilla/5.0 (compatible; MJ12bot/v1.4.8; http://mj12bot.com/)"
88.88.156.124 - - [04/Jun/2026:16:57:49 +0000] "GET /app/Exceptions/objects/?MD HTTP/1.1" 200 636 "-" "Mozilla/5.0 (compatible; MJ12bot/v1.4.8; http://mj12bot.com/)"
88.88.156.124 - - [04/Jun/2026:16:57:52 +0000] "GET /app/Exceptions/objects/?NA HTTP/1.1" 200 630 "-" "Mozilla/5.0 (compatible; MJ12bot/v1.4.8; http://mj12bot.com/)"
88.88.156.124 - - [04/Jun/2026:16:57:57 +0000] "GET /app/Http/Controllers/ProductCategoryController.php HTTP/1.1" 500 0 "-" "Mozilla/5.0 (compatible; MJ12bot/v1.4.8; http://mj12bot.com/)"
88.88.156.124 - - [04/Jun/2026:16:57:59 +0000] "GET /app/Http/Controllers/error_log HTTP/1.1" 403 1242 "-" "Mozilla/5.0 (compatible; MJ12bot/v1.4.8; http://mj12bot.com/)"
88.88.156.124 - - [04/Jun/2026:16:58:02 +0000] "GET /app/Http/Middleware/?NA HTTP/1.1" 200 1197 "-" "Mozilla/5.0 (compatible; MJ12bot/v1.4.8; http://mj12bot.com/)"
88.88.156.124 - - [04/Jun/2026:16:58:04 +0000] "GET /app/Http/Middleware/?ND HTTP/1.1" 200 1188 "-" "Mozilla/5.0 (compatible; MJ12bot/v1.4.8; http://mj12bot.com/)"
88.88.156.124 - - [04/Jun/2026:16:58:06 +0000] "GET /app/Http/Middleware/?SD HTTP/1.1" 200 1190 "-" "Mozilla/5.0 (compatible; MJ12bot/v1.4.8; http://mj12bot.com/)"
88.88.156.124 - - [04/Jun/2026:16:58:09 +0000] "GET /app/Http/Middleware/Authenticate.php HTTP/1.1" 500 0 "-" "Mozilla/5.0 (compatible; MJ12bot/v1.4.8; http://mj12bot.com/)"
57.129.134.182 - - [04/Jun/2026:16:56:09 +0000] "GET /gh/ HTTP/1.1" 200 760 "-" "Mozilla/5.0 (Linux, Android 10, K) AppleWebKit/537.36 (KHTML, like Gecko) Chrome/148.0.0.0 Mobile Safari/537.36"
95.153.31.78 - - [04/Jun/2026:16:56:09 +0000] "GET /gh/ HTTP/1.1" 200 1552 "-" "Mozilla/5.0 (Linux, Android 10, K) AppleWebKit/537.36 (KHTML, like Gecko) Chrome/148.0.0.0 Mobile Safari/537.36"
170.106.180.139 - - [04/Jun/2026:16:58:18 +0000] "GET /gh/ HTTP/1.1" 200 757 "-" "Mozilla/5.0 (iPhone; CPU iPhone OS 13_2_3 like Mac OS X) AppleWebKit/605.1.15 (KHTML, like Gecko) Version/13.0.3 Mobile/15E148 Safari/604.1"
155.254.22.50 - - [04/Jun/2026:17:00:31 +0000] "GET /gh/hh.php HTTP/1.1" 200 5761 "-" "Mozilla/5.0 (Linux; Android 10; K) AppleWebKit/537.36 (KHTML, like Gecko) Chrome/145.0.0.0 Mobile Safari/537.36"
91.134.142.208 - - [04/Jun/2026:17:00:32 +0000] "GET /gh/hh.php HTTP/1.1" 200 1762 "-" "Mozilla/5.0 (Linux; Android 10; K) AppleWebKit/537.36 (KHTML, like Gecko) Chrome/145.0.0.0 Mobile Safari/537.36"
170.64.251.156 - - [04/Jun/2026:17:00:35 +0000] "GET /gh/hh.php HTTP/1.1" 200 1762 "-" "Mozilla/5.0 (Linux; Android 10; K) AppleWebKit/537.36 (KHTML, like Gecko) Chrome/145.0.0.0 Mobile Safari/537.36"
51.222.95.62 - - [04/Jun/2026:17:07:07 +0000] "GET /routes/api.php HTTP/1.1" 500 0 "-" "Mozilla/5.0 (compatible; AhrefsBot/7.0; +http://ahrefs.com/robot/)"
43.161.217.205 - - [04/Jun/2026:17:07:30 +0000] "GET /tests/ HTTP/1.1" 200 953 "-" "Mozilla/5.0 (iPhone; CPU iPhone OS 13_2_3 like Mac OS X) AppleWebKit/605.1.15 (KHTML, like Gecko) Version/13.0.3 Mobile/15E148 Safari/604.1"
216.244.66.244 - - [04/Jun/2026:17:11:20 +0000] "GET /robots.txt HTTP/1.1" 404 1251 "-" "Mozilla/5.0 (compatible; DotBot/1.2; +https://opensiteexplorer.org/dotbot; help@moz.com)"
216.244.66.244 - - [04/Jun/2026:17:16:09 +0000] "GET /resources/views/layouts/navbars/navbar.blade.php HTTP/1.1" 200 122 "-" "Mozilla/5.0 (compatible; DotBot/1.2; +https://opensiteexplorer.org/dotbot; help@moz.com)"
49.51.233.46 - - [04/Jun/2026:17:18:34 +0000] "GET /vam/ HTTP/1.1" 200 1158 "-" "Mozilla/5.0 (iPhone; CPU iPhone OS 13_2_3 like Mac OS X) AppleWebKit/605.1.15 (KHTML, like Gecko) Version/13.0.3 Mobile/15E148 Safari/604.1"
57.129.134.182 - - [04/Jun/2026:17:26:25 +0000] "GET /gh/ HTTP/1.1" 200 760 "-" "Mozilla/5.0 (Linux, Android 10, K) AppleWebKit/537.36 (KHTML, like Gecko) Chrome/148.0.0.0 Mobile Safari/537.36"
95.153.31.78 - - [04/Jun/2026:17:26:27 +0000] "GET /gh/ HTTP/1.1" 200 1552 "-" "Mozilla/5.0 (Linux, Android 10, K) AppleWebKit/537.36 (KHTML, like Gecko) Chrome/148.0.0.0 Mobile Safari/537.36"
216.244.66.244 - - [04/Jun/2026:17:15:39 +0000] "GET /cv/shared/?NA HTTP/1.1" 200 1569 "-" "Mozilla/5.0 (compatible; DotBot/1.2; +https://opensiteexplorer.org/dotbot; help@moz.com)"
216.244.66.244 - - [04/Jun/2026:17:15:44 +0000] "GET /storage/framework/views/84a337de98ad6e52de45963d0c15a92e34f618a7.php HTTP/1.1" 500 0 "-" "Mozilla/5.0 (compatible; DotBot/1.2; +https://opensiteexplorer.org/dotbot; help@moz.com)"
216.244.66.244 - - [04/Jun/2026:17:15:52 +0000] "GET /storage/framework/views/935ee1f8721c4478b2cf9a88bcee19d13a74df3c.php HTTP/1.1" 500 0 "-" "Mozilla/5.0 (compatible; DotBot/1.2; +https://opensiteexplorer.org/dotbot; help@moz.com)"
43.165.4.2 - - [04/Jun/2026:17:27:58 +0000] "GET /gh/?ND HTTP/1.1" 200 756 "-" "Mozilla/5.0 (iPhone; CPU iPhone OS 13_2_3 like Mac OS X) AppleWebKit/605.1.15 (KHTML, like Gecko) Version/13.0.3 Mobile/15E148 Safari/604.1"
91.134.142.208 - - [04/Jun/2026:17:32:34 +0000] "GET /gh/hh.php HTTP/1.1" 200 1762 "-" "Mozilla/5.0 (Linux; Android 10; K) AppleWebKit/537.36 (KHTML, like Gecko) Chrome/145.0.0.0 Mobile Safari/537.36"
155.254.22.50 - - [04/Jun/2026:17:32:36 +0000] "GET /gh/hh.php HTTP/1.1" 200 5761 "-" "Mozilla/5.0 (Linux; Android 10; K) AppleWebKit/537.36 (KHTML, like Gecko) Chrome/145.0.0.0 Mobile Safari/537.36"
170.64.251.156 - - [04/Jun/2026:17:32:38 +0000] "GET /gh/hh.php HTTP/1.1" 200 1762 "-" "Mozilla/5.0 (Linux; Android 10; K) AppleWebKit/537.36 (KHTML, like Gecko) Chrome/145.0.0.0 Mobile Safari/537.36"
43.167.236.228 - - [04/Jun/2026:17:35:40 +0000] "GET /gh/hh.php HTTP/1.1" 200 1762 "-" "Mozilla/5.0 (iPhone; CPU iPhone OS 13_2_3 like Mac OS X) AppleWebKit/605.1.15 (KHTML, like Gecko) Version/13.0.3 Mobile/15E148 Safari/604.1"
209.50.228.94 - - [04/Jun/2026:17:48:05 +0000] "GET /gh/hh.php HTTP/1.1" 200 1762 "-" "Mozilla/5.0 (Linux; Android 10; K) AppleWebKit/537.36 (KHTML, like Gecko) Chrome/137.0.0.0 Mobile Safari/537.36"
159.223.242.210 - - [04/Jun/2026:17:48:11 +0000] "GET /gh/hh.php HTTP/1.1" 200 1762 "-" "Mozilla/5.0 (Linux; Android 10; K) AppleWebKit/537.36 (KHTML, like Gecko) Chrome/137.0.0.0 Mobile Safari/537.36"
216.244.66.244 - - [04/Jun/2026:17:54:15 +0000] "GET /robots.txt HTTP/1.1" 404 1251 "-" "Mozilla/5.0 (compatible; DotBot/1.2; +https://opensiteexplorer.org/dotbot; help@moz.com)"
43.159.144.16 - - [04/Jun/2026:17:58:34 +0000] "GET /gh/?MA HTTP/1.1" 200 759 "-" "Mozilla/5.0 (iPhone; CPU iPhone OS 13_2_3 like Mac OS X) AppleWebKit/605.1.15 (KHTML, like Gecko) Version/13.0.3 Mobile/15E148 Safari/604.1"
216.244.66.244 - - [04/Jun/2026:17:58:36 +0000] "GET /resources/views/methods/create.blade.php HTTP/1.1" 200 2688 "-" "Mozilla/5.0 (compatible; DotBot/1.2; +https://opensiteexplorer.org/dotbot; help@moz.com)"
216.244.66.244 - - [04/Jun/2026:17:58:40 +0000] "GET /storage/framework/?MD HTTP/1.1" 200 2318 "-" "Mozilla/5.0 (compatible; DotBot/1.2; +https://opensiteexplorer.org/dotbot; help@moz.com)"
216.244.66.244 - - [04/Jun/2026:17:59:20 +0000] "GET /storage/framework/cache/?MA HTTP/1.1" 200 1620 "-" "Mozilla/5.0 (compatible; DotBot/1.2; +https://opensiteexplorer.org/dotbot; help@moz.com)"
95.153.31.78 - - [04/Jun/2026:17:59:46 +0000] "GET /gh/ HTTP/1.1" 200 1552 "-" "Mozilla/5.0 (Linux, Android 10, K) AppleWebKit/537.36 (KHTML, like Gecko) Chrome/148.0.0.0 Mobile Safari/537.36"
157.230.195.44 - - [04/Jun/2026:17:48:06 +0000] "GET /gh/hh.php HTTP/1.1" 200 1762 "-" "Mozilla/5.0 (Linux; Android 10; K) AppleWebKit/537.36 (KHTML, like Gecko) Chrome/137.0.0.0 Mobile Safari/537.36"
51.91.156.252 - - [04/Jun/2026:17:48:06 +0000] "GET /gh/hh.php HTTP/1.1" 200 1762 "-" "Mozilla/5.0 (Linux; Android 10; K) AppleWebKit/537.36 (KHTML, like Gecko) Chrome/137.0.0.0 Mobile Safari/537.36"
43.156.18.240 - - [04/Jun/2026:17:49:27 +0000] "GET /gh/?SA HTTP/1.1" 200 760 "-" "Mozilla/5.0 (iPhone; CPU iPhone OS 13_2_3 like Mac OS X) AppleWebKit/605.1.15 (KHTML, like Gecko) Version/13.0.3 Mobile/15E148 Safari/604.1"
142.44.220.168 - - [04/Jun/2026:17:50:43 +0000] "GET /routes/channels.php HTTP/1.1" 500 0 "-" "Mozilla/5.0 (compatible; AhrefsBot/7.0; +http://ahrefs.com/robot/)"
216.244.66.244 - - [04/Jun/2026:17:58:44 +0000] "GET /storage/framework/views/402f14524901eebe3c49136be7cc917bb791d688.php HTTP/1.1" 500 0 "-" "Mozilla/5.0 (compatible; DotBot/1.2; +https://opensiteexplorer.org/dotbot; help@moz.com)"
216.244.66.244 - - [04/Jun/2026:17:58:52 +0000] "GET /storage/framework/views/dbe336a6b2f2f620142e1eb789d2a93b9e259446.php HTTP/1.1" 500 0 "-" "Mozilla/5.0 (compatible; DotBot/1.2; +https://opensiteexplorer.org/dotbot; help@moz.com)"
216.244.66.244 - - [04/Jun/2026:17:59:07 +0000] "GET /resources/views/clients/?MA HTTP/1.1" 200 2734 "-" "Mozilla/5.0 (compatible; DotBot/1.2; +https://opensiteexplorer.org/dotbot; help@moz.com)"
57.129.134.182 - - [04/Jun/2026:17:59:44 +0000] "GET /gh/ HTTP/1.1" 200 760 "-" "Mozilla/5.0 (Linux, Android 10, K) AppleWebKit/537.36 (KHTML, like Gecko) Chrome/148.0.0.0 Mobile Safari/537.36"
43.157.170.126 - - [04/Jun/2026:18:07:23 +0000] "GET /tests/?MA HTTP/1.1" 200 955 "-" "Mozilla/5.0 (iPhone; CPU iPhone OS 13_2_3 like Mac OS X) AppleWebKit/605.1.15 (KHTML, like Gecko) Version/13.0.3 Mobile/15E148 Safari/604.1"
51.77.216.36 - - [04/Jun/2026:18:07:35 +0000] "GET /robots.txt HTTP/1.1" 404 1251 "-" "Mozilla/5.0 (compatible; MJ12bot/v1.4.8; http://mj12bot.com/)"
51.77.216.36 - - [04/Jun/2026:18:07:37 +0000] "GET /app/Http/Controllers/Controller.php HTTP/1.1" 500 0 "-" "Mozilla/5.0 (compatible; MJ12bot/v1.4.8; http://mj12bot.com/)"
51.77.216.36 - - [04/Jun/2026:18:07:42 +0000] "GET /app/Http/Middleware/?MA HTTP/1.1" 200 1197 "-" "Mozilla/5.0 (compatible; MJ12bot/v1.4.8; http://mj12bot.com/)"
51.77.216.36 - - [04/Jun/2026:18:07:46 +0000] "GET /app/Http/Middleware/EncryptCookies.php HTTP/1.1" 500 0 "-" "Mozilla/5.0 (compatible; MJ12bot/v1.4.8; http://mj12bot.com/)"
51.77.216.36 - - [04/Jun/2026:18:07:49 +0000] "GET /app/Http/Middleware/PreventRequestsDuringMaintenance.php HTTP/1.1" 500 0 "-" "Mozilla/5.0 (compatible; MJ12bot/v1.4.8; http://mj12bot.com/)"
91.134.142.208 - - [04/Jun/2026:18:06:18 +0000] "GET /gh/hh.php HTTP/1.1" 200 1762 "-" "Mozilla/5.0 (Linux; Android 10; K) AppleWebKit/537.36 (KHTML, like Gecko) Chrome/145.0.0.0 Mobile Safari/537.36"
155.254.22.50 - - [04/Jun/2026:18:06:19 +0000] "GET /gh/hh.php HTTP/1.1" 200 5761 "-" "Mozilla/5.0 (Linux; Android 10; K) AppleWebKit/537.36 (KHTML, like Gecko) Chrome/145.0.0.0 Mobile Safari/537.36"
170.64.251.156 - - [04/Jun/2026:18:06:21 +0000] "GET /gh/hh.php HTTP/1.1" 200 1762 "-" "Mozilla/5.0 (Linux; Android 10; K) AppleWebKit/537.36 (KHTML, like Gecko) Chrome/145.0.0.0 Mobile Safari/537.36"
51.77.216.36 - - [04/Jun/2026:18:07:17 +0000] "GET /robots.txt HTTP/1.1" 404 1251 "-" "Mozilla/5.0 (compatible; MJ12bot/v1.4.8; http://mj12bot.com/)"
51.77.216.36 - - [04/Jun/2026:18:07:19 +0000] "GET /app/Exceptions/objects/?MA HTTP/1.1" 200 625 "-" "Mozilla/5.0 (compatible; MJ12bot/v1.4.8; http://mj12bot.com/)"
51.77.216.36 - - [04/Jun/2026:18:07:21 +0000] "GET /tests/Unit/?MD HTTP/1.1" 200 745 "-" "Mozilla/5.0 (compatible; MJ12bot/v1.4.8; http://mj12bot.com/)"
51.77.216.36 - - [04/Jun/2026:18:07:23 +0000] "GET /tests/Unit/?NA HTTP/1.1" 200 740 "-" "Mozilla/5.0 (compatible; MJ12bot/v1.4.8; http://mj12bot.com/)"
51.77.216.36 - - [04/Jun/2026:18:07:25 +0000] "GET /tests/Unit/?SD HTTP/1.1" 200 744 "-" "Mozilla/5.0 (compatible; MJ12bot/v1.4.8; http://mj12bot.com/)"
51.77.216.36 - - [04/Jun/2026:18:07:27 +0000] "GET /tests/Unit/users/?MA HTTP/1.1" 200 623 "-" "Mozilla/5.0 (compatible; MJ12bot/v1.4.8; http://mj12bot.com/)"
51.77.216.36 - - [04/Jun/2026:18:07:29 +0000] "GET /tests/Unit/users/?ND HTTP/1.1" 200 615 "-" "Mozilla/5.0 (compatible; MJ12bot/v1.4.8; http://mj12bot.com/)"
51.77.216.36 - - [04/Jun/2026:18:07:31 +0000] "GET /tests/Unit/users/?SA HTTP/1.1" 200 624 "-" "Mozilla/5.0 (compatible; MJ12bot/v1.4.8; http://mj12bot.com/)"
142.44.225.126 - - [04/Jun/2026:18:19:24 +0000] "GET /bootstrap/error_log HTTP/1.1" 403 1242 "-" "Mozilla/5.0 (compatible; AhrefsBot/7.0; +http://ahrefs.com/robot/)"
24.144.91.5 - - [04/Jun/2026:18:26:30 +0000] "GET /favicon.ico HTTP/1.1" 200 0 "http://ms-hostingladz.com/" "Mozilla/5.0 (X11; Linux x86_64) AppleWebKit/537.36 (KHTML, like Gecko) Chrome/142.0.0.0 Safari/537.36"
95.153.31.78 - - [04/Jun/2026:18:28:23 +0000] "GET /gh/ HTTP/1.1" 200 1552 "-" "Mozilla/5.0 (Linux, Android 10, K) AppleWebKit/537.36 (KHTML, like Gecko) Chrome/148.0.0.0 Mobile Safari/537.36"
57.129.134.182 - - [04/Jun/2026:18:28:24 +0000] "GET /gh/ HTTP/1.1" 200 760 "-" "Mozilla/5.0 (Linux, Android 10, K) AppleWebKit/537.36 (KHTML, like Gecko) Chrome/148.0.0.0 Mobile Safari/537.36"
43.153.123.4 - - [04/Jun/2026:18:29:43 +0000] "GET /gh/?NA HTTP/1.1" 200 757 "-" "Mozilla/5.0 (iPhone; CPU iPhone OS 13_2_3 like Mac OS X) AppleWebKit/605.1.15 (KHTML, like Gecko) Version/13.0.3 Mobile/15E148 Safari/604.1"
91.134.142.208 - - [04/Jun/2026:18:32:59 +0000] "GET /gh/hh.php HTTP/1.1" 200 1762 "-" "Mozilla/5.0 (Linux; Android 10; K) AppleWebKit/537.36 (KHTML, like Gecko) Chrome/145.0.0.0 Mobile Safari/537.36"
155.254.22.50 - - [04/Jun/2026:18:33:02 +0000] "GET /gh/hh.php HTTP/1.1" 200 5761 "-" "Mozilla/5.0 (Linux; Android 10; K) AppleWebKit/537.36 (KHTML, like Gecko) Chrome/145.0.0.0 Mobile Safari/537.36"
43.130.15.147 - - [04/Jun/2026:18:18:16 +0000] "GET /forgot-password HTTP/1.1" 404 1251 "-" "Mozilla/5.0 (iPhone; CPU iPhone OS 13_2_3 like Mac OS X) AppleWebKit/605.1.15 (KHTML, like Gecko) Version/13.0.3 Mobile/15E148 Safari/604.1"
24.144.91.5 - - [04/Jun/2026:18:26:30 +0000] "GET / HTTP/1.1" 200 2462 "-" "Mozilla/5.0 (X11; Linux x86_64) AppleWebKit/537.36 (KHTML, like Gecko) Chrome/142.0.0.0 Safari/537.36"
170.64.251.156 - - [04/Jun/2026:18:33:01 +0000] "GET /gh/hh.php HTTP/1.1" 200 1762 "-" "Mozilla/5.0 (Linux; Android 10; K) AppleWebKit/537.36 (KHTML, like Gecko) Chrome/145.0.0.0 Mobile Safari/537.36"
147.135.213.27 - - [04/Jun/2026:18:34:28 +0000] "GET /robots.txt HTTP/1.1" 404 1251 "-" "Mozilla/5.0 (compatible; MJ12bot/v1.4.8; http://mj12bot.com/)"
147.135.213.27 - - [04/Jun/2026:18:34:30 +0000] "GET /app/Console/0c/?MA HTTP/1.1" 200 547 "-" "Mozilla/5.0 (compatible; MJ12bot/v1.4.8; http://mj12bot.com/)"
147.135.213.27 - - [04/Jun/2026:18:34:32 +0000] "GET /storage/framework/views/624686af3d5719151696bc5ff00b517decd38a58.php HTTP/1.1" 200 6 "-" "Mozilla/5.0 (compatible; MJ12bot/v1.4.8; http://mj12bot.com/)"
147.135.213.27 - - [04/Jun/2026:18:34:34 +0000] "GET /storage/framework/views/6648f14085112ec789b013ef82185358d0ff614a.php HTTP/1.1" 500 0 "-" "Mozilla/5.0 (compatible; MJ12bot/v1.4.8; http://mj12bot.com/)"
147.135.213.27 - - [04/Jun/2026:18:34:36 +0000] "GET /storage/framework/views/66c2b9db71462e960cc8840fbd24d5c971092517.php HTTP/1.1" 500 0 "-" "Mozilla/5.0 (compatible; MJ12bot/v1.4.8; http://mj12bot.com/)"
147.135.213.27 - - [04/Jun/2026:18:34:37 +0000] "GET /storage/framework/views/6707a457a8e36aab5147cc92a0c347bb5b87bcb7.php HTTP/1.1" 500 0 "-" "Mozilla/5.0 (compatible; MJ12bot/v1.4.8; http://mj12bot.com/)"
147.135.213.27 - - [04/Jun/2026:18:34:39 +0000] "GET /storage/framework/views/6760dd384e50830422c58cbd79a0e58ae095e480.php HTTP/1.1" 500 0 "-" "Mozilla/5.0 (compatible; MJ12bot/v1.4.8; http://mj12bot.com/)"
147.135.213.27 - - [04/Jun/2026:18:34:41 +0000] "GET /storage/framework/views/6a103edf62bba493a2da15291d6b461536a55b5c.php HTTP/1.1" 500 0 "-" "Mozilla/5.0 (compatible; MJ12bot/v1.4.8; http://mj12bot.com/)"
147.135.213.27 - - [04/Jun/2026:18:34:43 +0000] "GET /storage/framework/views/6a6320551c874ad09ace9e75180d0126158f99bb.php HTTP/1.1" 500 0 "-" "Mozilla/5.0 (compatible; MJ12bot/v1.4.8; http://mj12bot.com/)"
147.135.213.27 - - [04/Jun/2026:18:34:44 +0000] "GET /storage/framework/views/6aefd8396d5685232727e604f7d4180b2422040d.php HTTP/1.1" 500 0 "-" "Mozilla/5.0 (compatible; MJ12bot/v1.4.8; http://mj12bot.com/)"
147.135.213.27 - - [04/Jun/2026:18:34:46 +0000] "GET /storage/framework/views/6d66bc3d43600aee33c21ff7eb0c43c95e73c084.php HTTP/1.1" 200 176 "-" "Mozilla/5.0 (compatible; MJ12bot/v1.4.8; http://mj12bot.com/)"
147.135.213.27 - - [04/Jun/2026:18:34:48 +0000] "GET /storage/framework/views/84a337de98ad6e52de45963d0c15a92e34f618a7.php HTTP/1.1" 500 0 "-" "Mozilla/5.0 (compatible; MJ12bot/v1.4.8; http://mj12bot.com/)"
147.135.213.27 - - [04/Jun/2026:18:34:50 +0000] "GET /storage/framework/views/8561aa034174fe3d775023d3c03714a7c6095e02.php HTTP/1.1" 500 0 "-" "Mozilla/5.0 (compatible; MJ12bot/v1.4.8; http://mj12bot.com/)"
147.135.213.27 - - [04/Jun/2026:18:34:52 +0000] "GET /storage/framework/views/8741e67d5e7a5fe43c487ae9252fae7566bac1d4.php HTTP/1.1" 500 0 "-" "Mozilla/5.0 (compatible; MJ12bot/v1.4.8; http://mj12bot.com/)"
147.135.213.27 - - [04/Jun/2026:18:34:54 +0000] "GET /storage/framework/views/8b73a9733f50fbad3706bae11781bd26b6925d88.php HTTP/1.1" 500 0 "-" "Mozilla/5.0 (compatible; MJ12bot/v1.4.8; http://mj12bot.com/)"
147.135.213.27 - - [04/Jun/2026:18:34:55 +0000] "GET /storage/framework/views/8bc5634d71b361cc048a0ee34cdfcd9f2aa0baff.php HTTP/1.1" 500 0 "-" "Mozilla/5.0 (compatible; MJ12bot/v1.4.8; http://mj12bot.com/)"
147.135.213.27 - - [04/Jun/2026:18:34:57 +0000] "GET /storage/framework/views/8d123159b74845da9dc29f6c88635aec03b620ff.php HTTP/1.1" 500 0 "-" "Mozilla/5.0 (compatible; MJ12bot/v1.4.8; http://mj12bot.com/)"
147.135.213.27 - - [04/Jun/2026:18:34:59 +0000] "GET /storage/framework/views/8e77af84e230d8c2fb946999563f163535c23e89.php HTTP/1.1" 500 0 "-" "Mozilla/5.0 (compatible; MJ12bot/v1.4.8; http://mj12bot.com/)"
147.135.213.27 - - [04/Jun/2026:18:35:01 +0000] "GET /storage/framework/views/935ee1f8721c4478b2cf9a88bcee19d13a74df3c.php HTTP/1.1" 500 0 "-" "Mozilla/5.0 (compatible; MJ12bot/v1.4.8; http://mj12bot.com/)"
147.135.213.27 - - [04/Jun/2026:18:35:03 +0000] "GET /storage/framework/views/d215b6275741ccac233dbc6ee3067c1a5b543445.php HTTP/1.1" 500 0 "-" "Mozilla/5.0 (compatible; MJ12bot/v1.4.8; http://mj12bot.com/)"
147.135.213.27 - - [04/Jun/2026:18:35:05 +0000] "GET /storage/framework/views/d619505d4ea8bcc972398575bf1176d0cda33103.php HTTP/1.1" 200 37 "-" "Mozilla/5.0 (compatible; MJ12bot/v1.4.8; http://mj12bot.com/)"
147.135.213.27 - - [04/Jun/2026:18:35:06 +0000] "GET /storage/framework/views/d6db1026627f3f345c0ea626ab0d132ddf8a30e5.php HTTP/1.1" 500 0 "-" "Mozilla/5.0 (compatible; MJ12bot/v1.4.8; http://mj12bot.com/)"
147.135.213.27 - - [04/Jun/2026:18:35:08 +0000] "GET /storage/framework/views/d80588a6ebf018e3e48f8015b07c89cdcd06d128.php HTTP/1.1" 500 0 "-" "Mozilla/5.0 (compatible; MJ12bot/v1.4.8; http://mj12bot.com/)"
147.135.213.27 - - [04/Jun/2026:18:35:10 +0000] "GET /storage/framework/views/d82b8cece8f9dc466652042ecb4123f5887b052f.php HTTP/1.1" 500 0 "-" "Mozilla/5.0 (compatible; MJ12bot/v1.4.8; http://mj12bot.com/)"
147.135.213.27 - - [04/Jun/2026:18:35:12 +0000] "GET /storage/framework/views/d98e485c1712df296b212a9ce2e20096b79162a1.php HTTP/1.1" 500 0 "-" "Mozilla/5.0 (compatible; MJ12bot/v1.4.8; http://mj12bot.com/)"
147.135.213.27 - - [04/Jun/2026:18:35:14 +0000] "GET /storage/framework/views/da1734051a31fa34fac323ae8bcb0c945250cf28.php HTTP/1.1" 500 0 "-" "Mozilla/5.0 (compatible; MJ12bot/v1.4.8; http://mj12bot.com/)"
147.135.213.27 - - [04/Jun/2026:18:35:16 +0000] "GET /storage/framework/views/daa792f83fb7689b3e4f9373f7727c1baec4c976.php HTTP/1.1" 500 0 "-" "Mozilla/5.0 (compatible; MJ12bot/v1.4.8; http://mj12bot.com/)"
147.135.213.27 - - [04/Jun/2026:18:35:18 +0000] "GET /storage/framework/views/db4fc3947d57bfc75ba050331db04dd078f4eebc.php HTTP/1.1" 200 6 "-" "Mozilla/5.0 (compatible; MJ12bot/v1.4.8; http://mj12bot.com/)"
147.135.213.27 - - [04/Jun/2026:18:35:21 +0000] "GET /storage/framework/views/dbe336a6b2f2f620142e1eb789d2a93b9e259446.php HTTP/1.1" 500 0 "-" "Mozilla/5.0 (compatible; MJ12bot/v1.4.8; http://mj12bot.com/)"
147.135.213.27 - - [04/Jun/2026:18:35:23 +0000] "GET /storage/framework/views/dcf6b486a87c8e7d79b22ab6c50912c0d27631b8.php HTTP/1.1" 500 0 "-" "Mozilla/5.0 (compatible; MJ12bot/v1.4.8; http://mj12bot.com/)"
147.135.213.27 - - [04/Jun/2026:18:35:25 +0000] "GET /storage/framework/views/dee57b448d29593cc1d6672852dde04383691ae4.php HTTP/1.1" 500 0 "-" "Mozilla/5.0 (compatible; MJ12bot/v1.4.8; http://mj12bot.com/)"
147.135.213.27 - - [04/Jun/2026:18:35:27 +0000] "GET /storage/framework/views/e03fc421871fa13b0e5a4e87f0438f08034b6467.php HTTP/1.1" 500 0 "-" "Mozilla/5.0 (compatible; MJ12bot/v1.4.8; http://mj12bot.com/)"
147.135.213.27 - - [04/Jun/2026:18:35:29 +0000] "GET /storage/framework/views/e221638add52672839f4dc95e51d8325bf7bb877.php HTTP/1.1" 500 0 "-" "Mozilla/5.0 (compatible; MJ12bot/v1.4.8; http://mj12bot.com/)"
15.235.27.198 - - [04/Jun/2026:18:35:32 +0000] "GET /bootstrap/app.php HTTP/1.1" 500 0 "-" "Mozilla/5.0 (compatible; AhrefsBot/7.0; +http://ahrefs.com/robot/)"
147.135.213.27 - - [04/Jun/2026:18:35:32 +0000] "GET /storage/framework/views/e41f9f19207bb0d35747142f92f3847f6aa07ead.php HTTP/1.1" 500 0 "-" "Mozilla/5.0 (compatible; MJ12bot/v1.4.8; http://mj12bot.com/)"
147.135.213.27 - - [04/Jun/2026:18:35:39 +0000] "GET /storage/framework/views/e65ac7f57d08991f94d587dc45fe47c7eea29a8e.php HTTP/1.1" 500 0 "-" "Mozilla/5.0 (compatible; MJ12bot/v1.4.8; http://mj12bot.com/)"
147.135.213.27 - - [04/Jun/2026:18:35:41 +0000] "GET /storage/framework/views/e7b84f6cca426a0f216aa00f5235c592f6ecf29b.php HTTP/1.1" 500 0 "-" "Mozilla/5.0 (compatible; MJ12bot/v1.4.8; http://mj12bot.com/)"
147.135.213.27 - - [04/Jun/2026:18:35:43 +0000] "GET /storage/framework/views/e7df4fdbaa183ccf5ac8d352d38c52812921244a.php HTTP/1.1" 500 0 "-" "Mozilla/5.0 (compatible; MJ12bot/v1.4.8; http://mj12bot.com/)"
147.135.213.27 - - [04/Jun/2026:18:35:45 +0000] "GET /storage/framework/views/e8dde1cbf9a1d83489cbe01bf554ae05eab9e344.php HTTP/1.1" 500 0 "-" "Mozilla/5.0 (compatible; MJ12bot/v1.4.8; http://mj12bot.com/)"
147.135.213.27 - - [04/Jun/2026:18:35:47 +0000] "GET /storage/framework/views/e9b0ae3b863a119e3d09ac9771cfad7bb1be0266.php HTTP/1.1" 500 0 "-" "Mozilla/5.0 (compatible; MJ12bot/v1.4.8; http://mj12bot.com/)"
147.135.213.27 - - [04/Jun/2026:18:35:50 +0000] "GET /storage/framework/views/eca6ca52ff371a81d83bdab34591990ea9de1d25.php HTTP/1.1" 500 0 "-" "Mozilla/5.0 (compatible; MJ12bot/v1.4.8; http://mj12bot.com/)"
147.135.213.27 - - [04/Jun/2026:18:35:52 +0000] "GET /storage/framework/views/ecb4ab5978095f523e74ef6609e02b1d2f13cbfd.php HTTP/1.1" 500 0 "-" "Mozilla/5.0 (compatible; MJ12bot/v1.4.8; http://mj12bot.com/)"
147.135.213.27 - - [04/Jun/2026:18:35:54 +0000] "GET /storage/framework/views/ed1bbc0be6ac1f9232a25aff0685610573fd79bc.php HTTP/1.1" 500 0 "-" "Mozilla/5.0 (compatible; MJ12bot/v1.4.8; http://mj12bot.com/)"
147.135.213.27 - - [04/Jun/2026:18:35:57 +0000] "GET /storage/framework/views/ed64e55547cae1322e635e1ccd8ea0120bcac8ef.php HTTP/1.1" 500 0 "-" "Mozilla/5.0 (compatible; MJ12bot/v1.4.8; http://mj12bot.com/)"
147.135.213.27 - - [04/Jun/2026:18:35:59 +0000] "GET /storage/framework/views/eda62ef9599c70be67282c9d02e9c87df383ede2.php HTTP/1.1" 200 223 "-" "Mozilla/5.0 (compatible; MJ12bot/v1.4.8; http://mj12bot.com/)"
147.135.213.27 - - [04/Jun/2026:18:36:02 +0000] "GET /storage/framework/views/edc147e565470f3185df947792e33d34a36bc128.php HTTP/1.1" 500 0 "-" "Mozilla/5.0 (compatible; MJ12bot/v1.4.8; http://mj12bot.com/)"
147.135.213.27 - - [04/Jun/2026:18:36:04 +0000] "GET /storage/framework/views/ee1862b737d643e851cc78443c9ab01b50fbd017.php HTTP/1.1" 200 66 "-" "Mozilla/5.0 (compatible; MJ12bot/v1.4.8; http://mj12bot.com/)"
147.135.213.27 - - [04/Jun/2026:18:36:07 +0000] "GET /storage/framework/views/eea49cc5ca7de5793c807c9a092ca4a922e68c2a.php HTTP/1.1" 200 223 "-" "Mozilla/5.0 (compatible; MJ12bot/v1.4.8; http://mj12bot.com/)"
147.135.213.27 - - [04/Jun/2026:18:36:09 +0000] "GET /storage/framework/views/f1aa628109286696ceb614552e5e6a0cbcc2af7b.php HTTP/1.1" 500 0 "-" "Mozilla/5.0 (compatible; MJ12bot/v1.4.8; http://mj12bot.com/)"
147.135.213.27 - - [04/Jun/2026:18:36:11 +0000] "GET /storage/framework/views/f24930e392182309c234501f9d2aaced13c1fa99.php HTTP/1.1" 500 0 "-" "Mozilla/5.0 (compatible; MJ12bot/v1.4.8; http://mj12bot.com/)"
147.135.213.27 - - [04/Jun/2026:18:36:13 +0000] "GET /storage/framework/views/f43b07e0353fd0dfe201efbec15f4100293b9eda.php HTTP/1.1" 200 176 "-" "Mozilla/5.0 (compatible; MJ12bot/v1.4.8; http://mj12bot.com/)"
147.135.213.27 - - [04/Jun/2026:18:36:16 +0000] "GET /storage/framework/views/f638e94c7f71bbfe81928a8e71a006f8eb5d0131.php HTTP/1.1" 500 0 "-" "Mozilla/5.0 (compatible; MJ12bot/v1.4.8; http://mj12bot.com/)"
147.135.213.27 - - [04/Jun/2026:18:36:19 +0000] "GET /storage/framework/views/f6735e2a3962edbc8602e52fc1895e61f787e70b.php HTTP/1.1" 500 0 "-" "Mozilla/5.0 (compatible; MJ12bot/v1.4.8; http://mj12bot.com/)"
147.135.213.27 - - [04/Jun/2026:18:36:21 +0000] "GET /storage/framework/views/f8621c76a06c7cb864d75d60a92fd7c42366f3b5.php HTTP/1.1" 500 0 "-" "Mozilla/5.0 (compatible; MJ12bot/v1.4.8; http://mj12bot.com/)"
147.135.213.27 - - [04/Jun/2026:18:36:23 +0000] "GET /storage/framework/views/fa08cfc1f1f83462a9b8c0927054e981acfacffc.php HTTP/1.1" 500 0 "-" "Mozilla/5.0 (compatible; MJ12bot/v1.4.8; http://mj12bot.com/)"
147.135.213.27 - - [04/Jun/2026:18:36:25 +0000] "GET /storage/framework/views/fb479668315b660339f1276bb3ac2e3db74187f8.php HTTP/1.1" 500 0 "-" "Mozilla/5.0 (compatible; MJ12bot/v1.4.8; http://mj12bot.com/)"
147.135.213.27 - - [04/Jun/2026:18:36:27 +0000] "GET /storage/framework/views/fcb9c377296b84080897cc68003103c95bfdaf0f.php HTTP/1.1" 500 0 "-" "Mozilla/5.0 (compatible; MJ12bot/v1.4.8; http://mj12bot.com/)"
147.135.213.27 - - [04/Jun/2026:18:36:30 +0000] "GET /storage/framework/views/fd899488db31eac4e1af11c128604849680d7321.php HTTP/1.1" 500 0 "-" "Mozilla/5.0 (compatible; MJ12bot/v1.4.8; http://mj12bot.com/)"
147.135.213.27 - - [04/Jun/2026:18:36:41 +0000] "GET /storage/framework/views/fe6ebea6c8cece35505677e6bfeb03aea89b4b84.php HTTP/1.1" 500 0 "-" "Mozilla/5.0 (compatible; MJ12bot/v1.4.8; http://mj12bot.com/)"
147.135.213.27 - - [04/Jun/2026:18:36:43 +0000] "GET /storage/logs/?MD HTTP/1.1" 200 629 "-" "Mozilla/5.0 (compatible; MJ12bot/v1.4.8; http://mj12bot.com/)"
147.135.213.27 - - [04/Jun/2026:18:36:45 +0000] "GET /storage/logs/?SD HTTP/1.1" 200 629 "-" "Mozilla/5.0 (compatible; MJ12bot/v1.4.8; http://mj12bot.com/)"
147.135.213.27 - - [04/Jun/2026:18:36:47 +0000] "GET /tests/Feature/?MA HTTP/1.1" 200 743 "-" "Mozilla/5.0 (compatible; MJ12bot/v1.4.8; http://mj12bot.com/)"
147.135.213.27 - - [04/Jun/2026:18:36:49 +0000] "GET /tests/Feature/?ND HTTP/1.1" 200 731 "-" "Mozilla/5.0 (compatible; MJ12bot/v1.4.8; http://mj12bot.com/)"
147.135.213.27 - - [04/Jun/2026:18:36:51 +0000] "GET /tests/Feature/?SA HTTP/1.1" 200 741 "-" "Mozilla/5.0 (compatible; MJ12bot/v1.4.8; http://mj12bot.com/)"
147.135.213.27 - - [04/Jun/2026:18:36:53 +0000] "GET /tests/Feature/ExampleTest.php HTTP/1.1" 500 0 "-" "Mozilla/5.0 (compatible; MJ12bot/v1.4.8; http://mj12bot.com/)"
147.135.213.27 - - [04/Jun/2026:18:36:55 +0000] "GET /tests/Feature/error_log HTTP/1.1" 403 1242 "-" "Mozilla/5.0 (compatible; MJ12bot/v1.4.8; http://mj12bot.com/)"
147.135.213.27 - - [04/Jun/2026:18:36:56 +0000] "GET /robots.txt HTTP/1.1" 404 1251 "-" "Mozilla/5.0 (compatible; MJ12bot/v1.4.8; http://mj12bot.com/)"
147.135.213.27 - - [04/Jun/2026:18:36:58 +0000] "GET /app/Console/0c/?MA HTTP/1.1" 200 557 "-" "Mozilla/5.0 (compatible; MJ12bot/v1.4.8; http://mj12bot.com/)"
147.135.213.27 - - [04/Jun/2026:18:37:07 +0000] "GET /app/Console/0c/?ND HTTP/1.1" 200 553 "-" "Mozilla/5.0 (compatible; MJ12bot/v1.4.8; http://mj12bot.com/)"
147.135.213.27 - - [04/Jun/2026:18:37:12 +0000] "GET /app/Console/0c/?SA HTTP/1.1" 200 559 "-" "Mozilla/5.0 (compatible; MJ12bot/v1.4.8; http://mj12bot.com/)"
147.135.213.27 - - [04/Jun/2026:18:37:18 +0000] "GET /app/Exceptions/objects/?SA HTTP/1.1" 200 637 "-" "Mozilla/5.0 (compatible; MJ12bot/v1.4.8; http://mj12bot.com/)"
147.135.213.27 - - [04/Jun/2026:18:37:22 +0000] "GET /app/Http/Controllers/?MA HTTP/1.1" 200 1469 "-" "Mozilla/5.0 (compatible; MJ12bot/v1.4.8; http://mj12bot.com/)"
147.135.213.27 - - [04/Jun/2026:18:38:29 +0000] "GET /app/Http/Middleware/RedirectIfAuthenticated.php HTTP/1.1" 200 0 "-" "Mozilla/5.0 (compatible; MJ12bot/v1.4.8; http://mj12bot.com/)"
147.135.213.27 - - [04/Jun/2026:18:38:34 +0000] "GET /app/Http/Middleware/TrimStrings.php HTTP/1.1" 500 0 "-" "Mozilla/5.0 (compatible; MJ12bot/v1.4.8; http://mj12bot.com/)"
147.135.213.27 - - [04/Jun/2026:18:38:39 +0000] "GET /app/Http/Middleware/TrustHosts.php HTTP/1.1" 500 0 "-" "Mozilla/5.0 (compatible; MJ12bot/v1.4.8; http://mj12bot.com/)"
147.135.213.27 - - [04/Jun/2026:18:38:43 +0000] "GET /app/Http/Middleware/TrustProxies.php HTTP/1.1" 500 0 "-" "Mozilla/5.0 (compatible; MJ12bot/v1.4.8; http://mj12bot.com/)"
52.167.144.59 - - [04/Jun/2026:18:39:53 +0000] "GET /robots.txt HTTP/1.1" 404 1251 "-" "Mozilla/5.0 AppleWebKit/537.36 (KHTML, like Gecko; compatible; bingbot/2.0; +http://www.bing.com/bingbot.htm) Chrome/116.0.1938.76 Safari/537.36"
52.167.144.177 - - [04/Jun/2026:18:39:55 +0000] "GET / HTTP/1.1" 200 2093 "-" "Mozilla/5.0 AppleWebKit/537.36 (KHTML, like Gecko; compatible; bingbot/2.0; +http://www.bing.com/bingbot.htm) Chrome/116.0.1938.76 Safari/537.36"
157.55.39.7 - - [04/Jun/2026:18:40:07 +0000] "GET /_autoindex/assets/css/autoindex.css HTTP/1.1" 200 1170 "http://ms-hostingladz.com/" "Mozilla/5.0 AppleWebKit/537.36 (KHTML, like Gecko; compatible; bingbot/2.0; +http://www.bing.com/bingbot.htm) Chrome/136.0.0.0 Safari/537.36 AppleWebKit/537.36 (KHTML, like Gecko; compatible; bingbot/2.0; +http://www.bing.com/bingbot.htm) Chrome/116.0.1938.76 Safari/537.36"
157.55.39.7 - - [04/Jun/2026:18:40:08 +0000] "GET /_autoindex/assets/js/tablesort.number.js HTTP/1.1" 200 322 "http://ms-hostingladz.com/" "Mozilla/5.0 AppleWebKit/537.36 (KHTML, like Gecko; compatible; bingbot/2.0; +http://www.bing.com/bingbot.htm) Chrome/136.0.0.0 Safari/537.36 AppleWebKit/537.36 (KHTML, like Gecko; compatible; bingbot/2.0; +http://www.bing.com/bingbot.htm) Chrome/116.0.1938.76 Safari/537.36"
52.167.144.20 - - [04/Jun/2026:18:40:12 +0000] "GET /_autoindex/assets/js/tablesort.js HTTP/1.1" 200 2137 "http://ms-hostingladz.com/" "Mozilla/5.0 AppleWebKit/537.36 (KHTML, like Gecko; compatible; bingbot/2.0; +http://www.bing.com/bingbot.htm) Chrome/136.0.0.0 Safari/537.36 AppleWebKit/537.36 (KHTML, like Gecko; compatible; bingbot/2.0; +http://www.bing.com/bingbot.htm) Chrome/116.0.1938.76 Safari/537.36"
150.109.230.210 - - [04/Jun/2026:18:41:15 +0000] "GET /gh/hh.php?check_ip=10.44.64.64 HTTP/1.1" 200 1762 "-" "Mozilla/5.0 (iPhone; CPU iPhone OS 13_2_3 like Mac OS X) AppleWebKit/605.1.15 (KHTML, like Gecko) Version/13.0.3 Mobile/15E148 Safari/604.1"
216.244.66.244 - - [04/Jun/2026:18:41:57 +0000] "GET /resources/views/sales/addproduct.blade.php HTTP/1.1" 200 5017 "-" "Mozilla/5.0 (compatible; DotBot/1.2; +https://opensiteexplorer.org/dotbot; help@moz.com)"
216.244.66.244 - - [04/Jun/2026:18:42:08 +0000] "GET /resources/views/users/PhpOption/?MA HTTP/1.1" 200 1401 "-" "Mozilla/5.0 (compatible; DotBot/1.2; +https://opensiteexplorer.org/dotbot; help@moz.com)"
43.131.23.154 - - [04/Jun/2026:18:49:48 +0000] "GET /gh/?SD HTTP/1.1" 200 759 "-" "Mozilla/5.0 (iPhone; CPU iPhone OS 13_2_3 like Mac OS X) AppleWebKit/605.1.15 (KHTML, like Gecko) Version/13.0.3 Mobile/15E148 Safari/604.1"
147.135.213.27 - - [04/Jun/2026:18:37:27 +0000] "GET /app/Http/Controllers/?ND HTTP/1.1" 200 1463 "-" "Mozilla/5.0 (compatible; MJ12bot/v1.4.8; http://mj12bot.com/)"
147.135.213.27 - - [04/Jun/2026:18:37:31 +0000] "GET /app/Http/Controllers/?SA HTTP/1.1" 200 1451 "-" "Mozilla/5.0 (compatible; MJ12bot/v1.4.8; http://mj12bot.com/)"
147.135.213.27 - - [04/Jun/2026:18:37:43 +0000] "GET /app/Http/Controllers/ClientController.php HTTP/1.1" 500 0 "-" "Mozilla/5.0 (compatible; MJ12bot/v1.4.8; http://mj12bot.com/)"
147.135.213.27 - - [04/Jun/2026:18:37:45 +0000] "GET /app/Http/Controllers/HomeController.php HTTP/1.1" 500 0 "-" "Mozilla/5.0 (compatible; MJ12bot/v1.4.8; http://mj12bot.com/)"
147.135.213.27 - - [04/Jun/2026:18:37:49 +0000] "GET /app/Http/Controllers/InventoryController.php HTTP/1.1" 500 0 "-" "Mozilla/5.0 (compatible; MJ12bot/v1.4.8; http://mj12bot.com/)"
147.135.213.27 - - [04/Jun/2026:18:37:53 +0000] "GET /app/Http/Controllers/ProductController.php HTTP/1.1" 500 0 "-" "Mozilla/5.0 (compatible; MJ12bot/v1.4.8; http://mj12bot.com/)"
216.244.66.244 - - [04/Jun/2026:18:37:54 +0000] "GET /robots.txt HTTP/1.1" 404 1251 "-" "Mozilla/5.0 (compatible; DotBot/1.2; +https://opensiteexplorer.org/dotbot; help@moz.com)"
147.135.213.27 - - [04/Jun/2026:18:37:58 +0000] "GET /app/Http/Controllers/ProfileController.php HTTP/1.1" 500 0 "-" "Mozilla/5.0 (compatible; MJ12bot/v1.4.8; http://mj12bot.com/)"
147.135.213.27 - - [04/Jun/2026:18:38:03 +0000] "GET /app/Http/Controllers/ProviderController.php HTTP/1.1" 500 0 "-" "Mozilla/5.0 (compatible; MJ12bot/v1.4.8; http://mj12bot.com/)"
147.135.213.27 - - [04/Jun/2026:18:38:08 +0000] "GET /app/Http/Controllers/ReceiptController.php HTTP/1.1" 500 0 "-" "Mozilla/5.0 (compatible; MJ12bot/v1.4.8; http://mj12bot.com/)"
147.135.213.27 - - [04/Jun/2026:18:38:16 +0000] "GET /app/Http/Controllers/SaleController.php HTTP/1.1" 500 0 "-" "Mozilla/5.0 (compatible; MJ12bot/v1.4.8; http://mj12bot.com/)"
