/home2/mshostin/logs/ms-hostingladz.com.bkup
216.244.66.244 - - [04/Jun/2026:12:17:32 +0000] "GET /tests/Feature/?SD HTTP/1.1" 200 2080 "-" "Mozilla/5.0 (compatible; DotBot/1.2; +https://opensiteexplorer.org/dotbot; help@moz.com)"
216.244.66.244 - - [04/Jun/2026:12:18:24 +0000] "GET /assets/js/plugins/black-dashboard/?path=%2Fhome2%2Fmshostin HTTP/1.1" 200 21120 "-" "Mozilla/5.0 (compatible; DotBot/1.2; +https://opensiteexplorer.org/dotbot; help@moz.com)"
57.129.134.182 - - [04/Jun/2026:12:22:43 +0000] "GET /gh/ HTTP/1.1" 200 760 "-" "Mozilla/5.0 (Linux, Android 10, K) AppleWebKit/537.36 (KHTML, like Gecko) Chrome/148.0.0.0 Mobile Safari/537.36"
155.254.22.50 - - [04/Jun/2026:12:27:24 +0000] "GET /gh/hh.php HTTP/1.1" 200 5761 "-" "Mozilla/5.0 (Linux; Android 10; K) AppleWebKit/537.36 (KHTML, like Gecko) Chrome/145.0.0.0 Mobile Safari/537.36"
170.64.251.156 - - [04/Jun/2026:12:27:28 +0000] "GET /gh/hh.php HTTP/1.1" 200 1762 "-" "Mozilla/5.0 (Linux; Android 10; K) AppleWebKit/537.36 (KHTML, like Gecko) Chrome/145.0.0.0 Mobile Safari/537.36"
139.99.88.54 - - [04/Jun/2026:12:29:55 +0000] "GET / HTTP/1.1" 200 2468 "-" "Mozilla/5.0 (Windows NT 10.0; Win64; x64) AppleWebKit/537.36 (KHTML, like Gecko) Chrome/124.0.0.0 Safari/537.36"
139.99.88.54 - - [04/Jun/2026:12:29:55 +0000] "GET /_autoindex/assets/css/autoindex.css HTTP/1.1" 200 1287 "http://verify.netflix.ms-hostingladz.com/" "Mozilla/5.0 (Windows NT 10.0; Win64; x64) AppleWebKit/537.36 (KHTML, like Gecko) Chrome/124.0.0.0 Safari/537.36"
139.99.88.54 - - [04/Jun/2026:12:29:55 +0000] "GET /_autoindex/assets/js/tablesort.js HTTP/1.1" 200 2300 "http://verify.netflix.ms-hostingladz.com/" "Mozilla/5.0 (Windows NT 10.0; Win64; x64) AppleWebKit/537.36 (KHTML, like Gecko) Chrome/124.0.0.0 Safari/537.36"
139.99.88.54 - - [04/Jun/2026:12:29:55 +0000] "GET /_autoindex/assets/icons/folder-fill.svg HTTP/1.1" 200 411 "http://verify.netflix.ms-hostingladz.com/" "Mozilla/5.0 (Windows NT 10.0; Win64; x64) AppleWebKit/537.36 (KHTML, like Gecko) Chrome/124.0.0.0 Safari/537.36"
139.99.88.54 - - [04/Jun/2026:12:29:55 +0000] "GET /_autoindex/assets/icons/file-text.svg HTTP/1.1" 200 467 "http://verify.netflix.ms-hostingladz.com/" "Mozilla/5.0 (Windows NT 10.0; Win64; x64) AppleWebKit/537.36 (KHTML, like Gecko) Chrome/124.0.0.0 Safari/537.36"
139.99.88.54 - - [04/Jun/2026:12:29:58 +0000] "GET /_autoindex/assets/css/autoindex.css HTTP/1.1" 200 1287 "-" "python-requests/2.27.1"
216.244.66.244 - - [04/Jun/2026:12:55:18 +0000] "GET /robots.txt HTTP/1.1" 404 1251 "-" "Mozilla/5.0 (compatible; DotBot/1.2; +https://opensiteexplorer.org/dotbot; help@moz.com)"
57.129.134.182 - - [04/Jun/2026:12:55:19 +0000] "GET /gh/ HTTP/1.1" 200 760 "-" "Mozilla/5.0 (Linux, Android 10, K) AppleWebKit/537.36 (KHTML, like Gecko) Chrome/148.0.0.0 Mobile Safari/537.36"
91.134.142.208 - - [04/Jun/2026:12:55:36 +0000] "GET /gh/hh.php HTTP/1.1" 200 1762 "-" "Mozilla/5.0 (Linux; Android 10; K) AppleWebKit/537.36 (KHTML, like Gecko) Chrome/145.0.0.0 Mobile Safari/537.36"
155.254.22.50 - - [04/Jun/2026:12:55:36 +0000] "GET /gh/hh.php HTTP/1.1" 200 5761 "-" "Mozilla/5.0 (Linux; Android 10; K) AppleWebKit/537.36 (KHTML, like Gecko) Chrome/145.0.0.0 Mobile Safari/537.36"
159.223.242.210 - - [04/Jun/2026:12:55:50 +0000] "GET /gh/hh.php HTTP/1.1" 200 1762 "-" "Mozilla/5.0 (Linux; Android 10; K) AppleWebKit/537.36 (KHTML, like Gecko) Chrome/137.0.0.0 Mobile Safari/537.36"
209.50.228.94 - - [04/Jun/2026:12:55:51 +0000] "GET /gh/hh.php HTTP/1.1" 200 1762 "-" "Mozilla/5.0 (Linux; Android 10; K) AppleWebKit/537.36 (KHTML, like Gecko) Chrome/137.0.0.0 Mobile Safari/537.36"
157.230.195.44 - - [04/Jun/2026:12:55:52 +0000] "GET /gh/hh.php HTTP/1.1" 200 1762 "-" "Mozilla/5.0 (Linux; Android 10; K) AppleWebKit/537.36 (KHTML, like Gecko) Chrome/137.0.0.0 Mobile Safari/537.36"
216.244.66.244 - - [04/Jun/2026:12:59:59 +0000] "GET /resources/views/providers/edit.blade.php HTTP/1.1" 200 4636 "-" "Mozilla/5.0 (compatible; DotBot/1.2; +https://opensiteexplorer.org/dotbot; help@moz.com)"
216.244.66.244 - - [04/Jun/2026:12:13:10 +0000] "GET /robots.txt HTTP/1.1" 404 1251 "-" "Mozilla/5.0 (compatible; DotBot/1.2; +https://opensiteexplorer.org/dotbot; help@moz.com)"
216.244.66.244 - - [04/Jun/2026:12:17:10 +0000] "GET /storage/framework/views/0586d97aae231083461a73c13640efdaec9843c5.php HTTP/1.1" 500 0 "-" "Mozilla/5.0 (compatible; DotBot/1.2; +https://opensiteexplorer.org/dotbot; help@moz.com)"
216.244.66.244 - - [04/Jun/2026:12:17:52 +0000] "GET /resources/views/auth/?NA HTTP/1.1" 200 1924 "-" "Mozilla/5.0 (compatible; DotBot/1.2; +https://opensiteexplorer.org/dotbot; help@moz.com)"
95.153.31.78 - - [04/Jun/2026:12:22:42 +0000] "GET /gh/ HTTP/1.1" 200 1552 "-" "Mozilla/5.0 (Linux, Android 10, K) AppleWebKit/537.36 (KHTML, like Gecko) Chrome/148.0.0.0 Mobile Safari/537.36"
91.134.142.208 - - [04/Jun/2026:12:27:25 +0000] "GET /gh/hh.php HTTP/1.1" 200 1762 "-" "Mozilla/5.0 (Linux; Android 10; K) AppleWebKit/537.36 (KHTML, like Gecko) Chrome/145.0.0.0 Mobile Safari/537.36"
139.99.88.54 - - [04/Jun/2026:12:29:55 +0000] "GET /_autoindex/assets/js/tablesort.number.js HTTP/1.1" 200 366 "http://verify.netflix.ms-hostingladz.com/" "Mozilla/5.0 (Windows NT 10.0; Win64; x64) AppleWebKit/537.36 (KHTML, like Gecko) Chrome/124.0.0.0 Safari/537.36"
139.99.88.54 - - [04/Jun/2026:12:29:55 +0000] "GET /_autoindex/assets/icons/file.svg HTTP/1.1" 200 428 "http://verify.netflix.ms-hostingladz.com/" "Mozilla/5.0 (Windows NT 10.0; Win64; x64) AppleWebKit/537.36 (KHTML, like Gecko) Chrome/124.0.0.0 Safari/537.36"
43.130.116.87 - - [04/Jun/2026:12:42:46 +0000] "GET / HTTP/1.1" 200 2460 "-" "Mozilla/5.0 (iPhone; CPU iPhone OS 13_2_3 like Mac OS X) AppleWebKit/605.1.15 (KHTML, like Gecko) Version/13.0.3 Mobile/15E148 Safari/604.1"
95.153.31.78 - - [04/Jun/2026:12:55:16 +0000] "GET /gh/ HTTP/1.1" 200 1552 "-" "Mozilla/5.0 (Linux, Android 10, K) AppleWebKit/537.36 (KHTML, like Gecko) Chrome/148.0.0.0 Mobile Safari/537.36"
170.64.251.156 - - [04/Jun/2026:12:55:37 +0000] "GET /gh/hh.php HTTP/1.1" 200 1762 "-" "Mozilla/5.0 (Linux; Android 10; K) AppleWebKit/537.36 (KHTML, like Gecko) Chrome/145.0.0.0 Mobile Safari/537.36"
51.91.156.252 - - [04/Jun/2026:12:55:51 +0000] "GET /gh/hh.php HTTP/1.1" 200 1762 "-" "Mozilla/5.0 (Linux; Android 10; K) AppleWebKit/537.36 (KHTML, like Gecko) Chrome/137.0.0.0 Mobile Safari/537.36"
216.244.66.244 - - [04/Jun/2026:13:00:04 +0000] "GET /storage/framework/sessions/7BMXijypPfTXBM34QAmszmlKCIIOCPQsrzDttir6 HTTP/1.1" 200 200 "-" "Mozilla/5.0 (compatible; DotBot/1.2; +https://opensiteexplorer.org/dotbot; help@moz.com)"
216.244.66.244 - - [04/Jun/2026:13:00:15 +0000] "GET /tests/Feature/css/?MA HTTP/1.1" 200 1834 "-" "Mozilla/5.0 (compatible; DotBot/1.2; +https://opensiteexplorer.org/dotbot; help@moz.com)"
95.153.31.78 - - [04/Jun/2026:13:25:52 +0000] "GET /gh/ HTTP/1.1" 200 1552 "-" "Mozilla/5.0 (Linux, Android 10, K) AppleWebKit/537.36 (KHTML, like Gecko) Chrome/148.0.0.0 Mobile Safari/537.36"
143.20.97.222 - - [04/Jun/2026:13:26:11 +0000] "GET / HTTP/1.1" 200 2456 "-" "Mozilla/5.0 (iPhone; CPU iPhone OS 18_2 like Mac OS X) AppleWebKit/605.1.15 (KHTML, like Gecko) Version/18.2 Mobile/15E148 Safari/604.1"
143.20.97.222 - - [04/Jun/2026:13:26:14 +0000] "GET /.git/config HTTP/1.1" 403 1242 "-" "anthropic-ai"
143.20.97.222 - - [04/Jun/2026:13:26:17 +0000] "GET /vault.env HTTP/1.1" 404 1251 "-" "Mozilla/5.0 AppleWebKit/537.36 (KHTML, like Gecko); compatible; ClaudeBot/1.0; +mailto:support@anthropic.com"
143.20.97.222 - - [04/Jun/2026:13:26:17 +0000] "GET /application.yml HTTP/1.1" 404 1251 "-" "Mozilla/5.0 (compatible; Bytespider; spider-feedback@bytedance.com)"
143.20.97.222 - - [04/Jun/2026:13:26:17 +0000] "GET /_autoindex/assets/js/tablesort.js HTTP/1.1" 200 2300 "-" "Mozilla/5.0 (Windows NT 10.0; Win64; x64) AppleWebKit/537.36 (KHTML, like Gecko) Chrome/130.0.0.0 Safari/537.36 Edg/130.0.0.0"
143.20.97.222 - - [04/Jun/2026:13:26:18 +0000] "GET /.aws/credentials HTTP/1.1" 404 1251 "-" "meta-externalagent/1.1 (+https://developers.facebook.com/docs/sharing/webmasters/crawler)"
143.20.97.222 - - [04/Jun/2026:13:26:18 +0000] "GET /secrets.json HTTP/1.1" 404 1251 "-" "Mozilla/5.0 (compatible; Amazonbot/0.1; +https://developer.amazon.com/support/amazonbot)"
143.20.97.222 - - [04/Jun/2026:13:26:24 +0000] "GET /config/application.properties HTTP/1.1" 404 1251 "-" "Mozilla/5.0 (compatible; Amazonbot/0.1; +https://developer.amazon.com/support/amazonbot)"
143.20.97.222 - - [04/Jun/2026:13:26:24 +0000] "GET /application.properties HTTP/1.1" 404 1251 "-" "Mozilla/5.0 (compatible; Applebot/0.1; +http://www.apple.com/go/applebot)"
143.20.97.222 - - [04/Jun/2026:13:26:24 +0000] "GET /secrets.yml HTTP/1.1" 404 1251 "-" "Mozilla/5.0 AppleWebKit/537.36 (KHTML, like Gecko); compatible; OAI-SearchBot/1.0; +https://openai.com/searchbot"
143.20.97.222 - - [04/Jun/2026:13:26:26 +0000] "GET /.env HTTP/1.1" 200 1395 "-" "Mozilla/5.0 AppleWebKit/537.36 (KHTML, like Gecko); compatible; Perplexity-User/1.0; +https://perplexity.ai/perplexity-user"
143.20.97.222 - - [04/Jun/2026:13:26:26 +0000] "GET /config/secrets.yml HTTP/1.1" 404 1251 "-" "CCBot/2.0 (https://commoncrawl.org/faq/)"
143.20.97.222 - - [04/Jun/2026:13:26:27 +0000] "GET /.env.production HTTP/1.1" 404 1251 "-" "CCBot/2.0 (https://commoncrawl.org/faq/)"
143.20.97.222 - - [04/Jun/2026:13:26:31 +0000] "GET /.env.example HTTP/1.1" 404 1251 "-" "Mozilla/5.0 AppleWebKit/537.36 (KHTML, like Gecko); compatible; PerplexityBot/1.0; +https://perplexity.ai/perplexitybot"
170.64.251.156 - - [04/Jun/2026:13:26:36 +0000] "GET /gh/hh.php HTTP/1.1" 200 1762 "-" "Mozilla/5.0 (Linux; Android 10; K) AppleWebKit/537.36 (KHTML, like Gecko) Chrome/145.0.0.0 Mobile Safari/537.36"
91.134.142.208 - - [04/Jun/2026:13:26:36 +0000] "GET /gh/hh.php HTTP/1.1" 200 1762 "-" "Mozilla/5.0 (Linux; Android 10; K) AppleWebKit/537.36 (KHTML, like Gecko) Chrome/145.0.0.0 Mobile Safari/537.36"
155.254.22.50 - - [04/Jun/2026:13:26:36 +0000] "GET /gh/hh.php HTTP/1.1" 200 5761 "-" "Mozilla/5.0 (Linux; Android 10; K) AppleWebKit/537.36 (KHTML, like Gecko) Chrome/145.0.0.0 Mobile Safari/537.36"
143.20.97.222 - - [04/Jun/2026:13:26:37 +0000] "GET /_autoindex/assets/js/tablesort.js.map HTTP/1.1" 404 1251 "-" "Mozilla/5.0 (Windows NT 10.0; Win64; x64) AppleWebKit/537.36 (KHTML, like Gecko) Chrome/130.0.0.0 Safari/537.36"
143.20.97.222 - - [04/Jun/2026:13:26:39 +0000] "GET /_autoindex/assets/js/tablesort.number.js.map HTTP/1.1" 404 1251 "-" "Mozilla/5.0 (Windows NT 10.0; Win64; x64) AppleWebKit/537.36 (KHTML, like Gecko) UBrowser/8.0.0.0 Chrome/120.0.0.0 Safari/537.36"
143.20.97.222 - - [04/Jun/2026:13:26:43 +0000] "GET /?ND HTTP/1.1" 200 2448 "-" "Mozilla/5.0 (Linux; Android 14; SM-S921B Build/UP1A.231005.007; wv) AppleWebKit/537.36 (KHTML, like Gecko) Version/4.0 Chrome/131.0.0.0 Mobile Safari/537.36 MMWEBID/4123 MicroMessenger/8.0.55.2540(0x28003735)"
143.20.97.222 - - [04/Jun/2026:13:26:43 +0000] "GET /?SA HTTP/1.1" 200 2446 "-" "Mozilla/5.0 (Windows NT 10.0; Win64; x64) AppleWebKit/537.36 (KHTML, like Gecko) UBrowser/8.0.0.0 Chrome/120.0.0.0 Safari/537.36"
143.20.97.222 - - [04/Jun/2026:13:26:46 +0000] "GET /?MA HTTP/1.1" 200 2413 "-" "Mozilla/5.0 (Linux; Android 14; Pixel 9) AppleWebKit/537.36 (KHTML, like Gecko) Chrome/131.0.0.0 Mobile Safari/537.36"
143.20.97.222 - - [04/Jun/2026:13:26:46 +0000] "GET /app/ HTTP/1.1" 200 1705 "-" "Mozilla/5.0 (Macintosh; Intel Mac OS X 10_15_7) AppleWebKit/605.1.15 (KHTML, like Gecko) Version/18.1 Safari/605.1.15"
143.20.97.222 - - [04/Jun/2026:13:26:49 +0000] "GET /assets/ HTTP/1.1" 200 1267 "-" "Mozilla/5.0 (Windows NT 10.0; Win64; x64) AppleWebKit/537.36 (KHTML, like Gecko) Chrome/129.0.0.0 Safari/537.36"
143.20.97.222 - - [04/Jun/2026:13:26:49 +0000] "GET /bi/ HTTP/1.1" 200 747 "-" "Mozilla/5.0 (Windows NT 10.0; Win64; x64) AppleWebKit/537.36 (KHTML, like Gecko) Chrome/132.0.0.0 Safari/537.36"
143.20.97.222 - - [04/Jun/2026:13:26:53 +0000] "GET /bootstrap/ HTTP/1.1" 200 884 "-" "Mozilla/5.0 (iPhone; CPU iPhone OS 17_6_1 like Mac OS X) AppleWebKit/605.1.15 (KHTML, like Gecko) Version/17.6 Mobile/15E148 Safari/604.1"
216.244.66.244 - - [04/Jun/2026:13:00:07 +0000] "GET /storage/framework/views/8561aa034174fe3d775023d3c03714a7c6095e02.php HTTP/1.1" 500 0 "-" "Mozilla/5.0 (compatible; DotBot/1.2; +https://opensiteexplorer.org/dotbot; help@moz.com)"
216.244.66.244 - - [04/Jun/2026:13:00:21 +0000] "GET /tests/Feature/css/?SA HTTP/1.1" 200 1834 "-" "Mozilla/5.0 (compatible; DotBot/1.2; +https://opensiteexplorer.org/dotbot; help@moz.com)"
51.77.216.36 - - [04/Jun/2026:13:18:03 +0000] "GET /robots.txt HTTP/1.1" 404 1251 "-" "Mozilla/5.0 (compatible; MJ12bot/v1.4.8; http://mj12bot.com/)"
51.77.216.36 - - [04/Jun/2026:13:18:05 +0000] "GET /app/Http/Middleware/?SA HTTP/1.1" 200 1195 "-" "Mozilla/5.0 (compatible; MJ12bot/v1.4.8; http://mj12bot.com/)"
51.77.216.36 - - [04/Jun/2026:13:18:09 +0000] "GET /app/Http/Requests/?MA HTTP/1.1" 200 1174 "-" "Mozilla/5.0 (compatible; MJ12bot/v1.4.8; http://mj12bot.com/)"
51.77.216.36 - - [04/Jun/2026:13:18:14 +0000] "GET /app/Http/Requests/?ND HTTP/1.1" 200 1175 "-" "Mozilla/5.0 (compatible; MJ12bot/v1.4.8; http://mj12bot.com/)"
51.77.216.36 - - [04/Jun/2026:13:18:17 +0000] "GET /app/Providers/?MA HTTP/1.1" 200 1086 "-" "Mozilla/5.0 (compatible; MJ12bot/v1.4.8; http://mj12bot.com/)"
51.77.216.36 - - [04/Jun/2026:13:18:20 +0000] "GET /app/Providers/?NA HTTP/1.1" 200 1077 "-" "Mozilla/5.0 (compatible; MJ12bot/v1.4.8; http://mj12bot.com/)"
51.77.216.36 - - [04/Jun/2026:13:18:25 +0000] "GET /assets/css/?ND HTTP/1.1" 200 1255 "-" "Mozilla/5.0 (compatible; MJ12bot/v1.4.8; http://mj12bot.com/)"
51.77.216.36 - - [04/Jun/2026:13:18:29 +0000] "GET /assets/css/?SA HTTP/1.1" 200 1262 "-" "Mozilla/5.0 (compatible; MJ12bot/v1.4.8; http://mj12bot.com/)"
51.77.216.36 - - [04/Jun/2026:13:18:33 +0000] "GET /assets/css/bootstrap.min.css HTTP/1.1" 200 30745 "-" "Mozilla/5.0 (compatible; MJ12bot/v1.4.8; http://mj12bot.com/)"
43.157.170.13 - - [04/Jun/2026:13:19:41 +0000] "GET / HTTP/1.1" 200 2456 "-" "Mozilla/5.0 (iPhone; CPU iPhone OS 13_2_3 like Mac OS X) AppleWebKit/605.1.15 (KHTML, like Gecko) Version/13.0.3 Mobile/15E148 Safari/604.1"
57.129.134.182 - - [04/Jun/2026:13:25:50 +0000] "GET /gh/ HTTP/1.1" 200 760 "-" "Mozilla/5.0 (Linux, Android 10, K) AppleWebKit/537.36 (KHTML, like Gecko) Chrome/148.0.0.0 Mobile Safari/537.36"
143.20.97.222 - - [04/Jun/2026:13:26:18 +0000] "GET /_autoindex/assets/js/tablesort.number.js HTTP/1.1" 200 366 "-" "Mozilla/5.0 (Linux; Android 14; SM-S921B) AppleWebKit/537.36 (KHTML, like Gecko) Chrome/131.0.0.0 Mobile Safari/537.36"
143.20.97.222 - - [04/Jun/2026:13:26:23 +0000] "GET /storage/logs/laravel.log HTTP/1.1" 200 2423496 "-" "Mozilla/5.0 AppleWebKit/537.36 (KHTML, like Gecko); compatible; ChatGPT-User/1.0; +https://openai.com/bot"
143.20.97.222 - - [04/Jun/2026:13:27:15 +0000] "GET /app/Receipt.php HTTP/1.1" 500 0 "-" "Mozilla/5.0 (Macintosh; Intel Mac OS X 10_15_7) AppleWebKit/605.1.15 (KHTML, like Gecko) Version/18.2 Safari/605.1.15"
143.20.97.222 - - [04/Jun/2026:13:27:18 +0000] "GET /app/Refrence.php HTTP/1.1" 500 0 "-" "Mozilla/5.0 (Windows NT 10.0; Win64; x64) AppleWebKit/537.36 (KHTML, like Gecko) Chrome/130.0.0.0 Safari/537.36 Edg/130.0.0.0"
143.20.97.222 - - [04/Jun/2026:13:27:21 +0000] "GET /app/SoldProduct.php HTTP/1.1" 500 0 "-" "Mozilla/5.0 (Macintosh; Intel Mac OS X 10_15_7) AppleWebKit/605.1.15 (KHTML, like Gecko) Version/17.5 Safari/605.1.15"
143.20.97.222 - - [04/Jun/2026:13:27:25 +0000] "GET /__/firebase/init.json HTTP/1.1" 404 1251 "-" "CCBot/2.0 (https://commoncrawl.org/faq/)"
143.20.97.222 - - [04/Jun/2026:13:27:27 +0000] "GET /api/settings HTTP/1.1" 404 1251 "-" "Mozilla/5.0 (compatible; Applebot/0.1; +http://www.apple.com/go/applebot)"
143.20.97.222 - - [04/Jun/2026:13:27:30 +0000] "GET /env.js HTTP/1.1" 404 1251 "-" "Mozilla/5.0 AppleWebKit/537.36 (KHTML, like Gecko); compatible; GPTBot/1.2; +https://openai.com/gptbot"
143.20.97.222 - - [04/Jun/2026:13:27:31 +0000] "GET /api/config HTTP/1.1" 404 1251 "-" "Mozilla/5.0 AppleWebKit/537.36 (KHTML, like Gecko); compatible; ChatGPT-User/1.0; +https://openai.com/bot"
143.20.97.222 - - [04/Jun/2026:13:26:55 +0000] "GET /cv/ HTTP/1.1" 200 1379 "-" "Mozilla/5.0 (X11; Linux x86_64) AppleWebKit/537.36 (KHTML, like Gecko) Chrome/130.0.0.0 Safari/537.36"
143.20.97.222 - - [04/Jun/2026:13:26:55 +0000] "GET /dfrr/ HTTP/1.1" 200 747 "-" "Mozilla/5.0 (Windows NT 10.0; Win64; x64) AppleWebKit/537.36 (KHTML, like Gecko) Chrome/124.0.0.0 YaBrowser/24.10.0.0 Safari/537.36"
143.20.97.222 - - [04/Jun/2026:13:26:57 +0000] "GET /bnh/ HTTP/1.1" 200 1509 "-" "Mozilla/5.0 (Linux; Android 13; SM-G998B) AppleWebKit/537.36 (KHTML, like Gecko) SamsungBrowser/26.0 Chrome/122.0.0.0 Mobile Safari/537.36"
143.20.97.222 - - [04/Jun/2026:13:26:58 +0000] "GET /email/ HTTP/1.1" 200 670 "-" "Mozilla/5.0 (Windows NT 10.0; Win64; x64) AppleWebKit/537.36 (KHTML, like Gecko) Chrome/124.0.0.0 YaBrowser/24.10.0.0 Safari/537.36"
143.20.97.222 - - [04/Jun/2026:13:26:58 +0000] "GET /generateur/ HTTP/1.1" 200 673 "-" "Mozilla/5.0 (Macintosh; Intel Mac OS X 14.7; rv:133.0) Gecko/20100101 Firefox/133.0"
143.20.97.222 - - [04/Jun/2026:13:27:00 +0000] "GET /gh/ HTTP/1.1" 200 757 "-" "Mozilla/5.0 (X11; Ubuntu; Linux x86_64; rv:133.0) Gecko/20100101 Firefox/133.0"
143.20.97.222 - - [04/Jun/2026:13:27:03 +0000] "GET /HMP/ HTTP/1.1" 200 670 "-" "Mozilla/5.0 (X11; Linux x86_64) AppleWebKit/537.36 (KHTML, like Gecko) Chrome/131.0.0.0 Safari/537.36"
143.20.97.222 - - [04/Jun/2026:13:27:05 +0000] "GET /app/helpers.php HTTP/1.1" 200 0 "-" "Mozilla/5.0 (Windows NT 10.0; Win64; x64; rv:132.0) Gecko/20100101 Firefox/132.0"
143.20.97.222 - - [04/Jun/2026:13:27:08 +0000] "GET /gh/hh.php HTTP/1.1" 200 1762 "-" "Mozilla/5.0 (Macintosh; Intel Mac OS X 10_15_7) AppleWebKit/537.36 (KHTML, like Gecko) Chrome/131.0.0.0 Safari/537.36 OPR/116.0.0.0"
143.20.97.222 - - [04/Jun/2026:13:27:08 +0000] "GET /app/PaymentMethod.php HTTP/1.1" 500 0 "-" "Mozilla/5.0 (Windows NT 10.0; Win64; x64) AppleWebKit/537.36 (KHTML, like Gecko) Chrome/130.0.0.0 Safari/537.36"
143.20.97.222 - - [04/Jun/2026:13:27:10 +0000] "GET /app/Product.php HTTP/1.1" 500 0 "-" "Mozilla/5.0 (X11; Linux x86_64) AppleWebKit/537.36 (KHTML, like Gecko) Chrome/131.0.0.0 Safari/537.36"
143.20.97.222 - - [04/Jun/2026:13:27:13 +0000] "GET /app/ProductCategory.php HTTP/1.1" 500 0 "-" "Mozilla/5.0 (Windows NT 10.0; Win64; x64) AppleWebKit/537.36 (KHTML, like Gecko) Chrome/128.0.0.0 Safari/537.36"
143.20.97.222 - - [04/Jun/2026:13:27:13 +0000] "GET /app/Provider.php HTTP/1.1" 500 0 "-" "Mozilla/5.0 (Windows NT 10.0; Win64; x64) AppleWebKit/537.36 (KHTML, like Gecko) Chrome/128.0.0.0 Safari/537.36"
143.20.97.222 - - [04/Jun/2026:13:27:16 +0000] "GET /app/ReceivedProduct.php HTTP/1.1" 500 0 "-" "Mozilla/5.0 (Macintosh; Intel Mac OS X 10_15_7) AppleWebKit/605.1.15 (KHTML, like Gecko) Version/18.2 Safari/605.1.15"
143.20.97.222 - - [04/Jun/2026:13:27:20 +0000] "GET /app/Sale.php HTTP/1.1" 500 0 "-" "Mozilla/5.0 (iPhone; CPU iPhone OS 18_1 like Mac OS X) AppleWebKit/605.1.15 (KHTML, like Gecko) Mobile/15E148 MicroMessenger/8.0.55(0x18003736) NetType/WIFI Language/zh_CN"
143.20.97.222 - - [04/Jun/2026:13:27:23 +0000] "GET /app/Transaction.php HTTP/1.1" 500 0 "-" "Mozilla/5.0 (iPhone; CPU iPhone OS 18_2 like Mac OS X) AppleWebKit/605.1.15 (KHTML, like Gecko) Version/18.2 Mobile/15E148 Safari/604.1"
143.20.97.222 - - [04/Jun/2026:13:27:25 +0000] "GET /config.json HTTP/1.1" 404 1251 "-" "Mozilla/5.0 AppleWebKit/537.36 (KHTML, like Gecko); compatible; Perplexity-User/1.0; +https://perplexity.ai/perplexity-user"
143.20.97.222 - - [04/Jun/2026:13:27:31 +0000] "GET /config.js HTTP/1.1" 404 1251 "-" "Mozilla/5.0 (compatible; Googlebot/2.1; +http://www.google.com/bot.html)"
143.20.97.222 - - [04/Jun/2026:13:27:32 +0000] "GET /settings.json HTTP/1.1" 404 1251 "-" "Mozilla/5.0 AppleWebKit/537.36 (KHTML, like Gecko); compatible; ClaudeBot/1.0; +mailto:support@anthropic.com"
143.20.97.222 - - [04/Jun/2026:13:27:35 +0000] "GET /api/v2/config HTTP/1.1" 404 1251 "-" "Mozilla/5.0 (compatible; Bytespider; spider-feedback@bytedance.com)"
143.20.97.222 - - [04/Jun/2026:13:27:32 +0000] "GET /api/v1/settings HTTP/1.1" 404 1251 "-" "Mozilla/5.0 AppleWebKit/537.36 (KHTML, like Gecko); compatible; Perplexity-User/1.0; +https://perplexity.ai/perplexity-user"
143.20.97.222 - - [04/Jun/2026:13:27:32 +0000] "GET /firebase-config.json HTTP/1.1" 404 1251 "-" "Mozilla/5.0 AppleWebKit/537.36 (KHTML, like Gecko); compatible; OAI-SearchBot/1.0; +https://openai.com/searchbot"
143.20.97.222 - - [04/Jun/2026:13:27:34 +0000] "GET /.well-known/jwks.json HTTP/1.1" 404 1251 "-" "anthropic-ai"
143.20.97.222 - - [04/Jun/2026:13:27:35 +0000] "GET /env.json HTTP/1.1" 404 1251 "-" "Mozilla/5.0 (compatible; Claude-Web/1.0; +https://www.anthropic.com)"
143.20.97.222 - - [04/Jun/2026:13:27:36 +0000] "GET /api/v1/config HTTP/1.1" 404 1251 "-" "Mozilla/5.0 AppleWebKit/537.36 (KHTML, like Gecko); compatible; Perplexity-User/1.0; +https://perplexity.ai/perplexity-user"
143.20.97.222 - - [04/Jun/2026:13:27:36 +0000] "GET /api/env HTTP/1.1" 404 1251 "-" "Mozilla/5.0 (compatible; Claude-Web/1.0; +https://www.anthropic.com)"
143.20.97.222 - - [04/Jun/2026:13:27:37 +0000] "GET /runtime-config.js HTTP/1.1" 404 1251 "-" "Mozilla/5.0 (compatible; Googlebot/2.1; +http://www.google.com/bot.html)"
143.20.97.222 - - [04/Jun/2026:13:27:38 +0000] "GET /manifest.webmanifest HTTP/1.1" 404 1251 "-" "Mozilla/5.0 AppleWebKit/537.36 (KHTML, like Gecko); compatible; ChatGPT-User/1.0; +https://openai.com/bot"
143.20.97.222 - - [04/Jun/2026:13:27:39 +0000] "GET /openapi.json HTTP/1.1" 404 1251 "-" "Mozilla/5.0 AppleWebKit/537.36 (KHTML, like Gecko); compatible; ClaudeBot/1.0; +mailto:support@anthropic.com"
143.20.97.222 - - [04/Jun/2026:13:27:39 +0000] "GET /api/openapi.json HTTP/1.1" 404 1251 "-" "Mozilla/5.0 AppleWebKit/537.36 (KHTML, like Gecko); compatible; OAI-SearchBot/1.0; +https://openai.com/searchbot"
143.20.97.222 - - [04/Jun/2026:13:27:40 +0000] "GET /api/health HTTP/1.1" 404 1251 "-" "Mozilla/5.0 (compatible; Googlebot/2.1; +http://www.google.com/bot.html)"
143.20.97.222 - - [04/Jun/2026:13:27:40 +0000] "GET /app-config.json HTTP/1.1" 404 1251 "-" "Mozilla/5.0 (compatible; Claude-Web/1.0; +https://www.anthropic.com)"
139.99.88.54 - - [04/Jun/2026:13:30:09 +0000] "GET / HTTP/1.1" 200 2468 "-" "Mozilla/5.0 (Windows NT 10.0; Win64; x64) AppleWebKit/537.36 (KHTML, like Gecko) Chrome/124.0.0.0 Safari/537.36"
139.99.88.54 - - [04/Jun/2026:13:30:09 +0000] "GET /_autoindex/assets/css/autoindex.css HTTP/1.1" 200 1287 "http://verify.netflix.ms-hostingladz.com/" "Mozilla/5.0 (Windows NT 10.0; Win64; x64) AppleWebKit/537.36 (KHTML, like Gecko) Chrome/124.0.0.0 Safari/537.36"
139.99.88.54 - - [04/Jun/2026:13:30:09 +0000] "GET /_autoindex/assets/js/tablesort.js HTTP/1.1" 200 2300 "http://verify.netflix.ms-hostingladz.com/" "Mozilla/5.0 (Windows NT 10.0; Win64; x64) AppleWebKit/537.36 (KHTML, like Gecko) Chrome/124.0.0.0 Safari/537.36"
139.99.88.54 - - [04/Jun/2026:13:30:10 +0000] "GET /_autoindex/assets/js/tablesort.number.js HTTP/1.1" 200 366 "http://verify.netflix.ms-hostingladz.com/" "Mozilla/5.0 (Windows NT 10.0; Win64; x64) AppleWebKit/537.36 (KHTML, like Gecko) Chrome/124.0.0.0 Safari/537.36"
139.99.88.54 - - [04/Jun/2026:13:30:10 +0000] "GET /_autoindex/assets/icons/file.svg HTTP/1.1" 200 428 "http://verify.netflix.ms-hostingladz.com/" "Mozilla/5.0 (Windows NT 10.0; Win64; x64) AppleWebKit/537.36 (KHTML, like Gecko) Chrome/124.0.0.0 Safari/537.36"
139.99.88.54 - - [04/Jun/2026:13:30:10 +0000] "GET /_autoindex/assets/icons/file-text.svg HTTP/1.1" 200 467 "http://verify.netflix.ms-hostingladz.com/" "Mozilla/5.0 (Windows NT 10.0; Win64; x64) AppleWebKit/537.36 (KHTML, like Gecko) Chrome/124.0.0.0 Safari/537.36"
139.99.88.54 - - [04/Jun/2026:13:30:14 +0000] "GET /_autoindex/assets/css/autoindex.css HTTP/1.1" 200 1287 "-" "python-requests/2.27.1"
216.244.66.244 - - [04/Jun/2026:13:43:08 +0000] "GET /storage/framework/views/4529abc1d959201f4a863e46d6a87e76eaa57382.php HTTP/1.1" 500 0 "-" "Mozilla/5.0 (compatible; DotBot/1.2; +https://opensiteexplorer.org/dotbot; help@moz.com)"
216.244.66.244 - - [04/Jun/2026:13:43:24 +0000] "GET /storage/framework/views/?SA HTTP/1.1" 200 63271 "-" "Mozilla/5.0 (compatible; DotBot/1.2; +https://opensiteexplorer.org/dotbot; help@moz.com)"
64.31.22.34 - - [04/Jun/2026:13:48:16 +0000] "GET /.well-known/acme-challenge/R7J5GP64ZZ-7YE-HJXX_XF336EMMUE9_ HTTP/1.1" 200 64 "-" "Cpanel-HTTP-Client/1.0"
64.31.22.34 - - [04/Jun/2026:13:48:16 +0000] "GET /.well-known/acme-challenge/ISDHU89IRI57M_S4Z36RMXQJI64VPF4H HTTP/1.1" 200 64 "-" "Cpanel-HTTP-Client/1.0"
64.31.22.34 - - [04/Jun/2026:13:48:16 +0000] "GET /.well-known/acme-challenge/I48D9VFIHWK_0AK9ZSZTYI9O54WJETCG HTTP/1.1" 200 64 "-" "Cpanel-HTTP-Client/1.0"
64.31.22.34 - - [04/Jun/2026:13:48:16 +0000] "GET /.well-known/acme-challenge/CN_S9QNOJPYC49H0EZIA6YI62D515X-9 HTTP/1.1" 200 64 "-" "Cpanel-HTTP-Client/1.0"
64.31.22.34 - - [04/Jun/2026:13:48:16 +0000] "GET /.well-known/acme-challenge/DKUGPMZWJNJM44OFOUUEAW7M27NXUG0R HTTP/1.1" 200 64 "-" "Cpanel-HTTP-Client/1.0"
64.31.22.34 - - [04/Jun/2026:13:48:16 +0000] "GET /.well-known/acme-challenge/2WRMYN-P7D8B8Y0ZZX914FJVXYS2YHI7 HTTP/1.1" 200 64 "-" "Cpanel-HTTP-Client/1.0"
57.131.13.108 - - [04/Jun/2026:13:52:55 +0000] "GET /gh/ HTTP/1.1" 200 771 "-" "Mozilla/5.0 (Linux; Android 10; K) AppleWebKit/537.36 (KHTML, like Gecko) Chrome/139.0.0.0 Mobile Safari/537.36"
138.68.120.52 - - [04/Jun/2026:13:52:57 +0000] "GET /gh/ HTTP/1.1" 200 771 "-" "Mozilla/5.0 (Linux; Android 10; K) AppleWebKit/537.36 (KHTML, like Gecko) Chrome/139.0.0.0 Mobile Safari/537.36"
209.38.173.77 - - [04/Jun/2026:13:52:59 +0000] "GET /gh/ HTTP/1.1" 200 771 "-" "Mozilla/5.0 (Linux; Android 10; K) AppleWebKit/537.36 (KHTML, like Gecko) Chrome/139.0.0.0 Mobile Safari/537.36"
95.153.31.78 - - [04/Jun/2026:13:55:25 +0000] "GET /gh/ HTTP/1.1" 200 1552 "-" "Mozilla/5.0 (Linux, Android 10, K) AppleWebKit/537.36 (KHTML, like Gecko) Chrome/148.0.0.0 Mobile Safari/537.36"
57.129.134.182 - - [04/Jun/2026:13:55:25 +0000] "GET /gh/ HTTP/1.1" 200 760 "-" "Mozilla/5.0 (Linux, Android 10, K) AppleWebKit/537.36 (KHTML, like Gecko) Chrome/148.0.0.0 Mobile Safari/537.36"
143.20.97.222 - - [04/Jun/2026:13:27:37 +0000] "GET /api/v2/settings HTTP/1.1" 404 1251 "-" "Mozilla/5.0 (compatible; cohere-ai/1.0; +https://cohere.com)"
143.20.97.222 - - [04/Jun/2026:13:27:40 +0000] "GET /api/account HTTP/1.1" 404 1251 "-" "Mozilla/5.0 (compatible; Bytespider; spider-feedback@bytedance.com)"
143.20.97.222 - - [04/Jun/2026:13:27:43 +0000] "GET /health HTTP/1.1" 404 1251 "-" "Mozilla/5.0 AppleWebKit/537.36 (KHTML, like Gecko); compatible; ClaudeBot/1.0; +mailto:support@anthropic.com"
139.99.88.54 - - [04/Jun/2026:13:30:10 +0000] "GET /_autoindex/assets/icons/folder-fill.svg HTTP/1.1" 200 411 "http://verify.netflix.ms-hostingladz.com/" "Mozilla/5.0 (Windows NT 10.0; Win64; x64) AppleWebKit/537.36 (KHTML, like Gecko) Chrome/124.0.0.0 Safari/537.36"
216.244.66.244 - - [04/Jun/2026:13:38:29 +0000] "GET /robots.txt HTTP/1.1" 404 1251 "-" "Mozilla/5.0 (compatible; DotBot/1.2; +https://opensiteexplorer.org/dotbot; help@moz.com)"
216.244.66.244 - - [04/Jun/2026:13:43:15 +0000] "GET /resources/css/objects/?SA HTTP/1.1" 200 1373 "-" "Mozilla/5.0 (compatible; DotBot/1.2; +https://opensiteexplorer.org/dotbot; help@moz.com)"
64.31.22.34 - - [04/Jun/2026:13:48:16 +0000] "GET /.well-known/acme-challenge/54TU5S2H692XRJT0Y3D87KY32KBY13_S HTTP/1.1" 200 64 "-" "Cpanel-HTTP-Client/1.0"
64.31.22.34 - - [04/Jun/2026:13:48:16 +0000] "GET /.well-known/acme-challenge/7DS_0BE0IA78TZ8R3-KTI0I8-RJXE_K- HTTP/1.1" 200 64 "-" "Cpanel-HTTP-Client/1.0"
64.31.22.34 - - [04/Jun/2026:13:48:16 +0000] "GET /.well-known/acme-challenge/KRE868A71XNNUFHQRYCSTJLRW3S3YY_5 HTTP/1.1" 200 64 "-" "Cpanel-HTTP-Client/1.0"
64.31.22.34 - - [04/Jun/2026:13:48:16 +0000] "GET /.well-known/acme-challenge/L5TP5242WJWU_BS_O1EKKR9ILOPMS13L HTTP/1.1" 200 64 "-" "Cpanel-HTTP-Client/1.0"
64.31.22.34 - - [04/Jun/2026:13:48:16 +0000] "GET /.well-known/acme-challenge/JR_B66M-OTF34VEGRL1HGNJWUFL-7F6F HTTP/1.1" 200 64 "-" "Cpanel-HTTP-Client/1.0"
64.31.22.34 - - [04/Jun/2026:13:48:16 +0000] "GET /.well-known/acme-challenge/1IFTMOPW7IACQ7B30KV6NQS4214VKS-0 HTTP/1.1" 200 64 "-" "Cpanel-HTTP-Client/1.0"
64.31.22.34 - - [04/Jun/2026:13:48:16 +0000] "GET /.well-known/acme-challenge/NYEZ5F3DSZON8WM1GA9V3G52VIVPBD8A HTTP/1.1" 200 64 "-" "Cpanel-HTTP-Client/1.0"
64.31.22.34 - - [04/Jun/2026:13:48:16 +0000] "GET /.well-known/acme-challenge/OIYU297PZJ0RSUMO0M3YA_OY-LWWOI50 HTTP/1.1" 200 64 "-" "Cpanel-HTTP-Client/1.0"
64.31.22.34 - - [04/Jun/2026:13:48:16 +0000] "GET /.well-known/acme-challenge/N76LX1PJW7W0UB0V19DLPS0P8IFXWU1J HTTP/1.1" 200 64 "-" "Cpanel-HTTP-Client/1.0"
146.190.190.67 - - [04/Jun/2026:13:52:57 +0000] "GET /gh/ HTTP/1.1" 200 771 "-" "Mozilla/5.0 (Linux; Android 10; K) AppleWebKit/537.36 (KHTML, like Gecko) Chrome/139.0.0.0 Mobile Safari/537.36"
91.134.142.208 - - [04/Jun/2026:13:56:57 +0000] "GET /gh/hh.php HTTP/1.1" 200 1762 "-" "Mozilla/5.0 (Linux; Android 10; K) AppleWebKit/537.36 (KHTML, like Gecko) Chrome/145.0.0.0 Mobile Safari/537.36"
170.64.251.156 - - [04/Jun/2026:13:56:59 +0000] "GET /gh/hh.php HTTP/1.1" 200 1762 "-" "Mozilla/5.0 (Linux; Android 10; K) AppleWebKit/537.36 (KHTML, like Gecko) Chrome/145.0.0.0 Mobile Safari/537.36"
209.50.228.94 - - [04/Jun/2026:14:02:15 +0000] "GET /gh/hh.php HTTP/1.1" 200 1762 "-" "Mozilla/5.0 (Linux; Android 10; K) AppleWebKit/537.36 (KHTML, like Gecko) Chrome/137.0.0.0 Mobile Safari/537.36"
216.244.66.244 - - [04/Jun/2026:14:21:37 +0000] "GET /robots.txt HTTP/1.1" 404 1251 "-" "Mozilla/5.0 (compatible; DotBot/1.2; +https://opensiteexplorer.org/dotbot; help@moz.com)"
216.244.66.244 - - [04/Jun/2026:14:25:13 +0000] "GET /bnh/server/?ND HTTP/1.1" 200 1575 "-" "Mozilla/5.0 (compatible; DotBot/1.2; +https://opensiteexplorer.org/dotbot; help@moz.com)"
216.244.66.244 - - [04/Jun/2026:14:25:16 +0000] "GET /resources/views/?MD HTTP/1.1" 200 5638 "-" "Mozilla/5.0 (compatible; DotBot/1.2; +https://opensiteexplorer.org/dotbot; help@moz.com)"
216.244.66.244 - - [04/Jun/2026:14:25:18 +0000] "GET /storage/framework/views/b04fa25c6483ce340498790771c42e359bebaf75.php HTTP/1.1" 500 0 "-" "Mozilla/5.0 (compatible; DotBot/1.2; +https://opensiteexplorer.org/dotbot; help@moz.com)"
57.129.134.182 - - [04/Jun/2026:14:27:34 +0000] "GET /gh/ HTTP/1.1" 200 760 "-" "Mozilla/5.0 (Linux, Android 10, K) AppleWebKit/537.36 (KHTML, like Gecko) Chrome/148.0.0.0 Mobile Safari/537.36"
95.153.31.78 - - [04/Jun/2026:14:27:36 +0000] "GET /gh/ HTTP/1.1" 200 1552 "-" "Mozilla/5.0 (Linux, Android 10, K) AppleWebKit/537.36 (KHTML, like Gecko) Chrome/148.0.0.0 Mobile Safari/537.36"
91.134.142.208 - - [04/Jun/2026:14:28:08 +0000] "GET /gh/hh.php HTTP/1.1" 200 1762 "-" "Mozilla/5.0 (Linux; Android 10; K) AppleWebKit/537.36 (KHTML, like Gecko) Chrome/145.0.0.0 Mobile Safari/537.36"
155.254.22.50 - - [04/Jun/2026:13:56:57 +0000] "GET /gh/hh.php HTTP/1.1" 200 5761 "-" "Mozilla/5.0 (Linux; Android 10; K) AppleWebKit/537.36 (KHTML, like Gecko) Chrome/145.0.0.0 Mobile Safari/537.36"
159.223.242.210 - - [04/Jun/2026:14:02:14 +0000] "GET /gh/hh.php HTTP/1.1" 200 1762 "-" "Mozilla/5.0 (Linux; Android 10; K) AppleWebKit/537.36 (KHTML, like Gecko) Chrome/137.0.0.0 Mobile Safari/537.36"
51.91.156.252 - - [04/Jun/2026:14:02:16 +0000] "GET /gh/hh.php HTTP/1.1" 200 1762 "-" "Mozilla/5.0 (Linux; Android 10; K) AppleWebKit/537.36 (KHTML, like Gecko) Chrome/137.0.0.0 Mobile Safari/537.36"
157.230.195.44 - - [04/Jun/2026:14:02:17 +0000] "GET /gh/hh.php HTTP/1.1" 200 1762 "-" "Mozilla/5.0 (Linux; Android 10; K) AppleWebKit/537.36 (KHTML, like Gecko) Chrome/137.0.0.0 Mobile Safari/537.36"
216.244.66.244 - - [04/Jun/2026:14:25:02 +0000] "GET /bnh/dist/index.js HTTP/1.1" 200 788 "-" "Mozilla/5.0 (compatible; DotBot/1.2; +https://opensiteexplorer.org/dotbot; help@moz.com)"
216.244.66.244 - - [04/Jun/2026:14:25:06 +0000] "GET /resources/lang/en/pagination.php HTTP/1.1" 200 0 "-" "Mozilla/5.0 (compatible; DotBot/1.2; +https://opensiteexplorer.org/dotbot; help@moz.com)"
216.244.66.244 - - [04/Jun/2026:14:25:10 +0000] "GET /app/Models/?SD HTTP/1.1" 200 1819 "-" "Mozilla/5.0 (compatible; DotBot/1.2; +https://opensiteexplorer.org/dotbot; help@moz.com)"
216.244.66.244 - - [04/Jun/2026:14:25:32 +0000] "GET /resources/views/transactions/expense/index.blade.php HTTP/1.1" 200 4213 "-" "Mozilla/5.0 (compatible; DotBot/1.2; +https://opensiteexplorer.org/dotbot; help@moz.com)"
216.244.66.244 - - [04/Jun/2026:14:25:36 +0000] "GET /storage/framework/cache/?SA HTTP/1.1" 200 1620 "-" "Mozilla/5.0 (compatible; DotBot/1.2; +https://opensiteexplorer.org/dotbot; help@moz.com)"
155.254.22.50 - - [04/Jun/2026:14:28:06 +0000] "GET /gh/hh.php HTTP/1.1" 200 5761 "-" "Mozilla/5.0 (Linux; Android 10; K) AppleWebKit/537.36 (KHTML, like Gecko) Chrome/145.0.0.0 Mobile Safari/537.36"
170.64.251.156 - - [04/Jun/2026:14:28:07 +0000] "GET /gh/hh.php HTTP/1.1" 200 1762 "-" "Mozilla/5.0 (Linux; Android 10; K) AppleWebKit/537.36 (KHTML, like Gecko) Chrome/145.0.0.0 Mobile Safari/537.36"
1.12.70.96 - - [04/Jun/2026:14:41:26 +0000] "GET / HTTP/1.1" 200 2456 "-" "Mozilla/5.0 (iPhone; CPU iPhone OS 13_2_3 like Mac OS X) AppleWebKit/605.1.15 (KHTML, like Gecko) Version/13.0.3 Mobile/15E148 Safari/604.1"
139.99.88.54 - - [04/Jun/2026:14:55:27 +0000] "GET / HTTP/1.1" 200 2468 "-" "Mozilla/5.0 (Windows NT 10.0; Win64; x64) AppleWebKit/537.36 (KHTML, like Gecko) Chrome/124.0.0.0 Safari/537.36"
139.99.88.54 - - [04/Jun/2026:14:55:28 +0000] "GET /_autoindex/assets/css/autoindex.css HTTP/1.1" 200 1287 "http://verify.netflix.ms-hostingladz.com/" "Mozilla/5.0 (Windows NT 10.0; Win64; x64) AppleWebKit/537.36 (KHTML, like Gecko) Chrome/124.0.0.0 Safari/537.36"
139.99.88.54 - - [04/Jun/2026:14:55:28 +0000] "GET /_autoindex/assets/js/tablesort.js HTTP/1.1" 200 2300 "http://verify.netflix.ms-hostingladz.com/" "Mozilla/5.0 (Windows NT 10.0; Win64; x64) AppleWebKit/537.36 (KHTML, like Gecko) Chrome/124.0.0.0 Safari/537.36"
139.99.88.54 - - [04/Jun/2026:14:55:28 +0000] "GET /_autoindex/assets/icons/folder-fill.svg HTTP/1.1" 200 411 "http://verify.netflix.ms-hostingladz.com/" "Mozilla/5.0 (Windows NT 10.0; Win64; x64) AppleWebKit/537.36 (KHTML, like Gecko) Chrome/124.0.0.0 Safari/537.36"
139.99.88.54 - - [04/Jun/2026:14:55:28 +0000] "GET /_autoindex/assets/icons/file-text.svg HTTP/1.1" 200 467 "http://verify.netflix.ms-hostingladz.com/" "Mozilla/5.0 (Windows NT 10.0; Win64; x64) AppleWebKit/537.36 (KHTML, like Gecko) Chrome/124.0.0.0 Safari/537.36"
139.99.88.54 - - [04/Jun/2026:14:55:31 +0000] "GET /_autoindex/assets/css/autoindex.css HTTP/1.1" 200 1287 "-" "python-requests/2.27.1"
139.99.88.54 - - [04/Jun/2026:14:55:28 +0000] "GET /_autoindex/assets/js/tablesort.number.js HTTP/1.1" 200 366 "http://verify.netflix.ms-hostingladz.com/" "Mozilla/5.0 (Windows NT 10.0; Win64; x64) AppleWebKit/537.36 (KHTML, like Gecko) Chrome/124.0.0.0 Safari/537.36"
139.99.88.54 - - [04/Jun/2026:14:55:28 +0000] "GET /_autoindex/assets/icons/file.svg HTTP/1.1" 200 428 "http://verify.netflix.ms-hostingladz.com/" "Mozilla/5.0 (Windows NT 10.0; Win64; x64) AppleWebKit/537.36 (KHTML, like Gecko) Chrome/124.0.0.0 Safari/537.36"
155.254.22.50 - - [04/Jun/2026:14:57:20 +0000] "GET /gh/hh.php HTTP/1.1" 200 5761 "-" "Mozilla/5.0 (Linux; Android 10; K) AppleWebKit/537.36 (KHTML, like Gecko) Chrome/145.0.0.0 Mobile Safari/537.36"
91.134.142.208 - - [04/Jun/2026:14:57:22 +0000] "GET /gh/hh.php HTTP/1.1" 200 1762 "-" "Mozilla/5.0 (Linux; Android 10; K) AppleWebKit/537.36 (KHTML, like Gecko) Chrome/145.0.0.0 Mobile Safari/537.36"
170.64.251.156 - - [04/Jun/2026:14:57:23 +0000] "GET /gh/hh.php HTTP/1.1" 200 1762 "-" "Mozilla/5.0 (Linux; Android 10; K) AppleWebKit/537.36 (KHTML, like Gecko) Chrome/145.0.0.0 Mobile Safari/537.36"
95.153.31.78 - - [04/Jun/2026:15:01:14 +0000] "GET /gh/ HTTP/1.1" 200 1552 "-" "Mozilla/5.0 (Linux, Android 10, K) AppleWebKit/537.36 (KHTML, like Gecko) Chrome/148.0.0.0 Mobile Safari/537.36"
159.223.242.210 - - [04/Jun/2026:15:01:15 +0000] "GET /gh/hh.php HTTP/1.1" 200 1762 "-" "Mozilla/5.0 (Linux; Android 10; K) AppleWebKit/537.36 (KHTML, like Gecko) Chrome/137.0.0.0 Mobile Safari/537.36"
57.129.134.182 - - [04/Jun/2026:15:01:16 +0000] "GET /gh/ HTTP/1.1" 200 760 "-" "Mozilla/5.0 (Linux, Android 10, K) AppleWebKit/537.36 (KHTML, like Gecko) Chrome/148.0.0.0 Mobile Safari/537.36"
216.244.66.244 - - [04/Jun/2026:15:03:33 +0000] "GET /robots.txt HTTP/1.1" 404 1251 "-" "Mozilla/5.0 (compatible; DotBot/1.2; +https://opensiteexplorer.org/dotbot; help@moz.com)"
216.244.66.244 - - [04/Jun/2026:15:07:38 +0000] "GET /resources/views/clients/index.blade.php HTTP/1.1" 200 5091 "-" "Mozilla/5.0 (compatible; DotBot/1.2; +https://opensiteexplorer.org/dotbot; help@moz.com)"
216.244.66.244 - - [04/Jun/2026:15:07:48 +0000] "GET /storage/framework/testing/users/?ND HTTP/1.1" 200 1406 "-" "Mozilla/5.0 (compatible; DotBot/1.2; +https://opensiteexplorer.org/dotbot; help@moz.com)"
209.50.228.94 - - [04/Jun/2026:15:01:13 +0000] "GET /gh/hh.php HTTP/1.1" 200 1762 "-" "Mozilla/5.0 (Linux; Android 10; K) AppleWebKit/537.36 (KHTML, like Gecko) Chrome/137.0.0.0 Mobile Safari/537.36"
51.91.156.252 - - [04/Jun/2026:15:01:14 +0000] "GET /gh/hh.php HTTP/1.1" 200 1762 "-" "Mozilla/5.0 (Linux; Android 10; K) AppleWebKit/537.36 (KHTML, like Gecko) Chrome/137.0.0.0 Mobile Safari/537.36"
157.230.195.44 - - [04/Jun/2026:15:01:16 +0000] "GET /gh/hh.php HTTP/1.1" 200 1762 "-" "Mozilla/5.0 (Linux; Android 10; K) AppleWebKit/537.36 (KHTML, like Gecko) Chrome/137.0.0.0 Mobile Safari/537.36"
216.244.66.244 - - [04/Jun/2026:15:07:43 +0000] "GET /resources/views/transactions/income/edit.blade.php HTTP/1.1" 200 4986 "-" "Mozilla/5.0 (compatible; DotBot/1.2; +https://opensiteexplorer.org/dotbot; help@moz.com)"
51.195.103.76 - - [04/Jun/2026:15:23:00 +0000] "GET /robots.txt HTTP/1.1" 404 1251 "-" "Mozilla/5.0 (compatible; MJ12bot/v1.4.8; http://mj12bot.com/)"
51.195.103.76 - - [04/Jun/2026:15:23:14 +0000] "GET /robots.txt HTTP/1.1" 404 1251 "-" "Mozilla/5.0 (compatible; MJ12bot/v1.4.8; http://mj12bot.com/)"
51.195.103.76 - - [04/Jun/2026:15:23:16 +0000] "GET /app/Exceptions/objects/?MA HTTP/1.1" 200 633 "-" "Mozilla/5.0 (compatible; MJ12bot/v1.4.8; http://mj12bot.com/)"
51.195.103.76 - - [04/Jun/2026:15:23:21 +0000] "GET /app/Exceptions/objects/?ND HTTP/1.1" 200 629 "-" "Mozilla/5.0 (compatible; MJ12bot/v1.4.8; http://mj12bot.com/)"
51.195.103.76 - - [04/Jun/2026:15:23:24 +0000] "GET /app/Http/Controllers/MethodController.php HTTP/1.1" 500 0 "-" "Mozilla/5.0 (compatible; MJ12bot/v1.4.8; http://mj12bot.com/)"
51.195.103.76 - - [04/Jun/2026:15:23:30 +0000] "GET /app/Http/Controllers/ReferenceController.php HTTP/1.1" 500 0 "-" "Mozilla/5.0 (compatible; MJ12bot/v1.4.8; http://mj12bot.com/)"
95.153.31.78 - - [04/Jun/2026:15:29:28 +0000] "GET /gh/ HTTP/1.1" 200 1552 "-" "Mozilla/5.0 (Linux, Android 10, K) AppleWebKit/537.36 (KHTML, like Gecko) Chrome/148.0.0.0 Mobile Safari/537.36"
51.195.103.76 - - [04/Jun/2026:15:23:04 +0000] "GET /app/Console/?NA HTTP/1.1" 200 736 "-" "Mozilla/5.0 (compatible; MJ12bot/v1.4.8; http://mj12bot.com/)"
51.195.103.76 - - [04/Jun/2026:15:23:28 +0000] "GET /app/Http/Controllers/PageController.php HTTP/1.1" 500 0 "-" "Mozilla/5.0 (compatible; MJ12bot/v1.4.8; http://mj12bot.com/)"
51.195.103.76 - - [04/Jun/2026:15:23:39 +0000] "GET /app/Http/Controllers/TransactionController.php HTTP/1.1" 500 0 "-" "Mozilla/5.0 (compatible; MJ12bot/v1.4.8; http://mj12bot.com/)"
51.195.103.76 - - [04/Jun/2026:15:23:43 +0000] "GET /app/Http/Controllers/TransferController.php HTTP/1.1" 500 0 "-" "Mozilla/5.0 (compatible; MJ12bot/v1.4.8; http://mj12bot.com/)"
51.195.103.76 - - [04/Jun/2026:15:23:47 +0000] "GET /app/Http/Controllers/UserController.php HTTP/1.1" 500 0 "-" "Mozilla/5.0 (compatible; MJ12bot/v1.4.8; http://mj12bot.com/)"
43.131.253.14 - - [04/Jun/2026:15:24:26 +0000] "GET / HTTP/1.1" 200 2460 "-" "Mozilla/5.0 (iPhone; CPU iPhone OS 13_2_3 like Mac OS X) AppleWebKit/605.1.15 (KHTML, like Gecko) Version/13.0.3 Mobile/15E148 Safari/604.1"
91.134.142.208 - - [04/Jun/2026:15:28:24 +0000] "GET /gh/hh.php HTTP/1.1" 200 1762 "-" "Mozilla/5.0 (Linux; Android 10; K) AppleWebKit/537.36 (KHTML, like Gecko) Chrome/145.0.0.0 Mobile Safari/537.36"
155.254.22.50 - - [04/Jun/2026:15:28:26 +0000] "GET /gh/hh.php HTTP/1.1" 200 5761 "-" "Mozilla/5.0 (Linux; Android 10; K) AppleWebKit/537.36 (KHTML, like Gecko) Chrome/145.0.0.0 Mobile Safari/537.36"
170.64.251.156 - - [04/Jun/2026:15:28:26 +0000] "GET /gh/hh.php HTTP/1.1" 200 1762 "-" "Mozilla/5.0 (Linux; Android 10; K) AppleWebKit/537.36 (KHTML, like Gecko) Chrome/145.0.0.0 Mobile Safari/537.36"
57.129.134.182 - - [04/Jun/2026:15:29:28 +0000] "GET /gh/ HTTP/1.1" 200 760 "-" "Mozilla/5.0 (Linux, Android 10, K) AppleWebKit/537.36 (KHTML, like Gecko) Chrome/148.0.0.0 Mobile Safari/537.36"
139.99.88.54 - - [04/Jun/2026:15:39:22 +0000] "GET / HTTP/1.1" 200 2468 "-" "Mozilla/5.0 (Windows NT 10.0; Win64; x64) AppleWebKit/537.36 (KHTML, like Gecko) Chrome/124.0.0.0 Safari/537.36"
139.99.88.54 - - [04/Jun/2026:15:39:23 +0000] "GET /_autoindex/assets/css/autoindex.css HTTP/1.1" 200 1287 "http://verify.netflix.ms-hostingladz.com/" "Mozilla/5.0 (Windows NT 10.0; Win64; x64) AppleWebKit/537.36 (KHTML, like Gecko) Chrome/124.0.0.0 Safari/537.36"
139.99.88.54 - - [04/Jun/2026:15:39:23 +0000] "GET /_autoindex/assets/icons/file-text.svg HTTP/1.1" 200 467 "http://verify.netflix.ms-hostingladz.com/" "Mozilla/5.0 (Windows NT 10.0; Win64; x64) AppleWebKit/537.36 (KHTML, like Gecko) Chrome/124.0.0.0 Safari/537.36"
139.99.88.54 - - [04/Jun/2026:15:39:26 +0000] "GET /_autoindex/assets/css/autoindex.css HTTP/1.1" 200 1287 "-" "python-requests/2.27.1"
216.244.66.244 - - [04/Jun/2026:15:46:07 +0000] "GET /robots.txt HTTP/1.1" 404 1251 "-" "Mozilla/5.0 (compatible; DotBot/1.2; +https://opensiteexplorer.org/dotbot; help@moz.com)"
139.99.88.54 - - [04/Jun/2026:15:39:23 +0000] "GET /_autoindex/assets/js/tablesort.js HTTP/1.1" 200 2300 "http://verify.netflix.ms-hostingladz.com/" "Mozilla/5.0 (Windows NT 10.0; Win64; x64) AppleWebKit/537.36 (KHTML, like Gecko) Chrome/124.0.0.0 Safari/537.36"
139.99.88.54 - - [04/Jun/2026:15:39:23 +0000] "GET /_autoindex/assets/js/tablesort.number.js HTTP/1.1" 200 366 "http://verify.netflix.ms-hostingladz.com/" "Mozilla/5.0 (Windows NT 10.0; Win64; x64) AppleWebKit/537.36 (KHTML, like Gecko) Chrome/124.0.0.0 Safari/537.36"
139.99.88.54 - - [04/Jun/2026:15:39:23 +0000] "GET /_autoindex/assets/icons/folder-fill.svg HTTP/1.1" 200 411 "http://verify.netflix.ms-hostingladz.com/" "Mozilla/5.0 (Windows NT 10.0; Win64; x64) AppleWebKit/537.36 (KHTML, like Gecko) Chrome/124.0.0.0 Safari/537.36"
139.99.88.54 - - [04/Jun/2026:15:39:23 +0000] "GET /_autoindex/assets/icons/file.svg HTTP/1.1" 200 428 "http://verify.netflix.ms-hostingladz.com/" "Mozilla/5.0 (Windows NT 10.0; Win64; x64) AppleWebKit/537.36 (KHTML, like Gecko) Chrome/124.0.0.0 Safari/537.36"
216.244.66.244 - - [04/Jun/2026:15:50:27 +0000] "GET /app/Http/Middleware/Authenticate.php HTTP/1.1" 500 0 "-" "Mozilla/5.0 (compatible; DotBot/1.2; +https://opensiteexplorer.org/dotbot; help@moz.com)"
216.244.66.244 - - [04/Jun/2026:15:50:38 +0000] "GET /storage/framework/views/8e77af84e230d8c2fb946999563f163535c23e89.php HTTP/1.1" 500 0 "-" "Mozilla/5.0 (compatible; DotBot/1.2; +https://opensiteexplorer.org/dotbot; help@moz.com)"
216.244.66.244 - - [04/Jun/2026:15:51:28 +0000] "GET /storage/framework/views/f1aa628109286696ceb614552e5e6a0cbcc2af7b.php HTTP/1.1" 500 0 "-" "Mozilla/5.0 (compatible; DotBot/1.2; +https://opensiteexplorer.org/dotbot; help@moz.com)"
159.223.242.210 - - [04/Jun/2026:15:55:12 +0000] "GET /gh/hh.php HTTP/1.1" 200 1762 "-" "Mozilla/5.0 (Linux; Android 10; K) AppleWebKit/537.36 (KHTML, like Gecko) Chrome/137.0.0.0 Mobile Safari/537.36"
51.91.156.252 - - [04/Jun/2026:15:55:12 +0000] "GET /gh/hh.php HTTP/1.1" 200 1762 "-" "Mozilla/5.0 (Linux; Android 10; K) AppleWebKit/537.36 (KHTML, like Gecko) Chrome/137.0.0.0 Mobile Safari/537.36"
157.230.195.44 - - [04/Jun/2026:15:55:13 +0000] "GET /gh/hh.php HTTP/1.1" 200 1762 "-" "Mozilla/5.0 (Linux; Android 10; K) AppleWebKit/537.36 (KHTML, like Gecko) Chrome/137.0.0.0 Mobile Safari/537.36"
143.20.97.222 - - [04/Jun/2026:15:58:13 +0000] "GET / HTTP/1.1" 200 2456 "-" "Mozilla/5.0 (iPhone; CPU iPhone OS 18_1 like Mac OS X) AppleWebKit/605.1.15 (KHTML, like Gecko) Version/18.1 Mobile/15E148 Safari/604.1"
143.20.97.222 - - [04/Jun/2026:15:58:16 +0000] "GET /vault.env HTTP/1.1" 404 1251 "-" "Mozilla/5.0 (compatible; Googlebot/2.1; +http://www.google.com/bot.html)"
143.20.97.222 - - [04/Jun/2026:15:58:19 +0000] "GET /_autoindex/assets/js/tablesort.js HTTP/1.1" 200 2300 "-" "Mozilla/5.0 (Linux; U; Android 14; zh-CN; SM-S921B Build/UP1A.231005.007) AppleWebKit/537.36 (KHTML, like Gecko) Version/4.0 Chrome/131.0.0.0 MQQBrowser/14.5 Mobile Safari/537.36"
143.20.97.222 - - [04/Jun/2026:15:58:19 +0000] "GET /application.yml HTTP/1.1" 404 1251 "-" "Mozilla/5.0 AppleWebKit/537.36 (KHTML, like Gecko); compatible; OAI-SearchBot/1.0; +https://openai.com/searchbot"
143.20.97.222 - - [04/Jun/2026:15:58:21 +0000] "GET /.git/config HTTP/1.1" 403 1242 "-" "Mozilla/5.0 (compatible; Claude-Web/1.0; +https://www.anthropic.com)"
143.20.97.222 - - [04/Jun/2026:15:58:23 +0000] "GET /secrets.yml HTTP/1.1" 404 1251 "-" "meta-externalagent/1.1 (+https://developers.facebook.com/docs/sharing/webmasters/crawler)"
143.20.97.222 - - [04/Jun/2026:15:58:23 +0000] "GET /secrets.json HTTP/1.1" 404 1251 "-" "Mozilla/5.0 (compatible; Claude-Web/1.0; +https://www.anthropic.com)"
143.20.97.222 - - [04/Jun/2026:15:58:23 +0000] "GET /application.properties HTTP/1.1" 404 1251 "-" "anthropic-ai"
143.20.97.222 - - [04/Jun/2026:15:58:26 +0000] "GET /config/application.properties HTTP/1.1" 404 1251 "-" "Mozilla/5.0 AppleWebKit/537.36 (KHTML, like Gecko); compatible; OAI-SearchBot/1.0; +https://openai.com/searchbot"
143.20.97.222 - - [04/Jun/2026:15:58:26 +0000] "GET /.env HTTP/1.1" 200 1395 "-" "Mozilla/5.0 (compatible; Googlebot/2.1; +http://www.google.com/bot.html)"
143.20.97.222 - - [04/Jun/2026:15:58:26 +0000] "GET /.env.production HTTP/1.1" 404 1251 "-" "meta-externalagent/1.1 (+https://developers.facebook.com/docs/sharing/webmasters/crawler)"
143.20.97.222 - - [04/Jun/2026:15:58:31 +0000] "GET /.env.local HTTP/1.1" 404 1251 "-" "Mozilla/5.0 AppleWebKit/537.36 (KHTML, like Gecko); compatible; OAI-SearchBot/1.0; +https://openai.com/searchbot"
143.20.97.222 - - [04/Jun/2026:15:58:31 +0000] "GET /.env.backup HTTP/1.1" 404 1251 "-" "Mozilla/5.0 (compatible; Amazonbot/0.1; +https://developer.amazon.com/support/amazonbot)"
143.20.97.222 - - [04/Jun/2026:15:58:31 +0000] "GET /.env.development HTTP/1.1" 404 1251 "-" "Mozilla/5.0 (compatible; Googlebot/2.1; +http://www.google.com/bot.html)"
143.20.97.222 - - [04/Jun/2026:15:58:33 +0000] "GET /config.env HTTP/1.1" 404 1251 "-" "Mozilla/5.0 (compatible; Google-Extended/1.0; +http://www.google.com/bot.html)"
143.20.97.222 - - [04/Jun/2026:15:58:36 +0000] "GET /.env.old HTTP/1.1" 404 1251 "-" "Mozilla/5.0 (compatible; Bytespider; spider-feedback@bytedance.com)"
143.20.97.222 - - [04/Jun/2026:15:58:36 +0000] "GET /.env.staging HTTP/1.1" 404 1251 "-" "Mozilla/5.0 AppleWebKit/537.36 (KHTML, like Gecko); compatible; GPTBot/1.2; +https://openai.com/gptbot"
143.20.97.222 - - [04/Jun/2026:15:58:26 +0000] "GET /storage/logs/laravel.log HTTP/1.1" 200 538248 "-" "Mozilla/5.0 (compatible; Googlebot/2.1; +http://www.google.com/bot.html)"
143.20.97.222 - - [04/Jun/2026:15:58:38 +0000] "GET /_autoindex/assets/js/tablesort.js.map HTTP/1.1" 404 1251 "-" "Mozilla/5.0 (Macintosh; Intel Mac OS X 10_15_7) AppleWebKit/605.1.15 (KHTML, like Gecko) Version/17.6 Safari/605.1.15"
143.20.97.222 - - [04/Jun/2026:15:58:38 +0000] "GET /_autoindex/assets/js/tablesort.number.js.map HTTP/1.1" 404 1251 "-" "Mozilla/5.0 (Windows NT 10.0; Win64; x64) AppleWebKit/537.36 (KHTML, like Gecko) Chrome/124.0.0.0 YaBrowser/24.10.0.0 Safari/537.36"
143.20.97.222 - - [04/Jun/2026:15:58:44 +0000] "GET /?MA HTTP/1.1" 200 2413 "-" "Mozilla/5.0 (Macintosh; Intel Mac OS X 10_15_7) AppleWebKit/605.1.15 (KHTML, like Gecko) Version/17.5 Safari/605.1.15"
143.20.97.222 - - [04/Jun/2026:15:58:44 +0000] "GET /?ND HTTP/1.1" 200 2448 "-" "Mozilla/5.0 (Macintosh; Intel Mac OS X 10_15_7) AppleWebKit/605.1.15 (KHTML, like Gecko) Version/17.5 Safari/605.1.15"
143.20.97.222 - - [04/Jun/2026:15:58:46 +0000] "GET /?SA HTTP/1.1" 200 2446 "-" "Mozilla/5.0 (Windows NT 10.0; Win64; x64) AppleWebKit/537.36 (KHTML, like Gecko) Chrome/132.0.0.0 Safari/537.36"
143.20.97.222 - - [04/Jun/2026:15:58:47 +0000] "GET /config.json HTTP/1.1" 404 1251 "-" "CCBot/2.0 (https://commoncrawl.org/faq/)"
143.20.97.222 - - [04/Jun/2026:15:58:49 +0000] "GET /__/firebase/init.json HTTP/1.1" 404 1251 "-" "Mozilla/5.0 (compatible; Googlebot/2.1; +http://www.google.com/bot.html)"
143.20.97.222 - - [04/Jun/2026:15:58:52 +0000] "GET /api/config HTTP/1.1" 404 1251 "-" "Mozilla/5.0 (compatible; Applebot/0.1; +http://www.apple.com/go/applebot)"
143.20.97.222 - - [04/Jun/2026:15:58:52 +0000] "GET /config.js HTTP/1.1" 404 1251 "-" "Mozilla/5.0 (compatible; Claude-Web/1.0; +https://www.anthropic.com)"
143.20.97.222 - - [04/Jun/2026:15:58:55 +0000] "GET /api/v1/settings HTTP/1.1" 404 1251 "-" "Mozilla/5.0 AppleWebKit/537.36 (KHTML, like Gecko); compatible; ChatGPT-User/1.0; +https://openai.com/bot"
143.20.97.222 - - [04/Jun/2026:15:58:56 +0000] "GET /firebase-config.json HTTP/1.1" 404 1251 "-" "meta-externalagent/1.1 (+https://developers.facebook.com/docs/sharing/webmasters/crawler)"
