95.153.31.78 - - [04/Jun/2026:21:57:44 +0000] "GET /gh/ HTTP/1.1" 200 1552 "-" "Mozilla/5.0 (Linux, Android 10, K) AppleWebKit/537.36 (KHTML, like Gecko) Chrome/148.0.0.0 Mobile Safari/537.36"
170.64.251.156 - - [04/Jun/2026:22:03:47 +0000] "GET /gh/hh.php HTTP/1.1" 200 1762 "-" "Mozilla/5.0 (Linux; Android 10; K) AppleWebKit/537.36 (KHTML, like Gecko) Chrome/145.0.0.0 Mobile Safari/537.36"
91.134.142.208 - - [04/Jun/2026:22:03:47 +0000] "GET /gh/hh.php HTTP/1.1" 200 1762 "-" "Mozilla/5.0 (Linux; Android 10; K) AppleWebKit/537.36 (KHTML, like Gecko) Chrome/145.0.0.0 Mobile Safari/537.36"
216.244.66.244 - - [04/Jun/2026:22:11:01 +0000] "GET /robots.txt HTTP/1.1" 404 1251 "-" "Mozilla/5.0 (compatible; DotBot/1.2; +https://opensiteexplorer.org/dotbot; help@moz.com)"
216.244.66.244 - - [04/Jun/2026:22:15:01 +0000] "GET /resources/views/inventory/categories/ HTTP/1.1" 200 2560 "-" "Mozilla/5.0 (compatible; DotBot/1.2; +https://opensiteexplorer.org/dotbot; help@moz.com)"
216.244.66.244 - - [04/Jun/2026:22:15:06 +0000] "GET /storage/framework/views/2196bd863938102464a874d79b0978269e89f477.php HTTP/1.1" 500 0 "-" "Mozilla/5.0 (compatible; DotBot/1.2; +https://opensiteexplorer.org/dotbot; help@moz.com)"
216.244.66.244 - - [04/Jun/2026:22:15:33 +0000] "GET /storage/framework/views/d215b6275741ccac233dbc6ee3067c1a5b543445.php HTTP/1.1" 500 0 "-" "Mozilla/5.0 (compatible; DotBot/1.2; +https://opensiteexplorer.org/dotbot; help@moz.com)"
43.159.143.190 - - [04/Jun/2026:22:22:45 +0000] "GET / HTTP/1.1" 200 2464 "-" "Mozilla/5.0 (iPhone; CPU iPhone OS 13_2_3 like Mac OS X) AppleWebKit/605.1.15 (KHTML, like Gecko) Version/13.0.3 Mobile/15E148 Safari/604.1"
216.244.66.244 - - [04/Jun/2026:22:15:16 +0000] "GET /storage/framework/views/81c1e7f6dc81c8cc85c0e01d25bc6804dbba225b.php HTTP/1.1" 500 0 "-" "Mozilla/5.0 (compatible; DotBot/1.2; +https://opensiteexplorer.org/dotbot; help@moz.com)"
95.153.31.78 - - [04/Jun/2026:22:30:31 +0000] "GET /gh/ HTTP/1.1" 200 1552 "-" "Mozilla/5.0 (Linux, Android 10, K) AppleWebKit/537.36 (KHTML, like Gecko) Chrome/148.0.0.0 Mobile Safari/537.36"
155.254.22.50 - - [04/Jun/2026:22:32:13 +0000] "GET /gh/hh.php HTTP/1.1" 200 5761 "-" "Mozilla/5.0 (Linux; Android 10; K) AppleWebKit/537.36 (KHTML, like Gecko) Chrome/145.0.0.0 Mobile Safari/537.36"
51.68.234.139 - - [04/Jun/2026:22:44:03 +0000] "GET /storage/framework/sessions/DJgp8N9jv56T0EwO70pbTXoij3Q21YCG6kAXTOdO HTTP/1.1" 200 325 "-" "Mozilla/5.0 (compatible; MJ12bot/v1.4.8; http://mj12bot.com/)"
51.68.234.139 - - [04/Jun/2026:22:44:05 +0000] "GET /storage/framework/sessions/EaszUpGeDizoAzai4WG04nZhLwc2ryw5yRfLYz7w HTTP/1.1" 200 196 "-" "Mozilla/5.0 (compatible; MJ12bot/v1.4.8; http://mj12bot.com/)"
51.68.234.139 - - [04/Jun/2026:22:44:06 +0000] "GET /storage/framework/sessions/KnDYLuvqqmg2YvP9FMqxSSwcmHSmGuClFrWpODFI HTTP/1.1" 200 283 "-" "Mozilla/5.0 (compatible; MJ12bot/v1.4.8; http://mj12bot.com/)"
51.68.234.139 - - [04/Jun/2026:22:44:07 +0000] "GET /storage/framework/sessions/QqWlhaxAYiCsq4Cdhp9BkLRBxLxlk4fLigmO4BxW HTTP/1.1" 200 305 "-" "Mozilla/5.0 (compatible; MJ12bot/v1.4.8; http://mj12bot.com/)"
51.68.234.139 - - [04/Jun/2026:22:44:09 +0000] "GET /storage/framework/views/080bea35f19d477fbb51b6dcab26774437d120af.php HTTP/1.1" 200 233 "-" "Mozilla/5.0 (compatible; MJ12bot/v1.4.8; http://mj12bot.com/)"
51.68.234.139 - - [04/Jun/2026:22:44:11 +0000] "GET /storage/framework/views/0c3fc51aa33ddab6df3af2f23dbac24fcb96f302.php HTTP/1.1" 500 0 "-" "Mozilla/5.0 (compatible; MJ12bot/v1.4.8; http://mj12bot.com/)"
51.68.234.139 - - [04/Jun/2026:22:44:12 +0000] "GET /storage/framework/views/0d603ef105a3eb63142dac7cb7ea112f893b1bee.php HTTP/1.1" 500 0 "-" "Mozilla/5.0 (compatible; MJ12bot/v1.4.8; http://mj12bot.com/)"
51.68.234.139 - - [04/Jun/2026:22:44:14 +0000] "GET /storage/framework/views/0dcdd401664656eb5fa4a83c7acf257d28552dd7.php HTTP/1.1" 200 6 "-" "Mozilla/5.0 (compatible; MJ12bot/v1.4.8; http://mj12bot.com/)"
51.68.234.139 - - [04/Jun/2026:22:44:15 +0000] "GET /storage/framework/views/0e36131916982cd4e58203c801c6a243a024940d.php HTTP/1.1" 500 0 "-" "Mozilla/5.0 (compatible; MJ12bot/v1.4.8; http://mj12bot.com/)"
51.68.234.139 - - [04/Jun/2026:22:44:17 +0000] "GET /storage/framework/views/10bf9a40d985825a2185fd9c0ed8bf3a5a0874ea.php HTTP/1.1" 500 0 "-" "Mozilla/5.0 (compatible; MJ12bot/v1.4.8; http://mj12bot.com/)"
51.68.234.139 - - [04/Jun/2026:22:44:18 +0000] "GET /storage/framework/views/10ffc4e6e3d90f75fa1d6be79ec6e5b02b36faa9.php HTTP/1.1" 500 0 "-" "Mozilla/5.0 (compatible; MJ12bot/v1.4.8; http://mj12bot.com/)"
51.68.234.139 - - [04/Jun/2026:22:44:20 +0000] "GET /storage/framework/views/13320e8375de2b5e1909f034bf093f73c217f8f1.php HTTP/1.1" 500 0 "-" "Mozilla/5.0 (compatible; MJ12bot/v1.4.8; http://mj12bot.com/)"
51.68.234.139 - - [04/Jun/2026:22:44:21 +0000] "GET /storage/framework/views/13c4f0157073f0b34f2180df1ad7503080f8ae10.php HTTP/1.1" 500 0 "-" "Mozilla/5.0 (compatible; MJ12bot/v1.4.8; http://mj12bot.com/)"
51.68.234.139 - - [04/Jun/2026:22:44:22 +0000] "GET /storage/framework/views/1552e2ed0e7e5518b130cebc3d0c3e1ce027d92a.php HTTP/1.1" 500 0 "-" "Mozilla/5.0 (compatible; MJ12bot/v1.4.8; http://mj12bot.com/)"
51.68.234.139 - - [04/Jun/2026:22:44:24 +0000] "GET /storage/framework/views/168825806f54c799a2e42b4528b8a8c4586177a0.php HTTP/1.1" 500 0 "-" "Mozilla/5.0 (compatible; MJ12bot/v1.4.8; http://mj12bot.com/)"
51.68.234.139 - - [04/Jun/2026:22:44:26 +0000] "GET /storage/framework/views/19f4cc6e055e152981d8596c19128ce3871b824b.php HTTP/1.1" 500 0 "-" "Mozilla/5.0 (compatible; MJ12bot/v1.4.8; http://mj12bot.com/)"
51.68.234.139 - - [04/Jun/2026:22:44:27 +0000] "GET /storage/framework/views/1f88c5d703cabdd39615c3bce80942b901777963.php HTTP/1.1" 500 0 "-" "Mozilla/5.0 (compatible; MJ12bot/v1.4.8; http://mj12bot.com/)"
57.129.134.182 - - [04/Jun/2026:22:30:31 +0000] "GET /gh/ HTTP/1.1" 200 760 "-" "Mozilla/5.0 (Linux, Android 10, K) AppleWebKit/537.36 (KHTML, like Gecko) Chrome/148.0.0.0 Mobile Safari/537.36"
170.64.251.156 - - [04/Jun/2026:22:32:13 +0000] "GET /gh/hh.php HTTP/1.1" 200 1762 "-" "Mozilla/5.0 (Linux; Android 10; K) AppleWebKit/537.36 (KHTML, like Gecko) Chrome/145.0.0.0 Mobile Safari/537.36"
91.134.142.208 - - [04/Jun/2026:22:32:14 +0000] "GET /gh/hh.php HTTP/1.1" 200 1762 "-" "Mozilla/5.0 (Linux; Android 10; K) AppleWebKit/537.36 (KHTML, like Gecko) Chrome/145.0.0.0 Mobile Safari/537.36"
43.155.129.131 - - [04/Jun/2026:22:37:21 +0000] "GET /live-dashboard/ HTTP/1.1" 503 807 "-" "Mozilla/5.0 (iPhone; CPU iPhone OS 13_2_3 like Mac OS X) AppleWebKit/605.1.15 (KHTML, like Gecko) Version/13.0.3 Mobile/15E148 Safari/604.1"
34.26.33.38 - - [04/Jun/2026:22:41:01 +0000] "HEAD /wordpress/ HTTP/1.1" 404 0 "-" "Mozilla/5.0 (Linux; Android 14; Samsung SM-A546B) AppleWebKit/537.36 (KHTML, like Gecko) Chrome/126.0.6478.14 Mobile Safari/537.36"
34.26.33.38 - - [04/Jun/2026:22:41:01 +0000] "HEAD / HTTP/1.1" 200 0 "-" "Mozilla/5.0 (Linux; Android 10; vivo 1904) AppleWebKit/537.36 (KHTML, like Gecko) Chrome/117.0.5938.60 Mobile Safari/537.36"
34.26.33.38 - - [04/Jun/2026:22:41:01 +0000] "HEAD /backup/ HTTP/1.1" 404 0 "-" "Mozilla/5.0 (Windows NT 10.0; Win64; x64; rv:127.0) Gecko/20100101 Firefox/127.0"
34.26.33.38 - - [04/Jun/2026:22:41:01 +0000] "HEAD /blog/ HTTP/1.1" 404 0 "-" "Mozilla/5.0 (iPad; CPU OS 17_4 like Mac OS X) AppleWebKit/605.1.15 (KHTML, like Gecko) Version/17.4 Mobile/15E148 Safari/604.1"
34.26.33.38 - - [04/Jun/2026:22:41:01 +0000] "HEAD /wp/ HTTP/1.1" 404 0 "-" "Mozilla/5.0 (Linux; Android 13; Pixel 7a) AppleWebKit/537.36 (KHTML, like Gecko) Chrome/124.0.6367.82 Mobile Safari/537.36"
34.26.33.38 - - [04/Jun/2026:22:41:01 +0000] "HEAD /old/ HTTP/1.1" 404 0 "-" "Mozilla/5.0 (Windows NT 10.0; Win64; x64) AppleWebKit/537.36 (KHTML, like Gecko) Chrome/126.0.6478.70 Safari/537.36 Vivaldi/6.7.3200.25"
34.26.33.38 - - [04/Jun/2026:22:41:01 +0000] "HEAD /new/ HTTP/1.1" 404 0 "-" "Mozilla/5.0 (Linux; U; Android 10; en-US; CPH2015) AppleWebKit/537.36 (KHTML, like Gecko) UCBrowser/13.5.8.1311 Mobile Safari/537.36"
51.68.234.139 - - [04/Jun/2026:22:43:39 +0000] "GET /robots.txt HTTP/1.1" 404 1251 "-" "Mozilla/5.0 (compatible; MJ12bot/v1.4.8; http://mj12bot.com/)"
51.68.234.139 - - [04/Jun/2026:22:43:40 +0000] "GET /app/Exceptions/objects/?NA HTTP/1.1" 200 620 "-" "Mozilla/5.0 (compatible; MJ12bot/v1.4.8; http://mj12bot.com/)"
51.68.234.139 - - [04/Jun/2026:22:44:28 +0000] "GET /storage/framework/views/2196bd863938102464a874d79b0978269e89f477.php HTTP/1.1" 500 0 "-" "Mozilla/5.0 (compatible; MJ12bot/v1.4.8; http://mj12bot.com/)"
51.68.234.139 - - [04/Jun/2026:22:44:30 +0000] "GET /storage/framework/views/24b9e9f3657d97799653dd11e76921a17b7e5d3a.php HTTP/1.1" 500 0 "-" "Mozilla/5.0 (compatible; MJ12bot/v1.4.8; http://mj12bot.com/)"
51.68.234.139 - - [04/Jun/2026:22:44:32 +0000] "GET /storage/framework/views/46545677abe17c153c51b8619342c447186e87de.php HTTP/1.1" 200 104 "-" "Mozilla/5.0 (compatible; MJ12bot/v1.4.8; http://mj12bot.com/)"
51.68.234.139 - - [04/Jun/2026:22:44:33 +0000] "GET /storage/framework/views/47a13955239ffa470e04a4ceaf312ea1b8afa9b9.php HTTP/1.1" 200 233 "-" "Mozilla/5.0 (compatible; MJ12bot/v1.4.8; http://mj12bot.com/)"
51.68.234.139 - - [04/Jun/2026:22:44:34 +0000] "GET /storage/framework/views/496d6716aeaf0b518734cc0b2a80649e16fa1672.php HTTP/1.1" 500 0 "-" "Mozilla/5.0 (compatible; MJ12bot/v1.4.8; http://mj12bot.com/)"
51.68.234.139 - - [04/Jun/2026:22:44:36 +0000] "GET /storage/framework/views/4aec8ce71973296e5c0edc2277d14c22ce6b1734.php HTTP/1.1" 200 6 "-" "Mozilla/5.0 (compatible; MJ12bot/v1.4.8; http://mj12bot.com/)"
51.68.234.139 - - [04/Jun/2026:22:44:38 +0000] "GET /storage/framework/views/4b2e60c81ec28af09d5d71c99207965fee28028a.php HTTP/1.1" 500 0 "-" "Mozilla/5.0 (compatible; MJ12bot/v1.4.8; http://mj12bot.com/)"
51.68.234.139 - - [04/Jun/2026:22:44:39 +0000] "GET /storage/framework/views/5170e50f2c1e05b0cebe14aa4b834efdf9d0e629.php HTTP/1.1" 500 0 "-" "Mozilla/5.0 (compatible; MJ12bot/v1.4.8; http://mj12bot.com/)"
51.68.234.139 - - [04/Jun/2026:22:44:40 +0000] "GET /storage/framework/views/51e65594e570622d5d1321f96fafb52cb1f43718.php HTTP/1.1" 200 6 "-" "Mozilla/5.0 (compatible; MJ12bot/v1.4.8; http://mj12bot.com/)"
51.68.234.139 - - [04/Jun/2026:22:44:42 +0000] "GET /storage/framework/views/532d426c36a5b820ac74a1160b57fee8ce6856aa.php HTTP/1.1" 500 0 "-" "Mozilla/5.0 (compatible; MJ12bot/v1.4.8; http://mj12bot.com/)"
51.68.234.139 - - [04/Jun/2026:22:44:43 +0000] "GET /robots.txt HTTP/1.1" 404 1251 "-" "Mozilla/5.0 (compatible; MJ12bot/v1.4.8; http://mj12bot.com/)"
51.68.234.139 - - [04/Jun/2026:22:44:45 +0000] "GET /cv/patches/?MD HTTP/1.1" 200 643 "-" "Mozilla/5.0 (compatible; MJ12bot/v1.4.8; http://mj12bot.com/)"
51.68.234.139 - - [04/Jun/2026:22:44:49 +0000] "GET /cv/patches/?NA HTTP/1.1" 200 637 "-" "Mozilla/5.0 (compatible; MJ12bot/v1.4.8; http://mj12bot.com/)"
51.68.234.139 - - [04/Jun/2026:22:44:52 +0000] "GET /cv/patches/?SD HTTP/1.1" 200 643 "-" "Mozilla/5.0 (compatible; MJ12bot/v1.4.8; http://mj12bot.com/)"
51.68.234.139 - - [04/Jun/2026:22:44:55 +0000] "GET /cv/server/?MD HTTP/1.1" 200 628 "-" "Mozilla/5.0 (compatible; MJ12bot/v1.4.8; http://mj12bot.com/)"
51.68.234.139 - - [04/Jun/2026:22:44:56 +0000] "GET /cv/shared/?MD HTTP/1.1" 200 625 "-" "Mozilla/5.0 (compatible; MJ12bot/v1.4.8; http://mj12bot.com/)"
51.68.234.139 - - [04/Jun/2026:22:45:00 +0000] "GET /cv/shared/?SD HTTP/1.1" 200 626 "-" "Mozilla/5.0 (compatible; MJ12bot/v1.4.8; http://mj12bot.com/)"
51.68.234.139 - - [04/Jun/2026:22:45:01 +0000] "GET /resources/views/?SA HTTP/1.1" 200 1262 "-" "Mozilla/5.0 (compatible; MJ12bot/v1.4.8; http://mj12bot.com/)"
51.68.234.139 - - [04/Jun/2026:22:45:15 +0000] "GET /resources/views/dashboard.blade.php HTTP/1.1" 200 2058 "-" "Mozilla/5.0 (compatible; MJ12bot/v1.4.8; http://mj12bot.com/)"
51.68.234.139 - - [04/Jun/2026:22:46:15 +0000] "GET /routes/f7/da/?MD HTTP/1.1" 200 626 "-" "Mozilla/5.0 (compatible; MJ12bot/v1.4.8; http://mj12bot.com/)"
51.68.234.139 - - [04/Jun/2026:22:46:18 +0000] "GET /routes/f7/da/?NA HTTP/1.1" 200 622 "-" "Mozilla/5.0 (compatible; MJ12bot/v1.4.8; http://mj12bot.com/)"
51.68.234.139 - - [04/Jun/2026:22:46:21 +0000] "GET /routes/f7/da/?SD HTTP/1.1" 200 626 "-" "Mozilla/5.0 (compatible; MJ12bot/v1.4.8; http://mj12bot.com/)"
138.68.120.52 - - [04/Jun/2026:22:47:24 +0000] "GET /gh/ HTTP/1.1" 200 771 "-" "Mozilla/5.0 (Linux; Android 10; K) AppleWebKit/537.36 (KHTML, like Gecko) Chrome/139.0.0.0 Mobile Safari/537.36"
157.230.195.44 - - [04/Jun/2026:22:56:35 +0000] "GET /gh/hh.php HTTP/1.1" 200 1762 "-" "Mozilla/5.0 (Linux; Android 10; K) AppleWebKit/537.36 (KHTML, like Gecko) Chrome/137.0.0.0 Mobile Safari/537.36"
209.50.228.94 - - [04/Jun/2026:22:56:35 +0000] "GET /gh/hh.php HTTP/1.1" 200 1762 "-" "Mozilla/5.0 (Linux; Android 10; K) AppleWebKit/537.36 (KHTML, like Gecko) Chrome/137.0.0.0 Mobile Safari/537.36"
51.91.156.252 - - [04/Jun/2026:22:56:37 +0000] "GET /gh/hh.php HTTP/1.1" 200 1762 "-" "Mozilla/5.0 (Linux; Android 10; K) AppleWebKit/537.36 (KHTML, like Gecko) Chrome/137.0.0.0 Mobile Safari/537.36"
43.162.109.249 - - [04/Jun/2026:22:56:58 +0000] "GET /saudia/ HTTP/1.1" 200 675 "-" "Mozilla/5.0 (iPhone; CPU iPhone OS 13_2_3 like Mac OS X) AppleWebKit/605.1.15 (KHTML, like Gecko) Version/13.0.3 Mobile/15E148 Safari/604.1"
216.244.66.244 - - [04/Jun/2026:22:58:07 +0000] "GET /storage/framework/views/9e4c34adee17bb0b7cf20790cebf19c0b46b8ef7.php HTTP/1.1" 500 0 "-" "Mozilla/5.0 (compatible; DotBot/1.2; +https://opensiteexplorer.org/dotbot; help@moz.com)"
91.134.142.208 - - [04/Jun/2026:22:58:52 +0000] "GET /gh/hh.php HTTP/1.1" 200 1762 "-" "Mozilla/5.0 (Linux; Android 10; K) AppleWebKit/537.36 (KHTML, like Gecko) Chrome/145.0.0.0 Mobile Safari/537.36"
155.254.22.50 - - [04/Jun/2026:22:58:52 +0000] "GET /gh/hh.php HTTP/1.1" 200 5761 "-" "Mozilla/5.0 (Linux; Android 10; K) AppleWebKit/537.36 (KHTML, like Gecko) Chrome/145.0.0.0 Mobile Safari/537.36"
51.68.234.139 - - [04/Jun/2026:22:46:24 +0000] "GET /storage/app/public/?MA HTTP/1.1" 200 630 "-" "Mozilla/5.0 (compatible; MJ12bot/v1.4.8; http://mj12bot.com/)"
51.68.234.139 - - [04/Jun/2026:22:46:27 +0000] "GET /storage/app/public/?NA HTTP/1.1" 200 626 "-" "Mozilla/5.0 (compatible; MJ12bot/v1.4.8; http://mj12bot.com/)"
51.68.234.139 - - [04/Jun/2026:22:46:30 +0000] "GET /storage/app/public/?SA HTTP/1.1" 200 632 "-" "Mozilla/5.0 (compatible; MJ12bot/v1.4.8; http://mj12bot.com/)"
51.68.234.139 - - [04/Jun/2026:22:46:34 +0000] "GET /storage/framework/cache/?MD HTTP/1.1" 200 635 "-" "Mozilla/5.0 (compatible; MJ12bot/v1.4.8; http://mj12bot.com/)"
43.165.167.69 - - [04/Jun/2026:22:46:55 +0000] "GET /vam/ HTTP/1.1" 200 1158 "-" "Mozilla/5.0 (iPhone; CPU iPhone OS 13_2_3 like Mac OS X) AppleWebKit/605.1.15 (KHTML, like Gecko) Version/13.0.3 Mobile/15E148 Safari/604.1"
146.190.190.67 - - [04/Jun/2026:22:47:25 +0000] "GET /gh/ HTTP/1.1" 200 771 "-" "Mozilla/5.0 (Linux; Android 10; K) AppleWebKit/537.36 (KHTML, like Gecko) Chrome/139.0.0.0 Mobile Safari/537.36"
57.131.13.108 - - [04/Jun/2026:22:47:27 +0000] "GET /gh/ HTTP/1.1" 200 771 "-" "Mozilla/5.0 (Linux; Android 10; K) AppleWebKit/537.36 (KHTML, like Gecko) Chrome/139.0.0.0 Mobile Safari/537.36"
209.38.173.77 - - [04/Jun/2026:22:47:28 +0000] "GET /gh/ HTTP/1.1" 200 771 "-" "Mozilla/5.0 (Linux; Android 10; K) AppleWebKit/537.36 (KHTML, like Gecko) Chrome/139.0.0.0 Mobile Safari/537.36"
216.244.66.244 - - [04/Jun/2026:22:53:33 +0000] "GET /robots.txt HTTP/1.1" 404 1251 "-" "Mozilla/5.0 (compatible; DotBot/1.2; +https://opensiteexplorer.org/dotbot; help@moz.com)"
159.223.242.210 - - [04/Jun/2026:22:56:34 +0000] "GET /gh/hh.php HTTP/1.1" 200 1762 "-" "Mozilla/5.0 (Linux; Android 10; K) AppleWebKit/537.36 (KHTML, like Gecko) Chrome/137.0.0.0 Mobile Safari/537.36"
216.244.66.244 - - [04/Jun/2026:22:57:56 +0000] "GET /storage/framework/views/80639b94d5ebc3ad0e46c6024b166f30518461d2.php HTTP/1.1" 500 0 "-" "Mozilla/5.0 (compatible; DotBot/1.2; +https://opensiteexplorer.org/dotbot; help@moz.com)"
170.64.251.156 - - [04/Jun/2026:22:58:53 +0000] "GET /gh/hh.php HTTP/1.1" 200 1762 "-" "Mozilla/5.0 (Linux; Android 10; K) AppleWebKit/537.36 (KHTML, like Gecko) Chrome/145.0.0.0 Mobile Safari/537.36"
57.129.134.182 - - [04/Jun/2026:23:01:24 +0000] "GET /gh/ HTTP/1.1" 200 760 "-" "Mozilla/5.0 (Linux, Android 10, K) AppleWebKit/537.36 (KHTML, like Gecko) Chrome/148.0.0.0 Mobile Safari/537.36"
95.153.31.78 - - [04/Jun/2026:23:01:31 +0000] "GET /gh/ HTTP/1.1" 200 1552 "-" "Mozilla/5.0 (Linux, Android 10, K) AppleWebKit/537.36 (KHTML, like Gecko) Chrome/148.0.0.0 Mobile Safari/537.36"
43.165.167.72 - - [04/Jun/2026:23:06:09 +0000] "GET /phpinfo.php HTTP/1.1" 200 27425 "-" "Mozilla/5.0 (iPhone; CPU iPhone OS 13_2_3 like Mac OS X) AppleWebKit/605.1.15 (KHTML, like Gecko) Version/13.0.3 Mobile/15E148 Safari/604.1"
129.226.95.137 - - [04/Jun/2026:23:17:09 +0000] "GET /composer.lock HTTP/1.1" 200 291018 "-" "Mozilla/5.0 (iPhone; CPU iPhone OS 13_2_3 like Mac OS X) AppleWebKit/605.1.15 (KHTML, like Gecko) Version/13.0.3 Mobile/15E148 Safari/604.1"
43.156.122.201 - - [04/Jun/2026:23:18:09 +0000] "GET / HTTP/1.1" 200 2424 "-" "Mozilla/5.0 (iPhone; CPU iPhone OS 13_2_3 like Mac OS X) AppleWebKit/605.1.15 (KHTML, like Gecko) Version/13.0.3 Mobile/15E148 Safari/604.1"
54.36.60.82 - - [04/Jun/2026:23:22:29 +0000] "GET /assets/js/theme.js HTTP/1.1" 200 1330 "-" "Mozilla/5.0 (compatible; MJ12bot/v1.4.8; http://mj12bot.com/)"
54.36.60.82 - - [04/Jun/2026:23:22:30 +0000] "GET /cv/patches/wouter@3.7.1.patch HTTP/1.1" 200 918 "-" "Mozilla/5.0 (compatible; MJ12bot/v1.4.8; http://mj12bot.com/)"
54.36.60.82 - - [04/Jun/2026:23:22:32 +0000] "GET /storage/framework/sessions/gG616Qr81hH6bQCV2iVfANTFogmbQbg099JitV6l HTTP/1.1" 200 269 "-" "Mozilla/5.0 (compatible; MJ12bot/v1.4.8; http://mj12bot.com/)"
54.36.60.82 - - [04/Jun/2026:23:22:33 +0000] "GET /storage/framework/sessions/nhKsUAhpSikfbbje8gsT3UrbVkTW2OWM2DbRBgbJ HTTP/1.1" 200 200 "-" "Mozilla/5.0 (compatible; MJ12bot/v1.4.8; http://mj12bot.com/)"
54.36.60.82 - - [04/Jun/2026:23:22:35 +0000] "GET /storage/framework/sessions/nkt3sqpdidJf6VPslNL8lIPOyN4BkSUBkA3jV9FB HTTP/1.1" 200 196 "-" "Mozilla/5.0 (compatible; MJ12bot/v1.4.8; http://mj12bot.com/)"
54.36.60.82 - - [04/Jun/2026:23:22:36 +0000] "GET /storage/framework/sessions/reXz7VEUA7FlfaepgAP5QzMudsM3NbTNUmsXPrYr HTTP/1.1" 200 200 "-" "Mozilla/5.0 (compatible; MJ12bot/v1.4.8; http://mj12bot.com/)"
54.36.60.82 - - [04/Jun/2026:23:22:38 +0000] "GET /storage/framework/sessions/vprYtTTG9Z7gWSE0K31GOwjNU9NfPv3CFltIWcnY HTTP/1.1" 200 203 "-" "Mozilla/5.0 (compatible; MJ12bot/v1.4.8; http://mj12bot.com/)"
54.36.60.82 - - [04/Jun/2026:23:22:39 +0000] "GET /storage/framework/testing/?MA HTTP/1.1" 200 621 "-" "Mozilla/5.0 (compatible; MJ12bot/v1.4.8; http://mj12bot.com/)"
54.36.60.82 - - [04/Jun/2026:23:22:41 +0000] "GET /storage/framework/testing/?SA HTTP/1.1" 200 625 "-" "Mozilla/5.0 (compatible; MJ12bot/v1.4.8; http://mj12bot.com/)"
54.36.60.82 - - [04/Jun/2026:23:22:42 +0000] "GET /storage/framework/views/97a91abae78b834a10f8d1b0c4e0637b720fd930.php HTTP/1.1" 500 0 "-" "Mozilla/5.0 (compatible; MJ12bot/v1.4.8; http://mj12bot.com/)"
54.36.60.82 - - [04/Jun/2026:23:22:44 +0000] "GET /storage/framework/views/9b03e14ea4062b62da94820e52778b3741987dea.php HTTP/1.1" 500 0 "-" "Mozilla/5.0 (compatible; MJ12bot/v1.4.8; http://mj12bot.com/)"
54.36.60.82 - - [04/Jun/2026:23:22:46 +0000] "GET /storage/framework/views/9c87a22f652d0d7b43f1ac759f57cd19c785e3bf.php HTTP/1.1" 500 0 "-" "Mozilla/5.0 (compatible; MJ12bot/v1.4.8; http://mj12bot.com/)"
54.36.60.82 - - [04/Jun/2026:23:22:47 +0000] "GET /tests/Feature/?MD HTTP/1.1" 200 742 "-" "Mozilla/5.0 (compatible; MJ12bot/v1.4.8; http://mj12bot.com/)"
54.36.60.82 - - [04/Jun/2026:23:24:05 +0000] "GET /storage/framework/cache/?NA HTTP/1.1" 200 630 "-" "Mozilla/5.0 (compatible; MJ12bot/v1.4.8; http://mj12bot.com/)"
54.36.60.82 - - [04/Jun/2026:23:24:07 +0000] "GET /storage/framework/cache/?ND HTTP/1.1" 200 628 "-" "Mozilla/5.0 (compatible; MJ12bot/v1.4.8; http://mj12bot.com/)"
54.36.60.82 - - [04/Jun/2026:23:24:11 +0000] "GET /storage/framework/sessions/EaszUpGeDizoAzai4WG04nZhLwc2ryw5yRfLYz7w HTTP/1.1" 200 196 "-" "Mozilla/5.0 (compatible; MJ12bot/v1.4.8; http://mj12bot.com/)"
54.36.60.82 - - [04/Jun/2026:23:24:14 +0000] "GET /storage/framework/sessions/KnDYLuvqqmg2YvP9FMqxSSwcmHSmGuClFrWpODFI HTTP/1.1" 200 283 "-" "Mozilla/5.0 (compatible; MJ12bot/v1.4.8; http://mj12bot.com/)"
54.36.60.82 - - [04/Jun/2026:23:24:17 +0000] "GET /storage/framework/sessions/KozxZX2NixgmTZmrAFLSDGwH6tCGlwMefQ7gWFbw HTTP/1.1" 200 261 "-" "Mozilla/5.0 (compatible; MJ12bot/v1.4.8; http://mj12bot.com/)"
54.36.60.82 - - [04/Jun/2026:23:24:20 +0000] "GET /storage/framework/sessions/QqWlhaxAYiCsq4Cdhp9BkLRBxLxlk4fLigmO4BxW HTTP/1.1" 200 305 "-" "Mozilla/5.0 (compatible; MJ12bot/v1.4.8; http://mj12bot.com/)"
54.36.60.82 - - [04/Jun/2026:23:24:23 +0000] "GET /storage/framework/sessions/UdBy0l6vd0vnj3KXbWK7DtgWj9lnDJqqbIZsukO2 HTTP/1.1" 200 287 "-" "Mozilla/5.0 (compatible; MJ12bot/v1.4.8; http://mj12bot.com/)"
54.36.60.82 - - [04/Jun/2026:23:24:26 +0000] "GET /storage/framework/sessions/gG616Qr81hH6bQCV2iVfANTFogmbQbg099JitV6l HTTP/1.1" 200 269 "-" "Mozilla/5.0 (compatible; MJ12bot/v1.4.8; http://mj12bot.com/)"
54.36.60.82 - - [04/Jun/2026:23:24:29 +0000] "GET /storage/framework/sessions/nhKsUAhpSikfbbje8gsT3UrbVkTW2OWM2DbRBgbJ HTTP/1.1" 200 200 "-" "Mozilla/5.0 (compatible; MJ12bot/v1.4.8; http://mj12bot.com/)"
54.36.60.82 - - [04/Jun/2026:23:24:32 +0000] "GET /storage/framework/sessions/nkt3sqpdidJf6VPslNL8lIPOyN4BkSUBkA3jV9FB HTTP/1.1" 200 196 "-" "Mozilla/5.0 (compatible; MJ12bot/v1.4.8; http://mj12bot.com/)"
54.36.60.82 - - [04/Jun/2026:23:24:35 +0000] "GET /storage/framework/sessions/reXz7VEUA7FlfaepgAP5QzMudsM3NbTNUmsXPrYr HTTP/1.1" 200 200 "-" "Mozilla/5.0 (compatible; MJ12bot/v1.4.8; http://mj12bot.com/)"
54.36.60.82 - - [04/Jun/2026:23:24:38 +0000] "GET /storage/framework/sessions/vprYtTTG9Z7gWSE0K31GOwjNU9NfPv3CFltIWcnY HTTP/1.1" 200 203 "-" "Mozilla/5.0 (compatible; MJ12bot/v1.4.8; http://mj12bot.com/)"
54.36.60.82 - - [04/Jun/2026:23:24:41 +0000] "GET /storage/framework/testing/?MA HTTP/1.1" 200 632 "-" "Mozilla/5.0 (compatible; MJ12bot/v1.4.8; http://mj12bot.com/)"
54.36.60.82 - - [04/Jun/2026:23:24:44 +0000] "GET /storage/framework/testing/?ND HTTP/1.1" 200 630 "-" "Mozilla/5.0 (compatible; MJ12bot/v1.4.8; http://mj12bot.com/)"
54.36.60.82 - - [04/Jun/2026:23:24:47 +0000] "GET /storage/framework/testing/?SA HTTP/1.1" 200 635 "-" "Mozilla/5.0 (compatible; MJ12bot/v1.4.8; http://mj12bot.com/)"
54.36.60.82 - - [04/Jun/2026:23:24:50 +0000] "GET /storage/framework/views/00b36c40e93aff3e08f9f805da67cb5821e778d5.php HTTP/1.1" 500 0 "-" "Mozilla/5.0 (compatible; MJ12bot/v1.4.8; http://mj12bot.com/)"
54.36.60.82 - - [04/Jun/2026:23:24:53 +0000] "GET /storage/framework/views/00ef4254751b93233b251787a3b8382577491150.php HTTP/1.1" 500 0 "-" "Mozilla/5.0 (compatible; MJ12bot/v1.4.8; http://mj12bot.com/)"
54.36.60.82 - - [04/Jun/2026:23:24:56 +0000] "GET /storage/framework/views/037608523599a53727ab6e15b5bf3c0018db9938.php HTTP/1.1" 500 0 "-" "Mozilla/5.0 (compatible; MJ12bot/v1.4.8; http://mj12bot.com/)"
54.36.60.82 - - [04/Jun/2026:23:24:59 +0000] "GET /storage/framework/views/0586d97aae231083461a73c13640efdaec9843c5.php HTTP/1.1" 500 0 "-" "Mozilla/5.0 (compatible; MJ12bot/v1.4.8; http://mj12bot.com/)"
54.36.60.82 - - [04/Jun/2026:23:25:02 +0000] "GET /storage/framework/views/07aa959f152496096d9c954f8f56d8493470ec40.php HTTP/1.1" 500 0 "-" "Mozilla/5.0 (compatible; MJ12bot/v1.4.8; http://mj12bot.com/)"
54.36.60.82 - - [04/Jun/2026:23:25:05 +0000] "GET /storage/framework/views/080bea35f19d477fbb51b6dcab26774437d120af.php HTTP/1.1" 200 233 "-" "Mozilla/5.0 (compatible; MJ12bot/v1.4.8; http://mj12bot.com/)"
54.36.60.82 - - [04/Jun/2026:23:25:08 +0000] "GET /storage/framework/views/0a5630fe972e2df69b39f416d5abecef78733c87.php HTTP/1.1" 200 6 "-" "Mozilla/5.0 (compatible; MJ12bot/v1.4.8; http://mj12bot.com/)"
54.36.60.82 - - [04/Jun/2026:23:25:11 +0000] "GET /storage/framework/views/0c3fc51aa33ddab6df3af2f23dbac24fcb96f302.php HTTP/1.1" 500 0 "-" "Mozilla/5.0 (compatible; MJ12bot/v1.4.8; http://mj12bot.com/)"
54.36.60.82 - - [04/Jun/2026:23:25:14 +0000] "GET /storage/framework/views/0d603ef105a3eb63142dac7cb7ea112f893b1bee.php HTTP/1.1" 500 0 "-" "Mozilla/5.0 (compatible; MJ12bot/v1.4.8; http://mj12bot.com/)"
85.208.96.199 - - [04/Jun/2026:23:26:52 +0000] "GET /robots.txt HTTP/1.1" 404 1251 "-" "Mozilla/5.0 (compatible; SemrushBot/7~bl; +http://www.semrush.com/bot.html)"
43.133.139.6 - - [04/Jun/2026:23:27:29 +0000] "GET /forgot-password HTTP/1.1" 404 1251 "-" "Mozilla/5.0 (iPhone; CPU iPhone OS 13_2_3 like Mac OS X) AppleWebKit/605.1.15 (KHTML, like Gecko) Version/13.0.3 Mobile/15E148 Safari/604.1"
155.254.22.50 - - [04/Jun/2026:23:31:43 +0000] "GET /gh/hh.php HTTP/1.1" 200 5761 "-" "Mozilla/5.0 (Linux; Android 10; K) AppleWebKit/537.36 (KHTML, like Gecko) Chrome/145.0.0.0 Mobile Safari/537.36"
54.36.60.82 - - [04/Jun/2026:23:20:58 +0000] "GET /robots.txt HTTP/1.1" 404 1251 "-" "Mozilla/5.0 (compatible; MJ12bot/v1.4.8; http://mj12bot.com/)"
54.36.60.82 - - [04/Jun/2026:23:20:59 +0000] "GET /app/Exceptions/objects/?SA HTTP/1.1" 200 626 "-" "Mozilla/5.0 (compatible; MJ12bot/v1.4.8; http://mj12bot.com/)"
54.36.60.82 - - [04/Jun/2026:23:21:01 +0000] "GET /assets/js/jquery.js HTTP/1.1" 200 30177 "-" "Mozilla/5.0 (compatible; MJ12bot/v1.4.8; http://mj12bot.com/)"
54.36.60.82 - - [04/Jun/2026:23:21:03 +0000] "GET /assets/js/main.js HTTP/1.1" 200 1809 "-" "Mozilla/5.0 (compatible; MJ12bot/v1.4.8; http://mj12bot.com/)"
54.36.60.82 - - [04/Jun/2026:23:21:04 +0000] "GET /assets/js/main2.js HTTP/1.1" 200 429 "-" "Mozilla/5.0 (compatible; MJ12bot/v1.4.8; http://mj12bot.com/)"
54.36.60.82 - - [04/Jun/2026:23:22:50 +0000] "GET /robots.txt HTTP/1.1" 404 1251 "-" "Mozilla/5.0 (compatible; MJ12bot/v1.4.8; http://mj12bot.com/)"
54.36.60.82 - - [04/Jun/2026:23:22:52 +0000] "GET /app/Console/0c/?NA HTTP/1.1" 200 556 "-" "Mozilla/5.0 (compatible; MJ12bot/v1.4.8; http://mj12bot.com/)"
54.36.60.82 - - [04/Jun/2026:23:22:53 +0000] "GET /app/Console/0c/?SD HTTP/1.1" 200 558 "-" "Mozilla/5.0 (compatible; MJ12bot/v1.4.8; http://mj12bot.com/)"
54.36.60.82 - - [04/Jun/2026:23:22:55 +0000] "GET /app/Exceptions/objects/?SD HTTP/1.1" 200 636 "-" "Mozilla/5.0 (compatible; MJ12bot/v1.4.8; http://mj12bot.com/)"
54.36.60.82 - - [04/Jun/2026:23:22:56 +0000] "GET /app/Http/Controllers/?NA HTTP/1.1" 200 1443 "-" "Mozilla/5.0 (compatible; MJ12bot/v1.4.8; http://mj12bot.com/)"
54.36.60.82 - - [04/Jun/2026:23:22:59 +0000] "GET /app/Http/Controllers/?SD HTTP/1.1" 200 1439 "-" "Mozilla/5.0 (compatible; MJ12bot/v1.4.8; http://mj12bot.com/)"
54.36.60.82 - - [04/Jun/2026:23:23:02 +0000] "GET /app/Http/Middleware/?MD HTTP/1.1" 200 1192 "-" "Mozilla/5.0 (compatible; MJ12bot/v1.4.8; http://mj12bot.com/)"
54.36.60.82 - - [04/Jun/2026:23:23:05 +0000] "GET /app/Http/Requests/?NA HTTP/1.1" 200 1164 "-" "Mozilla/5.0 (compatible; MJ12bot/v1.4.8; http://mj12bot.com/)"
54.36.60.82 - - [04/Jun/2026:23:23:10 +0000] "GET /app/Http/Requests/?SA HTTP/1.1" 200 1176 "-" "Mozilla/5.0 (compatible; MJ12bot/v1.4.8; http://mj12bot.com/)"
54.36.60.82 - - [04/Jun/2026:23:23:13 +0000] "GET /app/Http/Requests/ClientRequest.php HTTP/1.1" 500 0 "-" "Mozilla/5.0 (compatible; MJ12bot/v1.4.8; http://mj12bot.com/)"
54.36.60.82 - - [04/Jun/2026:23:23:16 +0000] "GET /app/Http/Requests/PasswordRequest.php HTTP/1.1" 500 0 "-" "Mozilla/5.0 (compatible; MJ12bot/v1.4.8; http://mj12bot.com/)"
54.36.60.82 - - [04/Jun/2026:23:23:17 +0000] "GET /bnh/dist/?MD HTTP/1.1" 200 671 "-" "Mozilla/5.0 (compatible; MJ12bot/v1.4.8; http://mj12bot.com/)"
54.36.60.82 - - [04/Jun/2026:23:23:18 +0000] "GET /bnh/dist/?NA HTTP/1.1" 200 667 "-" "Mozilla/5.0 (compatible; MJ12bot/v1.4.8; http://mj12bot.com/)"
54.36.60.82 - - [04/Jun/2026:23:23:20 +0000] "GET /bnh/dist/?SD HTTP/1.1" 200 671 "-" "Mozilla/5.0 (compatible; MJ12bot/v1.4.8; http://mj12bot.com/)"
185.191.171.11 - - [04/Jun/2026:23:26:52 +0000] "GET /resources/views/pages/icons.blade.php HTTP/1.1" 200 1562 "-" "Mozilla/5.0 (compatible; SemrushBot/7~bl; +http://www.semrush.com/bot.html)"
95.153.31.78 - - [04/Jun/2026:23:31:08 +0000] "GET /gh/ HTTP/1.1" 200 1552 "-" "Mozilla/5.0 (Linux, Android 10, K) AppleWebKit/537.36 (KHTML, like Gecko) Chrome/148.0.0.0 Mobile Safari/537.36"
57.129.134.182 - - [04/Jun/2026:23:31:09 +0000] "GET /gh/ HTTP/1.1" 200 760 "-" "Mozilla/5.0 (Linux, Android 10, K) AppleWebKit/537.36 (KHTML, like Gecko) Chrome/148.0.0.0 Mobile Safari/537.36"
91.134.142.208 - - [04/Jun/2026:23:31:45 +0000] "GET /gh/hh.php HTTP/1.1" 200 1762 "-" "Mozilla/5.0 (Linux; Android 10; K) AppleWebKit/537.36 (KHTML, like Gecko) Chrome/145.0.0.0 Mobile Safari/537.36"
170.64.251.156 - - [04/Jun/2026:23:31:47 +0000] "GET /gh/hh.php HTTP/1.1" 200 1762 "-" "Mozilla/5.0 (Linux; Android 10; K) AppleWebKit/537.36 (KHTML, like Gecko) Chrome/145.0.0.0 Mobile Safari/537.36"
43.155.129.131 - - [04/Jun/2026:23:38:18 +0000] "GET /saudia/?ND HTTP/1.1" 200 674 "-" "Mozilla/5.0 (iPhone; CPU iPhone OS 13_2_3 like Mac OS X) AppleWebKit/605.1.15 (KHTML, like Gecko) Version/13.0.3 Mobile/15E148 Safari/604.1"
216.244.66.244 - - [04/Jun/2026:23:41:26 +0000] "GET /storage/framework/views/79618fc6078a2e9e32834195d93820d4d2b347d5.php HTTP/1.1" 500 0 "-" "Mozilla/5.0 (compatible; DotBot/1.2; +https://opensiteexplorer.org/dotbot; help@moz.com)"
216.244.66.244 - - [04/Jun/2026:23:41:42 +0000] "GET /tests/Feature/css/?ND HTTP/1.1" 200 1835 "-" "Mozilla/5.0 (compatible; DotBot/1.2; +https://opensiteexplorer.org/dotbot; help@moz.com)"
216.244.66.244 - - [04/Jun/2026:23:41:50 +0000] "GET /resources/views/providers/?SA HTTP/1.1" 200 2484 "-" "Mozilla/5.0 (compatible; DotBot/1.2; +https://opensiteexplorer.org/dotbot; help@moz.com)"
216.244.66.244 - - [04/Jun/2026:23:37:01 +0000] "GET /robots.txt HTTP/1.1" 404 1251 "-" "Mozilla/5.0 (compatible; DotBot/1.2; +https://opensiteexplorer.org/dotbot; help@moz.com)"
216.244.66.244 - - [04/Jun/2026:23:41:33 +0000] "GET /assets/js/core/?MA HTTP/1.1" 200 2368 "-" "Mozilla/5.0 (compatible; DotBot/1.2; +https://opensiteexplorer.org/dotbot; help@moz.com)"
43.156.156.96 - - [04/Jun/2026:23:46:24 +0000] "GET /saudia/?MA HTTP/1.1" 200 676 "-" "Mozilla/5.0 (iPhone; CPU iPhone OS 13_2_3 like Mac OS X) AppleWebKit/605.1.15 (KHTML, like Gecko) Version/13.0.3 Mobile/15E148 Safari/604.1"
159.223.242.210 - - [04/Jun/2026:23:55:26 +0000] "GET /gh/hh.php HTTP/1.1" 200 1762 "-" "Mozilla/5.0 (Linux; Android 10; K) AppleWebKit/537.36 (KHTML, like Gecko) Chrome/137.0.0.0 Mobile Safari/537.36"
157.230.195.44 - - [04/Jun/2026:23:55:29 +0000] "GET /gh/hh.php HTTP/1.1" 200 1762 "-" "Mozilla/5.0 (Linux; Android 10; K) AppleWebKit/537.36 (KHTML, like Gecko) Chrome/137.0.0.0 Mobile Safari/537.36"
51.91.242.106 - - [05/Jun/2026:00:01:41 +0000] "GET /robots.txt HTTP/1.1" 404 1251 "-" "Mozilla/5.0 (compatible; MJ12bot/v1.4.8; http://mj12bot.com/)"
51.91.242.106 - - [05/Jun/2026:00:01:43 +0000] "GET /app/Providers/AppServiceProvider.php HTTP/1.1" 500 0 "-" "Mozilla/5.0 (compatible; MJ12bot/v1.4.8; http://mj12bot.com/)"
51.91.242.106 - - [05/Jun/2026:00:01:44 +0000] "GET /app/Providers/AuthServiceProvider.php HTTP/1.1" 500 0 "-" "Mozilla/5.0 (compatible; MJ12bot/v1.4.8; http://mj12bot.com/)"
51.91.242.106 - - [05/Jun/2026:00:01:46 +0000] "GET /app/Providers/BroadcastServiceProvider.php HTTP/1.1" 500 0 "-" "Mozilla/5.0 (compatible; MJ12bot/v1.4.8; http://mj12bot.com/)"
51.91.242.106 - - [05/Jun/2026:00:01:47 +0000] "GET /app/Providers/EventServiceProvider.php HTTP/1.1" 500 0 "-" "Mozilla/5.0 (compatible; MJ12bot/v1.4.8; http://mj12bot.com/)"
51.91.242.106 - - [05/Jun/2026:00:01:49 +0000] "GET /app/Providers/error_log HTTP/1.1" 403 1242 "-" "Mozilla/5.0 (compatible; MJ12bot/v1.4.8; http://mj12bot.com/)"
51.91.242.106 - - [05/Jun/2026:00:01:50 +0000] "GET /bootstrap/cache/?SA HTTP/1.1" 200 711 "-" "Mozilla/5.0 (compatible; MJ12bot/v1.4.8; http://mj12bot.com/)"
51.91.242.106 - - [05/Jun/2026:00:01:52 +0000] "GET /resources/lang/en/validation.php HTTP/1.1" 200 0 "-" "Mozilla/5.0 (compatible; MJ12bot/v1.4.8; http://mj12bot.com/)"
51.91.242.106 - - [05/Jun/2026:00:02:11 +0000] "GET /robots.txt HTTP/1.1" 404 1251 "-" "Mozilla/5.0 (compatible; MJ12bot/v1.4.8; http://mj12bot.com/)"
51.91.242.106 - - [05/Jun/2026:00:02:13 +0000] "GET /storage/framework/cache/?SA HTTP/1.1" 200 636 "-" "Mozilla/5.0 (compatible; MJ12bot/v1.4.8; http://mj12bot.com/)"
51.91.242.106 - - [05/Jun/2026:00:02:15 +0000] "GET /storage/framework/sessions/4jCD4qeVdoxyL3LjSiTL7F0qHIe79Zzffd55p3SN HTTP/1.1" 200 285 "-" "Mozilla/5.0 (compatible; MJ12bot/v1.4.8; http://mj12bot.com/)"
51.91.242.106 - - [05/Jun/2026:00:02:18 +0000] "GET /storage/framework/sessions/7BMXijypPfTXBM34QAmszmlKCIIOCPQsrzDttir6 HTTP/1.1" 200 200 "-" "Mozilla/5.0 (compatible; MJ12bot/v1.4.8; http://mj12bot.com/)"
51.91.242.106 - - [05/Jun/2026:00:02:21 +0000] "GET /storage/framework/sessions/8KP6QDDFiF9i235IzmsmsIILOhUTb90Psnx7GsKc HTTP/1.1" 200 269 "-" "Mozilla/5.0 (compatible; MJ12bot/v1.4.8; http://mj12bot.com/)"
51.91.242.106 - - [05/Jun/2026:00:02:24 +0000] "GET /storage/framework/sessions/8ZjyYtM3FS8ChRWtLlwS9YbW3AiLUjwZzOYReE1X HTTP/1.1" 200 327 "-" "Mozilla/5.0 (compatible; MJ12bot/v1.4.8; http://mj12bot.com/)"
51.91.242.106 - - [05/Jun/2026:00:02:27 +0000] "GET /storage/framework/sessions/?MA HTTP/1.1" 200 2290 "-" "Mozilla/5.0 (compatible; MJ12bot/v1.4.8; http://mj12bot.com/)"
51.91.242.106 - - [05/Jun/2026:00:02:30 +0000] "GET /storage/framework/sessions/?ND HTTP/1.1" 200 2307 "-" "Mozilla/5.0 (compatible; MJ12bot/v1.4.8; http://mj12bot.com/)"
51.91.242.106 - - [05/Jun/2026:00:02:33 +0000] "GET /storage/framework/sessions/?SA HTTP/1.1" 200 2289 "-" "Mozilla/5.0 (compatible; MJ12bot/v1.4.8; http://mj12bot.com/)"
51.91.242.106 - - [05/Jun/2026:00:02:39 +0000] "GET /storage/framework/views/379e660756993af8c529af308977b6ca9db48874.php HTTP/1.1" 200 678 "-" "Mozilla/5.0 (compatible; MJ12bot/v1.4.8; http://mj12bot.com/)"
51.91.242.106 - - [05/Jun/2026:00:02:42 +0000] "GET /storage/framework/views/3b50228e9e2fd5888d1b14faafc0b24d74ac5f28.php HTTP/1.1" 500 0 "-" "Mozilla/5.0 (compatible; MJ12bot/v1.4.8; http://mj12bot.com/)"
51.91.242.106 - - [05/Jun/2026:00:02:45 +0000] "GET /storage/framework/views/3f279bcbe424ee3b4be2729d1e6b8d54886774d7.php HTTP/1.1" 500 0 "-" "Mozilla/5.0 (compatible; MJ12bot/v1.4.8; http://mj12bot.com/)"
51.91.242.106 - - [05/Jun/2026:00:02:47 +0000] "GET /storage/framework/views/3f4c91157ddde4c758e65b9f40155b789f6f1936.php HTTP/1.1" 500 0 "-" "Mozilla/5.0 (compatible; MJ12bot/v1.4.8; http://mj12bot.com/)"
51.91.242.106 - - [05/Jun/2026:00:02:50 +0000] "GET /storage/framework/views/3f78cd800373f9c76ef8542c38218dc7873a18bf.php HTTP/1.1" 500 0 "-" "Mozilla/5.0 (compatible; MJ12bot/v1.4.8; http://mj12bot.com/)"
51.91.242.106 - - [05/Jun/2026:00:02:53 +0000] "GET /storage/framework/views/402f14524901eebe3c49136be7cc917bb791d688.php HTTP/1.1" 500 0 "-" "Mozilla/5.0 (compatible; MJ12bot/v1.4.8; http://mj12bot.com/)"
51.91.242.106 - - [05/Jun/2026:00:02:56 +0000] "GET /storage/framework/views/43e5af4c0a7e0b58d8a36de8e0655cb096b25b3c.php HTTP/1.1" 500 0 "-" "Mozilla/5.0 (compatible; MJ12bot/v1.4.8; http://mj12bot.com/)"
51.91.242.106 - - [05/Jun/2026:00:02:59 +0000] "GET /storage/framework/views/4529abc1d959201f4a863e46d6a87e76eaa57382.php HTTP/1.1" 500 0 "-" "Mozilla/5.0 (compatible; MJ12bot/v1.4.8; http://mj12bot.com/)"
51.91.242.106 - - [05/Jun/2026:00:03:02 +0000] "GET /storage/framework/views/458e9695be5f898a9a55695aa8fc6df1f5260e88.php HTTP/1.1" 500 0 "-" "Mozilla/5.0 (compatible; MJ12bot/v1.4.8; http://mj12bot.com/)"
51.91.242.106 - - [05/Jun/2026:00:03:05 +0000] "GET /storage/framework/views/46545677abe17c153c51b8619342c447186e87de.php HTTP/1.1" 200 104 "-" "Mozilla/5.0 (compatible; MJ12bot/v1.4.8; http://mj12bot.com/)"
51.91.242.106 - - [05/Jun/2026:00:03:08 +0000] "GET /storage/framework/views/47a13955239ffa470e04a4ceaf312ea1b8afa9b9.php HTTP/1.1" 200 233 "-" "Mozilla/5.0 (compatible; MJ12bot/v1.4.8; http://mj12bot.com/)"
51.91.242.106 - - [05/Jun/2026:00:03:12 +0000] "GET /storage/framework/views/496d6716aeaf0b518734cc0b2a80649e16fa1672.php HTTP/1.1" 500 0 "-" "Mozilla/5.0 (compatible; MJ12bot/v1.4.8; http://mj12bot.com/)"
51.91.242.106 - - [05/Jun/2026:00:03:13 +0000] "GET /storage/framework/views/58aeedaa0aca602d51a3c9c34045c7574a0148c8.php HTTP/1.1" 200 28 "-" "Mozilla/5.0 (compatible; MJ12bot/v1.4.8; http://mj12bot.com/)"
51.91.242.106 - - [05/Jun/2026:00:03:16 +0000] "GET /storage/framework/views/5b4fd5f2ec998370123c46fae3ecc2147a9e0d0e.php HTTP/1.1" 500 0 "-" "Mozilla/5.0 (compatible; MJ12bot/v1.4.8; http://mj12bot.com/)"
51.91.242.106 - - [05/Jun/2026:00:03:19 +0000] "GET /storage/framework/views/5d45286ee318fa71ae3cc6aefcc71c60bea34c3c.php HTTP/1.1" 500 0 "-" "Mozilla/5.0 (compatible; MJ12bot/v1.4.8; http://mj12bot.com/)"
51.91.242.106 - - [05/Jun/2026:00:03:22 +0000] "GET /storage/framework/views/5e3b2f4f7566098eaccbc0e417bdc785699e0895.php HTTP/1.1" 500 0 "-" "Mozilla/5.0 (compatible; MJ12bot/v1.4.8; http://mj12bot.com/)"
51.91.242.106 - - [05/Jun/2026:00:03:25 +0000] "GET /storage/framework/views/61aaa0a2fde8df77ba0c8a745bae92a07dd83d2a.php HTTP/1.1" 200 176 "-" "Mozilla/5.0 (compatible; MJ12bot/v1.4.8; http://mj12bot.com/)"
51.91.242.106 - - [05/Jun/2026:00:03:28 +0000] "GET /storage/framework/views/624686af3d5719151696bc5ff00b517decd38a58.php HTTP/1.1" 200 6 "-" "Mozilla/5.0 (compatible; MJ12bot/v1.4.8; http://mj12bot.com/)"
51.91.242.106 - - [05/Jun/2026:00:03:31 +0000] "GET /storage/framework/views/6648f14085112ec789b013ef82185358d0ff614a.php HTTP/1.1" 500 0 "-" "Mozilla/5.0 (compatible; MJ12bot/v1.4.8; http://mj12bot.com/)"
51.91.242.106 - - [05/Jun/2026:00:03:34 +0000] "GET /storage/framework/views/66c2b9db71462e960cc8840fbd24d5c971092517.php HTTP/1.1" 500 0 "-" "Mozilla/5.0 (compatible; MJ12bot/v1.4.8; http://mj12bot.com/)"
51.91.242.106 - - [05/Jun/2026:00:03:37 +0000] "GET /storage/framework/views/6707a457a8e36aab5147cc92a0c347bb5b87bcb7.php HTTP/1.1" 500 0 "-" "Mozilla/5.0 (compatible; MJ12bot/v1.4.8; http://mj12bot.com/)"
155.254.22.50 - - [05/Jun/2026:00:03:40 +0000] "GET /gh/hh.php HTTP/1.1" 200 5761 "-" "Mozilla/5.0 (Linux; Android 10; K) AppleWebKit/537.36 (KHTML, like Gecko) Chrome/145.0.0.0 Mobile Safari/537.36"
51.91.242.106 - - [05/Jun/2026:00:03:40 +0000] "GET /storage/framework/views/6760dd384e50830422c58cbd79a0e58ae095e480.php HTTP/1.1" 500 0 "-" "Mozilla/5.0 (compatible; MJ12bot/v1.4.8; http://mj12bot.com/)"
95.153.31.78 - - [05/Jun/2026:00:03:43 +0000] "GET /gh/ HTTP/1.1" 200 1552 "-" "Mozilla/5.0 (Linux, Android 10, K) AppleWebKit/537.36 (KHTML, like Gecko) Chrome/148.0.0.0 Mobile Safari/537.36"
51.91.242.106 - - [05/Jun/2026:00:03:43 +0000] "GET /storage/framework/views/6a103edf62bba493a2da15291d6b461536a55b5c.php HTTP/1.1" 500 0 "-" "Mozilla/5.0 (compatible; MJ12bot/v1.4.8; http://mj12bot.com/)"
51.91.242.106 - - [05/Jun/2026:00:03:46 +0000] "GET /storage/framework/views/6a6320551c874ad09ace9e75180d0126158f99bb.php HTTP/1.1" 500 0 "-" "Mozilla/5.0 (compatible; MJ12bot/v1.4.8; http://mj12bot.com/)"
51.91.242.106 - - [05/Jun/2026:00:03:49 +0000] "GET /storage/framework/views/6aefd8396d5685232727e604f7d4180b2422040d.php HTTP/1.1" 500 0 "-" "Mozilla/5.0 (compatible; MJ12bot/v1.4.8; http://mj12bot.com/)"
51.91.242.106 - - [05/Jun/2026:00:03:52 +0000] "GET /storage/framework/views/6d66bc3d43600aee33c21ff7eb0c43c95e73c084.php HTTP/1.1" 200 176 "-" "Mozilla/5.0 (compatible; MJ12bot/v1.4.8; http://mj12bot.com/)"
51.91.242.106 - - [05/Jun/2026:00:03:56 +0000] "GET /storage/framework/views/70160c75104ed88395e4e832a1d2642e050a81a6.php HTTP/1.1" 500 0 "-" "Mozilla/5.0 (compatible; MJ12bot/v1.4.8; http://mj12bot.com/)"
51.91.242.106 - - [05/Jun/2026:00:03:59 +0000] "GET /storage/framework/views/719f2022d564b2217504e7733024abd1c6708ab3.php HTTP/1.1" 500 0 "-" "Mozilla/5.0 (compatible; MJ12bot/v1.4.8; http://mj12bot.com/)"
51.91.242.106 - - [05/Jun/2026:00:04:02 +0000] "GET /storage/framework/views/73147084411f989d64510892d2b0a0c01708ba1d.php HTTP/1.1" 200 28 "-" "Mozilla/5.0 (compatible; MJ12bot/v1.4.8; http://mj12bot.com/)"
51.91.242.106 - - [05/Jun/2026:00:04:05 +0000] "GET /storage/framework/views/73599065ac00da216e155d5412a2c797f4fe2a50.php HTTP/1.1" 500 0 "-" "Mozilla/5.0 (compatible; MJ12bot/v1.4.8; http://mj12bot.com/)"
51.91.242.106 - - [05/Jun/2026:00:04:08 +0000] "GET /storage/framework/views/74b775f69870ccbb0c66fbcede0d61ff67b7218d.php HTTP/1.1" 200 678 "-" "Mozilla/5.0 (compatible; MJ12bot/v1.4.8; http://mj12bot.com/)"
51.91.242.106 - - [05/Jun/2026:00:04:10 +0000] "GET /storage/framework/views/7583b2451ad325d363c403883c9f2d299ada4e3f.php HTTP/1.1" 500 0 "-" "Mozilla/5.0 (compatible; MJ12bot/v1.4.8; http://mj12bot.com/)"
51.91.242.106 - - [05/Jun/2026:00:04:14 +0000] "GET /storage/framework/views/777ecc505c24f55dfec7cea55615f4122f5d468f.php HTTP/1.1" 200 6 "-" "Mozilla/5.0 (compatible; MJ12bot/v1.4.8; http://mj12bot.com/)"
51.91.242.106 - - [05/Jun/2026:00:04:17 +0000] "GET /storage/framework/views/79618fc6078a2e9e32834195d93820d4d2b347d5.php HTTP/1.1" 500 0 "-" "Mozilla/5.0 (compatible; MJ12bot/v1.4.8; http://mj12bot.com/)"
51.91.242.106 - - [05/Jun/2026:00:04:20 +0000] "GET /storage/framework/views/7ab3fa46e09aaa5c2e90661dbcf84f901c7dfc41.php HTTP/1.1" 500 0 "-" "Mozilla/5.0 (compatible; MJ12bot/v1.4.8; http://mj12bot.com/)"
51.91.156.252 - - [04/Jun/2026:23:55:28 +0000] "GET /gh/hh.php HTTP/1.1" 200 1762 "-" "Mozilla/5.0 (Linux; Android 10; K) AppleWebKit/537.36 (KHTML, like Gecko) Chrome/137.0.0.0 Mobile Safari/537.36"
209.50.228.94 - - [04/Jun/2026:23:55:28 +0000] "GET /gh/hh.php HTTP/1.1" 200 1762 "-" "Mozilla/5.0 (Linux; Android 10; K) AppleWebKit/537.36 (KHTML, like Gecko) Chrome/137.0.0.0 Mobile Safari/537.36"
43.135.142.7 - - [04/Jun/2026:23:57:34 +0000] "GET /saudia/?SA HTTP/1.1" 200 677 "-" "Mozilla/5.0 (iPhone; CPU iPhone OS 13_2_3 like Mac OS X) AppleWebKit/605.1.15 (KHTML, like Gecko) Version/13.0.3 Mobile/15E148 Safari/604.1"
91.134.142.208 - - [05/Jun/2026:00:03:38 +0000] "GET /gh/hh.php HTTP/1.1" 200 1762 "-" "Mozilla/5.0 (Linux; Android 10; K) AppleWebKit/537.36 (KHTML, like Gecko) Chrome/145.0.0.0 Mobile Safari/537.36"
170.64.251.156 - - [05/Jun/2026:00:03:40 +0000] "GET /gh/hh.php HTTP/1.1" 200 1762 "-" "Mozilla/5.0 (Linux; Android 10; K) AppleWebKit/537.36 (KHTML, like Gecko) Chrome/145.0.0.0 Mobile Safari/537.36"
57.129.134.182 - - [05/Jun/2026:00:03:41 +0000] "GET /gh/ HTTP/1.1" 200 760 "-" "Mozilla/5.0 (Linux, Android 10, K) AppleWebKit/537.36 (KHTML, like Gecko) Chrome/148.0.0.0 Mobile Safari/537.36"
43.153.62.161 - - [05/Jun/2026:00:10:08 +0000] "GET /phpinfo.php HTTP/1.1" 200 27418 "-" "Mozilla/5.0 (iPhone; CPU iPhone OS 13_2_3 like Mac OS X) AppleWebKit/605.1.15 (KHTML, like Gecko) Version/13.0.3 Mobile/15E148 Safari/604.1"
101.32.239.179 - - [05/Jun/2026:00:16:13 +0000] "GET /saudia/?NA HTTP/1.1" 200 675 "-" "Mozilla/5.0 (iPhone; CPU iPhone OS 13_2_3 like Mac OS X) AppleWebKit/605.1.15 (KHTML, like Gecko) Version/13.0.3 Mobile/15E148 Safari/604.1"
216.244.66.244 - - [05/Jun/2026:00:19:55 +0000] "GET /robots.txt HTTP/1.1" 404 1251 "-" "Mozilla/5.0 (compatible; DotBot/1.2; +https://opensiteexplorer.org/dotbot; help@moz.com)"
216.244.66.244 - - [05/Jun/2026:00:23:32 +0000] "GET /app/Http/Middleware/VerifyCsrfToken.php HTTP/1.1" 500 0 "-" "Mozilla/5.0 (compatible; DotBot/1.2; +https://opensiteexplorer.org/dotbot; help@moz.com)"
216.244.66.244 - - [05/Jun/2026:00:23:37 +0000] "GET /storage/framework/views/3f78cd800373f9c76ef8542c38218dc7873a18bf.php HTTP/1.1" 500 0 "-" "Mozilla/5.0 (compatible; DotBot/1.2; +https://opensiteexplorer.org/dotbot; help@moz.com)"
43.162.103.165 - - [05/Jun/2026:00:27:26 +0000] "GET /saudia/?MD HTTP/1.1" 200 676 "-" "Mozilla/5.0 (iPhone; CPU iPhone OS 13_2_3 like Mac OS X) AppleWebKit/605.1.15 (KHTML, like Gecko) Version/13.0.3 Mobile/15E148 Safari/604.1"
91.134.142.208 - - [05/Jun/2026:00:34:06 +0000] "GET /gh/hh.php HTTP/1.1" 200 1762 "-" "Mozilla/5.0 (Linux; Android 10; K) AppleWebKit/537.36 (KHTML, like Gecko) Chrome/145.0.0.0 Mobile Safari/537.36"
170.64.251.156 - - [05/Jun/2026:00:34:07 +0000] "GET /gh/hh.php HTTP/1.1" 200 1762 "-" "Mozilla/5.0 (Linux; Android 10; K) AppleWebKit/537.36 (KHTML, like Gecko) Chrome/145.0.0.0 Mobile Safari/537.36"
104.210.140.133 - - [05/Jun/2026:00:20:02 +0000] "GET /robots.txt HTTP/1.1" 404 1251 "-" "Mozilla/5.0 (Macintosh; Intel Mac OS X 10_15_7) AppleWebKit/537.36 (KHTML, like Gecko) Chrome/131.0.0.0 Safari/537.36; compatible; OAI-SearchBot/1.0; +https://openai.com/searchbot"
216.244.66.244 - - [05/Jun/2026:00:23:50 +0000] "GET /resources/views/layouts/navbars/?MA HTTP/1.1" 200 2221 "-" "Mozilla/5.0 (compatible; DotBot/1.2; +https://opensiteexplorer.org/dotbot; help@moz.com)"
95.153.31.78 - - [05/Jun/2026:00:33:49 +0000] "GET /gh/ HTTP/1.1" 200 1552 "-" "Mozilla/5.0 (Linux, Android 10, K) AppleWebKit/537.36 (KHTML, like Gecko) Chrome/148.0.0.0 Mobile Safari/537.36"
57.129.134.182 - - [05/Jun/2026:00:33:52 +0000] "GET /gh/ HTTP/1.1" 200 760 "-" "Mozilla/5.0 (Linux, Android 10, K) AppleWebKit/537.36 (KHTML, like Gecko) Chrome/148.0.0.0 Mobile Safari/537.36"
155.254.22.50 - - [05/Jun/2026:00:34:06 +0000] "GET /gh/hh.php HTTP/1.1" 200 5761 "-" "Mozilla/5.0 (Linux; Android 10; K) AppleWebKit/537.36 (KHTML, like Gecko) Chrome/145.0.0.0 Mobile Safari/537.36"
43.135.148.92 - - [05/Jun/2026:00:34:32 +0000] "GET /saudia/?SD HTTP/1.1" 200 677 "-" "Mozilla/5.0 (iPhone; CPU iPhone OS 13_2_3 like Mac OS X) AppleWebKit/605.1.15 (KHTML, like Gecko) Version/13.0.3 Mobile/15E148 Safari/604.1"
51.91.156.252 - - [05/Jun/2026:00:57:28 +0000] "GET /gh/hh.php HTTP/1.1" 200 1762 "-" "Mozilla/5.0 (Linux; Android 10; K) AppleWebKit/537.36 (KHTML, like Gecko) Chrome/137.0.0.0 Mobile Safari/537.36"
157.230.195.44 - - [05/Jun/2026:00:57:29 +0000] "GET /gh/hh.php HTTP/1.1" 200 1762 "-" "Mozilla/5.0 (Linux; Android 10; K) AppleWebKit/537.36 (KHTML, like Gecko) Chrome/137.0.0.0 Mobile Safari/537.36"
159.223.242.210 - - [05/Jun/2026:00:57:25 +0000] "GET /gh/hh.php HTTP/1.1" 200 1762 "-" "Mozilla/5.0 (Linux; Android 10; K) AppleWebKit/537.36 (KHTML, like Gecko) Chrome/137.0.0.0 Mobile Safari/537.36"
209.50.228.94 - - [05/Jun/2026:00:57:29 +0000] "GET /gh/hh.php HTTP/1.1" 200 1762 "-" "Mozilla/5.0 (Linux; Android 10; K) AppleWebKit/537.36 (KHTML, like Gecko) Chrome/137.0.0.0 Mobile Safari/537.36"
216.244.66.244 - - [05/Jun/2026:01:01:56 +0000] "GET /robots.txt HTTP/1.1" 404 1251 "-" "Mozilla/5.0 (compatible; DotBot/1.2; +https://opensiteexplorer.org/dotbot; help@moz.com)"
95.153.31.78 - - [05/Jun/2026:01:03:58 +0000] "GET /gh/ HTTP/1.1" 200 1552 "-" "Mozilla/5.0 (Linux, Android 10, K) AppleWebKit/537.36 (KHTML, like Gecko) Chrome/148.0.0.0 Mobile Safari/537.36"
216.244.66.244 - - [05/Jun/2026:01:05:48 +0000] "GET /bnh/server/?MA HTTP/1.1" 200 1574 "-" "Mozilla/5.0 (compatible; DotBot/1.2; +https://opensiteexplorer.org/dotbot; help@moz.com)"
216.244.66.244 - - [05/Jun/2026:01:05:56 +0000] "GET /resources/views/transactions/payment/create.blade.php HTTP/1.1" 200 5987 "-" "Mozilla/5.0 (compatible; DotBot/1.2; +https://opensiteexplorer.org/dotbot; help@moz.com)"
207.102.138.19 - - [05/Jun/2026:01:06:28 +0000] "GET /_autoindex/assets/js/tablesort.number.js HTTP/1.1" 200 366 "http://ms-hostingladz.com/" "Mozilla/5.0 (Windows NT 10.0; Win64; x64) AppleWebKit/537.36 (KHTML, like Gecko) Chrome/122.0.0.0 Safari/537.36 Edg/122.0.0.0"
207.102.138.19 - - [05/Jun/2026:01:06:28 +0000] "GET /_autoindex/assets/icons/folder-fill.svg HTTP/1.1" 200 411 "http://ms-hostingladz.com/" "Mozilla/5.0 (Windows NT 10.0; Win64; x64) AppleWebKit/537.36 (KHTML, like Gecko) Chrome/122.0.0.0 Safari/537.36 Edg/122.0.0.0"
51.79.121.251 - - [05/Jun/2026:01:06:39 +0000] "GET /_autoindex/assets/js/tablesort.js HTTP/1.0" 200 7706 "-" "Mozilla/5.0 (Windows NT 10.0; Win64; x64) AppleWebKit/537.36 (KHTML, like Gecko) Chrome/122.0.0.0 Safari/537.36 Edg/122.0.0.0"
217.182.195.233 - - [05/Jun/2026:01:10:44 +0000] "GET /robots.txt HTTP/1.1" 404 1251 "-" "Mozilla/5.0 (compatible; MJ12bot/v1.4.8; http://mj12bot.com/)"
217.182.195.233 - - [05/Jun/2026:01:10:46 +0000] "GET /app/Exceptions/objects/?SD HTTP/1.1" 200 626 "-" "Mozilla/5.0 (compatible; MJ12bot/v1.4.8; http://mj12bot.com/)"
217.182.195.233 - - [05/Jun/2026:01:13:30 +0000] "GET /cv/patches/?MA HTTP/1.1" 200 632 "-" "Mozilla/5.0 (compatible; MJ12bot/v1.4.8; http://mj12bot.com/)"
217.182.195.233 - - [05/Jun/2026:01:13:32 +0000] "GET /cv/patches/?SA HTTP/1.1" 200 632 "-" "Mozilla/5.0 (compatible; MJ12bot/v1.4.8; http://mj12bot.com/)"
217.182.195.233 - - [05/Jun/2026:01:13:33 +0000] "GET /resources/views/%7B%7B%20route('sales.create')%20%7D%7D HTTP/1.1" 404 1251 "-" "Mozilla/5.0 (compatible; MJ12bot/v1.4.8; http://mj12bot.com/)"
217.182.195.233 - - [05/Jun/2026:01:13:34 +0000] "GET /resources/views/%7B%7B%20route('sales.show',%20$transaction-%3Esale_id)%20%7D%7D HTTP/1.1" 404 1251 "-" "Mozilla/5.0 (compatible; MJ12bot/v1.4.8; http://mj12bot.com/)"
217.182.195.233 - - [05/Jun/2026:01:13:36 +0000] "GET /resources/views/%7B%7B%20route('sales.show',%20['sale'%20=%3E%20$sale])%20%7D%7D HTTP/1.1" 404 1251 "-" "Mozilla/5.0 (compatible; MJ12bot/v1.4.8; http://mj12bot.com/)"
217.182.195.233 - - [05/Jun/2026:01:13:37 +0000] "GET /resources/views/%7B%7B%20route('transactions.create',%20['type'%20=%3E%20'expense'])%20%7D%7D HTTP/1.1" 404 1251 "-" "Mozilla/5.0 (compatible; MJ12bot/v1.4.8; http://mj12bot.com/)"
217.182.195.233 - - [05/Jun/2026:01:13:39 +0000] "GET /resources/views/%7B%7B%20route('transactions.create',%20['type'%20=%3E%20'income'])%20%7D%7D HTTP/1.1" 404 1251 "-" "Mozilla/5.0 (compatible; MJ12bot/v1.4.8; http://mj12bot.com/)"
