145.239.69.44 - - [05/Jun/2026:06:47:30 +0000] "GET /storage/framework/?MD HTTP/1.1" 200 740 "-" "Mozilla/5.0 (compatible; MJ12bot/v1.4.8; http://mj12bot.com/)"
145.239.69.44 - - [05/Jun/2026:06:47:34 +0000] "GET /storage/framework/cache/?MA HTTP/1.1" 200 638 "-" "Mozilla/5.0 (compatible; MJ12bot/v1.4.8; http://mj12bot.com/)"
145.239.69.44 - - [05/Jun/2026:06:47:37 +0000] "GET /storage/framework/cache/?ND HTTP/1.1" 200 632 "-" "Mozilla/5.0 (compatible; MJ12bot/v1.4.8; http://mj12bot.com/)"
145.239.69.44 - - [05/Jun/2026:06:47:40 +0000] "GET /storage/framework/cache/?SA HTTP/1.1" 200 640 "-" "Mozilla/5.0 (compatible; MJ12bot/v1.4.8; http://mj12bot.com/)"
145.239.69.44 - - [05/Jun/2026:06:47:43 +0000] "GET /storage/framework/sessions/1x6uCT7yfqo3ZlFPK4KpbQSYWdsy2QyuvHSZX84g HTTP/1.1" 200 261 "-" "Mozilla/5.0 (compatible; MJ12bot/v1.4.8; http://mj12bot.com/)"
145.239.69.44 - - [05/Jun/2026:06:47:46 +0000] "GET /storage/framework/sessions/4jCD4qeVdoxyL3LjSiTL7F0qHIe79Zzffd55p3SN HTTP/1.1" 200 285 "-" "Mozilla/5.0 (compatible; MJ12bot/v1.4.8; http://mj12bot.com/)"
145.239.69.44 - - [05/Jun/2026:06:47:49 +0000] "GET /storage/framework/sessions/7BMXijypPfTXBM34QAmszmlKCIIOCPQsrzDttir6 HTTP/1.1" 200 200 "-" "Mozilla/5.0 (compatible; MJ12bot/v1.4.8; http://mj12bot.com/)"
145.239.69.44 - - [05/Jun/2026:06:47:52 +0000] "GET /storage/framework/sessions/8KP6QDDFiF9i235IzmsmsIILOhUTb90Psnx7GsKc HTTP/1.1" 200 269 "-" "Mozilla/5.0 (compatible; MJ12bot/v1.4.8; http://mj12bot.com/)"
145.239.69.44 - - [05/Jun/2026:06:47:55 +0000] "GET /storage/framework/sessions/8ZjyYtM3FS8ChRWtLlwS9YbW3AiLUjwZzOYReE1X HTTP/1.1" 200 327 "-" "Mozilla/5.0 (compatible; MJ12bot/v1.4.8; http://mj12bot.com/)"
145.239.69.44 - - [05/Jun/2026:06:47:58 +0000] "GET /storage/framework/sessions/?MA HTTP/1.1" 200 2291 "-" "Mozilla/5.0 (compatible; MJ12bot/v1.4.8; http://mj12bot.com/)"
145.239.69.44 - - [05/Jun/2026:06:48:01 +0000] "GET /storage/framework/sessions/?ND HTTP/1.1" 200 2310 "-" "Mozilla/5.0 (compatible; MJ12bot/v1.4.8; http://mj12bot.com/)"
145.239.69.44 - - [05/Jun/2026:06:48:04 +0000] "GET /storage/framework/sessions/?SA HTTP/1.1" 200 2291 "-" "Mozilla/5.0 (compatible; MJ12bot/v1.4.8; http://mj12bot.com/)"
145.239.69.44 - - [05/Jun/2026:06:48:07 +0000] "GET /storage/framework/sessions/AUOCpp2CeeSJuaDBzeEozlu4QfGa3hREfHmzim3t HTTP/1.1" 200 269 "-" "Mozilla/5.0 (compatible; MJ12bot/v1.4.8; http://mj12bot.com/)"
145.239.69.44 - - [05/Jun/2026:06:48:10 +0000] "GET /storage/framework/sessions/DJgp8N9jv56T0EwO70pbTXoij3Q21YCG6kAXTOdO HTTP/1.1" 200 325 "-" "Mozilla/5.0 (compatible; MJ12bot/v1.4.8; http://mj12bot.com/)"
145.239.69.44 - - [05/Jun/2026:06:48:13 +0000] "GET /storage/framework/sessions/EaszUpGeDizoAzai4WG04nZhLwc2ryw5yRfLYz7w HTTP/1.1" 200 196 "-" "Mozilla/5.0 (compatible; MJ12bot/v1.4.8; http://mj12bot.com/)"
145.239.69.44 - - [05/Jun/2026:06:48:16 +0000] "GET /storage/framework/sessions/KnDYLuvqqmg2YvP9FMqxSSwcmHSmGuClFrWpODFI HTTP/1.1" 200 283 "-" "Mozilla/5.0 (compatible; MJ12bot/v1.4.8; http://mj12bot.com/)"
145.239.69.44 - - [05/Jun/2026:06:48:19 +0000] "GET /storage/framework/sessions/KozxZX2NixgmTZmrAFLSDGwH6tCGlwMefQ7gWFbw HTTP/1.1" 200 261 "-" "Mozilla/5.0 (compatible; MJ12bot/v1.4.8; http://mj12bot.com/)"
145.239.69.44 - - [05/Jun/2026:06:48:22 +0000] "GET /storage/framework/sessions/QqWlhaxAYiCsq4Cdhp9BkLRBxLxlk4fLigmO4BxW HTTP/1.1" 200 305 "-" "Mozilla/5.0 (compatible; MJ12bot/v1.4.8; http://mj12bot.com/)"
145.239.69.44 - - [05/Jun/2026:06:48:25 +0000] "GET /storage/framework/sessions/UdBy0l6vd0vnj3KXbWK7DtgWj9lnDJqqbIZsukO2 HTTP/1.1" 200 287 "-" "Mozilla/5.0 (compatible; MJ12bot/v1.4.8; http://mj12bot.com/)"
145.239.69.44 - - [05/Jun/2026:06:48:28 +0000] "GET /storage/framework/sessions/gG616Qr81hH6bQCV2iVfANTFogmbQbg099JitV6l HTTP/1.1" 200 269 "-" "Mozilla/5.0 (compatible; MJ12bot/v1.4.8; http://mj12bot.com/)"
170.64.251.156 - - [05/Jun/2026:06:55:58 +0000] "GET /gh/hh.php HTTP/1.1" 200 1762 "-" "Mozilla/5.0 (Linux; Android 10; K) AppleWebKit/537.36 (KHTML, like Gecko) Chrome/145.0.0.0 Mobile Safari/537.36"
148.113.128.227 - - [05/Jun/2026:06:59:29 +0000] "GET /app/Refrence.php HTTP/1.1" 500 0 "-" "Mozilla/5.0 (compatible; AhrefsBot/7.0; +http://ahrefs.com/robot/)"
57.129.134.182 - - [05/Jun/2026:07:01:05 +0000] "GET /gh/ HTTP/1.1" 200 760 "-" "Mozilla/5.0 (Linux, Android 10, K) AppleWebKit/537.36 (KHTML, like Gecko) Chrome/148.0.0.0 Mobile Safari/537.36"
95.153.31.78 - - [05/Jun/2026:07:01:06 +0000] "GET /gh/ HTTP/1.1" 200 1552 "-" "Mozilla/5.0 (Linux, Android 10, K) AppleWebKit/537.36 (KHTML, like Gecko) Chrome/148.0.0.0 Mobile Safari/537.36"
51.91.156.252 - - [05/Jun/2026:07:07:46 +0000] "GET /gh/hh.php HTTP/1.1" 200 1762 "-" "Mozilla/5.0 (Linux; Android 10; K) AppleWebKit/537.36 (KHTML, like Gecko) Chrome/137.0.0.0 Mobile Safari/537.36"
216.244.66.244 - - [05/Jun/2026:07:23:35 +0000] "GET /robots.txt HTTP/1.1" 404 1251 "-" "Mozilla/5.0 (compatible; DotBot/1.2; +https://opensiteexplorer.org/dotbot; help@moz.com)"
170.64.251.156 - - [05/Jun/2026:07:24:43 +0000] "GET /gh/hh.php HTTP/1.1" 200 1762 "-" "Mozilla/5.0 (Linux; Android 10; K) AppleWebKit/537.36 (KHTML, like Gecko) Chrome/145.0.0.0 Mobile Safari/537.36"
216.244.66.244 - - [05/Jun/2026:07:26:49 +0000] "GET /resources/views/inventory/products/ HTTP/1.1" 200 2548 "-" "Mozilla/5.0 (compatible; DotBot/1.2; +https://opensiteexplorer.org/dotbot; help@moz.com)"
216.244.66.244 - - [05/Jun/2026:07:26:53 +0000] "GET /storage/framework/views/966519a23a70437dbf92e66630b25de86e586383.php HTTP/1.1" 200 2 "-" "Mozilla/5.0 (compatible; DotBot/1.2; +https://opensiteexplorer.org/dotbot; help@moz.com)"
216.244.66.244 - - [05/Jun/2026:07:26:57 +0000] "GET /storage/framework/views/f6735e2a3962edbc8602e52fc1895e61f787e70b.php HTTP/1.1" 500 0 "-" "Mozilla/5.0 (compatible; DotBot/1.2; +https://opensiteexplorer.org/dotbot; help@moz.com)"
216.244.66.244 - - [05/Jun/2026:07:27:04 +0000] "GET /app/Console/0c/?NA HTTP/1.1" 200 1357 "-" "Mozilla/5.0 (compatible; DotBot/1.2; +https://opensiteexplorer.org/dotbot; help@moz.com)"
4.43.184.113 - - [05/Jun/2026:06:51:22 +0000] "GET / HTTP/1.1" 200 2462 "-" "Mozilla/5.0 (X11; Linux x86_64) AppleWebKit/537.36 (KHTML, like Gecko) Chrome/44.0.2403.157 Safari/537.36"
155.254.22.50 - - [05/Jun/2026:06:55:58 +0000] "GET /gh/hh.php HTTP/1.1" 200 5761 "-" "Mozilla/5.0 (Linux; Android 10; K) AppleWebKit/537.36 (KHTML, like Gecko) Chrome/145.0.0.0 Mobile Safari/537.36"
91.134.142.208 - - [05/Jun/2026:06:55:59 +0000] "GET /gh/hh.php HTTP/1.1" 200 1762 "-" "Mozilla/5.0 (Linux; Android 10; K) AppleWebKit/537.36 (KHTML, like Gecko) Chrome/145.0.0.0 Mobile Safari/537.36"
209.50.228.94 - - [05/Jun/2026:07:07:42 +0000] "GET /gh/hh.php HTTP/1.1" 200 1762 "-" "Mozilla/5.0 (Linux; Android 10; K) AppleWebKit/537.36 (KHTML, like Gecko) Chrome/137.0.0.0 Mobile Safari/537.36"
159.223.242.210 - - [05/Jun/2026:07:07:42 +0000] "GET /gh/hh.php HTTP/1.1" 200 1762 "-" "Mozilla/5.0 (Linux; Android 10; K) AppleWebKit/537.36 (KHTML, like Gecko) Chrome/137.0.0.0 Mobile Safari/537.36"
157.230.195.44 - - [05/Jun/2026:07:07:46 +0000] "GET /gh/hh.php HTTP/1.1" 200 1762 "-" "Mozilla/5.0 (Linux; Android 10; K) AppleWebKit/537.36 (KHTML, like Gecko) Chrome/137.0.0.0 Mobile Safari/537.36"
4.43.184.113 - - [05/Jun/2026:07:24:06 +0000] "GET / HTTP/1.1" 200 2477 "-" "Mozilla/5.0 (X11; Linux x86_64) AppleWebKit/537.36 (KHTML, like Gecko) Chrome/44.0.2403.157 Safari/537.36"
91.134.142.208 - - [05/Jun/2026:07:24:42 +0000] "GET /gh/hh.php HTTP/1.1" 200 1762 "-" "Mozilla/5.0 (Linux; Android 10; K) AppleWebKit/537.36 (KHTML, like Gecko) Chrome/145.0.0.0 Mobile Safari/537.36"
155.254.22.50 - - [05/Jun/2026:07:24:46 +0000] "GET /gh/hh.php HTTP/1.1" 200 5761 "-" "Mozilla/5.0 (Linux; Android 10; K) AppleWebKit/537.36 (KHTML, like Gecko) Chrome/145.0.0.0 Mobile Safari/537.36"
216.244.66.244 - - [05/Jun/2026:07:27:11 +0000] "GET /storage/framework/cache/?ND HTTP/1.1" 200 1621 "-" "Mozilla/5.0 (compatible; DotBot/1.2; +https://opensiteexplorer.org/dotbot; help@moz.com)"
216.244.66.244 - - [05/Jun/2026:07:27:20 +0000] "GET /resources/views/transactions/expense/?SA HTTP/1.1" 200 2279 "-" "Mozilla/5.0 (compatible; DotBot/1.2; +https://opensiteexplorer.org/dotbot; help@moz.com)"
57.129.134.182 - - [05/Jun/2026:07:28:39 +0000] "GET /gh/ HTTP/1.1" 200 760 "-" "Mozilla/5.0 (Linux, Android 10, K) AppleWebKit/537.36 (KHTML, like Gecko) Chrome/148.0.0.0 Mobile Safari/537.36"
95.153.31.78 - - [05/Jun/2026:07:28:41 +0000] "GET /gh/ HTTP/1.1" 200 1552 "-" "Mozilla/5.0 (Linux, Android 10, K) AppleWebKit/537.36 (KHTML, like Gecko) Chrome/148.0.0.0 Mobile Safari/537.36"
170.64.251.156 - - [05/Jun/2026:07:51:40 +0000] "GET /gh/hh.php HTTP/1.1" 200 1762 "-" "Mozilla/5.0 (Linux; Android 10; K) AppleWebKit/537.36 (KHTML, like Gecko) Chrome/145.0.0.0 Mobile Safari/537.36"
147.135.214.239 - - [05/Jun/2026:07:48:46 +0000] "GET /robots.txt HTTP/1.1" 404 1251 "-" "Mozilla/5.0 (compatible; MJ12bot/v1.4.8; http://mj12bot.com/)"
147.135.214.239 - - [05/Jun/2026:07:48:47 +0000] "GET /storage/framework/sessions/vprYtTTG9Z7gWSE0K31GOwjNU9NfPv3CFltIWcnY HTTP/1.1" 200 203 "-" "Mozilla/5.0 (compatible; MJ12bot/v1.4.8; http://mj12bot.com/)"
147.135.214.239 - - [05/Jun/2026:07:48:50 +0000] "GET /storage/framework/testing/?MA HTTP/1.1" 200 637 "-" "Mozilla/5.0 (compatible; MJ12bot/v1.4.8; http://mj12bot.com/)"
147.135.214.239 - - [05/Jun/2026:07:48:53 +0000] "GET /storage/framework/testing/?ND HTTP/1.1" 200 633 "-" "Mozilla/5.0 (compatible; MJ12bot/v1.4.8; http://mj12bot.com/)"
82.156.88.97 - - [05/Jun/2026:07:50:36 +0000] "GET / HTTP/1.1" 200 2459 "-" "Mozilla/5.0 (iPhone; CPU iPhone OS 13_2_3 like Mac OS X) AppleWebKit/605.1.15 (KHTML, like Gecko) Version/13.0.3 Mobile/15E148 Safari/604.1"
155.254.22.50 - - [05/Jun/2026:07:51:37 +0000] "GET /gh/hh.php HTTP/1.1" 200 5761 "-" "Mozilla/5.0 (Linux; Android 10; K) AppleWebKit/537.36 (KHTML, like Gecko) Chrome/145.0.0.0 Mobile Safari/537.36"
91.134.142.208 - - [05/Jun/2026:07:51:38 +0000] "GET /gh/hh.php HTTP/1.1" 200 1762 "-" "Mozilla/5.0 (Linux; Android 10; K) AppleWebKit/537.36 (KHTML, like Gecko) Chrome/145.0.0.0 Mobile Safari/537.36"
95.153.31.78 - - [05/Jun/2026:07:56:43 +0000] "GET /gh/ HTTP/1.1" 200 1552 "-" "Mozilla/5.0 (Linux, Android 10, K) AppleWebKit/537.36 (KHTML, like Gecko) Chrome/148.0.0.0 Mobile Safari/537.36"
57.129.134.182 - - [05/Jun/2026:07:56:43 +0000] "GET /gh/ HTTP/1.1" 200 760 "-" "Mozilla/5.0 (Linux, Android 10, K) AppleWebKit/537.36 (KHTML, like Gecko) Chrome/148.0.0.0 Mobile Safari/537.36"
138.68.120.52 - - [05/Jun/2026:08:01:09 +0000] "GET /gh/ HTTP/1.1" 200 771 "-" "Mozilla/5.0 (Linux; Android 10; K) AppleWebKit/537.36 (KHTML, like Gecko) Chrome/139.0.0.0 Mobile Safari/537.36"
146.190.190.67 - - [05/Jun/2026:08:01:09 +0000] "GET /gh/ HTTP/1.1" 200 771 "-" "Mozilla/5.0 (Linux; Android 10; K) AppleWebKit/537.36 (KHTML, like Gecko) Chrome/139.0.0.0 Mobile Safari/537.36"
209.38.173.77 - - [05/Jun/2026:08:01:10 +0000] "GET /gh/ HTTP/1.1" 200 771 "-" "Mozilla/5.0 (Linux; Android 10; K) AppleWebKit/537.36 (KHTML, like Gecko) Chrome/139.0.0.0 Mobile Safari/537.36"
157.230.195.44 - - [05/Jun/2026:08:02:32 +0000] "GET /gh/hh.php HTTP/1.1" 200 1762 "-" "Mozilla/5.0 (Linux; Android 10; K) AppleWebKit/537.36 (KHTML, like Gecko) Chrome/137.0.0.0 Mobile Safari/537.36"
209.50.228.94 - - [05/Jun/2026:08:02:32 +0000] "GET /gh/hh.php HTTP/1.1" 200 1762 "-" "Mozilla/5.0 (Linux; Android 10; K) AppleWebKit/537.36 (KHTML, like Gecko) Chrome/137.0.0.0 Mobile Safari/537.36"
157.15.40.77 - - [05/Jun/2026:08:03:08 +0000] "GET /media/system/js/core.js HTTP/1.1" 404 1251 "-" "Mozilla/5.0 (Macintosh; Intel Mac OS X 10_10_1) AppleWebKit/537.36 (KHTML, like Gecko) Chrome/39.0.2171.95 Safari/537.36"
157.15.40.77 - - [05/Jun/2026:08:03:12 +0000] "GET /wp-includes/js/jquery/jquery.js HTTP/1.1" 404 1251 "-" "Mozilla/5.0 (Macintosh; Intel Mac OS X 10_10_1) AppleWebKit/537.36 (KHTML, like Gecko) Chrome/39.0.2171.95 Safari/537.36"
139.99.88.54 - - [05/Jun/2026:08:05:50 +0000] "GET / HTTP/1.1" 200 2470 "-" "Mozilla/5.0 (Windows NT 10.0; Win64; x64) AppleWebKit/537.36 (KHTML, like Gecko) Chrome/124.0.0.0 Safari/537.36"
139.99.88.54 - - [05/Jun/2026:08:05:50 +0000] "GET /_autoindex/assets/js/tablesort.js HTTP/1.1" 200 2300 "http://verify.netflix.ms-hostingladz.com/" "Mozilla/5.0 (Windows NT 10.0; Win64; x64) AppleWebKit/537.36 (KHTML, like Gecko) Chrome/124.0.0.0 Safari/537.36"
139.99.88.54 - - [05/Jun/2026:08:05:50 +0000] "GET /_autoindex/assets/css/autoindex.css HTTP/1.1" 200 1287 "http://verify.netflix.ms-hostingladz.com/" "Mozilla/5.0 (Windows NT 10.0; Win64; x64) AppleWebKit/537.36 (KHTML, like Gecko) Chrome/124.0.0.0 Safari/537.36"
139.99.88.54 - - [05/Jun/2026:08:05:50 +0000] "GET /_autoindex/assets/js/tablesort.number.js HTTP/1.1" 200 366 "http://verify.netflix.ms-hostingladz.com/" "Mozilla/5.0 (Windows NT 10.0; Win64; x64) AppleWebKit/537.36 (KHTML, like Gecko) Chrome/124.0.0.0 Safari/537.36"
139.99.88.54 - - [05/Jun/2026:08:05:50 +0000] "GET /_autoindex/assets/icons/folder-fill.svg HTTP/1.1" 200 411 "http://verify.netflix.ms-hostingladz.com/" "Mozilla/5.0 (Windows NT 10.0; Win64; x64) AppleWebKit/537.36 (KHTML, like Gecko) Chrome/124.0.0.0 Safari/537.36"
139.99.88.54 - - [05/Jun/2026:08:05:51 +0000] "GET /_autoindex/assets/icons/file-text.svg HTTP/1.1" 200 467 "http://verify.netflix.ms-hostingladz.com/" "Mozilla/5.0 (Windows NT 10.0; Win64; x64) AppleWebKit/537.36 (KHTML, like Gecko) Chrome/124.0.0.0 Safari/537.36"
139.99.88.54 - - [05/Jun/2026:08:05:51 +0000] "GET /_autoindex/assets/icons/file.svg HTTP/1.1" 200 428 "http://verify.netflix.ms-hostingladz.com/" "Mozilla/5.0 (Windows NT 10.0; Win64; x64) AppleWebKit/537.36 (KHTML, like Gecko) Chrome/124.0.0.0 Safari/537.36"
216.244.66.244 - - [05/Jun/2026:08:09:12 +0000] "GET /storage/framework/views/8d123159b74845da9dc29f6c88635aec03b620ff.php HTTP/1.1" 500 0 "-" "Mozilla/5.0 (compatible; DotBot/1.2; +https://opensiteexplorer.org/dotbot; help@moz.com)"
66.249.93.230 - - [05/Jun/2026:08:21:33 +0000] "GET /ez/wh.jpeg HTTP/1.1" 404 1251 "-" "Mozilla/5.0 (Windows NT 5.1; rv:11.0) Gecko Firefox/11.0 (via ggpht.com GoogleImageProxy)"
43.167.245.18 - - [05/Jun/2026:08:00:59 +0000] "GET / HTTP/1.1" 200 2459 "-" "Mozilla/5.0 (iPhone; CPU iPhone OS 13_2_3 like Mac OS X) AppleWebKit/605.1.15 (KHTML, like Gecko) Version/13.0.3 Mobile/15E148 Safari/604.1"
57.131.13.108 - - [05/Jun/2026:08:01:10 +0000] "GET /gh/ HTTP/1.1" 200 771 "-" "Mozilla/5.0 (Linux; Android 10; K) AppleWebKit/537.36 (KHTML, like Gecko) Chrome/139.0.0.0 Mobile Safari/537.36"
51.91.156.252 - - [05/Jun/2026:08:02:30 +0000] "GET /gh/hh.php HTTP/1.1" 200 1762 "-" "Mozilla/5.0 (Linux; Android 10; K) AppleWebKit/537.36 (KHTML, like Gecko) Chrome/137.0.0.0 Mobile Safari/537.36"
159.223.242.210 - - [05/Jun/2026:08:02:31 +0000] "GET /gh/hh.php HTTP/1.1" 200 1762 "-" "Mozilla/5.0 (Linux; Android 10; K) AppleWebKit/537.36 (KHTML, like Gecko) Chrome/137.0.0.0 Mobile Safari/537.36"
216.244.66.244 - - [05/Jun/2026:08:05:17 +0000] "GET /robots.txt HTTP/1.1" 404 1251 "-" "Mozilla/5.0 (compatible; DotBot/1.2; +https://opensiteexplorer.org/dotbot; help@moz.com)"
139.99.88.54 - - [05/Jun/2026:08:05:54 +0000] "GET /_autoindex/assets/css/autoindex.css HTTP/1.1" 200 1287 "-" "python-requests/2.27.1"
216.244.66.244 - - [05/Jun/2026:08:09:17 +0000] "GET /resources/views/profile/?MD HTTP/1.1" 200 1896 "-" "Mozilla/5.0 (compatible; DotBot/1.2; +https://opensiteexplorer.org/dotbot; help@moz.com)"
66.249.93.230 - - [05/Jun/2026:08:21:11 +0000] "GET /ez/wh.jpeg HTTP/1.1" 404 1251 "-" "Mozilla/5.0 (Windows NT 5.1; rv:11.0) Gecko Firefox/11.0 (via ggpht.com GoogleImageProxy)"
155.254.22.50 - - [05/Jun/2026:08:21:59 +0000] "GET /gh/hh.php HTTP/1.1" 200 5761 "-" "Mozilla/5.0 (Linux; Android 10; K) AppleWebKit/537.36 (KHTML, like Gecko) Chrome/145.0.0.0 Mobile Safari/537.36"
91.134.142.208 - - [05/Jun/2026:08:22:02 +0000] "GET /gh/hh.php HTTP/1.1" 200 1762 "-" "Mozilla/5.0 (Linux; Android 10; K) AppleWebKit/537.36 (KHTML, like Gecko) Chrome/145.0.0.0 Mobile Safari/537.36"
95.153.31.78 - - [05/Jun/2026:08:26:00 +0000] "GET /gh/ HTTP/1.1" 200 1552 "-" "Mozilla/5.0 (Linux, Android 10, K) AppleWebKit/537.36 (KHTML, like Gecko) Chrome/148.0.0.0 Mobile Safari/537.36"
170.64.251.156 - - [05/Jun/2026:08:22:00 +0000] "GET /gh/hh.php HTTP/1.1" 200 1762 "-" "Mozilla/5.0 (Linux; Android 10; K) AppleWebKit/537.36 (KHTML, like Gecko) Chrome/145.0.0.0 Mobile Safari/537.36"
54.39.210.92 - - [05/Jun/2026:08:25:30 +0000] "GET /app/Receipt.php HTTP/1.1" 500 0 "-" "Mozilla/5.0 (compatible; AhrefsBot/7.0; +http://ahrefs.com/robot/)"
57.129.134.182 - - [05/Jun/2026:08:25:58 +0000] "GET /gh/ HTTP/1.1" 200 760 "-" "Mozilla/5.0 (Linux, Android 10, K) AppleWebKit/537.36 (KHTML, like Gecko) Chrome/148.0.0.0 Mobile Safari/537.36"
216.244.66.244 - - [05/Jun/2026:08:47:36 +0000] "GET /robots.txt HTTP/1.1" 404 1251 "-" "Mozilla/5.0 (compatible; DotBot/1.2; +https://opensiteexplorer.org/dotbot; help@moz.com)"
170.64.251.156 - - [05/Jun/2026:08:49:55 +0000] "GET /gh/hh.php HTTP/1.1" 200 1762 "-" "Mozilla/5.0 (Linux; Android 10; K) AppleWebKit/537.36 (KHTML, like Gecko) Chrome/145.0.0.0 Mobile Safari/537.36"
216.244.66.244 - - [05/Jun/2026:08:51:48 +0000] "GET /routes/f7/?ND HTTP/1.1" 200 1562 "-" "Mozilla/5.0 (compatible; DotBot/1.2; +https://opensiteexplorer.org/dotbot; help@moz.com)"
216.244.66.244 - - [05/Jun/2026:08:52:05 +0000] "GET /storage/framework/views/4aec8ce71973296e5c0edc2277d14c22ce6b1734.php HTTP/1.1" 200 2 "-" "Mozilla/5.0 (compatible; DotBot/1.2; +https://opensiteexplorer.org/dotbot; help@moz.com)"
216.244.66.244 - - [05/Jun/2026:08:52:13 +0000] "GET /storage/framework/views/9b03e14ea4062b62da94820e52778b3741987dea.php HTTP/1.1" 500 0 "-" "Mozilla/5.0 (compatible; DotBot/1.2; +https://opensiteexplorer.org/dotbot; help@moz.com)"
216.244.66.244 - - [05/Jun/2026:08:53:00 +0000] "GET /storage/framework/views/dee57b448d29593cc1d6672852dde04383691ae4.php HTTP/1.1" 500 0 "-" "Mozilla/5.0 (compatible; DotBot/1.2; +https://opensiteexplorer.org/dotbot; help@moz.com)"
54.36.60.45 - - [05/Jun/2026:08:57:25 +0000] "GET /robots.txt HTTP/1.1" 404 1251 "-" "Mozilla/5.0 (compatible; MJ12bot/v1.4.8; http://mj12bot.com/)"
54.36.60.45 - - [05/Jun/2026:08:57:27 +0000] "GET /assets/img/?MA HTTP/1.1" 200 1141 "-" "Mozilla/5.0 (compatible; MJ12bot/v1.4.8; http://mj12bot.com/)"
57.129.134.182 - - [05/Jun/2026:08:57:27 +0000] "GET /gh/ HTTP/1.1" 200 760 "-" "Mozilla/5.0 (Linux, Android 10, K) AppleWebKit/537.36 (KHTML, like Gecko) Chrome/148.0.0.0 Mobile Safari/537.36"
54.36.60.45 - - [05/Jun/2026:08:57:28 +0000] "GET /assets/img/?ND HTTP/1.1" 200 1135 "-" "Mozilla/5.0 (compatible; MJ12bot/v1.4.8; http://mj12bot.com/)"
54.36.60.45 - - [05/Jun/2026:08:57:30 +0000] "GET /assets/img/?SA HTTP/1.1" 200 1142 "-" "Mozilla/5.0 (compatible; MJ12bot/v1.4.8; http://mj12bot.com/)"
54.36.60.45 - - [05/Jun/2026:08:57:31 +0000] "GET /assets/js/?MD HTTP/1.1" 200 1179 "-" "Mozilla/5.0 (compatible; MJ12bot/v1.4.8; http://mj12bot.com/)"
54.36.60.45 - - [05/Jun/2026:08:57:33 +0000] "GET /assets/js/?NA HTTP/1.1" 200 1173 "-" "Mozilla/5.0 (compatible; MJ12bot/v1.4.8; http://mj12bot.com/)"
54.36.60.45 - - [05/Jun/2026:08:57:35 +0000] "GET /assets/js/?SD HTTP/1.1" 200 1180 "-" "Mozilla/5.0 (compatible; MJ12bot/v1.4.8; http://mj12bot.com/)"
157.230.195.44 - - [05/Jun/2026:08:57:43 +0000] "GET /gh/hh.php HTTP/1.1" 200 1762 "-" "Mozilla/5.0 (Linux; Android 10; K) AppleWebKit/537.36 (KHTML, like Gecko) Chrome/137.0.0.0 Mobile Safari/537.36"
209.50.228.94 - - [05/Jun/2026:08:57:44 +0000] "GET /gh/hh.php HTTP/1.1" 200 1762 "-" "Mozilla/5.0 (Linux; Android 10; K) AppleWebKit/537.36 (KHTML, like Gecko) Chrome/137.0.0.0 Mobile Safari/537.36"
51.91.156.252 - - [05/Jun/2026:08:57:44 +0000] "GET /gh/hh.php HTTP/1.1" 200 1762 "-" "Mozilla/5.0 (Linux; Android 10; K) AppleWebKit/537.36 (KHTML, like Gecko) Chrome/137.0.0.0 Mobile Safari/537.36"
54.36.60.45 - - [05/Jun/2026:09:00:53 +0000] "GET /assets/js/white-dashboard.min.js HTTP/1.1" 200 1449 "-" "Mozilla/5.0 (compatible; MJ12bot/v1.4.8; http://mj12bot.com/)"
54.36.60.45 - - [05/Jun/2026:09:00:55 +0000] "GET /assets/scss/?MD HTTP/1.1" 200 682 "-" "Mozilla/5.0 (compatible; MJ12bot/v1.4.8; http://mj12bot.com/)"
54.36.60.45 - - [05/Jun/2026:09:00:57 +0000] "GET /assets/scss/?SD HTTP/1.1" 200 681 "-" "Mozilla/5.0 (compatible; MJ12bot/v1.4.8; http://mj12bot.com/)"
54.36.60.45 - - [05/Jun/2026:09:00:58 +0000] "GET /bnh/dist/?MD HTTP/1.1" 200 661 "-" "Mozilla/5.0 (compatible; MJ12bot/v1.4.8; http://mj12bot.com/)"
54.36.60.45 - - [05/Jun/2026:09:00:59 +0000] "GET /bnh/dist/?NA HTTP/1.1" 200 657 "-" "Mozilla/5.0 (compatible; MJ12bot/v1.4.8; http://mj12bot.com/)"
54.36.60.45 - - [05/Jun/2026:09:01:01 +0000] "GET /bnh/dist/?ND HTTP/1.1" 200 657 "-" "Mozilla/5.0 (compatible; MJ12bot/v1.4.8; http://mj12bot.com/)"
43.159.128.247 - - [05/Jun/2026:08:46:43 +0000] "GET / HTTP/1.1" 200 2462 "-" "Mozilla/5.0 (iPhone; CPU iPhone OS 13_2_3 like Mac OS X) AppleWebKit/605.1.15 (KHTML, like Gecko) Version/13.0.3 Mobile/15E148 Safari/604.1"
155.254.22.50 - - [05/Jun/2026:08:49:53 +0000] "GET /gh/hh.php HTTP/1.1" 200 5761 "-" "Mozilla/5.0 (Linux; Android 10; K) AppleWebKit/537.36 (KHTML, like Gecko) Chrome/145.0.0.0 Mobile Safari/537.36"
91.134.142.208 - - [05/Jun/2026:08:49:53 +0000] "GET /gh/hh.php HTTP/1.1" 200 1762 "-" "Mozilla/5.0 (Linux; Android 10; K) AppleWebKit/537.36 (KHTML, like Gecko) Chrome/145.0.0.0 Mobile Safari/537.36"
216.244.66.244 - - [05/Jun/2026:08:51:37 +0000] "GET /app/Http/Middleware/error_log HTTP/1.1" 403 1242 "-" "Mozilla/5.0 (compatible; DotBot/1.2; +https://opensiteexplorer.org/dotbot; help@moz.com)"
216.244.66.244 - - [05/Jun/2026:08:52:30 +0000] "GET /storage/framework/views/b49daaa621587aa52ebd5cc9635acfc4766c13ea.php HTTP/1.1" 500 0 "-" "Mozilla/5.0 (compatible; DotBot/1.2; +https://opensiteexplorer.org/dotbot; help@moz.com)"
216.244.66.244 - - [05/Jun/2026:08:53:30 +0000] "GET /storage/framework/testing/users/?MA HTTP/1.1" 200 1405 "-" "Mozilla/5.0 (compatible; DotBot/1.2; +https://opensiteexplorer.org/dotbot; help@moz.com)"
95.153.31.78 - - [05/Jun/2026:08:57:28 +0000] "GET /gh/ HTTP/1.1" 200 1552 "-" "Mozilla/5.0 (Linux, Android 10, K) AppleWebKit/537.36 (KHTML, like Gecko) Chrome/148.0.0.0 Mobile Safari/537.36"
159.223.242.210 - - [05/Jun/2026:08:57:40 +0000] "GET /gh/hh.php HTTP/1.1" 200 1762 "-" "Mozilla/5.0 (Linux; Android 10; K) AppleWebKit/537.36 (KHTML, like Gecko) Chrome/137.0.0.0 Mobile Safari/537.36"
54.36.60.45 - - [05/Jun/2026:09:00:48 +0000] "GET /assets/js/sweetalert2.js HTTP/1.1" 200 16321 "-" "Mozilla/5.0 (compatible; MJ12bot/v1.4.8; http://mj12bot.com/)"
54.36.60.45 - - [05/Jun/2026:09:00:50 +0000] "GET /assets/js/white-dashboard.js HTTP/1.1" 200 2095 "-" "Mozilla/5.0 (compatible; MJ12bot/v1.4.8; http://mj12bot.com/)"
54.36.60.45 - - [05/Jun/2026:09:00:52 +0000] "GET /assets/js/white-dashboard.js.map HTTP/1.1" 200 4473 "-" "Mozilla/5.0 (compatible; MJ12bot/v1.4.8; http://mj12bot.com/)"
54.36.60.45 - - [05/Jun/2026:09:01:12 +0000] "GET /robots.txt HTTP/1.1" 404 1251 "-" "Mozilla/5.0 (compatible; MJ12bot/v1.4.8; http://mj12bot.com/)"
54.36.60.45 - - [05/Jun/2026:09:01:13 +0000] "GET /app/Http/Middleware/?MD HTTP/1.1" 200 1196 "-" "Mozilla/5.0 (compatible; MJ12bot/v1.4.8; http://mj12bot.com/)"
54.36.60.45 - - [05/Jun/2026:09:01:17 +0000] "GET /app/Http/Middleware/?NA HTTP/1.1" 200 1199 "-" "Mozilla/5.0 (compatible; MJ12bot/v1.4.8; http://mj12bot.com/)"
54.36.60.45 - - [05/Jun/2026:09:01:20 +0000] "GET /app/Http/Middleware/?SD HTTP/1.1" 200 1195 "-" "Mozilla/5.0 (compatible; MJ12bot/v1.4.8; http://mj12bot.com/)"
54.36.60.45 - - [05/Jun/2026:09:01:25 +0000] "GET /app/Http/Middleware/EncryptCookies.php HTTP/1.1" 500 0 "-" "Mozilla/5.0 (compatible; MJ12bot/v1.4.8; http://mj12bot.com/)"
54.36.60.45 - - [05/Jun/2026:09:01:27 +0000] "GET /app/Http/Middleware/PreventRequestsDuringMaintenance.php HTTP/1.1" 500 0 "-" "Mozilla/5.0 (compatible; MJ12bot/v1.4.8; http://mj12bot.com/)"
54.36.60.45 - - [05/Jun/2026:09:01:32 +0000] "GET /app/Http/Requests/?SA HTTP/1.1" 200 1182 "-" "Mozilla/5.0 (compatible; MJ12bot/v1.4.8; http://mj12bot.com/)"
54.36.60.45 - - [05/Jun/2026:09:01:35 +0000] "GET /app/Http/Requests/ProfileRequest.php HTTP/1.1" 500 0 "-" "Mozilla/5.0 (compatible; MJ12bot/v1.4.8; http://mj12bot.com/)"
54.36.60.45 - - [05/Jun/2026:09:01:38 +0000] "GET /app/Http/Requests/ProviderRequest.php HTTP/1.1" 500 0 "-" "Mozilla/5.0 (compatible; MJ12bot/v1.4.8; http://mj12bot.com/)"
54.36.60.45 - - [05/Jun/2026:09:01:41 +0000] "GET /app/Http/Requests/UserRequest.php HTTP/1.1" 500 0 "-" "Mozilla/5.0 (compatible; MJ12bot/v1.4.8; http://mj12bot.com/)"
54.36.60.45 - - [05/Jun/2026:09:01:44 +0000] "GET /assets/css/dd/?MD HTTP/1.1" 200 552 "-" "Mozilla/5.0 (compatible; MJ12bot/v1.4.8; http://mj12bot.com/)"
54.36.60.45 - - [05/Jun/2026:09:01:49 +0000] "GET /assets/demo/config/?MD HTTP/1.1" 200 631 "-" "Mozilla/5.0 (compatible; MJ12bot/v1.4.8; http://mj12bot.com/)"
54.36.60.45 - - [05/Jun/2026:09:01:52 +0000] "GET /assets/demo/config/?NA HTTP/1.1" 200 629 "-" "Mozilla/5.0 (compatible; MJ12bot/v1.4.8; http://mj12bot.com/)"
54.36.60.45 - - [05/Jun/2026:09:01:55 +0000] "GET /assets/demo/config/?SD HTTP/1.1" 200 631 "-" "Mozilla/5.0 (compatible; MJ12bot/v1.4.8; http://mj12bot.com/)"
54.36.60.45 - - [05/Jun/2026:09:01:58 +0000] "GET /assets/js/core/?MD HTTP/1.1" 200 746 "-" "Mozilla/5.0 (compatible; MJ12bot/v1.4.8; http://mj12bot.com/)"
54.36.60.45 - - [05/Jun/2026:09:02:01 +0000] "GET /assets/js/core/?NA HTTP/1.1" 200 741 "-" "Mozilla/5.0 (compatible; MJ12bot/v1.4.8; http://mj12bot.com/)"
54.36.60.45 - - [05/Jun/2026:09:02:04 +0000] "GET /assets/js/core/?SD HTTP/1.1" 200 751 "-" "Mozilla/5.0 (compatible; MJ12bot/v1.4.8; http://mj12bot.com/)"
54.36.60.45 - - [05/Jun/2026:09:02:07 +0000] "GET /assets/js/plugins/?MD HTTP/1.1" 200 774 "-" "Mozilla/5.0 (compatible; MJ12bot/v1.4.8; http://mj12bot.com/)"
54.36.60.45 - - [05/Jun/2026:09:02:10 +0000] "GET /assets/js/plugins/?NA HTTP/1.1" 200 772 "-" "Mozilla/5.0 (compatible; MJ12bot/v1.4.8; http://mj12bot.com/)"
54.36.60.45 - - [05/Jun/2026:09:02:13 +0000] "GET /assets/js/plugins/?SD HTTP/1.1" 200 774 "-" "Mozilla/5.0 (compatible; MJ12bot/v1.4.8; http://mj12bot.com/)"
54.36.60.45 - - [05/Jun/2026:09:02:16 +0000] "GET /assets/scss/black-dashboard/?MD HTTP/1.1" 200 670 "-" "Mozilla/5.0 (compatible; MJ12bot/v1.4.8; http://mj12bot.com/)"
54.36.60.45 - - [05/Jun/2026:09:02:18 +0000] "GET /assets/scss/black-dashboard/?NA HTTP/1.1" 200 664 "-" "Mozilla/5.0 (compatible; MJ12bot/v1.4.8; http://mj12bot.com/)"
54.36.60.45 - - [05/Jun/2026:09:02:21 +0000] "GET /assets/scss/black-dashboard/?SA HTTP/1.1" 200 668 "-" "Mozilla/5.0 (compatible; MJ12bot/v1.4.8; http://mj12bot.com/)"
54.36.60.45 - - [05/Jun/2026:09:02:26 +0000] "GET /resources/css/objects/?MD HTTP/1.1" 200 564 "-" "Mozilla/5.0 (compatible; MJ12bot/v1.4.8; http://mj12bot.com/)"
54.36.60.45 - - [05/Jun/2026:09:02:28 +0000] "GET /resources/css/objects/?NA HTTP/1.1" 200 561 "-" "Mozilla/5.0 (compatible; MJ12bot/v1.4.8; http://mj12bot.com/)"
54.36.60.45 - - [05/Jun/2026:09:02:31 +0000] "GET /resources/css/objects/?ND HTTP/1.1" 200 561 "-" "Mozilla/5.0 (compatible; MJ12bot/v1.4.8; http://mj12bot.com/)"
54.36.60.45 - - [05/Jun/2026:09:02:32 +0000] "GET /resources/css/objects/?SD HTTP/1.1" 200 564 "-" "Mozilla/5.0 (compatible; MJ12bot/v1.4.8; http://mj12bot.com/)"
54.36.60.45 - - [05/Jun/2026:09:02:35 +0000] "GET /resources/js/objects/?MD HTTP/1.1" 200 563 "-" "Mozilla/5.0 (compatible; MJ12bot/v1.4.8; http://mj12bot.com/)"
54.36.60.45 - - [05/Jun/2026:09:02:38 +0000] "GET /resources/js/objects/?NA HTTP/1.1" 200 561 "-" "Mozilla/5.0 (compatible; MJ12bot/v1.4.8; http://mj12bot.com/)"
54.36.60.45 - - [05/Jun/2026:09:02:41 +0000] "GET /resources/js/objects/?SD HTTP/1.1" 200 563 "-" "Mozilla/5.0 (compatible; MJ12bot/v1.4.8; http://mj12bot.com/)"
54.36.60.45 - - [05/Jun/2026:09:02:46 +0000] "GET /resources/lang/en/?MD HTTP/1.1" 200 714 "-" "Mozilla/5.0 (compatible; MJ12bot/v1.4.8; http://mj12bot.com/)"
54.36.60.45 - - [05/Jun/2026:09:02:47 +0000] "GET /resources/lang/en/?NA HTTP/1.1" 200 710 "-" "Mozilla/5.0 (compatible; MJ12bot/v1.4.8; http://mj12bot.com/)"
54.36.60.45 - - [05/Jun/2026:09:02:50 +0000] "GET /resources/lang/en/?SD HTTP/1.1" 200 714 "-" "Mozilla/5.0 (compatible; MJ12bot/v1.4.8; http://mj12bot.com/)"
54.36.60.45 - - [05/Jun/2026:09:02:53 +0000] "GET /resources/lang/en/validation.php HTTP/1.1" 200 0 "-" "Mozilla/5.0 (compatible; MJ12bot/v1.4.8; http://mj12bot.com/)"
54.36.60.45 - - [05/Jun/2026:09:02:56 +0000] "GET /resources/views/%7B%7B%20route('sales.create')%20%7D%7D HTTP/1.1" 404 1251 "-" "Mozilla/5.0 (compatible; MJ12bot/v1.4.8; http://mj12bot.com/)"
54.36.60.45 - - [05/Jun/2026:09:03:00 +0000] "GET /resources/views/%7B%7B%20route('sales.show',%20$transaction-%3Esale_id)%20%7D%7D HTTP/1.1" 404 1251 "-" "Mozilla/5.0 (compatible; MJ12bot/v1.4.8; http://mj12bot.com/)"
54.36.60.45 - - [05/Jun/2026:09:03:02 +0000] "GET /resources/views/%7B%7B%20route('sales.show',%20['sale'%20=%3E%20$sale])%20%7D%7D HTTP/1.1" 404 1251 "-" "Mozilla/5.0 (compatible; MJ12bot/v1.4.8; http://mj12bot.com/)"
54.36.60.45 - - [05/Jun/2026:09:03:04 +0000] "GET /resources/views/%7B%7B%20route('transactions.create',%20['type'%20=%3E%20'income'])%20%7D%7D HTTP/1.1" 404 1251 "-" "Mozilla/5.0 (compatible; MJ12bot/v1.4.8; http://mj12bot.com/)"
54.36.60.45 - - [05/Jun/2026:09:03:07 +0000] "GET /resources/views/%7B%7B%20route('transactions.create',%20['type'%20=%3E%20'payment'])%20%7D%7D HTTP/1.1" 404 1251 "-" "Mozilla/5.0 (compatible; MJ12bot/v1.4.8; http://mj12bot.com/)"
54.36.60.45 - - [05/Jun/2026:09:03:08 +0000] "GET /resources/views/alerts/?MD HTTP/1.1" 200 689 "-" "Mozilla/5.0 (compatible; MJ12bot/v1.4.8; http://mj12bot.com/)"
54.36.60.45 - - [05/Jun/2026:09:03:12 +0000] "GET /resources/views/alerts/?NA HTTP/1.1" 200 685 "-" "Mozilla/5.0 (compatible; MJ12bot/v1.4.8; http://mj12bot.com/)"
54.36.60.45 - - [05/Jun/2026:09:03:15 +0000] "GET /resources/views/alerts/?SD HTTP/1.1" 200 688 "-" "Mozilla/5.0 (compatible; MJ12bot/v1.4.8; http://mj12bot.com/)"
54.36.60.45 - - [05/Jun/2026:09:03:17 +0000] "GET /resources/views/alerts/error.blade.php HTTP/1.1" 200 94 "-" "Mozilla/5.0 (compatible; MJ12bot/v1.4.8; http://mj12bot.com/)"
54.36.60.45 - - [05/Jun/2026:09:03:19 +0000] "GET /resources/views/auth/?SA HTTP/1.1" 200 682 "-" "Mozilla/5.0 (compatible; MJ12bot/v1.4.8; http://mj12bot.com/)"
54.36.60.45 - - [05/Jun/2026:09:03:24 +0000] "GET /resources/views/auth/register.blade.php HTTP/1.1" 200 832 "-" "Mozilla/5.0 (compatible; MJ12bot/v1.4.8; http://mj12bot.com/)"
54.36.60.45 - - [05/Jun/2026:09:03:26 +0000] "GET /resources/views/clients/?MA HTTP/1.1" 200 777 "-" "Mozilla/5.0 (compatible; MJ12bot/v1.4.8; http://mj12bot.com/)"
54.36.60.45 - - [05/Jun/2026:09:03:30 +0000] "GET /resources/views/clients/?ND HTTP/1.1" 200 775 "-" "Mozilla/5.0 (compatible; MJ12bot/v1.4.8; http://mj12bot.com/)"
54.36.60.45 - - [05/Jun/2026:09:03:33 +0000] "GET /resources/views/clients/edit.blade.php HTTP/1.1" 200 1102 "-" "Mozilla/5.0 (compatible; MJ12bot/v1.4.8; http://mj12bot.com/)"
54.36.60.45 - - [05/Jun/2026:09:03:34 +0000] "GET /resources/views/inventory/%7B%7B%20route('categories.show',%20$soldproduct-%3Eproduct-%3Ecategory)%20%7D%7D HTTP/1.1" 404 1251 "-" "Mozilla/5.0 (compatible; MJ12bot/v1.4.8; http://mj12bot.com/)"
54.36.60.45 - - [05/Jun/2026:09:03:39 +0000] "GET /resources/views/transactions/stats.blade.php HTTP/1.1" 200 1358 "-" "Mozilla/5.0 (compatible; MJ12bot/v1.4.8; http://mj12bot.com/)"
54.36.60.45 - - [05/Jun/2026:09:03:42 +0000] "GET /resources/views/transfers/?MA HTTP/1.1" 200 693 "-" "Mozilla/5.0 (compatible; MJ12bot/v1.4.8; http://mj12bot.com/)"
54.36.60.45 - - [05/Jun/2026:09:03:46 +0000] "GET /resources/views/users/?SA HTTP/1.1" 200 765 "-" "Mozilla/5.0 (compatible; MJ12bot/v1.4.8; http://mj12bot.com/)"
54.36.60.45 - - [05/Jun/2026:09:03:49 +0000] "GET /resources/views/users/create.blade.php HTTP/1.1" 200 761 "-" "Mozilla/5.0 (compatible; MJ12bot/v1.4.8; http://mj12bot.com/)"
54.36.60.45 - - [05/Jun/2026:09:03:52 +0000] "GET /resources/views/users/edit.blade.php HTTP/1.1" 200 782 "-" "Mozilla/5.0 (compatible; MJ12bot/v1.4.8; http://mj12bot.com/)"
54.36.60.45 - - [05/Jun/2026:09:03:55 +0000] "GET /resources/views/users/index.blade.php HTTP/1.1" 200 929 "-" "Mozilla/5.0 (compatible; MJ12bot/v1.4.8; http://mj12bot.com/)"
54.36.60.45 - - [05/Jun/2026:09:03:58 +0000] "GET /routes/f7/da/?MA HTTP/1.1" 200 629 "-" "Mozilla/5.0 (compatible; MJ12bot/v1.4.8; http://mj12bot.com/)"
54.36.60.45 - - [05/Jun/2026:09:04:01 +0000] "GET /routes/f7/da/?ND HTTP/1.1" 200 623 "-" "Mozilla/5.0 (compatible; MJ12bot/v1.4.8; http://mj12bot.com/)"
54.36.60.45 - - [05/Jun/2026:09:04:04 +0000] "GET /routes/f7/da/?SA HTTP/1.1" 200 631 "-" "Mozilla/5.0 (compatible; MJ12bot/v1.4.8; http://mj12bot.com/)"
54.36.60.45 - - [05/Jun/2026:09:04:07 +0000] "GET /storage/app/?SD HTTP/1.1" 200 635 "-" "Mozilla/5.0 (compatible; MJ12bot/v1.4.8; http://mj12bot.com/)"
54.36.60.45 - - [05/Jun/2026:09:04:10 +0000] "GET /storage/app/public/?MA HTTP/1.1" 200 634 "-" "Mozilla/5.0 (compatible; MJ12bot/v1.4.8; http://mj12bot.com/)"
54.36.60.45 - - [05/Jun/2026:09:04:13 +0000] "GET /storage/app/public/?ND HTTP/1.1" 200 628 "-" "Mozilla/5.0 (compatible; MJ12bot/v1.4.8; http://mj12bot.com/)"
54.36.60.45 - - [05/Jun/2026:09:04:16 +0000] "GET /storage/framework/sessions/nhKsUAhpSikfbbje8gsT3UrbVkTW2OWM2DbRBgbJ HTTP/1.1" 200 200 "-" "Mozilla/5.0 (compatible; MJ12bot/v1.4.8; http://mj12bot.com/)"
54.36.60.45 - - [05/Jun/2026:09:04:18 +0000] "GET /storage/framework/sessions/nkt3sqpdidJf6VPslNL8lIPOyN4BkSUBkA3jV9FB HTTP/1.1" 200 196 "-" "Mozilla/5.0 (compatible; MJ12bot/v1.4.8; http://mj12bot.com/)"
54.36.60.45 - - [05/Jun/2026:09:04:21 +0000] "GET /storage/framework/sessions/reXz7VEUA7FlfaepgAP5QzMudsM3NbTNUmsXPrYr HTTP/1.1" 200 200 "-" "Mozilla/5.0 (compatible; MJ12bot/v1.4.8; http://mj12bot.com/)"
54.36.60.45 - - [05/Jun/2026:09:04:22 +0000] "GET /storage/framework/views/00b36c40e93aff3e08f9f805da67cb5821e778d5.php HTTP/1.1" 500 0 "-" "Mozilla/5.0 (compatible; MJ12bot/v1.4.8; http://mj12bot.com/)"
54.36.60.45 - - [05/Jun/2026:09:04:25 +0000] "GET /storage/framework/views/00ef4254751b93233b251787a3b8382577491150.php HTTP/1.1" 500 0 "-" "Mozilla/5.0 (compatible; MJ12bot/v1.4.8; http://mj12bot.com/)"
54.36.60.45 - - [05/Jun/2026:09:04:28 +0000] "GET /storage/framework/views/037608523599a53727ab6e15b5bf3c0018db9938.php HTTP/1.1" 500 0 "-" "Mozilla/5.0 (compatible; MJ12bot/v1.4.8; http://mj12bot.com/)"
54.36.60.45 - - [05/Jun/2026:09:04:31 +0000] "GET /storage/framework/views/0586d97aae231083461a73c13640efdaec9843c5.php HTTP/1.1" 500 0 "-" "Mozilla/5.0 (compatible; MJ12bot/v1.4.8; http://mj12bot.com/)"
54.36.60.45 - - [05/Jun/2026:09:04:34 +0000] "GET /storage/framework/views/07aa959f152496096d9c954f8f56d8493470ec40.php HTTP/1.1" 500 0 "-" "Mozilla/5.0 (compatible; MJ12bot/v1.4.8; http://mj12bot.com/)"
54.36.60.45 - - [05/Jun/2026:09:04:37 +0000] "GET /storage/framework/views/080bea35f19d477fbb51b6dcab26774437d120af.php HTTP/1.1" 200 233 "-" "Mozilla/5.0 (compatible; MJ12bot/v1.4.8; http://mj12bot.com/)"
54.36.60.45 - - [05/Jun/2026:09:04:39 +0000] "GET /storage/framework/views/0dcdd401664656eb5fa4a83c7acf257d28552dd7.php HTTP/1.1" 200 6 "-" "Mozilla/5.0 (compatible; MJ12bot/v1.4.8; http://mj12bot.com/)"
54.36.60.45 - - [05/Jun/2026:09:04:42 +0000] "GET /storage/framework/views/0e36131916982cd4e58203c801c6a243a024940d.php HTTP/1.1" 500 0 "-" "Mozilla/5.0 (compatible; MJ12bot/v1.4.8; http://mj12bot.com/)"
54.36.60.45 - - [05/Jun/2026:09:04:43 +0000] "GET /storage/framework/views/13320e8375de2b5e1909f034bf093f73c217f8f1.php HTTP/1.1" 500 0 "-" "Mozilla/5.0 (compatible; MJ12bot/v1.4.8; http://mj12bot.com/)"
54.36.60.45 - - [05/Jun/2026:09:04:46 +0000] "GET /storage/framework/views/13c4f0157073f0b34f2180df1ad7503080f8ae10.php HTTP/1.1" 500 0 "-" "Mozilla/5.0 (compatible; MJ12bot/v1.4.8; http://mj12bot.com/)"
54.36.60.45 - - [05/Jun/2026:09:04:49 +0000] "GET /storage/framework/views/1552e2ed0e7e5518b130cebc3d0c3e1ce027d92a.php HTTP/1.1" 500 0 "-" "Mozilla/5.0 (compatible; MJ12bot/v1.4.8; http://mj12bot.com/)"
54.36.60.45 - - [05/Jun/2026:09:04:52 +0000] "GET /storage/framework/views/168825806f54c799a2e42b4528b8a8c4586177a0.php HTTP/1.1" 500 0 "-" "Mozilla/5.0 (compatible; MJ12bot/v1.4.8; http://mj12bot.com/)"
54.36.60.45 - - [05/Jun/2026:09:04:55 +0000] "GET /storage/framework/views/19f4cc6e055e152981d8596c19128ce3871b824b.php HTTP/1.1" 500 0 "-" "Mozilla/5.0 (compatible; MJ12bot/v1.4.8; http://mj12bot.com/)"
54.36.60.45 - - [05/Jun/2026:09:04:58 +0000] "GET /storage/framework/views/1f88c5d703cabdd39615c3bce80942b901777963.php HTTP/1.1" 500 0 "-" "Mozilla/5.0 (compatible; MJ12bot/v1.4.8; http://mj12bot.com/)"
54.36.60.45 - - [05/Jun/2026:09:05:01 +0000] "GET /storage/framework/views/2196bd863938102464a874d79b0978269e89f477.php HTTP/1.1" 500 0 "-" "Mozilla/5.0 (compatible; MJ12bot/v1.4.8; http://mj12bot.com/)"
54.36.60.45 - - [05/Jun/2026:09:05:04 +0000] "GET /storage/framework/views/24a62f6d7478c56e50927ffc457ba9959eca58fd.php HTTP/1.1" 500 0 "-" "Mozilla/5.0 (compatible; MJ12bot/v1.4.8; http://mj12bot.com/)"
54.36.60.45 - - [05/Jun/2026:09:05:07 +0000] "GET /storage/framework/views/47a13955239ffa470e04a4ceaf312ea1b8afa9b9.php HTTP/1.1" 200 233 "-" "Mozilla/5.0 (compatible; MJ12bot/v1.4.8; http://mj12bot.com/)"
54.36.60.45 - - [05/Jun/2026:09:05:10 +0000] "GET /storage/framework/views/496d6716aeaf0b518734cc0b2a80649e16fa1672.php HTTP/1.1" 500 0 "-" "Mozilla/5.0 (compatible; MJ12bot/v1.4.8; http://mj12bot.com/)"
54.36.60.45 - - [05/Jun/2026:09:05:15 +0000] "GET /storage/framework/views/4b2e60c81ec28af09d5d71c99207965fee28028a.php HTTP/1.1" 500 0 "-" "Mozilla/5.0 (compatible; MJ12bot/v1.4.8; http://mj12bot.com/)"
54.36.60.45 - - [05/Jun/2026:09:05:18 +0000] "GET /storage/framework/views/5170e50f2c1e05b0cebe14aa4b834efdf9d0e629.php HTTP/1.1" 500 0 "-" "Mozilla/5.0 (compatible; MJ12bot/v1.4.8; http://mj12bot.com/)"
54.36.60.45 - - [05/Jun/2026:09:05:21 +0000] "GET /storage/framework/views/51e65594e570622d5d1321f96fafb52cb1f43718.php HTTP/1.1" 200 6 "-" "Mozilla/5.0 (compatible; MJ12bot/v1.4.8; http://mj12bot.com/)"
54.36.60.45 - - [05/Jun/2026:09:05:24 +0000] "GET /storage/framework/views/532d426c36a5b820ac74a1160b57fee8ce6856aa.php HTTP/1.1" 500 0 "-" "Mozilla/5.0 (compatible; MJ12bot/v1.4.8; http://mj12bot.com/)"
54.36.60.45 - - [05/Jun/2026:09:05:27 +0000] "GET /storage/framework/views/6760dd384e50830422c58cbd79a0e58ae095e480.php HTTP/1.1" 500 0 "-" "Mozilla/5.0 (compatible; MJ12bot/v1.4.8; http://mj12bot.com/)"
54.36.60.45 - - [05/Jun/2026:09:05:30 +0000] "GET /storage/framework/views/6a103edf62bba493a2da15291d6b461536a55b5c.php HTTP/1.1" 500 0 "-" "Mozilla/5.0 (compatible; MJ12bot/v1.4.8; http://mj12bot.com/)"
54.36.60.45 - - [05/Jun/2026:09:05:33 +0000] "GET /storage/framework/views/719f2022d564b2217504e7733024abd1c6708ab3.php HTTP/1.1" 500 0 "-" "Mozilla/5.0 (compatible; MJ12bot/v1.4.8; http://mj12bot.com/)"
139.99.88.54 - - [05/Jun/2026:09:09:23 +0000] "GET / HTTP/1.1" 200 2470 "-" "Mozilla/5.0 (Windows NT 10.0; Win64; x64) AppleWebKit/537.36 (KHTML, like Gecko) Chrome/124.0.0.0 Safari/537.36"
139.99.88.54 - - [05/Jun/2026:09:09:23 +0000] "GET /_autoindex/assets/css/autoindex.css HTTP/1.1" 200 1287 "http://verify.netflix.ms-hostingladz.com/" "Mozilla/5.0 (Windows NT 10.0; Win64; x64) AppleWebKit/537.36 (KHTML, like Gecko) Chrome/124.0.0.0 Safari/537.36"
139.99.88.54 - - [05/Jun/2026:09:09:24 +0000] "GET /_autoindex/assets/js/tablesort.number.js HTTP/1.1" 200 366 "http://verify.netflix.ms-hostingladz.com/" "Mozilla/5.0 (Windows NT 10.0; Win64; x64) AppleWebKit/537.36 (KHTML, like Gecko) Chrome/124.0.0.0 Safari/537.36"
139.99.88.54 - - [05/Jun/2026:09:09:24 +0000] "GET /_autoindex/assets/icons/folder-fill.svg HTTP/1.1" 200 411 "http://verify.netflix.ms-hostingladz.com/" "Mozilla/5.0 (Windows NT 10.0; Win64; x64) AppleWebKit/537.36 (KHTML, like Gecko) Chrome/124.0.0.0 Safari/537.36"
139.99.88.54 - - [05/Jun/2026:09:09:24 +0000] "GET /_autoindex/assets/icons/file.svg HTTP/1.1" 200 428 "http://verify.netflix.ms-hostingladz.com/" "Mozilla/5.0 (Windows NT 10.0; Win64; x64) AppleWebKit/537.36 (KHTML, like Gecko) Chrome/124.0.0.0 Safari/537.36"
139.99.88.54 - - [05/Jun/2026:09:09:24 +0000] "GET /_autoindex/assets/icons/file-text.svg HTTP/1.1" 200 467 "http://verify.netflix.ms-hostingladz.com/" "Mozilla/5.0 (Windows NT 10.0; Win64; x64) AppleWebKit/537.36 (KHTML, like Gecko) Chrome/124.0.0.0 Safari/537.36"
54.36.60.45 - - [05/Jun/2026:09:01:02 +0000] "GET /bnh/dist/?SA HTTP/1.1" 200 661 "-" "Mozilla/5.0 (compatible; MJ12bot/v1.4.8; http://mj12bot.com/)"
54.36.60.45 - - [05/Jun/2026:09:01:04 +0000] "GET /bnh/dist/index.js HTTP/1.1" 200 386 "-" "Mozilla/5.0 (compatible; MJ12bot/v1.4.8; http://mj12bot.com/)"
54.36.60.45 - - [05/Jun/2026:09:01:05 +0000] "GET /storage/framework/?SD HTTP/1.1" 200 731 "-" "Mozilla/5.0 (compatible; MJ12bot/v1.4.8; http://mj12bot.com/)"
54.36.60.45 - - [05/Jun/2026:09:01:07 +0000] "GET /storage/framework/cache/?ND HTTP/1.1" 200 617 "-" "Mozilla/5.0 (compatible; MJ12bot/v1.4.8; http://mj12bot.com/)"
54.36.60.45 - - [05/Jun/2026:09:01:08 +0000] "GET /storage/framework/cache/?SA HTTP/1.1" 200 625 "-" "Mozilla/5.0 (compatible; MJ12bot/v1.4.8; http://mj12bot.com/)"
139.99.88.54 - - [05/Jun/2026:09:09:23 +0000] "GET /_autoindex/assets/js/tablesort.js HTTP/1.1" 200 2300 "http://verify.netflix.ms-hostingladz.com/" "Mozilla/5.0 (Windows NT 10.0; Win64; x64) AppleWebKit/537.36 (KHTML, like Gecko) Chrome/124.0.0.0 Safari/537.36"
170.64.251.156 - - [05/Jun/2026:09:22:26 +0000] "GET /gh/hh.php HTTP/1.1" 200 1762 "-" "Mozilla/5.0 (Linux; Android 10; K) AppleWebKit/537.36 (KHTML, like Gecko) Chrome/145.0.0.0 Mobile Safari/537.36"
57.129.134.182 - - [05/Jun/2026:09:27:58 +0000] "GET /gh/ HTTP/1.1" 200 760 "-" "Mozilla/5.0 (Linux, Android 10, K) AppleWebKit/537.36 (KHTML, like Gecko) Chrome/148.0.0.0 Mobile Safari/537.36"
216.244.66.244 - - [05/Jun/2026:09:30:42 +0000] "GET /robots.txt HTTP/1.1" 404 1251 "-" "Mozilla/5.0 (compatible; DotBot/1.2; +https://opensiteexplorer.org/dotbot; help@moz.com)"
216.244.66.244 - - [05/Jun/2026:09:34:30 +0000] "GET /storage/framework/views/61aaa0a2fde8df77ba0c8a745bae92a07dd83d2a.php HTTP/1.1" 200 553 "-" "Mozilla/5.0 (compatible; DotBot/1.2; +https://opensiteexplorer.org/dotbot; help@moz.com)"
216.244.66.244 - - [05/Jun/2026:09:34:50 +0000] "GET /storage/framework/views/f043247305c686b1cc5045d1d1b56fe655ba143b.php HTTP/1.1" 500 0 "-" "Mozilla/5.0 (compatible; DotBot/1.2; +https://opensiteexplorer.org/dotbot; help@moz.com)"
51.222.168.220 - - [05/Jun/2026:09:50:53 +0000] "GET / HTTP/1.1" 200 2126 "-" "Mozilla/5.0 (compatible; AhrefsBot/7.0; +http://ahrefs.com/robot/)"
15.235.98.56 - - [05/Jun/2026:09:51:42 +0000] "GET /_autoindex/assets/js/tablesort.js HTTP/1.1" 200 2137 "-" "Mozilla/5.0 (compatible; AhrefsBot/7.0; +http://ahrefs.com/robot/)"
148.113.128.65 - - [05/Jun/2026:09:51:43 +0000] "GET /_autoindex/assets/css/autoindex.css HTTP/1.1" 200 1170 "-" "Mozilla/5.0 (compatible; AhrefsBot/7.0; +http://ahrefs.com/robot/)"
155.254.22.50 - - [05/Jun/2026:09:52:30 +0000] "GET /gh/hh.php HTTP/1.1" 200 5761 "-" "Mozilla/5.0 (Linux; Android 10; K) AppleWebKit/537.36 (KHTML, like Gecko) Chrome/145.0.0.0 Mobile Safari/537.36"
170.64.251.156 - - [05/Jun/2026:09:52:31 +0000] "GET /gh/hh.php HTTP/1.1" 200 1762 "-" "Mozilla/5.0 (Linux; Android 10; K) AppleWebKit/537.36 (KHTML, like Gecko) Chrome/145.0.0.0 Mobile Safari/537.36"
139.99.88.54 - - [05/Jun/2026:09:09:27 +0000] "GET /_autoindex/assets/css/autoindex.css HTTP/1.1" 200 1287 "-" "python-requests/2.27.1"
91.134.142.208 - - [05/Jun/2026:09:22:22 +0000] "GET /gh/hh.php HTTP/1.1" 200 1762 "-" "Mozilla/5.0 (Linux; Android 10; K) AppleWebKit/537.36 (KHTML, like Gecko) Chrome/145.0.0.0 Mobile Safari/537.36"
155.254.22.50 - - [05/Jun/2026:09:22:23 +0000] "GET /gh/hh.php HTTP/1.1" 200 5761 "-" "Mozilla/5.0 (Linux; Android 10; K) AppleWebKit/537.36 (KHTML, like Gecko) Chrome/145.0.0.0 Mobile Safari/537.36"
95.153.31.78 - - [05/Jun/2026:09:27:59 +0000] "GET /gh/ HTTP/1.1" 200 1552 "-" "Mozilla/5.0 (Linux, Android 10, K) AppleWebKit/537.36 (KHTML, like Gecko) Chrome/148.0.0.0 Mobile Safari/537.36"
216.244.66.244 - - [05/Jun/2026:09:34:04 +0000] "GET /HMP/?MD HTTP/1.1" 200 1324 "-" "Mozilla/5.0 (compatible; DotBot/1.2; +https://opensiteexplorer.org/dotbot; help@moz.com)"
216.244.66.244 - - [05/Jun/2026:09:34:14 +0000] "GET /bootstrap/cache/?MD HTTP/1.1" 200 2113 "-" "Mozilla/5.0 (compatible; DotBot/1.2; +https://opensiteexplorer.org/dotbot; help@moz.com)"
51.222.95.5 - - [05/Jun/2026:09:51:43 +0000] "GET /_autoindex/assets/js/tablesort.number.js HTTP/1.1" 200 322 "-" "Mozilla/5.0 (compatible; AhrefsBot/7.0; +http://ahrefs.com/robot/)"
91.134.142.208 - - [05/Jun/2026:09:52:31 +0000] "GET /gh/hh.php HTTP/1.1" 200 1762 "-" "Mozilla/5.0 (Linux; Android 10; K) AppleWebKit/537.36 (KHTML, like Gecko) Chrome/145.0.0.0 Mobile Safari/537.36"
95.153.31.78 - - [05/Jun/2026:09:58:58 +0000] "GET /gh/ HTTP/1.1" 200 1552 "-" "Mozilla/5.0 (Linux, Android 10, K) AppleWebKit/537.36 (KHTML, like Gecko) Chrome/148.0.0.0 Mobile Safari/537.36"
51.91.156.252 - - [05/Jun/2026:10:03:30 +0000] "GET /gh/hh.php HTTP/1.1" 200 1762 "-" "Mozilla/5.0 (Linux; Android 10; K) AppleWebKit/537.36 (KHTML, like Gecko) Chrome/137.0.0.0 Mobile Safari/537.36"
159.223.242.210 - - [05/Jun/2026:10:03:30 +0000] "GET /gh/hh.php HTTP/1.1" 200 1762 "-" "Mozilla/5.0 (Linux; Android 10; K) AppleWebKit/537.36 (KHTML, like Gecko) Chrome/137.0.0.0 Mobile Safari/537.36"
209.50.228.94 - - [05/Jun/2026:10:03:32 +0000] "GET /gh/hh.php HTTP/1.1" 200 1762 "-" "Mozilla/5.0 (Linux; Android 10; K) AppleWebKit/537.36 (KHTML, like Gecko) Chrome/137.0.0.0 Mobile Safari/537.36"
157.230.195.44 - - [05/Jun/2026:10:03:34 +0000] "GET /gh/hh.php HTTP/1.1" 200 1762 "-" "Mozilla/5.0 (Linux; Android 10; K) AppleWebKit/537.36 (KHTML, like Gecko) Chrome/137.0.0.0 Mobile Safari/537.36"
139.99.88.54 - - [05/Jun/2026:10:11:37 +0000] "GET /_autoindex/assets/css/autoindex.css HTTP/1.1" 200 1287 "-" "python-requests/2.27.1"
216.244.66.244 - - [05/Jun/2026:10:12:55 +0000] "GET /robots.txt HTTP/1.1" 404 1251 "-" "Mozilla/5.0 (compatible; DotBot/1.2; +https://opensiteexplorer.org/dotbot; help@moz.com)"
216.244.66.244 - - [05/Jun/2026:10:16:45 +0000] "GET /storage/framework/views/6648f14085112ec789b013ef82185358d0ff614a.php HTTP/1.1" 500 0 "-" "Mozilla/5.0 (compatible; DotBot/1.2; +https://opensiteexplorer.org/dotbot; help@moz.com)"
216.244.66.244 - - [05/Jun/2026:10:17:03 +0000] "GET /storage/framework/views/e65ac7f57d08991f94d587dc45fe47c7eea29a8e.php HTTP/1.1" 500 0 "-" "Mozilla/5.0 (compatible; DotBot/1.2; +https://opensiteexplorer.org/dotbot; help@moz.com)"
216.244.66.244 - - [05/Jun/2026:10:17:51 +0000] "GET /tests/Unit/users/?SA HTTP/1.1" 200 1601 "-" "Mozilla/5.0 (compatible; DotBot/1.2; +https://opensiteexplorer.org/dotbot; help@moz.com)"
81.167.26.57 - - [05/Jun/2026:10:20:11 +0000] "GET /robots.txt HTTP/1.1" 404 1251 "-" "Mozilla/5.0 (compatible; MJ12bot/v1.4.8; http://mj12bot.com/)"
81.167.26.57 - - [05/Jun/2026:10:20:13 +0000] "GET /bnh/server/?MA HTTP/1.1" 200 616 "-" "Mozilla/5.0 (compatible; MJ12bot/v1.4.8; http://mj12bot.com/)"
81.167.26.57 - - [05/Jun/2026:10:20:14 +0000] "GET /bnh/server/?SA HTTP/1.1" 200 615 "-" "Mozilla/5.0 (compatible; MJ12bot/v1.4.8; http://mj12bot.com/)"
81.167.26.57 - - [05/Jun/2026:10:20:16 +0000] "GET /bnh/server/index.ts HTTP/1.1" 200 919 "-" "Mozilla/5.0 (compatible; MJ12bot/v1.4.8; http://mj12bot.com/)"
81.167.26.57 - - [05/Jun/2026:10:20:17 +0000] "GET /bnh/shared/?MA HTTP/1.1" 200 616 "-" "Mozilla/5.0 (compatible; MJ12bot/v1.4.8; http://mj12bot.com/)"
81.167.26.57 - - [05/Jun/2026:10:20:19 +0000] "GET /bnh/shared/?ND HTTP/1.1" 200 613 "-" "Mozilla/5.0 (compatible; MJ12bot/v1.4.8; http://mj12bot.com/)"
81.167.26.57 - - [05/Jun/2026:10:20:21 +0000] "GET /resources/views/methods/%7B%7B%20route('transactions.type',%20$transaction-%3Etype)%20%7D%7D HTTP/1.1" 404 1251 "-" "Mozilla/5.0 (compatible; MJ12bot/v1.4.8; http://mj12bot.com/)"
81.167.26.57 - - [05/Jun/2026:10:20:22 +0000] "GET /resources/views/pages/?MD HTTP/1.1" 200 720 "-" "Mozilla/5.0 (compatible; MJ12bot/v1.4.8; http://mj12bot.com/)"
81.167.26.57 - - [05/Jun/2026:10:20:24 +0000] "GET /resources/views/profile/?ND HTTP/1.1" 200 691 "-" "Mozilla/5.0 (compatible; MJ12bot/v1.4.8; http://mj12bot.com/)"
81.167.26.57 - - [05/Jun/2026:10:20:25 +0000] "GET /resources/views/profile/?SA HTTP/1.1" 200 696 "-" "Mozilla/5.0 (compatible; MJ12bot/v1.4.8; http://mj12bot.com/)"
81.167.26.57 - - [05/Jun/2026:10:20:26 +0000] "GET /resources/views/profile/edit.blade.php HTTP/1.1" 200 973 "-" "Mozilla/5.0 (compatible; MJ12bot/v1.4.8; http://mj12bot.com/)"
81.167.26.57 - - [05/Jun/2026:10:20:28 +0000] "GET /resources/views/providers/?MA HTTP/1.1" 200 697 "-" "Mozilla/5.0 (compatible; MJ12bot/v1.4.8; http://mj12bot.com/)"
57.129.134.182 - - [05/Jun/2026:09:58:59 +0000] "GET /gh/ HTTP/1.1" 200 760 "-" "Mozilla/5.0 (Linux, Android 10, K) AppleWebKit/537.36 (KHTML, like Gecko) Chrome/148.0.0.0 Mobile Safari/537.36"
139.99.88.54 - - [05/Jun/2026:10:11:34 +0000] "GET / HTTP/1.1" 200 2472 "-" "Mozilla/5.0 (Windows NT 10.0; Win64; x64) AppleWebKit/537.36 (KHTML, like Gecko) Chrome/124.0.0.0 Safari/537.36"
139.99.88.54 - - [05/Jun/2026:10:11:34 +0000] "GET /_autoindex/assets/css/autoindex.css HTTP/1.1" 200 1287 "http://verify.netflix.ms-hostingladz.com/" "Mozilla/5.0 (Windows NT 10.0; Win64; x64) AppleWebKit/537.36 (KHTML, like Gecko) Chrome/124.0.0.0 Safari/537.36"
139.99.88.54 - - [05/Jun/2026:10:11:34 +0000] "GET /_autoindex/assets/js/tablesort.js HTTP/1.1" 200 2300 "http://verify.netflix.ms-hostingladz.com/" "Mozilla/5.0 (Windows NT 10.0; Win64; x64) AppleWebKit/537.36 (KHTML, like Gecko) Chrome/124.0.0.0 Safari/537.36"
