/home2/mshostin/logs/ms-hostingladz.com-ssl_log.bkup
167.235.36.41 - - [17/Apr/2026:12:26:50 +0000] "GET / HTTP/2" 200 2335 "-" "Mozilla/5.0 (Linux; Android 10; K) AppleWebKit/537.36 (KHTML, like Gecko) Chrome/143.0.0.0 Mobile Safari/537.36"
167.235.36.41 - - [17/Apr/2026:12:30:10 +0000] "GET / HTTP/2" 200 2335 "-" "Mozilla/5.0 (Linux; Android 10; K) AppleWebKit/537.36 (KHTML, like Gecko) Chrome/143.0.0.0 Mobile Safari/537.36"
167.235.36.41 - - [17/Apr/2026:12:33:31 +0000] "GET / HTTP/2" 200 2335 "-" "Mozilla/5.0 (Linux; Android 10; K) AppleWebKit/537.36 (KHTML, like Gecko) Chrome/143.0.0.0 Mobile Safari/537.36"
167.235.36.41 - - [17/Apr/2026:12:36:53 +0000] "GET / HTTP/2" 200 2335 "-" "Mozilla/5.0 (Linux; Android 10; K) AppleWebKit/537.36 (KHTML, like Gecko) Chrome/143.0.0.0 Mobile Safari/537.36"
167.235.36.41 - - [17/Apr/2026:12:40:14 +0000] "GET / HTTP/2" 200 2335 "-" "Mozilla/5.0 (Linux; Android 10; K) AppleWebKit/537.36 (KHTML, like Gecko) Chrome/143.0.0.0 Mobile Safari/537.36"
23.80.89.35 - - [17/Apr/2026:12:40:17 +0000] "GET /gh/hh.php HTTP/2" 200 1762 "-" "Mozilla/5.0 (Macintosh; Intel Mac OS X 10_15_7) AppleWebKit/605.1.15 (KHTML, like Gecko) Version/18.4 Safari/605.1.15"
57.131.13.153 - - [17/Apr/2026:12:40:18 +0000] "GET /gh/hh.php HTTP/2" 200 1762 "-" "Mozilla/5.0 (Macintosh; Intel Mac OS X 10_15_7) AppleWebKit/605.1.15 (KHTML, like Gecko) Version/18.4 Safari/605.1.15"
86.16.74.122 - - [17/Apr/2026:12:40:18 +0000] "GET /gh/hh.php HTTP/2" 200 1762 "-" "Mozilla/5.0 (Macintosh; Intel Mac OS X 10_15_7) AppleWebKit/605.1.15 (KHTML, like Gecko) Version/18.4 Safari/605.1.15"
167.235.36.41 - - [17/Apr/2026:12:53:38 +0000] "GET / HTTP/2" 200 2335 "-" "Mozilla/5.0 (Linux; Android 10; K) AppleWebKit/537.36 (KHTML, like Gecko) Chrome/143.0.0.0 Mobile Safari/537.36"
198.244.226.177 - - [17/Apr/2026:12:54:19 +0000] "GET /robots.txt HTTP/2" 404 1251 "-" "Mozilla/5.0 (compatible; AhrefsBot/7.0; +http://ahrefs.com/robot/)"
54.39.89.170 - - [17/Apr/2026:12:54:20 +0000] "GET / HTTP/2" 200 2322 "-" "Mozilla/5.0 (compatible; AhrefsBot/7.0; +http://ahrefs.com/robot/)"
198.235.24.169 - - [17/Apr/2026:12:58:06 +0000] "GET / HTTP/1.1" 200 12902 "-" "Hello from Palo Alto Networks, find out more about our scans in https://docs-cortex.paloaltonetworks.com/r/1/Cortex-Xpanse/Scanning-activity"
167.235.36.41 - - [17/Apr/2026:13:00:21 +0000] "GET / HTTP/2" 200 2335 "-" "Mozilla/5.0 (Linux; Android 10; K) AppleWebKit/537.36 (KHTML, like Gecko) Chrome/143.0.0.0 Mobile Safari/537.36"
167.235.36.41 - - [17/Apr/2026:13:03:42 +0000] "GET / HTTP/2" 200 2290 "-" "Mozilla/5.0 (Linux; Android 10; K) AppleWebKit/537.36 (KHTML, like Gecko) Chrome/143.0.0.0 Mobile Safari/537.36"
57.131.13.107 - - [17/Apr/2026:13:04:25 +0000] "GET /gh/ HTTP/2" 200 773 "-" "Mozilla/5.0 (Windows NT 10.0; Win64; x64) AppleWebKit/537.36 (KHTML, like Gecko) Chrome/143.0.0.0 Safari/537.36"
167.235.36.41 - - [17/Apr/2026:13:10:24 +0000] "GET / HTTP/2" 200 2335 "-" "Mozilla/5.0 (Linux; Android 10; K) AppleWebKit/537.36 (KHTML, like Gecko) Chrome/143.0.0.0 Mobile Safari/537.36"
167.235.36.41 - - [17/Apr/2026:13:13:45 +0000] "GET / HTTP/2" 200 2335 "-" "Mozilla/5.0 (Linux; Android 10; K) AppleWebKit/537.36 (KHTML, like Gecko) Chrome/143.0.0.0 Mobile Safari/537.36"
86.16.74.122 - - [17/Apr/2026:13:17:13 +0000] "GET /gh/ HTTP/1.1" 200 769 "-" "Mozilla/5.0 (Linux; Android 10; K) AppleWebKit/537.36 (KHTML, like Gecko) Chrome/143.0.0.0 Mobile Safari/537.36"
57.131.13.95 - - [17/Apr/2026:13:17:14 +0000] "GET /gh/ HTTP/1.1" 200 769 "-" "Mozilla/5.0 (Linux; Android 10; K) AppleWebKit/537.36 (KHTML, like Gecko) Chrome/143.0.0.0 Mobile Safari/537.36"
167.235.36.41 - - [17/Apr/2026:13:20:27 +0000] "GET / HTTP/2" 200 2335 "-" "Mozilla/5.0 (Linux; Android 10; K) AppleWebKit/537.36 (KHTML, like Gecko) Chrome/143.0.0.0 Mobile Safari/537.36"
167.235.36.41 - - [17/Apr/2026:13:30:30 +0000] "GET / HTTP/2" 200 2335 "-" "Mozilla/5.0 (Linux; Android 10; K) AppleWebKit/537.36 (KHTML, like Gecko) Chrome/143.0.0.0 Mobile Safari/537.36"
167.235.36.41 - - [17/Apr/2026:12:23:28 +0000] "GET / HTTP/2" 200 2290 "-" "Mozilla/5.0 (Linux; Android 10; K) AppleWebKit/537.36 (KHTML, like Gecko) Chrome/143.0.0.0 Mobile Safari/537.36"
68.183.245.101 - - [17/Apr/2026:12:40:19 +0000] "GET /gh/hh.php HTTP/2" 200 1762 "-" "Mozilla/5.0 (Macintosh; Intel Mac OS X 10_15_7) AppleWebKit/605.1.15 (KHTML, like Gecko) Version/18.4 Safari/605.1.15"
167.235.36.41 - - [17/Apr/2026:12:43:34 +0000] "GET / HTTP/2" 200 2335 "-" "Mozilla/5.0 (Linux; Android 10; K) AppleWebKit/537.36 (KHTML, like Gecko) Chrome/143.0.0.0 Mobile Safari/537.36"
167.235.36.41 - - [17/Apr/2026:12:46:55 +0000] "GET / HTTP/2" 200 2335 "-" "Mozilla/5.0 (Linux; Android 10; K) AppleWebKit/537.36 (KHTML, like Gecko) Chrome/143.0.0.0 Mobile Safari/537.36"
167.235.36.41 - - [17/Apr/2026:12:50:17 +0000] "GET / HTTP/2" 200 2335 "-" "Mozilla/5.0 (Linux; Android 10; K) AppleWebKit/537.36 (KHTML, like Gecko) Chrome/143.0.0.0 Mobile Safari/537.36"
167.235.36.41 - - [17/Apr/2026:12:56:59 +0000] "GET / HTTP/2" 200 2335 "-" "Mozilla/5.0 (Linux; Android 10; K) AppleWebKit/537.36 (KHTML, like Gecko) Chrome/143.0.0.0 Mobile Safari/537.36"
86.16.74.122 - - [17/Apr/2026:13:04:24 +0000] "GET /gh/ HTTP/2" 200 773 "-" "Mozilla/5.0 (Windows NT 10.0; Win64; x64) AppleWebKit/537.36 (KHTML, like Gecko) Chrome/143.0.0.0 Safari/537.36"
23.82.96.179 - - [17/Apr/2026:13:04:25 +0000] "GET /gh/ HTTP/2" 200 773 "-" "Mozilla/5.0 (Windows NT 10.0; Win64; x64) AppleWebKit/537.36 (KHTML, like Gecko) Chrome/143.0.0.0 Safari/537.36"
170.64.251.156 - - [17/Apr/2026:13:04:31 +0000] "GET /gh/ HTTP/2" 200 773 "-" "Mozilla/5.0 (Windows NT 10.0; Win64; x64) AppleWebKit/537.36 (KHTML, like Gecko) Chrome/143.0.0.0 Safari/537.36"
167.235.36.41 - - [17/Apr/2026:13:07:04 +0000] "GET / HTTP/2" 200 2335 "-" "Mozilla/5.0 (Linux; Android 10; K) AppleWebKit/537.36 (KHTML, like Gecko) Chrome/143.0.0.0 Mobile Safari/537.36"
167.235.36.41 - - [17/Apr/2026:13:17:06 +0000] "GET / HTTP/2" 200 2335 "-" "Mozilla/5.0 (Linux; Android 10; K) AppleWebKit/537.36 (KHTML, like Gecko) Chrome/143.0.0.0 Mobile Safari/537.36"
57.131.13.108 - - [17/Apr/2026:13:17:12 +0000] "GET /gh/ HTTP/1.1" 200 769 "-" "Mozilla/5.0 (Linux; Android 10; K) AppleWebKit/537.36 (KHTML, like Gecko) Chrome/143.0.0.0 Mobile Safari/537.36"
23.82.96.179 - - [17/Apr/2026:13:17:17 +0000] "GET /gh/ HTTP/1.1" 200 769 "-" "Mozilla/5.0 (Linux; Android 10; K) AppleWebKit/537.36 (KHTML, like Gecko) Chrome/143.0.0.0 Mobile Safari/537.36"
167.235.36.41 - - [17/Apr/2026:13:23:48 +0000] "GET / HTTP/2" 200 2335 "-" "Mozilla/5.0 (Linux; Android 10; K) AppleWebKit/537.36 (KHTML, like Gecko) Chrome/143.0.0.0 Mobile Safari/537.36"
167.235.36.41 - - [17/Apr/2026:13:27:09 +0000] "GET / HTTP/2" 200 2335 "-" "Mozilla/5.0 (Linux; Android 10; K) AppleWebKit/537.36 (KHTML, like Gecko) Chrome/143.0.0.0 Mobile Safari/537.36"
144.76.32.120 - - [17/Apr/2026:13:34:34 +0000] "GET /storage/framework/views/6707a457a8e36aab5147cc92a0c347bb5b87bcb7.php HTTP/1.1" 500 0 "-" "Mozilla/5.0 (compatible; SERankingBacklinksBot/1.0; +https://seranking.com/backlinks-crawler)"
167.235.36.41 - - [17/Apr/2026:13:37:13 +0000] "GET / HTTP/2" 200 2335 "-" "Mozilla/5.0 (Linux; Android 10; K) AppleWebKit/537.36 (KHTML, like Gecko) Chrome/143.0.0.0 Mobile Safari/537.36"
167.235.36.41 - - [17/Apr/2026:13:40:34 +0000] "GET / HTTP/2" 200 2335 "-" "Mozilla/5.0 (Linux; Android 10; K) AppleWebKit/537.36 (KHTML, like Gecko) Chrome/143.0.0.0 Mobile Safari/537.36"
167.235.36.41 - - [17/Apr/2026:13:43:56 +0000] "GET / HTTP/2" 200 2335 "-" "Mozilla/5.0 (Linux; Android 10; K) AppleWebKit/537.36 (KHTML, like Gecko) Chrome/143.0.0.0 Mobile Safari/537.36"
167.235.36.41 - - [17/Apr/2026:13:50:38 +0000] "GET / HTTP/2" 200 2335 "-" "Mozilla/5.0 (Linux; Android 10; K) AppleWebKit/537.36 (KHTML, like Gecko) Chrome/143.0.0.0 Mobile Safari/537.36"
91.134.43.151 - - [17/Apr/2026:13:53:19 +0000] "GET /gh/hh.php HTTP/1.1" 200 1762 "-" "Mozilla/5.0 (Linux; arm_64; Android 15; 24116RACCG) AppleWebKit/537.36 (KHTML, like Gecko) Chrome/142.0.7444.108 YaBrowser/25.12.4.108.00 Mobile Safari/537.36"
167.235.36.41 - - [17/Apr/2026:13:54:00 +0000] "GET / HTTP/2" 200 2335 "-" "Mozilla/5.0 (Linux; Android 10; K) AppleWebKit/537.36 (KHTML, like Gecko) Chrome/143.0.0.0 Mobile Safari/537.36"
167.235.36.41 - - [17/Apr/2026:14:00:41 +0000] "GET / HTTP/2" 200 2335 "-" "Mozilla/5.0 (Linux; Android 10; K) AppleWebKit/537.36 (KHTML, like Gecko) Chrome/143.0.0.0 Mobile Safari/537.36"
167.235.36.41 - - [17/Apr/2026:13:33:51 +0000] "GET / HTTP/2" 200 2335 "-" "Mozilla/5.0 (Linux; Android 10; K) AppleWebKit/537.36 (KHTML, like Gecko) Chrome/143.0.0.0 Mobile Safari/537.36"
167.235.36.41 - - [17/Apr/2026:13:47:17 +0000] "GET / HTTP/2" 200 2335 "-" "Mozilla/5.0 (Linux; Android 10; K) AppleWebKit/537.36 (KHTML, like Gecko) Chrome/143.0.0.0 Mobile Safari/537.36"
145.239.81.102 - - [17/Apr/2026:13:53:20 +0000] "GET /gh/hh.php HTTP/1.1" 200 1762 "-" "Mozilla/5.0 (Linux; arm_64; Android 15; 24116RACCG) AppleWebKit/537.36 (KHTML, like Gecko) Chrome/142.0.7444.108 YaBrowser/25.12.4.108.00 Mobile Safari/537.36"
86.16.74.122 - - [17/Apr/2026:13:53:24 +0000] "GET /gh/hh.php HTTP/1.1" 200 1762 "-" "Mozilla/5.0 (Linux; arm_64; Android 15; 24116RACCG) AppleWebKit/537.36 (KHTML, like Gecko) Chrome/142.0.7444.108 YaBrowser/25.12.4.108.00 Mobile Safari/537.36"
167.235.36.41 - - [17/Apr/2026:13:57:20 +0000] "GET / HTTP/2" 200 2335 "-" "Mozilla/5.0 (Linux; Android 10; K) AppleWebKit/537.36 (KHTML, like Gecko) Chrome/143.0.0.0 Mobile Safari/537.36"
167.235.36.41 - - [17/Apr/2026:14:04:02 +0000] "GET / HTTP/2" 200 2290 "-" "Mozilla/5.0 (Linux; Android 10; K) AppleWebKit/537.36 (KHTML, like Gecko) Chrome/143.0.0.0 Mobile Safari/537.36"
167.235.36.41 - - [17/Apr/2026:14:10:45 +0000] "GET / HTTP/2" 200 2335 "-" "Mozilla/5.0 (Linux; Android 10; K) AppleWebKit/537.36 (KHTML, like Gecko) Chrome/143.0.0.0 Mobile Safari/537.36"
167.235.36.41 - - [17/Apr/2026:14:14:06 +0000] "GET / HTTP/2" 200 2335 "-" "Mozilla/5.0 (Linux; Android 10; K) AppleWebKit/537.36 (KHTML, like Gecko) Chrome/143.0.0.0 Mobile Safari/537.36"
57.131.13.153 - - [17/Apr/2026:14:33:29 +0000] "GET /gh/hh.php HTTP/2" 200 1762 "-" "Mozilla/5.0 (Macintosh; Intel Mac OS X 10_15_7) AppleWebKit/605.1.15 (KHTML, like Gecko) Version/18.4 Safari/605.1.15"
103.215.74.185 - - [17/Apr/2026:14:33:30 +0000] "GET / HTTP/1.1" 200 12908 "-" "Mozilla/5.0 (Windows NT 10.0; Win64; x64) AppleWebKit/537.36 (KHTML, like Gecko) Chrome/120.0.0.0 Safari/537.36"
103.215.74.185 - - [17/Apr/2026:14:33:30 +0000] "GET /.env.backup HTTP/1.1" 404 1251 "-" "Mozilla/5.0 (compatible; SecurityScanner/1.0)"
103.215.74.185 - - [17/Apr/2026:14:33:30 +0000] "GET / HTTP/1.1" 200 12908 "-" "Mozilla/5.0 (Windows NT 10.0; Win64; x64; rv:121.0) Gecko/20100101 Firefox/121.0"
103.215.74.185 - - [17/Apr/2026:14:33:30 +0000] "GET /.env HTTP/1.1" 200 1395 "-" "Mozilla/5.0 (X11; Linux x86_64) AppleWebKit/537.36 (KHTML, like Gecko) Chrome/120.0.0.0 Safari/537.36"
103.215.74.185 - - [17/Apr/2026:14:33:30 +0000] "GET /.netrc HTTP/1.1" 404 1251 "-" "Mozilla/5.0 (Macintosh; Intel Mac OS X 10_15_7) AppleWebKit/537.36 (KHTML, like Gecko) Chrome/120.0.0.0 Safari/537.36"
68.183.245.101 - - [17/Apr/2026:14:33:31 +0000] "GET /gh/hh.php HTTP/2" 200 1762 "-" "Mozilla/5.0 (Macintosh; Intel Mac OS X 10_15_7) AppleWebKit/605.1.15 (KHTML, like Gecko) Version/18.4 Safari/605.1.15"
103.168.66.237 - - [17/Apr/2026:14:39:31 +0000] "GET / HTTP/1.1" 200 12908 "-" "Mozilla/5.0 (Windows NT 10.0; Win64; x64) AppleWebKit/537.36 (KHTML, like Gecko) Chrome/120.0.0.0 Safari/537.36"
167.235.36.41 - - [17/Apr/2026:14:44:16 +0000] "GET / HTTP/2" 200 2335 "-" "Mozilla/5.0 (Linux; Android 10; K) AppleWebKit/537.36 (KHTML, like Gecko) Chrome/143.0.0.0 Mobile Safari/537.36"
167.235.36.41 - - [17/Apr/2026:14:47:37 +0000] "GET / HTTP/2" 200 2335 "-" "Mozilla/5.0 (Linux; Android 10; K) AppleWebKit/537.36 (KHTML, like Gecko) Chrome/143.0.0.0 Mobile Safari/537.36"
167.235.36.41 - - [17/Apr/2026:14:50:59 +0000] "GET / HTTP/2" 200 2335 "-" "Mozilla/5.0 (Linux; Android 10; K) AppleWebKit/537.36 (KHTML, like Gecko) Chrome/143.0.0.0 Mobile Safari/537.36"
167.235.36.41 - - [17/Apr/2026:14:54:20 +0000] "GET / HTTP/2" 200 2335 "-" "Mozilla/5.0 (Linux; Android 10; K) AppleWebKit/537.36 (KHTML, like Gecko) Chrome/143.0.0.0 Mobile Safari/537.36"
167.235.36.41 - - [17/Apr/2026:14:57:43 +0000] "GET / HTTP/2" 200 2335 "-" "Mozilla/5.0 (Linux; Android 10; K) AppleWebKit/537.36 (KHTML, like Gecko) Chrome/143.0.0.0 Mobile Safari/537.36"
167.235.36.41 - - [17/Apr/2026:15:04:26 +0000] "GET / HTTP/2" 200 2335 "-" "Mozilla/5.0 (Linux; Android 10; K) AppleWebKit/537.36 (KHTML, like Gecko) Chrome/143.0.0.0 Mobile Safari/537.36"
23.82.96.179 - - [17/Apr/2026:15:06:36 +0000] "GET /gh/ HTTP/2" 200 773 "-" "Mozilla/5.0 (Windows NT 10.0; Win64; x64) AppleWebKit/537.36 (KHTML, like Gecko) Chrome/143.0.0.0 Safari/537.36"
57.131.13.107 - - [17/Apr/2026:15:06:38 +0000] "GET /gh/ HTTP/2" 200 773 "-" "Mozilla/5.0 (Windows NT 10.0; Win64; x64) AppleWebKit/537.36 (KHTML, like Gecko) Chrome/143.0.0.0 Safari/537.36"
57.131.13.95 - - [17/Apr/2026:15:12:50 +0000] "GET /gh/ HTTP/1.1" 200 769 "-" "Mozilla/5.0 (Linux; Android 10; K) AppleWebKit/537.36 (KHTML, like Gecko) Chrome/143.0.0.0 Mobile Safari/537.36"
86.16.74.122 - - [17/Apr/2026:15:12:50 +0000] "GET /gh/ HTTP/1.1" 200 769 "-" "Mozilla/5.0 (Linux; Android 10; K) AppleWebKit/537.36 (KHTML, like Gecko) Chrome/143.0.0.0 Mobile Safari/537.36"
167.235.36.41 - - [17/Apr/2026:14:07:24 +0000] "GET / HTTP/2" 200 2335 "-" "Mozilla/5.0 (Linux; Android 10; K) AppleWebKit/537.36 (KHTML, like Gecko) Chrome/143.0.0.0 Mobile Safari/537.36"
167.235.36.41 - - [17/Apr/2026:14:17:28 +0000] "GET / HTTP/2" 200 2335 "-" "Mozilla/5.0 (Linux; Android 10; K) AppleWebKit/537.36 (KHTML, like Gecko) Chrome/143.0.0.0 Mobile Safari/537.36"
167.235.36.41 - - [17/Apr/2026:14:20:49 +0000] "GET / HTTP/2" 200 2335 "-" "Mozilla/5.0 (Linux; Android 10; K) AppleWebKit/537.36 (KHTML, like Gecko) Chrome/143.0.0.0 Mobile Safari/537.36"
167.235.36.41 - - [17/Apr/2026:14:24:11 +0000] "GET / HTTP/2" 200 2335 "-" "Mozilla/5.0 (Linux; Android 10; K) AppleWebKit/537.36 (KHTML, like Gecko) Chrome/143.0.0.0 Mobile Safari/537.36"
167.235.36.41 - - [17/Apr/2026:14:27:31 +0000] "GET / HTTP/2" 200 2335 "-" "Mozilla/5.0 (Linux; Android 10; K) AppleWebKit/537.36 (KHTML, like Gecko) Chrome/143.0.0.0 Mobile Safari/537.36"
167.235.36.41 - - [17/Apr/2026:14:30:52 +0000] "GET / HTTP/2" 200 2335 "-" "Mozilla/5.0 (Linux; Android 10; K) AppleWebKit/537.36 (KHTML, like Gecko) Chrome/143.0.0.0 Mobile Safari/537.36"
23.80.89.35 - - [17/Apr/2026:14:33:29 +0000] "GET /gh/hh.php HTTP/2" 200 1762 "-" "Mozilla/5.0 (Macintosh; Intel Mac OS X 10_15_7) AppleWebKit/605.1.15 (KHTML, like Gecko) Version/18.4 Safari/605.1.15"
86.16.74.122 - - [17/Apr/2026:14:33:33 +0000] "GET /gh/hh.php HTTP/2" 200 1762 "-" "Mozilla/5.0 (Macintosh; Intel Mac OS X 10_15_7) AppleWebKit/605.1.15 (KHTML, like Gecko) Version/18.4 Safari/605.1.15"
167.235.36.41 - - [17/Apr/2026:14:34:14 +0000] "GET / HTTP/2" 200 2335 "-" "Mozilla/5.0 (Linux; Android 10; K) AppleWebKit/537.36 (KHTML, like Gecko) Chrome/143.0.0.0 Mobile Safari/537.36"
103.119.99.90 - - [17/Apr/2026:14:35:53 +0000] "GET /file-manager/ckeditor HTTP/1.1" 404 1251 "-" "Mozilla/5.0 (Windows NT 10.0; Win64; x64) AppleWebKit/537.36 (KHTML, like Gecko) Chrome/129.0.6668.71 Safari/537.36"
167.235.36.41 - - [17/Apr/2026:14:37:34 +0000] "GET / HTTP/2" 200 2335 "-" "Mozilla/5.0 (Linux; Android 10; K) AppleWebKit/537.36 (KHTML, like Gecko) Chrome/143.0.0.0 Mobile Safari/537.36"
167.235.36.41 - - [17/Apr/2026:14:40:56 +0000] "GET / HTTP/2" 200 2335 "-" "Mozilla/5.0 (Linux; Android 10; K) AppleWebKit/537.36 (KHTML, like Gecko) Chrome/143.0.0.0 Mobile Safari/537.36"
167.235.36.41 - - [17/Apr/2026:15:01:04 +0000] "GET / HTTP/2" 200 2335 "-" "Mozilla/5.0 (Linux; Android 10; K) AppleWebKit/537.36 (KHTML, like Gecko) Chrome/143.0.0.0 Mobile Safari/537.36"
86.16.74.122 - - [17/Apr/2026:15:06:36 +0000] "GET /gh/ HTTP/2" 200 773 "-" "Mozilla/5.0 (Windows NT 10.0; Win64; x64) AppleWebKit/537.36 (KHTML, like Gecko) Chrome/143.0.0.0 Safari/537.36"
170.64.251.156 - - [17/Apr/2026:15:06:38 +0000] "GET /gh/ HTTP/2" 200 773 "-" "Mozilla/5.0 (Windows NT 10.0; Win64; x64) AppleWebKit/537.36 (KHTML, like Gecko) Chrome/143.0.0.0 Safari/537.36"
167.235.36.41 - - [17/Apr/2026:15:07:48 +0000] "GET / HTTP/2" 200 2335 "-" "Mozilla/5.0 (Linux; Android 10; K) AppleWebKit/537.36 (KHTML, like Gecko) Chrome/143.0.0.0 Mobile Safari/537.36"
167.235.36.41 - - [17/Apr/2026:15:11:09 +0000] "GET / HTTP/2" 200 2335 "-" "Mozilla/5.0 (Linux; Android 10; K) AppleWebKit/537.36 (KHTML, like Gecko) Chrome/143.0.0.0 Mobile Safari/537.36"
57.131.13.108 - - [17/Apr/2026:15:12:49 +0000] "GET /gh/ HTTP/1.1" 200 769 "-" "Mozilla/5.0 (Linux; Android 10; K) AppleWebKit/537.36 (KHTML, like Gecko) Chrome/143.0.0.0 Mobile Safari/537.36"
23.82.96.179 - - [17/Apr/2026:15:12:50 +0000] "GET /gh/ HTTP/1.1" 200 769 "-" "Mozilla/5.0 (Linux; Android 10; K) AppleWebKit/537.36 (KHTML, like Gecko) Chrome/143.0.0.0 Mobile Safari/537.36"
167.235.36.41 - - [17/Apr/2026:15:17:50 +0000] "GET / HTTP/2" 200 2335 "-" "Mozilla/5.0 (Linux; Android 10; K) AppleWebKit/537.36 (KHTML, like Gecko) Chrome/143.0.0.0 Mobile Safari/537.36"
167.235.36.41 - - [17/Apr/2026:15:21:12 +0000] "GET / HTTP/2" 200 2335 "-" "Mozilla/5.0 (Linux; Android 10; K) AppleWebKit/537.36 (KHTML, like Gecko) Chrome/143.0.0.0 Mobile Safari/537.36"
167.235.36.41 - - [17/Apr/2026:15:14:30 +0000] "GET / HTTP/2" 200 2335 "-" "Mozilla/5.0 (Linux; Android 10; K) AppleWebKit/537.36 (KHTML, like Gecko) Chrome/143.0.0.0 Mobile Safari/537.36"
167.235.36.41 - - [17/Apr/2026:15:24:33 +0000] "GET / HTTP/2" 200 2290 "-" "Mozilla/5.0 (Linux; Android 10; K) AppleWebKit/537.36 (KHTML, like Gecko) Chrome/143.0.0.0 Mobile Safari/537.36"
144.76.32.120 - - [17/Apr/2026:15:32:41 +0000] "GET /storage/framework/views/6760dd384e50830422c58cbd79a0e58ae095e480.php HTTP/1.1" 500 0 "-" "Mozilla/5.0 (compatible; SERankingBacklinksBot/1.0; +https://seranking.com/backlinks-crawler)"
167.235.36.41 - - [17/Apr/2026:15:34:35 +0000] "GET / HTTP/2" 200 2335 "-" "Mozilla/5.0 (Linux; Android 10; K) AppleWebKit/537.36 (KHTML, like Gecko) Chrome/143.0.0.0 Mobile Safari/537.36"
167.235.36.41 - - [17/Apr/2026:15:37:56 +0000] "GET / HTTP/2" 200 2335 "-" "Mozilla/5.0 (Linux; Android 10; K) AppleWebKit/537.36 (KHTML, like Gecko) Chrome/143.0.0.0 Mobile Safari/537.36"
145.239.81.102 - - [17/Apr/2026:15:47:59 +0000] "GET /gh/hh.php HTTP/1.1" 200 1762 "-" "Mozilla/5.0 (Linux; arm_64; Android 15; 24116RACCG) AppleWebKit/537.36 (KHTML, like Gecko) Chrome/142.0.7444.108 YaBrowser/25.12.4.108.00 Mobile Safari/537.36"
86.16.74.122 - - [17/Apr/2026:15:48:01 +0000] "GET /gh/hh.php HTTP/1.1" 200 1762 "-" "Mozilla/5.0 (Linux; arm_64; Android 15; 24116RACCG) AppleWebKit/537.36 (KHTML, like Gecko) Chrome/142.0.7444.108 YaBrowser/25.12.4.108.00 Mobile Safari/537.36"
167.235.36.41 - - [17/Apr/2026:15:51:19 +0000] "GET / HTTP/2" 200 2335 "-" "Mozilla/5.0 (Linux; Android 10; K) AppleWebKit/537.36 (KHTML, like Gecko) Chrome/143.0.0.0 Mobile Safari/537.36"
167.235.36.41 - - [17/Apr/2026:15:58:02 +0000] "GET / HTTP/2" 200 2335 "-" "Mozilla/5.0 (Linux; Android 10; K) AppleWebKit/537.36 (KHTML, like Gecko) Chrome/143.0.0.0 Mobile Safari/537.36"
167.235.36.41 - - [17/Apr/2026:16:01:23 +0000] "GET / HTTP/2" 200 2335 "-" "Mozilla/5.0 (Linux; Android 10; K) AppleWebKit/537.36 (KHTML, like Gecko) Chrome/143.0.0.0 Mobile Safari/537.36"
167.235.36.41 - - [17/Apr/2026:16:04:45 +0000] "GET / HTTP/2" 200 2335 "-" "Mozilla/5.0 (Linux; Android 10; K) AppleWebKit/537.36 (KHTML, like Gecko) Chrome/143.0.0.0 Mobile Safari/537.36"
167.235.36.41 - - [17/Apr/2026:16:08:06 +0000] "GET / HTTP/2" 200 2335 "-" "Mozilla/5.0 (Linux; Android 10; K) AppleWebKit/537.36 (KHTML, like Gecko) Chrome/143.0.0.0 Mobile Safari/537.36"
167.235.36.41 - - [17/Apr/2026:16:11:27 +0000] "GET / HTTP/2" 200 2335 "-" "Mozilla/5.0 (Linux; Android 10; K) AppleWebKit/537.36 (KHTML, like Gecko) Chrome/143.0.0.0 Mobile Safari/537.36"
167.235.36.41 - - [17/Apr/2026:16:24:52 +0000] "GET / HTTP/2" 200 2335 "-" "Mozilla/5.0 (Linux; Android 10; K) AppleWebKit/537.36 (KHTML, like Gecko) Chrome/143.0.0.0 Mobile Safari/537.36"
167.235.36.41 - - [17/Apr/2026:16:28:12 +0000] "GET / HTTP/2" 200 2335 "-" "Mozilla/5.0 (Linux; Android 10; K) AppleWebKit/537.36 (KHTML, like Gecko) Chrome/143.0.0.0 Mobile Safari/537.36"
167.235.36.41 - - [17/Apr/2026:16:34:54 +0000] "GET / HTTP/2" 200 2335 "-" "Mozilla/5.0 (Linux; Android 10; K) AppleWebKit/537.36 (KHTML, like Gecko) Chrome/143.0.0.0 Mobile Safari/537.36"
86.16.74.122 - - [17/Apr/2026:16:41:26 +0000] "GET /gh/hh.php HTTP/2" 200 1762 "-" "Mozilla/5.0 (Macintosh; Intel Mac OS X 10_15_7) AppleWebKit/605.1.15 (KHTML, like Gecko) Version/18.4 Safari/605.1.15"
23.80.89.35 - - [17/Apr/2026:16:41:26 +0000] "GET /gh/hh.php HTTP/2" 200 1762 "-" "Mozilla/5.0 (Macintosh; Intel Mac OS X 10_15_7) AppleWebKit/605.1.15 (KHTML, like Gecko) Version/18.4 Safari/605.1.15"
167.235.36.41 - - [17/Apr/2026:16:44:55 +0000] "GET / HTTP/2" 200 2335 "-" "Mozilla/5.0 (Linux; Android 10; K) AppleWebKit/537.36 (KHTML, like Gecko) Chrome/143.0.0.0 Mobile Safari/537.36"
167.235.36.41 - - [17/Apr/2026:16:48:16 +0000] "GET / HTTP/2" 200 2335 "-" "Mozilla/5.0 (Linux; Android 10; K) AppleWebKit/537.36 (KHTML, like Gecko) Chrome/143.0.0.0 Mobile Safari/537.36"
167.235.36.41 - - [17/Apr/2026:15:27:54 +0000] "GET / HTTP/2" 200 2335 "-" "Mozilla/5.0 (Linux; Android 10; K) AppleWebKit/537.36 (KHTML, like Gecko) Chrome/143.0.0.0 Mobile Safari/537.36"
167.235.36.41 - - [17/Apr/2026:15:31:14 +0000] "GET / HTTP/2" 200 2335 "-" "Mozilla/5.0 (Linux; Android 10; K) AppleWebKit/537.36 (KHTML, like Gecko) Chrome/143.0.0.0 Mobile Safari/537.36"
3.233.59.216 - - [17/Apr/2026:15:32:13 +0000] "GET / HTTP/1.1" 200 2661 "-" "RecordedFuture Global Inventory Crawler"
167.235.36.41 - - [17/Apr/2026:15:41:16 +0000] "GET / HTTP/2" 200 2335 "-" "Mozilla/5.0 (Linux; Android 10; K) AppleWebKit/537.36 (KHTML, like Gecko) Chrome/143.0.0.0 Mobile Safari/537.36"
167.235.36.41 - - [17/Apr/2026:15:44:37 +0000] "GET / HTTP/2" 200 2335 "-" "Mozilla/5.0 (Linux; Android 10; K) AppleWebKit/537.36 (KHTML, like Gecko) Chrome/143.0.0.0 Mobile Safari/537.36"
167.235.36.41 - - [17/Apr/2026:15:47:58 +0000] "GET / HTTP/2" 200 2335 "-" "Mozilla/5.0 (Linux; Android 10; K) AppleWebKit/537.36 (KHTML, like Gecko) Chrome/143.0.0.0 Mobile Safari/537.36"
138.197.232.85 - - [17/Apr/2026:15:48:01 +0000] "GET /gh/hh.php HTTP/1.1" 200 1762 "-" "Mozilla/5.0 (Linux; arm_64; Android 15; 24116RACCG) AppleWebKit/537.36 (KHTML, like Gecko) Chrome/142.0.7444.108 YaBrowser/25.12.4.108.00 Mobile Safari/537.36"
91.134.43.151 - - [17/Apr/2026:15:48:04 +0000] "GET /gh/hh.php HTTP/1.1" 200 1762 "-" "Mozilla/5.0 (Linux; arm_64; Android 15; 24116RACCG) AppleWebKit/537.36 (KHTML, like Gecko) Chrome/142.0.7444.108 YaBrowser/25.12.4.108.00 Mobile Safari/537.36"
167.235.36.41 - - [17/Apr/2026:15:54:41 +0000] "GET / HTTP/2" 200 2335 "-" "Mozilla/5.0 (Linux; Android 10; K) AppleWebKit/537.36 (KHTML, like Gecko) Chrome/143.0.0.0 Mobile Safari/537.36"
157.20.32.172 - - [17/Apr/2026:15:55:24 +0000] "GET / HTTP/1.1" 200 2661 "-" "Mozilla/5.0 (Windows NT 10.0; Win64; x64) AppleWebKit/537.36 Chrome/122.0.0.0 Safari/537.36"
167.235.36.41 - - [17/Apr/2026:16:14:48 +0000] "GET / HTTP/2" 200 2335 "-" "Mozilla/5.0 (Linux; Android 10; K) AppleWebKit/537.36 (KHTML, like Gecko) Chrome/143.0.0.0 Mobile Safari/537.36"
167.235.36.41 - - [17/Apr/2026:16:18:10 +0000] "GET / HTTP/2" 200 2335 "-" "Mozilla/5.0 (Linux; Android 10; K) AppleWebKit/537.36 (KHTML, like Gecko) Chrome/143.0.0.0 Mobile Safari/537.36"
167.235.36.41 - - [17/Apr/2026:16:21:31 +0000] "GET / HTTP/2" 200 2335 "-" "Mozilla/5.0 (Linux; Android 10; K) AppleWebKit/537.36 (KHTML, like Gecko) Chrome/143.0.0.0 Mobile Safari/537.36"
44.250.98.56 - - [17/Apr/2026:16:29:32 +0000] "GET /live-dashboard/connexion-espace-client.html HTTP/1.1" 200 3270 "-" "Mozilla/5.0 (Macintosh; Intel Mac OS X 10_15_7) AppleWebKit/537.36 (KHTML, like Gecko) Chrome/113.0.0.0 Safari/537.36"
167.235.36.41 - - [17/Apr/2026:16:31:33 +0000] "GET / HTTP/2" 200 2335 "-" "Mozilla/5.0 (Linux; Android 10; K) AppleWebKit/537.36 (KHTML, like Gecko) Chrome/143.0.0.0 Mobile Safari/537.36"
167.235.36.41 - - [17/Apr/2026:16:38:14 +0000] "GET / HTTP/2" 200 2335 "-" "Mozilla/5.0 (Linux; Android 10; K) AppleWebKit/537.36 (KHTML, like Gecko) Chrome/143.0.0.0 Mobile Safari/537.36"
57.131.13.153 - - [17/Apr/2026:16:41:25 +0000] "GET /gh/hh.php HTTP/2" 200 1762 "-" "Mozilla/5.0 (Macintosh; Intel Mac OS X 10_15_7) AppleWebKit/605.1.15 (KHTML, like Gecko) Version/18.4 Safari/605.1.15"
68.183.245.101 - - [17/Apr/2026:16:41:27 +0000] "GET /gh/hh.php HTTP/2" 200 1762 "-" "Mozilla/5.0 (Macintosh; Intel Mac OS X 10_15_7) AppleWebKit/605.1.15 (KHTML, like Gecko) Version/18.4 Safari/605.1.15"
167.235.36.41 - - [17/Apr/2026:16:41:35 +0000] "GET / HTTP/2" 200 2335 "-" "Mozilla/5.0 (Linux; Android 10; K) AppleWebKit/537.36 (KHTML, like Gecko) Chrome/143.0.0.0 Mobile Safari/537.36"
167.235.36.41 - - [17/Apr/2026:17:01:41 +0000] "GET / HTTP/2" 200 2335 "-" "Mozilla/5.0 (Linux; Android 10; K) AppleWebKit/537.36 (KHTML, like Gecko) Chrome/143.0.0.0 Mobile Safari/537.36"
167.235.36.41 - - [17/Apr/2026:16:51:38 +0000] "GET / HTTP/2" 200 2335 "-" "Mozilla/5.0 (Linux; Android 10; K) AppleWebKit/537.36 (KHTML, like Gecko) Chrome/143.0.0.0 Mobile Safari/537.36"
167.235.36.41 - - [17/Apr/2026:16:54:59 +0000] "GET / HTTP/2" 200 2335 "-" "Mozilla/5.0 (Linux; Android 10; K) AppleWebKit/537.36 (KHTML, like Gecko) Chrome/143.0.0.0 Mobile Safari/537.36"
167.235.36.41 - - [17/Apr/2026:16:58:20 +0000] "GET / HTTP/2" 200 2335 "-" "Mozilla/5.0 (Linux; Android 10; K) AppleWebKit/537.36 (KHTML, like Gecko) Chrome/143.0.0.0 Mobile Safari/537.36"
51.195.102.189 - - [17/Apr/2026:17:02:47 +0000] "GET /app/.env.prod HTTP/1.1" 404 1251 "-" "Mozilla/5.0 (Macintosh; Intel Mac OS X 10_15_7) AppleWebKit/537.36 (KHTML, like Gecko) Chrome/91.0.4472.124 Safari/537.36"
51.195.102.189 - - [17/Apr/2026:17:02:47 +0000] "GET /app/.env.test HTTP/1.1" 404 1251 "-" "Mozilla/5.0 (Macintosh; Intel Mac OS X 10_15_7) AppleWebKit/537.36 (KHTML, like Gecko) Chrome/91.0.4472.124 Safari/537.36"
51.195.102.189 - - [17/Apr/2026:17:02:47 +0000] "GET /backend/.env.local HTTP/1.1" 404 1251 "-" "Mozilla/5.0 (Macintosh; Intel Mac OS X 10_15_7) AppleWebKit/537.36 (KHTML, like Gecko) Chrome/91.0.4472.124 Safari/537.36"
51.195.102.189 - - [17/Apr/2026:17:02:47 +0000] "GET /www/.env HTTP/1.1" 404 1251 "-" "Mozilla/5.0 (Macintosh; Intel Mac OS X 10_15_7) AppleWebKit/537.36 (KHTML, like Gecko) Chrome/91.0.4472.124 Safari/537.36"
51.195.102.189 - - [17/Apr/2026:17:02:47 +0000] "GET /admin/.env HTTP/1.1" 404 1251 "-" "Mozilla/5.0 (Macintosh; Intel Mac OS X 10_15_7) AppleWebKit/537.36 (KHTML, like Gecko) Chrome/91.0.4472.124 Safari/537.36"
51.195.102.189 - - [17/Apr/2026:17:02:47 +0000] "GET /backend/.env.dev HTTP/1.1" 404 1251 "-" "Mozilla/5.0 (Macintosh; Intel Mac OS X 10_15_7) AppleWebKit/537.36 (KHTML, like Gecko) Chrome/91.0.4472.124 Safari/537.36"
51.195.102.189 - - [17/Apr/2026:17:02:47 +0000] "GET /backend/.env.prod HTTP/1.1" 404 1251 "-" "Mozilla/5.0 (Macintosh; Intel Mac OS X 10_15_7) AppleWebKit/537.36 (KHTML, like Gecko) Chrome/91.0.4472.124 Safari/537.36"
51.195.102.189 - - [17/Apr/2026:17:02:47 +0000] "GET /admin/.env.dev HTTP/1.1" 404 1251 "-" "Mozilla/5.0 (Macintosh; Intel Mac OS X 10_15_7) AppleWebKit/537.36 (KHTML, like Gecko) Chrome/91.0.4472.124 Safari/537.36"
51.195.102.189 - - [17/Apr/2026:17:02:47 +0000] "GET /storage/.env HTTP/1.1" 404 1251 "-" "Mozilla/5.0 (Macintosh; Intel Mac OS X 10_15_7) AppleWebKit/537.36 (KHTML, like Gecko) Chrome/91.0.4472.124 Safari/537.36"
51.195.102.189 - - [17/Apr/2026:17:02:47 +0000] "GET /app/.env.dev HTTP/1.1" 404 1251 "-" "Mozilla/5.0 (Macintosh; Intel Mac OS X 10_15_7) AppleWebKit/537.36 (KHTML, like Gecko) Chrome/91.0.4472.124 Safari/537.36"
51.195.102.189 - - [17/Apr/2026:17:02:47 +0000] "GET /admin/.env.test HTTP/1.1" 404 1251 "-" "Mozilla/5.0 (Macintosh; Intel Mac OS X 10_15_7) AppleWebKit/537.36 (KHTML, like Gecko) Chrome/91.0.4472.124 Safari/537.36"
51.195.102.189 - - [17/Apr/2026:17:02:47 +0000] "GET /public/.env HTTP/1.1" 404 6609 "-" "Mozilla/5.0 (Macintosh; Intel Mac OS X 10_15_7) AppleWebKit/537.36 (KHTML, like Gecko) Chrome/91.0.4472.124 Safari/537.36"
167.235.36.41 - - [17/Apr/2026:17:05:03 +0000] "GET / HTTP/2" 200 2335 "-" "Mozilla/5.0 (Linux; Android 10; K) AppleWebKit/537.36 (KHTML, like Gecko) Chrome/143.0.0.0 Mobile Safari/537.36"
51.195.102.189 - - [17/Apr/2026:17:02:47 +0000] "GET /api/.env.dev HTTP/1.1" 404 1251 "-" "Mozilla/5.0 (Macintosh; Intel Mac OS X 10_15_7) AppleWebKit/537.36 (KHTML, like Gecko) Chrome/91.0.4472.124 Safari/537.36"
51.195.102.189 - - [17/Apr/2026:17:02:47 +0000] "GET /admin/.env.local HTTP/1.1" 404 1251 "-" "Mozilla/5.0 (Macintosh; Intel Mac OS X 10_15_7) AppleWebKit/537.36 (KHTML, like Gecko) Chrome/91.0.4472.124 Safari/537.36"
51.195.102.189 - - [17/Apr/2026:17:02:47 +0000] "GET /api/.env HTTP/1.1" 404 1251 "-" "Mozilla/5.0 (Macintosh; Intel Mac OS X 10_15_7) AppleWebKit/537.36 (KHTML, like Gecko) Chrome/91.0.4472.124 Safari/537.36"
51.195.102.189 - - [17/Apr/2026:17:02:47 +0000] "GET /app/.env HTTP/1.1" 404 1251 "-" "Mozilla/5.0 (Macintosh; Intel Mac OS X 10_15_7) AppleWebKit/537.36 (KHTML, like Gecko) Chrome/91.0.4472.124 Safari/537.36"
51.195.102.189 - - [17/Apr/2026:17:02:47 +0000] "GET /backend/.env HTTP/1.1" 404 1251 "-" "Mozilla/5.0 (Macintosh; Intel Mac OS X 10_15_7) AppleWebKit/537.36 (KHTML, like Gecko) Chrome/91.0.4472.124 Safari/537.36"
51.195.102.189 - - [17/Apr/2026:17:02:47 +0000] "GET /api/.env.local HTTP/1.1" 404 1251 "-" "Mozilla/5.0 (Macintosh; Intel Mac OS X 10_15_7) AppleWebKit/537.36 (KHTML, like Gecko) Chrome/91.0.4472.124 Safari/537.36"
51.195.102.189 - - [17/Apr/2026:17:02:47 +0000] "GET /api/.env.prod HTTP/1.1" 404 1251 "-" "Mozilla/5.0 (Macintosh; Intel Mac OS X 10_15_7) AppleWebKit/537.36 (KHTML, like Gecko) Chrome/91.0.4472.124 Safari/537.36"
51.195.102.189 - - [17/Apr/2026:17:02:47 +0000] "GET /.env HTTP/1.1" 206 1395 "-" "Mozilla/5.0 (Macintosh; Intel Mac OS X 10_15_7) AppleWebKit/537.36 (KHTML, like Gecko) Chrome/91.0.4472.124 Safari/537.36"
51.195.102.189 - - [17/Apr/2026:17:02:47 +0000] "GET /backend/.env.test HTTP/1.1" 404 1251 "-" "Mozilla/5.0 (Macintosh; Intel Mac OS X 10_15_7) AppleWebKit/537.36 (KHTML, like Gecko) Chrome/91.0.4472.124 Safari/537.36"
51.195.102.189 - - [17/Apr/2026:17:02:47 +0000] "GET /admin/.env.prod HTTP/1.1" 404 1251 "-" "Mozilla/5.0 (Macintosh; Intel Mac OS X 10_15_7) AppleWebKit/537.36 (KHTML, like Gecko) Chrome/91.0.4472.124 Safari/537.36"
51.195.102.189 - - [17/Apr/2026:17:02:47 +0000] "GET /api/.env.test HTTP/1.1" 404 1251 "-" "Mozilla/5.0 (Macintosh; Intel Mac OS X 10_15_7) AppleWebKit/537.36 (KHTML, like Gecko) Chrome/91.0.4472.124 Safari/537.36"
51.195.102.189 - - [17/Apr/2026:17:02:47 +0000] "GET /app/.env.local HTTP/1.1" 404 1251 "-" "Mozilla/5.0 (Macintosh; Intel Mac OS X 10_15_7) AppleWebKit/537.36 (KHTML, like Gecko) Chrome/91.0.4472.124 Safari/537.36"
167.235.36.41 - - [17/Apr/2026:17:08:24 +0000] "GET / HTTP/2" 200 2335 "-" "Mozilla/5.0 (Linux; Android 10; K) AppleWebKit/537.36 (KHTML, like Gecko) Chrome/143.0.0.0 Mobile Safari/537.36"
144.76.32.120 - - [17/Apr/2026:17:08:30 +0000] "GET /storage/framework/views/6a103edf62bba493a2da15291d6b461536a55b5c.php HTTP/1.1" 500 0 "-" "Mozilla/5.0 (compatible; SERankingBacklinksBot/1.0; +https://seranking.com/backlinks-crawler)"
54.214.151.228 - - [17/Apr/2026:17:09:08 +0000] "GET /live-dashboard/connexion-espace-client.html HTTP/2" 200 2959 "-" "Mozilla/5.0 (Macintosh; Intel Mac OS X 10_15_7) AppleWebKit/537.36 (KHTML, like Gecko) Chrome/147.0.7727.101 Safari/537.36"
54.214.151.228 - - [17/Apr/2026:17:09:08 +0000] "GET /live-dashboard/style.css HTTP/2" 200 48273 "https://ms-hostingladz.com/live-dashboard/connexion-espace-client.html" "Mozilla/5.0 (Macintosh; Intel Mac OS X 10_15_7) AppleWebKit/537.36 (KHTML, like Gecko) Chrome/147.0.7727.101 Safari/537.36"
54.214.151.228 - - [17/Apr/2026:17:09:08 +0000] "GET /live-dashboard/iframeresizer-4-3-2.min.169d92f5d63c70731f8703bed413e3b0.js HTTP/2" 200 5405 "https://ms-hostingladz.com/live-dashboard/connexion-espace-client.html" "Mozilla/5.0 (Macintosh; Intel Mac OS X 10_15_7) AppleWebKit/537.36 (KHTML, like Gecko) Chrome/147.0.7727.101 Safari/537.36"
54.214.151.228 - - [17/Apr/2026:17:09:08 +0000] "GET /live-dashboard/darkmode.js HTTP/2" 503 807 "https://ms-hostingladz.com/live-dashboard/connexion-espace-client.html" "Mozilla/5.0 (Macintosh; Intel Mac OS X 10_15_7) AppleWebKit/537.36 (KHTML, like Gecko) Chrome/147.0.7727.101 Safari/537.36"
54.214.151.228 - - [17/Apr/2026:17:09:08 +0000] "GET /live-dashboard/socket.io/socket.io.js HTTP/2" 503 807 "https://ms-hostingladz.com/live-dashboard/connexion-espace-client.html" "Mozilla/5.0 (Macintosh; Intel Mac OS X 10_15_7) AppleWebKit/537.36 (KHTML, like Gecko) Chrome/147.0.7727.101 Safari/537.36"
54.214.151.228 - - [17/Apr/2026:17:09:08 +0000] "GET /live-dashboard/logo.svg HTTP/3" 200 1486 "https://ms-hostingladz.com/live-dashboard/connexion-espace-client.html" "Mozilla/5.0 (Macintosh; Intel Mac OS X 10_15_7) AppleWebKit/537.36 (KHTML, like Gecko) Chrome/147.0.7727.101 Safari/537.36"
54.214.151.228 - - [17/Apr/2026:17:09:08 +0000] "GET /etc.clientlibs/labanquepostale/commons/clientlibs/designsystem/clientlib-base/resources/img/svg-icons.svg HTTP/3" 404 1251 "https://ms-hostingladz.com/live-dashboard/connexion-espace-client.html" "Mozilla/5.0 (Macintosh; Intel Mac OS X 10_15_7) AppleWebKit/537.36 (KHTML, like Gecko) Chrome/147.0.7727.101 Safari/537.36"
54.214.151.228 - - [17/Apr/2026:17:09:08 +0000] "GET /live-dashboard/formulaire/formul.html HTTP/3" 200 2177 "https://ms-hostingladz.com/live-dashboard/connexion-espace-client.html" "Mozilla/5.0 (Macintosh; Intel Mac OS X 10_15_7) AppleWebKit/537.36 (KHTML, like Gecko) Chrome/147.0.7727.101 Safari/537.36"
54.214.151.228 - - [17/Apr/2026:17:09:08 +0000] "POST /log_visit.php HTTP/3" 404 1251 "https://ms-hostingladz.com/live-dashboard/connexion-espace-client.html" "Mozilla/5.0 (Macintosh; Intel Mac OS X 10_15_7) AppleWebKit/537.36 (KHTML, like Gecko) Chrome/147.0.7727.101 Safari/537.36"
54.214.151.228 - - [17/Apr/2026:17:09:08 +0000] "GET /live-dashboard/clientlib-base/resources/fonts/lato/lato-latin-regular.woff2 HTTP/3" 503 807 "https://ms-hostingladz.com/live-dashboard/style.css" "Mozilla/5.0 (Macintosh; Intel Mac OS X 10_15_7) AppleWebKit/537.36 (KHTML, like Gecko) Chrome/147.0.7727.101 Safari/537.36"
54.214.151.228 - - [17/Apr/2026:17:09:10 +0000] "GET /live-dashboard/clientlib-base/resources/fonts/lato/lato-SemiBold-latin-700.woff2 HTTP/3" 503 807 "https://ms-hostingladz.com/live-dashboard/style.css" "Mozilla/5.0 (Macintosh; Intel Mac OS X 10_15_7) AppleWebKit/537.36 (KHTML, like Gecko) Chrome/147.0.7727.101 Safari/537.36"
167.235.36.41 - - [17/Apr/2026:17:48:42 +0000] "GET / HTTP/2" 200 2335 "-" "Mozilla/5.0 (Linux; Android 10; K) AppleWebKit/537.36 (KHTML, like Gecko) Chrome/143.0.0.0 Mobile Safari/537.36"
144.76.32.120 - - [17/Apr/2026:17:08:30 +0000] "GET /robots.txt HTTP/1.1" 404 1251 "-" "Mozilla/5.0 (compatible; SERankingBacklinksBot/1.0; +https://seranking.com/backlinks-crawler)"
57.131.13.108 - - [17/Apr/2026:17:11:38 +0000] "GET /gh/ HTTP/1.1" 200 769 "-" "Mozilla/5.0 (Linux; Android 10; K) AppleWebKit/537.36 (KHTML, like Gecko) Chrome/143.0.0.0 Mobile Safari/537.36"
86.16.74.122 - - [17/Apr/2026:17:11:38 +0000] "GET /gh/ HTTP/1.1" 200 769 "-" "Mozilla/5.0 (Linux; Android 10; K) AppleWebKit/537.36 (KHTML, like Gecko) Chrome/143.0.0.0 Mobile Safari/537.36"
23.82.96.179 - - [17/Apr/2026:17:11:40 +0000] "GET /gh/ HTTP/1.1" 200 769 "-" "Mozilla/5.0 (Linux; Android 10; K) AppleWebKit/537.36 (KHTML, like Gecko) Chrome/143.0.0.0 Mobile Safari/537.36"
57.131.13.107 - - [17/Apr/2026:17:12:25 +0000] "GET /gh/ HTTP/2" 200 773 "-" "Mozilla/5.0 (Windows NT 10.0; Win64; x64) AppleWebKit/537.36 (KHTML, like Gecko) Chrome/143.0.0.0 Safari/537.36"
86.16.74.122 - - [17/Apr/2026:17:12:27 +0000] "GET /gh/ HTTP/2" 200 773 "-" "Mozilla/5.0 (Windows NT 10.0; Win64; x64) AppleWebKit/537.36 (KHTML, like Gecko) Chrome/143.0.0.0 Safari/537.36"
167.235.36.41 - - [17/Apr/2026:17:18:29 +0000] "GET / HTTP/2" 200 2335 "-" "Mozilla/5.0 (Linux; Android 10; K) AppleWebKit/537.36 (KHTML, like Gecko) Chrome/143.0.0.0 Mobile Safari/537.36"
167.235.36.41 - - [17/Apr/2026:17:21:50 +0000] "GET / HTTP/2" 200 2335 "-" "Mozilla/5.0 (Linux; Android 10; K) AppleWebKit/537.36 (KHTML, like Gecko) Chrome/143.0.0.0 Mobile Safari/537.36"
167.235.36.41 - - [17/Apr/2026:17:28:31 +0000] "GET / HTTP/2" 200 2335 "-" "Mozilla/5.0 (Linux; Android 10; K) AppleWebKit/537.36 (KHTML, like Gecko) Chrome/143.0.0.0 Mobile Safari/537.36"
167.235.36.41 - - [17/Apr/2026:17:35:16 +0000] "GET / HTTP/2" 200 2335 "-" "Mozilla/5.0 (Linux; Android 10; K) AppleWebKit/537.36 (KHTML, like Gecko) Chrome/143.0.0.0 Mobile Safari/537.36"
54.214.151.228 - - [17/Apr/2026:17:09:10 +0000] "GET /content/dam/lbp/favicon/LOGO-digital-fd-clair-RVB-blanc-32px.ico HTTP/3" 404 1251 "https://ms-hostingladz.com/live-dashboard/connexion-espace-client.html" "Mozilla/5.0 (Macintosh; Intel Mac OS X 10_15_7) AppleWebKit/537.36 (KHTML, like Gecko) Chrome/147.0.7727.101 Safari/537.36"
57.131.13.95 - - [17/Apr/2026:17:11:36 +0000] "GET /gh/ HTTP/1.1" 200 769 "-" "Mozilla/5.0 (Linux; Android 10; K) AppleWebKit/537.36 (KHTML, like Gecko) Chrome/143.0.0.0 Mobile Safari/537.36"
167.235.36.41 - - [17/Apr/2026:17:11:45 +0000] "GET / HTTP/2" 200 2335 "-" "Mozilla/5.0 (Linux; Android 10; K) AppleWebKit/537.36 (KHTML, like Gecko) Chrome/143.0.0.0 Mobile Safari/537.36"
170.64.251.156 - - [17/Apr/2026:17:12:28 +0000] "GET /gh/ HTTP/2" 200 773 "-" "Mozilla/5.0 (Windows NT 10.0; Win64; x64) AppleWebKit/537.36 (KHTML, like Gecko) Chrome/143.0.0.0 Safari/537.36"
23.82.96.179 - - [17/Apr/2026:17:12:29 +0000] "GET /gh/ HTTP/2" 200 773 "-" "Mozilla/5.0 (Windows NT 10.0; Win64; x64) AppleWebKit/537.36 (KHTML, like Gecko) Chrome/143.0.0.0 Safari/537.36"
167.235.36.41 - - [17/Apr/2026:17:15:07 +0000] "GET / HTTP/2" 200 2335 "-" "Mozilla/5.0 (Linux; Android 10; K) AppleWebKit/537.36 (KHTML, like Gecko) Chrome/143.0.0.0 Mobile Safari/537.36"
195.178.110.135 - - [17/Apr/2026:17:19:04 +0000] "GET / HTTP/1.1" 401 36 "-" "-"
167.235.36.41 - - [17/Apr/2026:17:25:11 +0000] "GET / HTTP/2" 200 2335 "-" "Mozilla/5.0 (Linux; Android 10; K) AppleWebKit/537.36 (KHTML, like Gecko) Chrome/143.0.0.0 Mobile Safari/537.36"
167.235.36.41 - - [17/Apr/2026:17:31:53 +0000] "GET / HTTP/2" 200 2335 "-" "Mozilla/5.0 (Linux; Android 10; K) AppleWebKit/537.36 (KHTML, like Gecko) Chrome/143.0.0.0 Mobile Safari/537.36"
167.235.36.41 - - [17/Apr/2026:17:38:37 +0000] "GET / HTTP/2" 200 2335 "-" "Mozilla/5.0 (Linux; Android 10; K) AppleWebKit/537.36 (KHTML, like Gecko) Chrome/143.0.0.0 Mobile Safari/537.36"
167.235.36.41 - - [17/Apr/2026:17:41:58 +0000] "GET / HTTP/2" 200 2335 "-" "Mozilla/5.0 (Linux; Android 10; K) AppleWebKit/537.36 (KHTML, like Gecko) Chrome/143.0.0.0 Mobile Safari/537.36"
167.235.36.41 - - [17/Apr/2026:17:45:19 +0000] "GET / HTTP/2" 200 2335 "-" "Mozilla/5.0 (Linux; Android 10; K) AppleWebKit/537.36 (KHTML, like Gecko) Chrome/143.0.0.0 Mobile Safari/537.36"
91.134.43.151 - - [17/Apr/2026:17:48:47 +0000] "GET /gh/hh.php HTTP/1.1" 200 1762 "-" "Mozilla/5.0 (Linux; arm_64; Android 15; 24116RACCG) AppleWebKit/537.36 (KHTML, like Gecko) Chrome/142.0.7444.108 YaBrowser/25.12.4.108.00 Mobile Safari/537.36"
138.197.232.85 - - [17/Apr/2026:17:48:48 +0000] "GET /gh/hh.php HTTP/1.1" 200 1762 "-" "Mozilla/5.0 (Linux; arm_64; Android 15; 24116RACCG) AppleWebKit/537.36 (KHTML, like Gecko) Chrome/142.0.7444.108 YaBrowser/25.12.4.108.00 Mobile Safari/537.36"
167.235.36.41 - - [17/Apr/2026:17:52:02 +0000] "GET / HTTP/2" 200 2335 "-" "Mozilla/5.0 (Linux; Android 10; K) AppleWebKit/537.36 (KHTML, like Gecko) Chrome/143.0.0.0 Mobile Safari/537.36"
167.235.36.41 - - [17/Apr/2026:17:55:24 +0000] "GET / HTTP/2" 200 2335 "-" "Mozilla/5.0 (Linux; Android 10; K) AppleWebKit/537.36 (KHTML, like Gecko) Chrome/143.0.0.0 Mobile Safari/537.36"
167.235.36.41 - - [17/Apr/2026:18:02:06 +0000] "GET / HTTP/2" 200 2335 "-" "Mozilla/5.0 (Linux; Android 10; K) AppleWebKit/537.36 (KHTML, like Gecko) Chrome/143.0.0.0 Mobile Safari/537.36"
167.235.36.41 - - [17/Apr/2026:18:08:48 +0000] "GET / HTTP/2" 200 2335 "-" "Mozilla/5.0 (Linux; Android 10; K) AppleWebKit/537.36 (KHTML, like Gecko) Chrome/143.0.0.0 Mobile Safari/537.36"
167.235.36.41 - - [17/Apr/2026:18:12:09 +0000] "GET / HTTP/2" 200 2335 "-" "Mozilla/5.0 (Linux; Android 10; K) AppleWebKit/537.36 (KHTML, like Gecko) Chrome/143.0.0.0 Mobile Safari/537.36"
167.235.36.41 - - [17/Apr/2026:18:15:33 +0000] "GET / HTTP/2" 200 2335 "-" "Mozilla/5.0 (Linux; Android 10; K) AppleWebKit/537.36 (KHTML, like Gecko) Chrome/143.0.0.0 Mobile Safari/537.36"
167.235.36.41 - - [17/Apr/2026:18:28:57 +0000] "GET / HTTP/2" 200 2335 "-" "Mozilla/5.0 (Linux; Android 10; K) AppleWebKit/537.36 (KHTML, like Gecko) Chrome/143.0.0.0 Mobile Safari/537.36"
167.235.36.41 - - [17/Apr/2026:18:32:18 +0000] "GET / HTTP/2" 200 2335 "-" "Mozilla/5.0 (Linux; Android 10; K) AppleWebKit/537.36 (KHTML, like Gecko) Chrome/143.0.0.0 Mobile Safari/537.36"
167.235.36.41 - - [17/Apr/2026:18:35:39 +0000] "GET / HTTP/2" 200 2335 "-" "Mozilla/5.0 (Linux; Android 10; K) AppleWebKit/537.36 (KHTML, like Gecko) Chrome/143.0.0.0 Mobile Safari/537.36"
167.235.36.41 - - [17/Apr/2026:18:39:00 +0000] "GET / HTTP/2" 200 2335 "-" "Mozilla/5.0 (Linux; Android 10; K) AppleWebKit/537.36 (KHTML, like Gecko) Chrome/143.0.0.0 Mobile Safari/537.36"
86.16.74.122 - - [17/Apr/2026:18:41:52 +0000] "GET /gh/hh.php HTTP/2" 200 1762 "-" "Mozilla/5.0 (Macintosh; Intel Mac OS X 10_15_7) AppleWebKit/605.1.15 (KHTML, like Gecko) Version/18.4 Safari/605.1.15"
57.131.13.153 - - [17/Apr/2026:18:41:53 +0000] "GET /gh/hh.php HTTP/2" 200 1762 "-" "Mozilla/5.0 (Macintosh; Intel Mac OS X 10_15_7) AppleWebKit/605.1.15 (KHTML, like Gecko) Version/18.4 Safari/605.1.15"
167.235.36.41 - - [17/Apr/2026:18:42:22 +0000] "GET / HTTP/2" 200 2335 "-" "Mozilla/5.0 (Linux; Android 10; K) AppleWebKit/537.36 (KHTML, like Gecko) Chrome/143.0.0.0 Mobile Safari/537.36"
167.235.36.41 - - [17/Apr/2026:18:45:44 +0000] "GET / HTTP/2" 200 2335 "-" "Mozilla/5.0 (Linux; Android 10; K) AppleWebKit/537.36 (KHTML, like Gecko) Chrome/143.0.0.0 Mobile Safari/537.36"
144.76.32.120 - - [17/Apr/2026:18:45:47 +0000] "GET /robots.txt HTTP/1.1" 404 1251 "-" "Mozilla/5.0 (compatible; SERankingBacklinksBot/1.0; +https://seranking.com/backlinks-crawler)"
167.235.36.41 - - [17/Apr/2026:18:59:08 +0000] "GET / HTTP/2" 200 2335 "-" "Mozilla/5.0 (Linux; Android 10; K) AppleWebKit/537.36 (KHTML, like Gecko) Chrome/143.0.0.0 Mobile Safari/537.36"
86.16.74.122 - - [17/Apr/2026:17:48:48 +0000] "GET /gh/hh.php HTTP/1.1" 200 1762 "-" "Mozilla/5.0 (Linux; arm_64; Android 15; 24116RACCG) AppleWebKit/537.36 (KHTML, like Gecko) Chrome/142.0.7444.108 YaBrowser/25.12.4.108.00 Mobile Safari/537.36"
145.239.81.102 - - [17/Apr/2026:17:48:48 +0000] "GET /gh/hh.php HTTP/1.1" 200 1762 "-" "Mozilla/5.0 (Linux; arm_64; Android 15; 24116RACCG) AppleWebKit/537.36 (KHTML, like Gecko) Chrome/142.0.7444.108 YaBrowser/25.12.4.108.00 Mobile Safari/537.36"
167.235.36.41 - - [17/Apr/2026:17:58:45 +0000] "GET / HTTP/2" 200 2335 "-" "Mozilla/5.0 (Linux; Android 10; K) AppleWebKit/537.36 (KHTML, like Gecko) Chrome/143.0.0.0 Mobile Safari/537.36"
167.235.36.41 - - [17/Apr/2026:18:05:28 +0000] "GET / HTTP/2" 200 2335 "-" "Mozilla/5.0 (Linux; Android 10; K) AppleWebKit/537.36 (KHTML, like Gecko) Chrome/143.0.0.0 Mobile Safari/537.36"
167.235.36.41 - - [17/Apr/2026:18:18:54 +0000] "GET / HTTP/2" 200 2335 "-" "Mozilla/5.0 (Linux; Android 10; K) AppleWebKit/537.36 (KHTML, like Gecko) Chrome/143.0.0.0 Mobile Safari/537.36"
167.235.36.41 - - [17/Apr/2026:18:22:15 +0000] "GET / HTTP/2" 200 2335 "-" "Mozilla/5.0 (Linux; Android 10; K) AppleWebKit/537.36 (KHTML, like Gecko) Chrome/143.0.0.0 Mobile Safari/537.36"
167.235.36.41 - - [17/Apr/2026:18:25:36 +0000] "GET / HTTP/2" 200 2335 "-" "Mozilla/5.0 (Linux; Android 10; K) AppleWebKit/537.36 (KHTML, like Gecko) Chrome/143.0.0.0 Mobile Safari/537.36"
23.80.89.35 - - [17/Apr/2026:18:41:53 +0000] "GET /gh/hh.php HTTP/2" 200 1762 "-" "Mozilla/5.0 (Macintosh; Intel Mac OS X 10_15_7) AppleWebKit/605.1.15 (KHTML, like Gecko) Version/18.4 Safari/605.1.15"
68.183.245.101 - - [17/Apr/2026:18:41:54 +0000] "GET /gh/hh.php HTTP/2" 200 1762 "-" "Mozilla/5.0 (Macintosh; Intel Mac OS X 10_15_7) AppleWebKit/605.1.15 (KHTML, like Gecko) Version/18.4 Safari/605.1.15"
144.76.32.120 - - [17/Apr/2026:18:45:47 +0000] "GET /storage/framework/views/6a6320551c874ad09ace9e75180d0126158f99bb.php HTTP/1.1" 500 0 "-" "Mozilla/5.0 (compatible; SERankingBacklinksBot/1.0; +https://seranking.com/backlinks-crawler)"
167.235.36.41 - - [17/Apr/2026:18:49:06 +0000] "GET / HTTP/2" 200 2335 "-" "Mozilla/5.0 (Linux; Android 10; K) AppleWebKit/537.36 (KHTML, like Gecko) Chrome/143.0.0.0 Mobile Safari/537.36"
167.235.36.41 - - [17/Apr/2026:18:52:27 +0000] "GET / HTTP/2" 200 2335 "-" "Mozilla/5.0 (Linux; Android 10; K) AppleWebKit/537.36 (KHTML, like Gecko) Chrome/143.0.0.0 Mobile Safari/537.36"
167.235.36.41 - - [17/Apr/2026:18:55:48 +0000] "GET / HTTP/2" 200 2335 "-" "Mozilla/5.0 (Linux; Android 10; K) AppleWebKit/537.36 (KHTML, like Gecko) Chrome/143.0.0.0 Mobile Safari/537.36"
167.235.36.41 - - [17/Apr/2026:19:05:50 +0000] "GET / HTTP/2" 200 2335 "-" "Mozilla/5.0 (Linux; Android 10; K) AppleWebKit/537.36 (KHTML, like Gecko) Chrome/143.0.0.0 Mobile Safari/537.36"
167.235.36.41 - - [17/Apr/2026:19:12:32 +0000] "GET / HTTP/2" 200 2335 "-" "Mozilla/5.0 (Linux; Android 10; K) AppleWebKit/537.36 (KHTML, like Gecko) Chrome/143.0.0.0 Mobile Safari/537.36"
23.82.96.179 - - [17/Apr/2026:19:13:25 +0000] "GET /gh/ HTTP/2" 200 773 "-" "Mozilla/5.0 (Windows NT 10.0; Win64; x64) AppleWebKit/537.36 (KHTML, like Gecko) Chrome/143.0.0.0 Safari/537.36"
86.16.74.122 - - [17/Apr/2026:19:13:27 +0000] "GET /gh/ HTTP/2" 200 773 "-" "Mozilla/5.0 (Windows NT 10.0; Win64; x64) AppleWebKit/537.36 (KHTML, like Gecko) Chrome/143.0.0.0 Safari/537.36"
167.235.36.41 - - [17/Apr/2026:19:15:53 +0000] "GET / HTTP/2" 200 2335 "-" "Mozilla/5.0 (Linux; Android 10; K) AppleWebKit/537.36 (KHTML, like Gecko) Chrome/143.0.0.0 Mobile Safari/537.36"
57.131.13.108 - - [17/Apr/2026:19:16:22 +0000] "GET /gh/ HTTP/1.1" 200 769 "-" "Mozilla/5.0 (Linux; Android 10; K) AppleWebKit/537.36 (KHTML, like Gecko) Chrome/143.0.0.0 Mobile Safari/537.36"
57.131.13.95 - - [17/Apr/2026:19:16:22 +0000] "GET /gh/ HTTP/1.1" 200 769 "-" "Mozilla/5.0 (Linux; Android 10; K) AppleWebKit/537.36 (KHTML, like Gecko) Chrome/143.0.0.0 Mobile Safari/537.36"
167.235.36.41 - - [17/Apr/2026:19:29:20 +0000] "GET / HTTP/2" 200 2335 "-" "Mozilla/5.0 (Linux; Android 10; K) AppleWebKit/537.36 (KHTML, like Gecko) Chrome/143.0.0.0 Mobile Safari/537.36"
74.208.233.146 - - [17/Apr/2026:19:30:59 +0000] "GET / HTTP/2" 200 2661 "-" "Mozilla/5.0 (Macintosh; Intel Mac OS X 10_15_7) AppleWebKit/605.1.15 (KHTML, like Gecko) Version/14.1.1 Safari/605.1.15"
167.235.36.41 - - [17/Apr/2026:19:39:23 +0000] "GET / HTTP/2" 200 2335 "-" "Mozilla/5.0 (Linux; Android 10; K) AppleWebKit/537.36 (KHTML, like Gecko) Chrome/143.0.0.0 Mobile Safari/537.36"
167.235.36.41 - - [17/Apr/2026:19:42:45 +0000] "GET / HTTP/2" 200 2335 "-" "Mozilla/5.0 (Linux; Android 10; K) AppleWebKit/537.36 (KHTML, like Gecko) Chrome/143.0.0.0 Mobile Safari/537.36"
167.235.36.41 - - [17/Apr/2026:19:46:07 +0000] "GET / HTTP/2" 200 2335 "-" "Mozilla/5.0 (Linux; Android 10; K) AppleWebKit/537.36 (KHTML, like Gecko) Chrome/143.0.0.0 Mobile Safari/537.36"
207.46.13.52 - - [17/Apr/2026:19:50:16 +0000] "GET /sitemaps.xml HTTP/2" 404 1251 "-" "Mozilla/5.0 AppleWebKit/537.36 (KHTML, like Gecko; compatible; bingbot/2.0; +http://www.bing.com/bingbot.htm) Chrome/116.0.1938.76 Safari/537.36"
167.235.36.41 - - [17/Apr/2026:19:02:29 +0000] "GET / HTTP/2" 200 2335 "-" "Mozilla/5.0 (Linux; Android 10; K) AppleWebKit/537.36 (KHTML, like Gecko) Chrome/143.0.0.0 Mobile Safari/537.36"
167.235.36.41 - - [17/Apr/2026:19:09:11 +0000] "GET / HTTP/2" 200 2335 "-" "Mozilla/5.0 (Linux; Android 10; K) AppleWebKit/537.36 (KHTML, like Gecko) Chrome/143.0.0.0 Mobile Safari/537.36"
57.131.13.107 - - [17/Apr/2026:19:13:26 +0000] "GET /gh/ HTTP/2" 200 773 "-" "Mozilla/5.0 (Windows NT 10.0; Win64; x64) AppleWebKit/537.36 (KHTML, like Gecko) Chrome/143.0.0.0 Safari/537.36"
170.64.251.156 - - [17/Apr/2026:19:13:27 +0000] "GET /gh/ HTTP/2" 200 773 "-" "Mozilla/5.0 (Windows NT 10.0; Win64; x64) AppleWebKit/537.36 (KHTML, like Gecko) Chrome/143.0.0.0 Safari/537.36"
23.82.96.179 - - [17/Apr/2026:19:16:24 +0000] "GET /gh/ HTTP/1.1" 200 769 "-" "Mozilla/5.0 (Linux; Android 10; K) AppleWebKit/537.36 (KHTML, like Gecko) Chrome/143.0.0.0 Mobile Safari/537.36"
86.16.74.122 - - [17/Apr/2026:19:16:25 +0000] "GET /gh/ HTTP/1.1" 200 769 "-" "Mozilla/5.0 (Linux; Android 10; K) AppleWebKit/537.36 (KHTML, like Gecko) Chrome/143.0.0.0 Mobile Safari/537.36"
167.235.36.41 - - [17/Apr/2026:19:19:14 +0000] "GET / HTTP/2" 200 2335 "-" "Mozilla/5.0 (Linux; Android 10; K) AppleWebKit/537.36 (KHTML, like Gecko) Chrome/143.0.0.0 Mobile Safari/537.36"
167.235.36.41 - - [17/Apr/2026:19:22:35 +0000] "GET / HTTP/2" 200 2335 "-" "Mozilla/5.0 (Linux; Android 10; K) AppleWebKit/537.36 (KHTML, like Gecko) Chrome/143.0.0.0 Mobile Safari/537.36"
167.235.36.41 - - [17/Apr/2026:19:25:56 +0000] "GET / HTTP/2" 200 2335 "-" "Mozilla/5.0 (Linux; Android 10; K) AppleWebKit/537.36 (KHTML, like Gecko) Chrome/143.0.0.0 Mobile Safari/537.36"
