86.16.74.122 - - [18/Apr/2026:11:41:18 +0000] "GET /gh/ HTTP/1.1" 200 769 "-" "Mozilla/5.0 (Linux; Android 10; K) AppleWebKit/537.36 (KHTML, like Gecko) Chrome/143.0.0.0 Mobile Safari/537.36"
91.227.114.145 - - [18/Apr/2026:11:39:06 +0000] "GET /?author=1 HTTP/1.1" 200 2661 "https://www.google.com" "Mozilla/5.0 (X11; Linux x86_64) AppleWebKit/537.36 (KHTML, like Gecko) Chrome/119.0.0.0 Safari/537.36"
91.227.114.145 - - [18/Apr/2026:11:39:07 +0000] "GET /wp-login.php HTTP/1.1" 404 1251 "https://www.google.com" "Mozilla/5.0 (X11; Linux x86_64) AppleWebKit/537.36 (KHTML, like Gecko) Chrome/119.0.0.0 Safari/537.36"
91.227.114.145 - - [18/Apr/2026:11:39:09 +0000] "GET /admin HTTP/1.1" 404 1251 "https://www.google.com" "Mozilla/5.0 (X11; Linux x86_64) AppleWebKit/537.36 (KHTML, like Gecko) Chrome/119.0.0.0 Safari/537.36"
91.227.114.145 - - [18/Apr/2026:11:39:11 +0000] "GET /kwsb/login HTTP/1.1" 404 1251 "https://www.google.com" "Mozilla/5.0 (X11; Linux x86_64) AppleWebKit/537.36 (KHTML, like Gecko) Chrome/119.0.0.0 Safari/537.36"
91.227.114.145 - - [18/Apr/2026:11:39:11 +0000] "GET /administrator HTTP/1.1" 404 1251 "https://www.google.com" "Mozilla/5.0 (X11; Linux x86_64) AppleWebKit/537.36 (KHTML, like Gecko) Chrome/119.0.0.0 Safari/537.36"
216.73.217.120 - - [18/Apr/2026:11:39:26 +0000] "GET /assets/scss/black-dashboard/bootstrap/mixins/_list-group.scss HTTP/2" 200 431 "-" "Mozilla/5.0 AppleWebKit/537.36 (KHTML, like Gecko; compatible; ClaudeBot/1.0; +claudebot@anthropic.com)"
216.73.217.120 - - [18/Apr/2026:11:39:26 +0000] "GET /assets/scss/black-dashboard/bootstrap/mixins/_gradients.scss HTTP/2" 200 2050 "-" "Mozilla/5.0 AppleWebKit/537.36 (KHTML, like Gecko; compatible; ClaudeBot/1.0; +claudebot@anthropic.com)"
216.73.217.120 - - [18/Apr/2026:11:41:04 +0000] "GET /assets/scss/black-dashboard/bootstrap/mixins/_caret.scss HTTP/2" 200 1478 "-" "Mozilla/5.0 AppleWebKit/537.36 (KHTML, like Gecko; compatible; ClaudeBot/1.0; +claudebot@anthropic.com)"
216.73.217.120 - - [18/Apr/2026:11:41:04 +0000] "GET /assets/scss/black-dashboard/bootstrap/mixins/_badge.scss HTTP/2" 200 230 "-" "Mozilla/5.0 AppleWebKit/537.36 (KHTML, like Gecko; compatible; ClaudeBot/1.0; +claudebot@anthropic.com)"
216.73.217.120 - - [18/Apr/2026:11:41:15 +0000] "GET /assets/js/plugins/black-dashboard/?path=%2Fhome2%2Fmshostin%2Fpublic_html%2Fassets%2Ffonts&view_file=%2Fhome2%2Fmshostin%2Fpublic_html%2Fassets%2Ffonts%2Fnucleo.eot HTTP/2" 200 17206 "-" "Mozilla/5.0 AppleWebKit/537.36 (KHTML, like Gecko; compatible; ClaudeBot/1.0; +claudebot@anthropic.com)"
216.73.217.120 - - [18/Apr/2026:11:41:15 +0000] "GET /assets/js/plugins/black-dashboard/?path=%2Fhome2%2Fmshostin%2Fpublic_html%2Fassets%2Fimg&view_file=%2Fhome2%2Fmshostin%2Fpublic_html%2Fassets%2Fimg%2Fheader.jpg HTTP/2" 200 552991 "-" "Mozilla/5.0 AppleWebKit/537.36 (KHTML, like Gecko; compatible; ClaudeBot/1.0; +claudebot@anthropic.com)"
216.73.217.120 - - [18/Apr/2026:11:42:29 +0000] "GET /assets/js/plugins/black-dashboard/?path=%2Fhome2%2Fmshostin%2Fpublic_html%2Fassets%2Fimg&view_file=%2Fhome2%2Fmshostin%2Fpublic_html%2Fassets%2Fimg%2Fdefault-avatar.png HTTP/2" 200 3828 "-" "Mozilla/5.0 AppleWebKit/537.36 (KHTML, like Gecko; compatible; ClaudeBot/1.0; +claudebot@anthropic.com)"
216.73.217.120 - - [18/Apr/2026:11:42:29 +0000] "GET /assets/js/plugins/black-dashboard/?path=%2Fhome2%2Fmshostin%2Fpublic_html%2Fassets%2Ffonts&view_file=%2Fhome2%2Fmshostin%2Fpublic_html%2Fassets%2Ffonts%2Fnucleo.woff HTTP/2" 200 15250 "-" "Mozilla/5.0 AppleWebKit/537.36 (KHTML, like Gecko; compatible; ClaudeBot/1.0; +claudebot@anthropic.com)"
216.73.217.120 - - [18/Apr/2026:11:42:49 +0000] "GET /assets/js/plugins/black-dashboard/?path=%2Fhome2%2Fmshostin%2Fpublic_html%2Fassets%2Fimg&view_file=%2Fhome2%2Fmshostin%2Fpublic_html%2Fassets%2Fimg%2Fanime3.png HTTP/2" 200 35266 "-" "Mozilla/5.0 AppleWebKit/537.36 (KHTML, like Gecko; compatible; ClaudeBot/1.0; +claudebot@anthropic.com)"
216.73.217.120 - - [18/Apr/2026:11:41:52 +0000] "GET /assets/js/plugins/black-dashboard/?path=%2Fhome2%2Fmshostin%2Fpublic_html%2Fassets%2Ffonts&view_file=%2Fhome2%2Fmshostin%2Fpublic_html%2Fassets%2Ffonts%2Fnucleo.ttf HTTP/2" 200 17169 "-" "Mozilla/5.0 AppleWebKit/537.36 (KHTML, like Gecko; compatible; ClaudeBot/1.0; +claudebot@anthropic.com)"
216.73.217.120 - - [18/Apr/2026:11:41:52 +0000] "GET /assets/js/plugins/black-dashboard/?path=%2Fhome2%2Fmshostin%2Fpublic_html%2Fassets%2Ffonts&view_file=%2Fhome2%2Fmshostin%2Fpublic_html%2Fassets%2Ffonts%2Fnucleo.woff2 HTTP/2" 200 13069 "-" "Mozilla/5.0 AppleWebKit/537.36 (KHTML, like Gecko; compatible; ClaudeBot/1.0; +claudebot@anthropic.com)"
167.235.36.41 - - [18/Apr/2026:11:42:45 +0000] "GET / HTTP/2" 200 2335 "-" "Mozilla/5.0 (Linux; Android 10; K) AppleWebKit/537.36 (KHTML, like Gecko) Chrome/143.0.0.0 Mobile Safari/537.36"
216.73.217.120 - - [18/Apr/2026:11:43:11 +0000] "GET /assets/js/plugins/black-dashboard/?path=%2Fhome2%2Fmshostin%2Fpublic_html%2Fassets%2Fimg&view_file=%2Fhome2%2Fmshostin%2Fpublic_html%2Fassets%2Fimg%2Fanime6.png HTTP/2" 200 37012 "-" "Mozilla/5.0 AppleWebKit/537.36 (KHTML, like Gecko; compatible; ClaudeBot/1.0; +claudebot@anthropic.com)"
216.73.217.120 - - [18/Apr/2026:11:43:11 +0000] "GET /assets/js/plugins/black-dashboard/?path=%2Fhome2%2Fmshostin%2Fpublic_html%2Fassets%2Fimg&view_file=%2Fhome2%2Fmshostin%2Fpublic_html%2Fassets%2Fimg%2Fbg5.jpg HTTP/2" 200 178092 "-" "Mozilla/5.0 AppleWebKit/537.36 (KHTML, like Gecko; compatible; ClaudeBot/1.0; +claudebot@anthropic.com)"
216.73.217.120 - - [18/Apr/2026:11:43:27 +0000] "GET /assets/js/plugins/black-dashboard/?path=%2Fhome2%2Fmshostin%2Fpublic_html%2Fassets%2Fimg&view_file=%2Fhome2%2Fmshostin%2Fpublic_html%2Fassets%2Fimg%2Fjames.jpg HTTP/2" 200 57043 "-" "Mozilla/5.0 AppleWebKit/537.36 (KHTML, like Gecko; compatible; ClaudeBot/1.0; +claudebot@anthropic.com)"
216.73.217.120 - - [18/Apr/2026:11:43:27 +0000] "GET /assets/js/plugins/black-dashboard/?path=%2Fhome2%2Fmshostin%2Fpublic_html%2Fassets%2Fimg&view_file=%2Fhome2%2Fmshostin%2Fpublic_html%2Fassets%2Fimg%2Femilyz.jpg HTTP/2" 200 64363 "-" "Mozilla/5.0 AppleWebKit/537.36 (KHTML, like Gecko; compatible; ClaudeBot/1.0; +claudebot@anthropic.com)"
216.73.217.120 - - [18/Apr/2026:11:43:53 +0000] "GET /assets/js/plugins/black-dashboard/?path=%2Fhome2%2Fmshostin%2Fpublic_html%2Fassets%2Fimg&view_file=%2Fhome2%2Fmshostin%2Fpublic_html%2Fassets%2Fimg%2Fimg_3115.jpg HTTP/2" 200 34912 "-" "Mozilla/5.0 AppleWebKit/537.36 (KHTML, like Gecko; compatible; ClaudeBot/1.0; +claudebot@anthropic.com)"
216.73.217.120 - - [18/Apr/2026:11:43:53 +0000] "GET /assets/js/plugins/black-dashboard/?path=%2Fhome2%2Fmshostin%2Fpublic_html%2Fassets%2Fimg&view_file=%2Fhome2%2Fmshostin%2Fpublic_html%2Fassets%2Fimg%2Fcard-primary.png HTTP/2" 200 110723 "-" "Mozilla/5.0 AppleWebKit/537.36 (KHTML, like Gecko; compatible; ClaudeBot/1.0; +claudebot@anthropic.com)"
91.227.114.145 - - [18/Apr/2026:11:44:11 +0000] "GET /?author=1 HTTP/1.1" 200 2661 "https://www.google.com" "Mozilla/5.0 (X11; Linux x86_64) AppleWebKit/537.36 (KHTML, like Gecko) Chrome/119.0.0.0 Safari/537.36"
91.227.114.145 - - [18/Apr/2026:11:44:11 +0000] "GET /DigitalBrand/login HTTP/1.1" 404 1251 "https://www.google.com" "Mozilla/5.0 (X11; Linux x86_64) AppleWebKit/537.36 (KHTML, like Gecko) Chrome/119.0.0.0 Safari/537.36"
91.227.114.145 - - [18/Apr/2026:11:44:12 +0000] "GET /wp-login.php HTTP/1.1" 404 1251 "https://www.google.com" "Mozilla/5.0 (X11; Linux x86_64) AppleWebKit/537.36 (KHTML, like Gecko) Chrome/119.0.0.0 Safari/537.36"
91.227.114.145 - - [18/Apr/2026:11:44:13 +0000] "GET /wp-login.php HTTP/1.1" 404 1251 "https://www.google.com" "Mozilla/5.0 (X11; Linux x86_64) AppleWebKit/537.36 (KHTML, like Gecko) Chrome/119.0.0.0 Safari/537.36"
91.227.114.145 - - [18/Apr/2026:11:44:13 +0000] "GET /DigitalBrand/login HTTP/1.1" 404 1251 "https://www.google.com" "Mozilla/5.0 (X11; Linux x86_64) AppleWebKit/537.36 (KHTML, like Gecko) Chrome/119.0.0.0 Safari/537.36"
216.73.217.120 - - [18/Apr/2026:11:42:49 +0000] "GET /assets/js/plugins/black-dashboard/?path=%2Fhome2%2Fmshostin%2Fpublic_html%2Fassets%2Fimg&view_file=%2Fhome2%2Fmshostin%2Fpublic_html%2Fassets%2Fimg%2Fmike.jpg HTTP/2" 200 57373 "-" "Mozilla/5.0 AppleWebKit/537.36 (KHTML, like Gecko; compatible; ClaudeBot/1.0; +claudebot@anthropic.com)"
91.227.114.145 - - [18/Apr/2026:11:44:10 +0000] "GET /wp-json/wp/v2/users HTTP/1.1" 404 1251 "https://www.google.com" "Mozilla/5.0 (X11; Linux x86_64) AppleWebKit/537.36 (KHTML, like Gecko) Chrome/119.0.0.0 Safari/537.36"
91.227.114.145 - - [18/Apr/2026:11:44:14 +0000] "GET /DigitalBrand/login/ HTTP/1.1" 404 1251 "https://www.google.com" "Mozilla/5.0 (X11; Linux x86_64) AppleWebKit/537.36 (KHTML, like Gecko) Chrome/119.0.0.0 Safari/537.36"
91.227.114.145 - - [18/Apr/2026:11:44:16 +0000] "GET /administrator HTTP/1.1" 404 1251 "https://www.google.com" "Mozilla/5.0 (X11; Linux x86_64) AppleWebKit/537.36 (KHTML, like Gecko) Chrome/119.0.0.0 Safari/537.36"
91.227.114.145 - - [18/Apr/2026:11:44:17 +0000] "GET /admin HTTP/1.1" 404 1251 "https://www.google.com" "Mozilla/5.0 (X11; Linux x86_64) AppleWebKit/537.36 (KHTML, like Gecko) Chrome/119.0.0.0 Safari/537.36"
91.227.114.145 - - [18/Apr/2026:11:44:18 +0000] "GET /DigitalBrand/login/ HTTP/1.1" 404 1251 "https://www.google.com" "Mozilla/5.0 (X11; Linux x86_64) AppleWebKit/537.36 (KHTML, like Gecko) Chrome/119.0.0.0 Safari/537.36"
91.227.114.145 - - [18/Apr/2026:11:44:18 +0000] "GET /admin/ HTTP/1.1" 404 1251 "https://www.google.com" "Mozilla/5.0 (X11; Linux x86_64) AppleWebKit/537.36 (KHTML, like Gecko) Chrome/119.0.0.0 Safari/537.36"
216.73.217.120 - - [18/Apr/2026:11:44:45 +0000] "GET /app/Http/Requests/ProfileRequest.php HTTP/2" 500 0 "-" "Mozilla/5.0 AppleWebKit/537.36 (KHTML, like Gecko; compatible; ClaudeBot/1.0; +claudebot@anthropic.com)"
216.73.217.120 - - [18/Apr/2026:11:45:21 +0000] "GET /storage/framework/views/e9b0ae3b863a119e3d09ac9771cfad7bb1be0266.php HTTP/2" 500 0 "-" "Mozilla/5.0 AppleWebKit/537.36 (KHTML, like Gecko; compatible; ClaudeBot/1.0; +claudebot@anthropic.com)"
216.73.217.120 - - [18/Apr/2026:11:45:21 +0000] "GET /routes/web.php HTTP/2" 500 0 "-" "Mozilla/5.0 AppleWebKit/537.36 (KHTML, like Gecko; compatible; ClaudeBot/1.0; +claudebot@anthropic.com)"
91.227.114.145 - - [18/Apr/2026:11:44:14 +0000] "GET /admin HTTP/1.1" 404 1251 "https://www.google.com" "Mozilla/5.0 (X11; Linux x86_64) AppleWebKit/537.36 (KHTML, like Gecko) Chrome/119.0.0.0 Safari/537.36"
91.227.114.145 - - [18/Apr/2026:11:44:15 +0000] "GET /admin/ HTTP/1.1" 404 1251 "https://www.google.com" "Mozilla/5.0 (X11; Linux x86_64) AppleWebKit/537.36 (KHTML, like Gecko) Chrome/119.0.0.0 Safari/537.36"
91.227.114.145 - - [18/Apr/2026:11:44:15 +0000] "GET /DigitalBrand/login HTTP/1.1" 404 1251 "https://www.google.com" "Mozilla/5.0 (X11; Linux x86_64) AppleWebKit/537.36 (KHTML, like Gecko) Chrome/119.0.0.0 Safari/537.36"
91.227.114.145 - - [18/Apr/2026:11:44:16 +0000] "GET /DigitalBrand/login HTTP/1.1" 404 1251 "https://www.google.com" "Mozilla/5.0 (X11; Linux x86_64) AppleWebKit/537.36 (KHTML, like Gecko) Chrome/119.0.0.0 Safari/537.36"
216.73.217.120 - - [18/Apr/2026:11:45:01 +0000] "GET /tests/TestCase.php HTTP/2" 500 0 "-" "Mozilla/5.0 AppleWebKit/537.36 (KHTML, like Gecko; compatible; ClaudeBot/1.0; +claudebot@anthropic.com)"
216.73.217.120 - - [18/Apr/2026:11:45:01 +0000] "GET /storage/framework/cache/data/b5/ HTTP/2" 200 639 "-" "Mozilla/5.0 AppleWebKit/537.36 (KHTML, like Gecko; compatible; ClaudeBot/1.0; +claudebot@anthropic.com)"
95.153.32.186 - - [18/Apr/2026:11:45:30 +0000] "GET /kwsb/login HTTP/1.1" 404 1251 "-" "Mozilla/5.0 (Macintosh; Intel Mac OS X 10_15_7) AppleWebKit/537.36 (KHTML, like Gecko) Chrome/145.0.0.0 Safari/537.36"
95.153.32.186 - - [18/Apr/2026:11:46:08 +0000] "GET /kwsb/login HTTP/1.1" 404 1251 "-" "Mozilla/5.0 (X11; Linux x86_64; rv:148.0) Gecko/20100101 Firefox/148.0"
95.153.32.186 - - [18/Apr/2026:11:46:20 +0000] "GET /kwsb/login HTTP/1.1" 404 1251 "-" "Mozilla/5.0 (Macintosh; Intel Mac OS X 10_15_7) AppleWebKit/537.36 (KHTML, like Gecko) Chrome/145.0.0.0 Safari/537.36"
57.131.13.107 - - [18/Apr/2026:11:48:07 +0000] "GET /gh/ HTTP/2" 200 773 "-" "Mozilla/5.0 (Windows NT 10.0; Win64; x64) AppleWebKit/537.36 (KHTML, like Gecko) Chrome/143.0.0.0 Safari/537.36"
23.82.96.179 - - [18/Apr/2026:11:48:08 +0000] "GET /gh/ HTTP/2" 200 773 "-" "Mozilla/5.0 (Windows NT 10.0; Win64; x64) AppleWebKit/537.36 (KHTML, like Gecko) Chrome/143.0.0.0 Safari/537.36"
170.64.251.156 - - [18/Apr/2026:11:48:09 +0000] "GET /gh/ HTTP/2" 200 773 "-" "Mozilla/5.0 (Windows NT 10.0; Win64; x64) AppleWebKit/537.36 (KHTML, like Gecko) Chrome/143.0.0.0 Safari/537.36"
185.8.106.232 - - [18/Apr/2026:11:49:03 +0000] "GET /_autoindex/assets/js/tablesort.js HTTP/1.1" 200 2300 "-" "Mozilla/5.0 (Macintosh; U; Intel Mac OS X 10.6; en-US; rv:1.9.2.14) Gecko/20110218 AlexaToolbar/alxf-2.0 Firefox/3.6.14"
91.134.43.151 - - [18/Apr/2026:11:50:58 +0000] "GET /gh/hh.php HTTP/1.1" 200 1762 "-" "Mozilla/5.0 (Linux; arm_64; Android 15; 24116RACCG) AppleWebKit/537.36 (KHTML, like Gecko) Chrome/142.0.7444.108 YaBrowser/25.12.4.108.00 Mobile Safari/537.36"
86.16.74.122 - - [18/Apr/2026:11:50:58 +0000] "GET /gh/hh.php HTTP/1.1" 200 1762 "-" "Mozilla/5.0 (Linux; arm_64; Android 15; 24116RACCG) AppleWebKit/537.36 (KHTML, like Gecko) Chrome/142.0.7444.108 YaBrowser/25.12.4.108.00 Mobile Safari/537.36"
145.239.81.102 - - [18/Apr/2026:11:50:58 +0000] "GET /gh/hh.php HTTP/1.1" 200 1762 "-" "Mozilla/5.0 (Linux; arm_64; Android 15; 24116RACCG) AppleWebKit/537.36 (KHTML, like Gecko) Chrome/142.0.7444.108 YaBrowser/25.12.4.108.00 Mobile Safari/537.36"
138.197.232.85 - - [18/Apr/2026:11:51:01 +0000] "GET /gh/hh.php HTTP/1.1" 200 1762 "-" "Mozilla/5.0 (Linux; arm_64; Android 15; 24116RACCG) AppleWebKit/537.36 (KHTML, like Gecko) Chrome/142.0.7444.108 YaBrowser/25.12.4.108.00 Mobile Safari/537.36"
95.153.32.186 - - [18/Apr/2026:11:53:10 +0000] "GET /kwsb/login HTTP/2" 404 1251 "-" "Mozilla/5.0 (iPhone; CPU iPhone OS 26_2_1 like Mac OS X) AppleWebKit/605.1.15 (KHTML, like Gecko) CriOS/145.0.7632.55 Mobile/15E148 Safari/604.1"
146.70.245.74 - - [18/Apr/2026:11:53:28 +0000] "GET /kwsb/login HTTP/2" 404 1251 "-" "Mozilla/5.0 (Macintosh; Intel Mac OS X 10_15_7) AppleWebKit/537.36 (KHTML, like Gecko) Chrome/145.0.0.0 Safari/537.36"
46.183.217.106 - - [18/Apr/2026:11:45:44 +0000] "GET /kwsb/login HTTP/1.1" 404 1251 "-" "Mozilla/5.0 (iPhone; CPU iPhone OS 18_7 like Mac OS X) AppleWebKit/605.1.15 (KHTML, like Gecko) FxiOS/148.0 Mobile/15E148 Safari/605.1.15"
146.70.245.74 - - [18/Apr/2026:11:45:55 +0000] "GET /kwsb/login HTTP/1.1" 404 1251 "-" "Mozilla/5.0 (iPhone; CPU iPhone OS 26_2_1 like Mac OS X) AppleWebKit/605.1.15 (KHTML, like Gecko) CriOS/145.0.7632.55 Mobile/15E148 Safari/604.1"
167.235.36.41 - - [18/Apr/2026:11:46:07 +0000] "GET / HTTP/2" 200 2335 "-" "Mozilla/5.0 (Linux; Android 10; K) AppleWebKit/537.36 (KHTML, like Gecko) Chrome/143.0.0.0 Mobile Safari/537.36"
46.183.217.106 - - [18/Apr/2026:11:46:31 +0000] "GET /kwsb/login HTTP/1.1" 404 1251 "-" "Mozilla/5.0 (Macintosh; Intel Mac OS X 10.15; rv:148.0) Gecko/20100101 Firefox/148.0"
86.16.74.122 - - [18/Apr/2026:11:48:07 +0000] "GET /gh/ HTTP/2" 200 773 "-" "Mozilla/5.0 (Windows NT 10.0; Win64; x64) AppleWebKit/537.36 (KHTML, like Gecko) Chrome/143.0.0.0 Safari/537.36"
185.8.106.232 - - [18/Apr/2026:11:48:46 +0000] "GET / HTTP/1.1" 200 2661 "-" "Mozilla/5.0 (Linux; Android 9; SM-A530F) AppleWebKit/537.36 (KHTML, like Gecko) Chrome/76.0.3809.111 Mobile Safari/537.36"
185.8.106.232 - - [18/Apr/2026:11:49:03 +0000] "GET /webpack.mix.js HTTP/1.1" 200 287 "-" "Mozilla/5.0 (Macintosh; Intel Mac OS X 10_14_0) AppleWebKit/537.36 (KHTML, like Gecko) Chrome/75.0.3770.100 Safari/537.36"
185.8.106.232 - - [18/Apr/2026:11:49:03 +0000] "GET /main.js HTTP/1.1" 200 13578 "-" "Mozilla/5.0 (compatible; Konqueror/4.1; DragonFly) KHTML/4.1.4 (like Gecko)"
185.8.106.232 - - [18/Apr/2026:11:49:03 +0000] "GET /package.js HTTP/1.1" 404 1251 "-" "Mozilla/5.0 (MeeGo; NokiaN9) AppleWebKit/534.13 (KHTML, like Gecko) NokiaBrowser/8.5.0 Mobile Safari/534.13"
185.8.106.232 - - [18/Apr/2026:11:49:03 +0000] "GET /composer.js HTTP/1.1" 404 1251 "-" "Mozilla/5.0 (X11; U; Linux armv6l; rv 1.8.1.5pre) Gecko/20070619 Minimo/0.020"
185.8.106.232 - - [18/Apr/2026:11:49:03 +0000] "GET /_autoindex/assets/js/tablesort.number.js HTTP/1.1" 200 366 "-" "Mozilla/5.0 (Linux; Android 7.0; LGL84VL Build/NRD90U) AppleWebKit/537.36 (KHTML, like Gecko) Chrome/59.0.3071.125 Mobile Safari/537.36"
185.8.106.232 - - [18/Apr/2026:11:49:03 +0000] "GET /composer-20251213015150.js HTTP/1.1" 404 1251 "-" "Mozilla/5.0 (Windows NT 6.1) AppleWebKit/537.36 (KHTML, like Gecko) Chrome/75.0.3770.142 Safari/537.36"
167.235.36.41 - - [18/Apr/2026:11:49:27 +0000] "GET / HTTP/2" 200 2335 "-" "Mozilla/5.0 (Linux; Android 10; K) AppleWebKit/537.36 (KHTML, like Gecko) Chrome/143.0.0.0 Mobile Safari/537.36"
37.120.146.146 - - [18/Apr/2026:11:52:28 +0000] "GET /kwsb/login HTTP/2" 404 1251 "-" "Mozilla/5.0 (Windows NT 10.0; Win64; x64; rv:148.0) Gecko/20100101 Firefox/148.0"
95.153.32.186 - - [18/Apr/2026:11:52:42 +0000] "GET /kwsb/login HTTP/2" 404 1251 "-" "Mozilla/5.0 (X11; Linux x86_64; rv:148.0) Gecko/20100101 Firefox/148.0"
167.235.36.41 - - [18/Apr/2026:11:52:48 +0000] "GET / HTTP/2" 200 2335 "-" "Mozilla/5.0 (Linux; Android 10; K) AppleWebKit/537.36 (KHTML, like Gecko) Chrome/143.0.0.0 Mobile Safari/537.36"
146.70.245.74 - - [18/Apr/2026:11:52:55 +0000] "GET /kwsb/login HTTP/2" 404 1251 "-" "Mozilla/5.0 (Windows NT 10.0; Win64; x64) AppleWebKit/537.36 (KHTML, like Gecko) Chrome/145.0.0.0 Safari/537.36"
37.120.146.146 - - [18/Apr/2026:11:53:46 +0000] "GET /kwsb/login HTTP/2" 404 1251 "-" "Mozilla/5.0 (iPhone; CPU iPhone OS 18_7 like Mac OS X) AppleWebKit/605.1.15 (KHTML, like Gecko) FxiOS/148.0 Mobile/15E148 Safari/605.1.15"
167.235.36.41 - - [18/Apr/2026:11:56:08 +0000] "GET / HTTP/2" 200 2335 "-" "Mozilla/5.0 (Linux; Android 10; K) AppleWebKit/537.36 (KHTML, like Gecko) Chrome/143.0.0.0 Mobile Safari/537.36"
167.235.36.41 - - [18/Apr/2026:11:59:29 +0000] "GET / HTTP/2" 200 2335 "-" "Mozilla/5.0 (Linux; Android 10; K) AppleWebKit/537.36 (KHTML, like Gecko) Chrome/143.0.0.0 Mobile Safari/537.36"
77.83.39.31 - - [18/Apr/2026:11:54:53 +0000] "GET /.env.live HTTP/2" 404 1251 "-" "Mozilla/5.0 (Windows NT 10.0; Win64; x64) AppleWebKit/537.36"
77.83.39.31 - - [18/Apr/2026:11:54:53 +0000] "GET /.env.swp HTTP/2" 404 1251 "-" "Mozilla/5.0 (Windows NT 10.0; Win64; x64) AppleWebKit/537.36"
77.83.39.31 - - [18/Apr/2026:11:54:53 +0000] "GET /.env.bak HTTP/2" 404 1251 "-" "Mozilla/5.0 (Windows NT 10.0; Win64; x64) AppleWebKit/537.36"
77.83.39.31 - - [18/Apr/2026:11:54:53 +0000] "GET /.aws/credentials HTTP/2" 404 1251 "-" "Mozilla/5.0 (Windows NT 10.0; Win64; x64) AppleWebKit/537.36"
77.83.39.31 - - [18/Apr/2026:11:54:53 +0000] "GET /aws.env HTTP/2" 404 1251 "-" "Mozilla/5.0 (Windows NT 10.0; Win64; x64) AppleWebKit/537.36"
77.83.39.31 - - [18/Apr/2026:11:54:53 +0000] "GET /.env.uat HTTP/2" 404 1251 "-" "Mozilla/5.0 (Windows NT 10.0; Win64; x64) AppleWebKit/537.36"
77.83.39.31 - - [18/Apr/2026:11:54:53 +0000] "GET /.env HTTP/2" 200 1395 "-" "Mozilla/5.0 (Windows NT 10.0; Win64; x64) AppleWebKit/537.36"
77.83.39.31 - - [18/Apr/2026:11:55:03 +0000] "GET /.env.docker HTTP/2" 404 1251 "-" "Mozilla/5.0 (Windows NT 10.0; Win64; x64) AppleWebKit/537.36"
77.83.39.31 - - [18/Apr/2026:11:55:03 +0000] "GET /.env HTTP/2" 200 1395 "-" "Mozilla/5.0 (Windows NT 10.0; Win64; x64) AppleWebKit/537.36"
77.83.39.31 - - [18/Apr/2026:11:55:03 +0000] "GET /.aws/credentials HTTP/2" 404 1251 "-" "Mozilla/5.0 (Windows NT 10.0; Win64; x64) AppleWebKit/537.36"
77.83.39.31 - - [18/Apr/2026:11:55:03 +0000] "GET /aws.env HTTP/2" 404 1251 "-" "Mozilla/5.0 (Windows NT 10.0; Win64; x64) AppleWebKit/537.36"
77.83.39.31 - - [18/Apr/2026:11:55:03 +0000] "GET /.env.bak HTTP/2" 404 1251 "-" "Mozilla/5.0 (Windows NT 10.0; Win64; x64) AppleWebKit/537.36"
77.83.39.31 - - [18/Apr/2026:11:55:03 +0000] "GET /.env.live HTTP/2" 404 1251 "-" "Mozilla/5.0 (Windows NT 10.0; Win64; x64) AppleWebKit/537.36"
77.83.39.31 - - [18/Apr/2026:11:55:03 +0000] "GET /.env.swp HTTP/2" 404 1251 "-" "Mozilla/5.0 (Windows NT 10.0; Win64; x64) AppleWebKit/537.36"
77.83.39.31 - - [18/Apr/2026:11:55:03 +0000] "GET /.env.uat HTTP/2" 404 1251 "-" "Mozilla/5.0 (Windows NT 10.0; Win64; x64) AppleWebKit/537.36"