91.227.114.145 - - [17/Apr/2026:23:06:37 +0000] "GET /admin/ HTTP/1.1" 404 1251 "https://www.google.com" "Mozilla/5.0 (X11; Linux x86_64) AppleWebKit/537.36 (KHTML, like Gecko) Chrome/119.0.0.0 Safari/537.36"
163.245.208.50 - - [17/Apr/2026:23:06:41 +0000] "GET /_autoindex/assets/js/tablesort.js HTTP/1.1" 200 2300 "-" "Mozilla/5.0 (Windows NT 10.0; Win64; x64; rv:112.0) Gecko/20100101 Firefox/112.0"
167.235.36.41 - - [17/Apr/2026:23:10:37 +0000] "GET / HTTP/2" 200 2335 "-" "Mozilla/5.0 (Linux; Android 10; K) AppleWebKit/537.36 (KHTML, like Gecko) Chrome/143.0.0.0 Mobile Safari/537.36"
86.16.74.122 - - [17/Apr/2026:23:15:19 +0000] "GET /gh/ HTTP/1.1" 200 769 "-" "Mozilla/5.0 (Linux; Android 10; K) AppleWebKit/537.36 (KHTML, like Gecko) Chrome/143.0.0.0 Mobile Safari/537.36"
57.131.13.95 - - [17/Apr/2026:23:15:21 +0000] "GET /gh/ HTTP/1.1" 200 769 "-" "Mozilla/5.0 (Linux; Android 10; K) AppleWebKit/537.36 (KHTML, like Gecko) Chrome/143.0.0.0 Mobile Safari/537.36"
23.82.96.179 - - [17/Apr/2026:23:15:21 +0000] "GET /gh/ HTTP/1.1" 200 769 "-" "Mozilla/5.0 (Linux; Android 10; K) AppleWebKit/537.36 (KHTML, like Gecko) Chrome/143.0.0.0 Mobile Safari/537.36"
167.235.36.41 - - [17/Apr/2026:23:17:19 +0000] "GET / HTTP/2" 200 2335 "-" "Mozilla/5.0 (Linux; Android 10; K) AppleWebKit/537.36 (KHTML, like Gecko) Chrome/143.0.0.0 Mobile Safari/537.36"
167.235.36.41 - - [17/Apr/2026:23:20:42 +0000] "GET / HTTP/2" 200 2335 "-" "Mozilla/5.0 (Linux; Android 10; K) AppleWebKit/537.36 (KHTML, like Gecko) Chrome/143.0.0.0 Mobile Safari/537.36"
91.227.114.145 - - [17/Apr/2026:23:06:27 +0000] "GET /register HTTP/1.1" 404 1251 "https://www.google.com" "Mozilla/5.0 (X11; Linux x86_64) AppleWebKit/537.36 (KHTML, like Gecko) Chrome/119.0.0.0 Safari/537.36"
91.227.114.145 - - [17/Apr/2026:23:06:28 +0000] "GET /wp-login.php HTTP/1.1" 404 1251 "https://www.google.com" "Mozilla/5.0 (X11; Linux x86_64) AppleWebKit/537.36 (KHTML, like Gecko) Chrome/119.0.0.0 Safari/537.36"
163.245.208.50 - - [17/Apr/2026:23:06:31 +0000] "GET / HTTP/1.1" 200 2661 "-" "Mozilla/5.0 (Windows NT 10.0; Win64; x64) AppleWebKit/537.36 (KHTML, like Gecko) Chrome/113.0.0.0 Safari/537.36"
91.227.114.145 - - [17/Apr/2026:23:06:32 +0000] "GET /register/ HTTP/1.1" 404 1251 "https://www.google.com" "Mozilla/5.0 (X11; Linux x86_64) AppleWebKit/537.36 (KHTML, like Gecko) Chrome/119.0.0.0 Safari/537.36"
163.245.208.50 - - [17/Apr/2026:23:06:32 +0000] "GET /database.php HTTP/1.1" 404 1251 "-" "Mozilla/5.0 (Windows NT 10.0; Win64; x64) AppleWebKit/537.36 (KHTML, like Gecko) Chrome/113.0.0.0 Safari/537.36"
163.245.208.50 - - [17/Apr/2026:23:06:32 +0000] "GET /.env.local HTTP/1.1" 404 1251 "-" "Mozilla/5.0 (Macintosh; Intel Mac OS X 10_15_7) AppleWebKit/605.1.15 (KHTML, like Gecko) Version/15.6 Safari/605.1.15"
163.245.208.50 - - [17/Apr/2026:23:06:32 +0000] "GET /settings.php HTTP/1.1" 404 1251 "-" "Mozilla/5.0 (Windows NT 10.0; Win64; x64) AppleWebKit/537.36 (KHTML, like Gecko) Chrome/112.0.0.0 Safari/537.36"
91.227.114.145 - - [17/Apr/2026:23:06:34 +0000] "GET /administrator HTTP/1.1" 404 1251 "https://www.google.com" "Mozilla/5.0 (X11; Linux x86_64) AppleWebKit/537.36 (KHTML, like Gecko) Chrome/119.0.0.0 Safari/537.36"
167.235.36.41 - - [17/Apr/2026:23:07:13 +0000] "GET / HTTP/2" 200 2335 "-" "Mozilla/5.0 (Linux; Android 10; K) AppleWebKit/537.36 (KHTML, like Gecko) Chrome/143.0.0.0 Mobile Safari/537.36"
167.235.36.41 - - [17/Apr/2026:23:13:58 +0000] "GET / HTTP/2" 200 2335 "-" "Mozilla/5.0 (Linux; Android 10; K) AppleWebKit/537.36 (KHTML, like Gecko) Chrome/143.0.0.0 Mobile Safari/537.36"
57.131.13.108 - - [17/Apr/2026:23:15:22 +0000] "GET /gh/ HTTP/1.1" 200 769 "-" "Mozilla/5.0 (Linux; Android 10; K) AppleWebKit/537.36 (KHTML, like Gecko) Chrome/143.0.0.0 Mobile Safari/537.36"
167.235.36.41 - - [17/Apr/2026:23:30:47 +0000] "GET / HTTP/2" 200 2335 "-" "Mozilla/5.0 (Linux; Android 10; K) AppleWebKit/537.36 (KHTML, like Gecko) Chrome/143.0.0.0 Mobile Safari/537.36"
57.131.13.107 - - [17/Apr/2026:23:33:06 +0000] "GET /gh/ HTTP/2" 200 773 "-" "Mozilla/5.0 (Windows NT 10.0; Win64; x64) AppleWebKit/537.36 (KHTML, like Gecko) Chrome/143.0.0.0 Safari/537.36"
23.82.96.179 - - [17/Apr/2026:23:33:06 +0000] "GET /gh/ HTTP/2" 200 773 "-" "Mozilla/5.0 (Windows NT 10.0; Win64; x64) AppleWebKit/537.36 (KHTML, like Gecko) Chrome/143.0.0.0 Safari/537.36"
86.16.74.122 - - [17/Apr/2026:23:33:07 +0000] "GET /gh/ HTTP/2" 200 773 "-" "Mozilla/5.0 (Windows NT 10.0; Win64; x64) AppleWebKit/537.36 (KHTML, like Gecko) Chrome/143.0.0.0 Safari/537.36"
170.64.251.156 - - [17/Apr/2026:23:33:08 +0000] "GET /gh/ HTTP/2" 200 773 "-" "Mozilla/5.0 (Windows NT 10.0; Win64; x64) AppleWebKit/537.36 (KHTML, like Gecko) Chrome/143.0.0.0 Safari/537.36"
167.235.36.41 - - [17/Apr/2026:23:34:08 +0000] "GET / HTTP/2" 200 2335 "-" "Mozilla/5.0 (Linux; Android 10; K) AppleWebKit/537.36 (KHTML, like Gecko) Chrome/143.0.0.0 Mobile Safari/537.36"
130.12.182.66 - - [17/Apr/2026:23:36:00 +0000] "GET / HTTP/1.1" 200 12517 "-" "python-requests/2.25.1"
130.12.182.67 - admin.com [17/Apr/2026:23:36:02 +0000] "GET / HTTP/1.1" 401 12519 "-" "Mozilla/5.0 (Windows NT 10.0; Win64; x64) AppleWebKit/537.36 (KHTML, like Gecko) Chrome/91.0.4472.124 Safari/537.36"
167.235.36.41 - - [17/Apr/2026:23:37:30 +0000] "GET / HTTP/2" 200 2335 "-" "Mozilla/5.0 (Linux; Android 10; K) AppleWebKit/537.36 (KHTML, like Gecko) Chrome/143.0.0.0 Mobile Safari/537.36"
167.235.36.41 - - [17/Apr/2026:23:40:51 +0000] "GET / HTTP/2" 200 2335 "-" "Mozilla/5.0 (Linux; Android 10; K) AppleWebKit/537.36 (KHTML, like Gecko) Chrome/143.0.0.0 Mobile Safari/537.36"
167.235.36.41 - - [17/Apr/2026:23:44:12 +0000] "GET / HTTP/2" 200 2335 "-" "Mozilla/5.0 (Linux; Android 10; K) AppleWebKit/537.36 (KHTML, like Gecko) Chrome/143.0.0.0 Mobile Safari/537.36"
167.235.36.41 - - [17/Apr/2026:23:47:34 +0000] "GET / HTTP/2" 200 2335 "-" "Mozilla/5.0 (Linux; Android 10; K) AppleWebKit/537.36 (KHTML, like Gecko) Chrome/143.0.0.0 Mobile Safari/537.36"
145.239.81.102 - - [17/Apr/2026:23:47:48 +0000] "GET /gh/hh.php HTTP/1.1" 200 1762 "-" "Mozilla/5.0 (Linux; arm_64; Android 15; 24116RACCG) AppleWebKit/537.36 (KHTML, like Gecko) Chrome/142.0.7444.108 YaBrowser/25.12.4.108.00 Mobile Safari/537.36"
167.235.36.41 - - [17/Apr/2026:23:50:57 +0000] "GET / HTTP/2" 200 2335 "-" "Mozilla/5.0 (Linux; Android 10; K) AppleWebKit/537.36 (KHTML, like Gecko) Chrome/143.0.0.0 Mobile Safari/537.36"
91.134.43.151 - - [17/Apr/2026:23:47:46 +0000] "GET /gh/hh.php HTTP/1.1" 200 1762 "-" "Mozilla/5.0 (Linux; arm_64; Android 15; 24116RACCG) AppleWebKit/537.36 (KHTML, like Gecko) Chrome/142.0.7444.108 YaBrowser/25.12.4.108.00 Mobile Safari/537.36"
86.16.74.122 - - [17/Apr/2026:23:47:47 +0000] "GET /gh/hh.php HTTP/1.1" 200 1762 "-" "Mozilla/5.0 (Linux; arm_64; Android 15; 24116RACCG) AppleWebKit/537.36 (KHTML, like Gecko) Chrome/142.0.7444.108 YaBrowser/25.12.4.108.00 Mobile Safari/537.36"
138.197.232.85 - - [17/Apr/2026:23:47:49 +0000] "GET /gh/hh.php HTTP/1.1" 200 1762 "-" "Mozilla/5.0 (Linux; arm_64; Android 15; 24116RACCG) AppleWebKit/537.36 (KHTML, like Gecko) Chrome/142.0.7444.108 YaBrowser/25.12.4.108.00 Mobile Safari/537.36"
167.235.36.41 - - [17/Apr/2026:23:54:19 +0000] "GET / HTTP/2" 200 2335 "-" "Mozilla/5.0 (Linux; Android 10; K) AppleWebKit/537.36 (KHTML, like Gecko) Chrome/143.0.0.0 Mobile Safari/537.36"
167.235.36.41 - - [18/Apr/2026:00:01:03 +0000] "GET / HTTP/2" 200 2335 "-" "Mozilla/5.0 (Linux; Android 10; K) AppleWebKit/537.36 (KHTML, like Gecko) Chrome/143.0.0.0 Mobile Safari/537.36"
167.235.36.41 - - [17/Apr/2026:23:57:41 +0000] "GET / HTTP/2" 200 2335 "-" "Mozilla/5.0 (Linux; Android 10; K) AppleWebKit/537.36 (KHTML, like Gecko) Chrome/143.0.0.0 Mobile Safari/537.36"
167.235.36.41 - - [18/Apr/2026:00:04:26 +0000] "GET / HTTP/2" 200 2335 "-" "Mozilla/5.0 (Linux; Android 10; K) AppleWebKit/537.36 (KHTML, like Gecko) Chrome/143.0.0.0 Mobile Safari/537.36"
167.235.36.41 - - [18/Apr/2026:00:07:48 +0000] "GET / HTTP/2" 200 2335 "-" "Mozilla/5.0 (Linux; Android 10; K) AppleWebKit/537.36 (KHTML, like Gecko) Chrome/143.0.0.0 Mobile Safari/537.36"
167.235.36.41 - - [18/Apr/2026:00:11:09 +0000] "GET / HTTP/2" 200 2335 "-" "Mozilla/5.0 (Linux; Android 10; K) AppleWebKit/537.36 (KHTML, like Gecko) Chrome/143.0.0.0 Mobile Safari/537.36"
167.235.36.41 - - [18/Apr/2026:00:14:31 +0000] "GET / HTTP/2" 200 2335 "-" "Mozilla/5.0 (Linux; Android 10; K) AppleWebKit/537.36 (KHTML, like Gecko) Chrome/143.0.0.0 Mobile Safari/537.36"
167.235.36.41 - - [18/Apr/2026:00:21:16 +0000] "GET / HTTP/2" 200 2335 "-" "Mozilla/5.0 (Linux; Android 10; K) AppleWebKit/537.36 (KHTML, like Gecko) Chrome/143.0.0.0 Mobile Safari/537.36"
89.117.27.125 - - [18/Apr/2026:00:21:18 +0000] "GET /.env.dev HTTP/1.1" 404 1251 "-" "Mozilla/5.0 (Macintosh; Intel Mac OS X 10_15_7) AppleWebKit/537.36 (KHTML, like Gecko) Chrome/91.0.4472.124 Safari/537.36"
89.117.27.125 - - [18/Apr/2026:00:21:18 +0000] "GET /.env HTTP/1.1" 206 1395 "-" "Mozilla/5.0 (Macintosh; Intel Mac OS X 10_15_7) AppleWebKit/537.36 (KHTML, like Gecko) Chrome/91.0.4472.124 Safari/537.36"
167.235.36.41 - - [18/Apr/2026:00:27:59 +0000] "GET / HTTP/2" 200 2335 "-" "Mozilla/5.0 (Linux; Android 10; K) AppleWebKit/537.36 (KHTML, like Gecko) Chrome/143.0.0.0 Mobile Safari/537.36"
167.235.36.41 - - [18/Apr/2026:00:17:54 +0000] "GET / HTTP/2" 200 2335 "-" "Mozilla/5.0 (Linux; Android 10; K) AppleWebKit/537.36 (KHTML, like Gecko) Chrome/143.0.0.0 Mobile Safari/537.36"
167.235.36.41 - - [18/Apr/2026:00:24:38 +0000] "GET / HTTP/2" 200 2335 "-" "Mozilla/5.0 (Linux; Android 10; K) AppleWebKit/537.36 (KHTML, like Gecko) Chrome/143.0.0.0 Mobile Safari/537.36"
167.235.36.41 - - [18/Apr/2026:00:31:21 +0000] "GET / HTTP/2" 200 2335 "-" "Mozilla/5.0 (Linux; Android 10; K) AppleWebKit/537.36 (KHTML, like Gecko) Chrome/143.0.0.0 Mobile Safari/537.36"
173.252.95.58 - - [18/Apr/2026:00:33:12 +0000] "GET /robots.txt HTTP/2" 404 1251 "-" "facebookexternalhit/1.1 (+http://www.facebook.com/externalhit_uatext.php)"
167.235.36.41 - - [18/Apr/2026:00:34:42 +0000] "GET / HTTP/2" 200 2335 "-" "Mozilla/5.0 (Linux; Android 10; K) AppleWebKit/537.36 (KHTML, like Gecko) Chrome/143.0.0.0 Mobile Safari/537.36"
86.16.74.122 - - [18/Apr/2026:00:40:14 +0000] "GET /gh/hh.php HTTP/2" 200 1762 "-" "Mozilla/5.0 (Macintosh; Intel Mac OS X 10_15_7) AppleWebKit/605.1.15 (KHTML, like Gecko) Version/18.4 Safari/605.1.15"
167.235.36.41 - - [18/Apr/2026:00:44:48 +0000] "GET / HTTP/2" 200 2335 "-" "Mozilla/5.0 (Linux; Android 10; K) AppleWebKit/537.36 (KHTML, like Gecko) Chrome/143.0.0.0 Mobile Safari/537.36"
167.235.36.41 - - [18/Apr/2026:00:38:04 +0000] "GET / HTTP/2" 200 2335 "-" "Mozilla/5.0 (Linux; Android 10; K) AppleWebKit/537.36 (KHTML, like Gecko) Chrome/143.0.0.0 Mobile Safari/537.36"
68.183.245.101 - - [18/Apr/2026:00:40:14 +0000] "GET /gh/hh.php HTTP/2" 200 1762 "-" "Mozilla/5.0 (Macintosh; Intel Mac OS X 10_15_7) AppleWebKit/605.1.15 (KHTML, like Gecko) Version/18.4 Safari/605.1.15"
23.80.89.35 - - [18/Apr/2026:00:40:15 +0000] "GET /gh/hh.php HTTP/2" 200 1762 "-" "Mozilla/5.0 (Macintosh; Intel Mac OS X 10_15_7) AppleWebKit/605.1.15 (KHTML, like Gecko) Version/18.4 Safari/605.1.15"
57.131.13.153 - - [18/Apr/2026:00:40:16 +0000] "GET /gh/hh.php HTTP/2" 200 1762 "-" "Mozilla/5.0 (Macintosh; Intel Mac OS X 10_15_7) AppleWebKit/605.1.15 (KHTML, like Gecko) Version/18.4 Safari/605.1.15"
167.235.36.41 - - [18/Apr/2026:00:41:26 +0000] "GET / HTTP/2" 200 2335 "-" "Mozilla/5.0 (Linux; Android 10; K) AppleWebKit/537.36 (KHTML, like Gecko) Chrome/143.0.0.0 Mobile Safari/537.36"
167.235.36.41 - - [18/Apr/2026:00:51:31 +0000] "GET / HTTP/2" 200 2335 "-" "Mozilla/5.0 (Linux; Android 10; K) AppleWebKit/537.36 (KHTML, like Gecko) Chrome/143.0.0.0 Mobile Safari/537.36"
167.235.36.41 - - [18/Apr/2026:00:48:09 +0000] "GET / HTTP/2" 200 2335 "-" "Mozilla/5.0 (Linux; Android 10; K) AppleWebKit/537.36 (KHTML, like Gecko) Chrome/143.0.0.0 Mobile Safari/537.36"
167.235.36.41 - - [18/Apr/2026:00:54:52 +0000] "GET / HTTP/2" 200 2335 "-" "Mozilla/5.0 (Linux; Android 10; K) AppleWebKit/537.36 (KHTML, like Gecko) Chrome/143.0.0.0 Mobile Safari/537.36"
167.235.36.41 - - [18/Apr/2026:00:58:13 +0000] "GET / HTTP/2" 200 2335 "-" "Mozilla/5.0 (Linux; Android 10; K) AppleWebKit/537.36 (KHTML, like Gecko) Chrome/143.0.0.0 Mobile Safari/537.36"
167.235.36.41 - - [18/Apr/2026:01:01:34 +0000] "GET / HTTP/2" 200 2335 "-" "Mozilla/5.0 (Linux; Android 10; K) AppleWebKit/537.36 (KHTML, like Gecko) Chrome/143.0.0.0 Mobile Safari/537.36"
104.168.28.15 - - [18/Apr/2026:01:16:24 +0000] "GET / HTTP/1.1" 200 2661 "-" "Mozilla/5.0 (Debian; Linux x86_64; rv:121.0) Gecko/20100101 Firefox/121.0"
104.168.28.15 - - [18/Apr/2026:01:16:32 +0000] "GET /favicon.ico HTTP/1.1" 200 0 "-" "Mozilla/5.0 (Debian; Linux x86_64; rv:121.0) Gecko/20100101 Firefox/121.0"
167.235.36.41 - - [18/Apr/2026:01:18:27 +0000] "GET / HTTP/2" 200 2335 "-" "Mozilla/5.0 (Linux; Android 10; K) AppleWebKit/537.36 (KHTML, like Gecko) Chrome/143.0.0.0 Mobile Safari/537.36"
167.235.36.41 - - [18/Apr/2026:01:04:57 +0000] "GET / HTTP/2" 200 2335 "-" "Mozilla/5.0 (Linux; Android 10; K) AppleWebKit/537.36 (KHTML, like Gecko) Chrome/143.0.0.0 Mobile Safari/537.36"
167.235.36.41 - - [18/Apr/2026:01:08:18 +0000] "GET / HTTP/2" 200 2335 "-" "Mozilla/5.0 (Linux; Android 10; K) AppleWebKit/537.36 (KHTML, like Gecko) Chrome/143.0.0.0 Mobile Safari/537.36"
157.230.41.240 - - [18/Apr/2026:01:09:15 +0000] "GET / HTTP/1.1" 200 2661 "-" "Mozilla/5.0 (Macintosh; Intel Mac OS X 10_15_7) AppleWebKit/537.36 Chrome/122.0.0.0 Safari/537.36"
167.235.36.41 - - [18/Apr/2026:01:11:40 +0000] "GET / HTTP/2" 200 2335 "-" "Mozilla/5.0 (Linux; Android 10; K) AppleWebKit/537.36 (KHTML, like Gecko) Chrome/143.0.0.0 Mobile Safari/537.36"
167.235.36.41 - - [18/Apr/2026:01:15:02 +0000] "GET / HTTP/2" 200 2335 "-" "Mozilla/5.0 (Linux; Android 10; K) AppleWebKit/537.36 (KHTML, like Gecko) Chrome/143.0.0.0 Mobile Safari/537.36"
86.16.74.122 - - [18/Apr/2026:01:21:15 +0000] "GET /gh/ HTTP/1.1" 200 769 "-" "Mozilla/5.0 (Linux; Android 10; K) AppleWebKit/537.36 (KHTML, like Gecko) Chrome/143.0.0.0 Mobile Safari/537.36"
57.131.13.95 - - [18/Apr/2026:01:21:15 +0000] "GET /gh/ HTTP/1.1" 200 769 "-" "Mozilla/5.0 (Linux; Android 10; K) AppleWebKit/537.36 (KHTML, like Gecko) Chrome/143.0.0.0 Mobile Safari/537.36"
23.82.96.179 - - [18/Apr/2026:01:21:16 +0000] "GET /gh/ HTTP/1.1" 200 769 "-" "Mozilla/5.0 (Linux; Android 10; K) AppleWebKit/537.36 (KHTML, like Gecko) Chrome/143.0.0.0 Mobile Safari/537.36"
167.235.36.41 - - [18/Apr/2026:01:28:33 +0000] "GET / HTTP/2" 200 2335 "-" "Mozilla/5.0 (Linux; Android 10; K) AppleWebKit/537.36 (KHTML, like Gecko) Chrome/143.0.0.0 Mobile Safari/537.36"
23.82.96.179 - - [18/Apr/2026:01:36:12 +0000] "GET /gh/ HTTP/2" 200 773 "-" "Mozilla/5.0 (Windows NT 10.0; Win64; x64) AppleWebKit/537.36 (KHTML, like Gecko) Chrome/143.0.0.0 Safari/537.36"
86.16.74.122 - - [18/Apr/2026:01:36:12 +0000] "GET /gh/ HTTP/2" 200 773 "-" "Mozilla/5.0 (Windows NT 10.0; Win64; x64) AppleWebKit/537.36 (KHTML, like Gecko) Chrome/143.0.0.0 Safari/537.36"
57.131.13.107 - - [18/Apr/2026:01:36:12 +0000] "GET /gh/ HTTP/2" 200 773 "-" "Mozilla/5.0 (Windows NT 10.0; Win64; x64) AppleWebKit/537.36 (KHTML, like Gecko) Chrome/143.0.0.0 Safari/537.36"
170.64.251.156 - - [18/Apr/2026:01:36:14 +0000] "GET /gh/ HTTP/2" 200 773 "-" "Mozilla/5.0 (Windows NT 10.0; Win64; x64) AppleWebKit/537.36 (KHTML, like Gecko) Chrome/143.0.0.0 Safari/537.36"
57.131.13.108 - - [18/Apr/2026:01:21:17 +0000] "GET /gh/ HTTP/1.1" 200 769 "-" "Mozilla/5.0 (Linux; Android 10; K) AppleWebKit/537.36 (KHTML, like Gecko) Chrome/143.0.0.0 Mobile Safari/537.36"
167.235.36.41 - - [18/Apr/2026:01:21:48 +0000] "GET / HTTP/2" 200 2335 "-" "Mozilla/5.0 (Linux; Android 10; K) AppleWebKit/537.36 (KHTML, like Gecko) Chrome/143.0.0.0 Mobile Safari/537.36"
167.235.36.41 - - [18/Apr/2026:01:25:12 +0000] "GET / HTTP/2" 200 2335 "-" "Mozilla/5.0 (Linux; Android 10; K) AppleWebKit/537.36 (KHTML, like Gecko) Chrome/143.0.0.0 Mobile Safari/537.36"
167.235.36.41 - - [18/Apr/2026:01:31:56 +0000] "GET / HTTP/2" 200 2335 "-" "Mozilla/5.0 (Linux; Android 10; K) AppleWebKit/537.36 (KHTML, like Gecko) Chrome/143.0.0.0 Mobile Safari/537.36"
167.235.36.41 - - [18/Apr/2026:01:35:17 +0000] "GET / HTTP/2" 200 2335 "-" "Mozilla/5.0 (Linux; Android 10; K) AppleWebKit/537.36 (KHTML, like Gecko) Chrome/143.0.0.0 Mobile Safari/537.36"
167.235.36.41 - - [18/Apr/2026:01:42:00 +0000] "GET / HTTP/2" 200 2335 "-" "Mozilla/5.0 (Linux; Android 10; K) AppleWebKit/537.36 (KHTML, like Gecko) Chrome/143.0.0.0 Mobile Safari/537.36"
167.235.36.41 - - [18/Apr/2026:01:38:39 +0000] "GET / HTTP/2" 200 2335 "-" "Mozilla/5.0 (Linux; Android 10; K) AppleWebKit/537.36 (KHTML, like Gecko) Chrome/143.0.0.0 Mobile Safari/537.36"
167.235.36.41 - - [18/Apr/2026:01:45:23 +0000] "GET / HTTP/2" 200 2335 "-" "Mozilla/5.0 (Linux; Android 10; K) AppleWebKit/537.36 (KHTML, like Gecko) Chrome/143.0.0.0 Mobile Safari/537.36"
167.235.36.41 - - [18/Apr/2026:01:48:46 +0000] "GET / HTTP/2" 200 2290 "-" "Mozilla/5.0 (Linux; Android 10; K) AppleWebKit/537.36 (KHTML, like Gecko) Chrome/143.0.0.0 Mobile Safari/537.36"
167.235.36.41 - - [18/Apr/2026:01:52:07 +0000] "GET / HTTP/2" 200 2335 "-" "Mozilla/5.0 (Linux; Android 10; K) AppleWebKit/537.36 (KHTML, like Gecko) Chrome/143.0.0.0 Mobile Safari/537.36"
91.134.43.151 - - [18/Apr/2026:01:56:07 +0000] "GET /gh/hh.php HTTP/1.1" 200 1762 "-" "Mozilla/5.0 (Linux; arm_64; Android 15; 24116RACCG) AppleWebKit/537.36 (KHTML, like Gecko) Chrome/142.0.7444.108 YaBrowser/25.12.4.108.00 Mobile Safari/537.36"
86.16.74.122 - - [18/Apr/2026:01:56:08 +0000] "GET /gh/hh.php HTTP/1.1" 200 1762 "-" "Mozilla/5.0 (Linux; arm_64; Android 15; 24116RACCG) AppleWebKit/537.36 (KHTML, like Gecko) Chrome/142.0.7444.108 YaBrowser/25.12.4.108.00 Mobile Safari/537.36"
138.197.232.85 - - [18/Apr/2026:01:56:14 +0000] "GET /gh/hh.php HTTP/1.1" 200 1762 "-" "Mozilla/5.0 (Linux; arm_64; Android 15; 24116RACCG) AppleWebKit/537.36 (KHTML, like Gecko) Chrome/142.0.7444.108 YaBrowser/25.12.4.108.00 Mobile Safari/537.36"
167.235.36.41 - - [18/Apr/2026:02:02:15 +0000] "GET / HTTP/2" 200 2335 "-" "Mozilla/5.0 (Linux; Android 10; K) AppleWebKit/537.36 (KHTML, like Gecko) Chrome/143.0.0.0 Mobile Safari/537.36"
167.235.36.41 - - [18/Apr/2026:02:05:36 +0000] "GET / HTTP/2" 200 2335 "-" "Mozilla/5.0 (Linux; Android 10; K) AppleWebKit/537.36 (KHTML, like Gecko) Chrome/143.0.0.0 Mobile Safari/537.36"
167.235.36.41 - - [18/Apr/2026:02:08:57 +0000] "GET / HTTP/2" 200 2335 "-" "Mozilla/5.0 (Linux; Android 10; K) AppleWebKit/537.36 (KHTML, like Gecko) Chrome/143.0.0.0 Mobile Safari/537.36"
167.235.36.41 - - [18/Apr/2026:01:55:30 +0000] "GET / HTTP/2" 200 2335 "-" "Mozilla/5.0 (Linux; Android 10; K) AppleWebKit/537.36 (KHTML, like Gecko) Chrome/143.0.0.0 Mobile Safari/537.36"
145.239.81.102 - - [18/Apr/2026:01:56:08 +0000] "GET /gh/hh.php HTTP/1.1" 200 1762 "-" "Mozilla/5.0 (Linux; arm_64; Android 15; 24116RACCG) AppleWebKit/537.36 (KHTML, like Gecko) Chrome/142.0.7444.108 YaBrowser/25.12.4.108.00 Mobile Safari/537.36"
167.235.36.41 - - [18/Apr/2026:01:58:51 +0000] "GET / HTTP/2" 200 2335 "-" "Mozilla/5.0 (Linux; Android 10; K) AppleWebKit/537.36 (KHTML, like Gecko) Chrome/143.0.0.0 Mobile Safari/537.36"
103.215.74.185 - - [18/Apr/2026:02:10:43 +0000] "GET / HTTP/1.1" 200 12908 "-" "Mozilla/5.0 (Windows NT 10.0; Win64; x64) AppleWebKit/537.36 (KHTML, like Gecko) Chrome/120.0.0.0 Safari/537.36"
103.215.74.185 - - [18/Apr/2026:02:10:43 +0000] "GET / HTTP/1.1" 200 12908 "-" "Mozilla/5.0 (X11; Linux x86_64) AppleWebKit/537.36 (KHTML, like Gecko) Chrome/120.0.0.0 Safari/537.36"
103.215.74.185 - - [18/Apr/2026:02:10:43 +0000] "GET /.env.backup HTTP/1.1" 404 1251 "-" "Mozilla/5.0 (Windows NT 10.0; Win64; x64; rv:121.0) Gecko/20100101 Firefox/121.0"
103.215.74.185 - - [18/Apr/2026:02:10:43 +0000] "GET /.npmrc HTTP/1.1" 404 1251 "-" "Mozilla/5.0 (Windows NT 10.0; Win64; x64; rv:121.0) Gecko/20100101 Firefox/121.0"
103.215.74.185 - - [18/Apr/2026:02:10:43 +0000] "GET /.netrc HTTP/1.1" 404 1251 "-" "Mozilla/5.0 (Windows NT 10.0; Win64; x64; rv:121.0) Gecko/20100101 Firefox/121.0"
103.215.74.185 - - [18/Apr/2026:02:10:43 +0000] "GET /.pgpass HTTP/1.1" 404 1251 "-" "Mozilla/5.0 (Windows NT 10.0; Win64; x64; rv:121.0) Gecko/20100101 Firefox/121.0"
103.215.74.185 - - [18/Apr/2026:02:10:43 +0000] "GET /.aws/credentials HTTP/1.1" 404 1251 "-" "Mozilla/5.0 (X11; Linux x86_64) AppleWebKit/537.36 (KHTML, like Gecko) Chrome/120.0.0.0 Safari/537.36"
103.215.74.185 - - [18/Apr/2026:02:10:43 +0000] "GET /php.php HTTP/1.1" 404 1251 "-" "Mozilla/5.0 (X11; Linux x86_64) AppleWebKit/537.36 (KHTML, like Gecko) Chrome/120.0.0.0 Safari/537.36"
103.215.74.185 - - [18/Apr/2026:02:10:43 +0000] "GET /info.php HTTP/1.1" 404 1251 "-" "Mozilla/5.0 (compatible; SecurityScanner/1.0)"
103.215.74.185 - - [18/Apr/2026:02:10:43 +0000] "GET /debug.php HTTP/1.1" 404 1251 "-" "Mozilla/5.0 (Windows NT 10.0; Win64; x64) AppleWebKit/537.36 (KHTML, like Gecko) Chrome/120.0.0.0 Safari/537.36"
103.215.74.185 - - [18/Apr/2026:02:10:44 +0000] "GET /.env.local HTTP/1.1" 404 1251 "-" "Mozilla/5.0 (compatible; SecurityScanner/1.0)"
103.215.74.185 - - [18/Apr/2026:02:10:44 +0000] "GET /.env.production HTTP/1.1" 404 1251 "-" "Mozilla/5.0 (Macintosh; Intel Mac OS X 10_15_7) AppleWebKit/537.36 (KHTML, like Gecko) Chrome/120.0.0.0 Safari/537.36"
103.215.74.185 - - [18/Apr/2026:02:10:44 +0000] "GET /test.php HTTP/1.1" 404 1251 "-" "Mozilla/5.0 (X11; Linux x86_64) AppleWebKit/537.36 (KHTML, like Gecko) Chrome/120.0.0.0 Safari/537.36"
103.215.74.185 - - [18/Apr/2026:02:10:44 +0000] "GET /main.js HTTP/1.1" 200 57973 "-" "Mozilla/5.0 (Windows NT 10.0; Win64; x64) AppleWebKit/537.36 (KHTML, like Gecko) Chrome/120.0.0.0 Safari/537.36"
103.215.74.185 - - [18/Apr/2026:02:10:44 +0000] "GET /_autoindex/assets/js/tablesort.number.js HTTP/1.1" 200 682 "-" "Mozilla/5.0 (Windows NT 10.0; Win64; x64) AppleWebKit/537.36 (KHTML, like Gecko) Chrome/120.0.0.0 Safari/537.36"
103.215.74.185 - - [18/Apr/2026:02:10:44 +0000] "GET /webpack.mix.js HTTP/1.1" 200 559 "-" "Mozilla/5.0 (Windows NT 10.0; Win64; x64) AppleWebKit/537.36 (KHTML, like Gecko) Chrome/120.0.0.0 Safari/537.36"
103.215.74.185 - - [18/Apr/2026:02:10:44 +0000] "GET /.env.bak HTTP/1.1" 404 1251 "-" "Mozilla/5.0 (compatible; SecurityScanner/1.0)"
103.215.74.185 - - [18/Apr/2026:02:10:44 +0000] "GET /phpinfo.php HTTP/1.1" 200 96545 "-" "Mozilla/5.0 (X11; Linux x86_64) AppleWebKit/537.36 (KHTML, like Gecko) Chrome/120.0.0.0 Safari/537.36"
167.235.36.41 - - [18/Apr/2026:02:12:19 +0000] "GET / HTTP/2" 200 2335 "-" "Mozilla/5.0 (Linux; Android 10; K) AppleWebKit/537.36 (KHTML, like Gecko) Chrome/143.0.0.0 Mobile Safari/537.36"
167.235.36.41 - - [18/Apr/2026:02:15:42 +0000] "GET / HTTP/2" 200 2335 "-" "Mozilla/5.0 (Linux; Android 10; K) AppleWebKit/537.36 (KHTML, like Gecko) Chrome/143.0.0.0 Mobile Safari/537.36"
103.168.66.237 - - [18/Apr/2026:02:18:34 +0000] "GET /php.php HTTP/1.1" 404 1251 "-" "Mozilla/5.0 (compatible; SecurityScanner/1.0)"
103.168.66.237 - - [18/Apr/2026:02:18:34 +0000] "GET /test.php HTTP/1.1" 404 1251 "-" "Mozilla/5.0 (Macintosh; Intel Mac OS X 10_15_7) AppleWebKit/537.36 (KHTML, like Gecko) Chrome/120.0.0.0 Safari/537.36"
103.215.74.185 - - [18/Apr/2026:02:10:44 +0000] "GET /.aws/config HTTP/1.1" 404 1251 "-" "Mozilla/5.0 (Macintosh; Intel Mac OS X 10_15_7) AppleWebKit/537.36 (KHTML, like Gecko) Chrome/120.0.0.0 Safari/537.36"
103.215.74.185 - - [18/Apr/2026:02:10:44 +0000] "GET /.env.prod HTTP/1.1" 404 1251 "-" "Mozilla/5.0 (Macintosh; Intel Mac OS X 10_15_7) AppleWebKit/537.36 (KHTML, like Gecko) Chrome/120.0.0.0 Safari/537.36"
103.215.74.185 - - [18/Apr/2026:02:10:44 +0000] "GET /.env HTTP/1.1" 200 1395 "-" "Mozilla/5.0 (Windows NT 10.0; Win64; x64) AppleWebKit/537.36 (KHTML, like Gecko) Chrome/120.0.0.0 Safari/537.36"
103.215.74.185 - - [18/Apr/2026:02:10:44 +0000] "GET /wp-config.php.bak HTTP/1.1" 404 1251 "-" "Mozilla/5.0 (Windows NT 10.0; Win64; x64) AppleWebKit/537.36 (KHTML, like Gecko) Chrome/120.0.0.0 Safari/537.36"
103.215.74.185 - - [18/Apr/2026:02:10:44 +0000] "GET /wp-config.php.old HTTP/1.1" 404 1251 "-" "Mozilla/5.0 (X11; Linux x86_64) AppleWebKit/537.36 (KHTML, like Gecko) Chrome/120.0.0.0 Safari/537.36"
103.215.74.185 - - [18/Apr/2026:02:10:44 +0000] "GET /wp-config.php.swp HTTP/1.1" 404 1251 "-" "Mozilla/5.0 (X11; Linux x86_64) AppleWebKit/537.36 (KHTML, like Gecko) Chrome/120.0.0.0 Safari/537.36"
103.168.66.237 - - [18/Apr/2026:02:18:34 +0000] "GET / HTTP/1.1" 200 12908 "-" "Mozilla/5.0 (Macintosh; Intel Mac OS X 10_15_7) AppleWebKit/537.36 (KHTML, like Gecko) Chrome/120.0.0.0 Safari/537.36"
103.168.66.237 - - [18/Apr/2026:02:18:34 +0000] "GET / HTTP/1.1" 200 12908 "-" "Mozilla/5.0 (Macintosh; Intel Mac OS X 10_15_7) AppleWebKit/537.36 (KHTML, like Gecko) Chrome/120.0.0.0 Safari/537.36"
103.168.66.237 - - [18/Apr/2026:02:18:34 +0000] "GET /.env.backup HTTP/1.1" 404 1251 "-" "Mozilla/5.0 (X11; Linux x86_64) AppleWebKit/537.36 (KHTML, like Gecko) Chrome/120.0.0.0 Safari/537.36"
103.168.66.237 - - [18/Apr/2026:02:18:34 +0000] "GET /info.php HTTP/1.1" 404 1251 "-" "Mozilla/5.0 (Windows NT 10.0; Win64; x64) AppleWebKit/537.36 (KHTML, like Gecko) Chrome/120.0.0.0 Safari/537.36"
103.168.66.237 - - [18/Apr/2026:02:18:34 +0000] "GET /.pgpass HTTP/1.1" 404 1251 "-" "Mozilla/5.0 (Windows NT 10.0; Win64; x64) AppleWebKit/537.36 (KHTML, like Gecko) Chrome/120.0.0.0 Safari/537.36"
103.168.66.237 - - [18/Apr/2026:02:18:34 +0000] "GET /.aws/config HTTP/1.1" 404 1251 "-" "Mozilla/5.0 (compatible; SecurityScanner/1.0)"
103.168.66.237 - - [18/Apr/2026:02:18:34 +0000] "GET /.aws/credentials HTTP/1.1" 404 1251 "-" "Mozilla/5.0 (X11; Linux x86_64) AppleWebKit/537.36 (KHTML, like Gecko) Chrome/120.0.0.0 Safari/537.36"
103.168.66.237 - - [18/Apr/2026:02:18:34 +0000] "GET /.npmrc HTTP/1.1" 404 1251 "-" "Mozilla/5.0 (Windows NT 10.0; Win64; x64; rv:121.0) Gecko/20100101 Firefox/121.0"
103.168.66.237 - - [18/Apr/2026:02:18:34 +0000] "GET /.env.local HTTP/1.1" 404 1251 "-" "Mozilla/5.0 (Windows NT 10.0; Win64; x64; rv:121.0) Gecko/20100101 Firefox/121.0"
103.168.66.237 - - [18/Apr/2026:02:18:34 +0000] "GET /_autoindex/assets/js/tablesort.number.js HTTP/1.1" 200 682 "-" "Mozilla/5.0 (X11; Linux x86_64) AppleWebKit/537.36 (KHTML, like Gecko) Chrome/120.0.0.0 Safari/537.36"
103.168.66.237 - - [18/Apr/2026:02:18:34 +0000] "GET /main.js HTTP/1.1" 200 57973 "-" "Mozilla/5.0 (Macintosh; Intel Mac OS X 10_15_7) AppleWebKit/537.36 (KHTML, like Gecko) Chrome/120.0.0.0 Safari/537.36"
103.168.66.237 - - [18/Apr/2026:02:18:34 +0000] "GET /.env.bak HTTP/1.1" 404 1251 "-" "Mozilla/5.0 (compatible; SecurityScanner/1.0)"
103.168.66.237 - - [18/Apr/2026:02:18:34 +0000] "GET /.env.old HTTP/1.1" 404 1251 "-" "Mozilla/5.0 (compatible; SecurityScanner/1.0)"
103.168.66.237 - - [18/Apr/2026:02:18:34 +0000] "GET /phpinfo.php HTTP/1.1" 200 96561 "-" "Mozilla/5.0 (Macintosh; Intel Mac OS X 10_15_7) AppleWebKit/537.36 (KHTML, like Gecko) Chrome/120.0.0.0 Safari/537.36"
167.235.36.41 - - [18/Apr/2026:02:19:03 +0000] "GET / HTTP/2" 200 2335 "-" "Mozilla/5.0 (Linux; Android 10; K) AppleWebKit/537.36 (KHTML, like Gecko) Chrome/143.0.0.0 Mobile Safari/537.36"
167.235.36.41 - - [18/Apr/2026:02:22:25 +0000] "GET / HTTP/2" 200 2335 "-" "Mozilla/5.0 (Linux; Android 10; K) AppleWebKit/537.36 (KHTML, like Gecko) Chrome/143.0.0.0 Mobile Safari/537.36"
167.235.36.41 - - [18/Apr/2026:02:25:46 +0000] "GET / HTTP/2" 200 2335 "-" "Mozilla/5.0 (Linux; Android 10; K) AppleWebKit/537.36 (KHTML, like Gecko) Chrome/143.0.0.0 Mobile Safari/537.36"
103.168.66.237 - - [18/Apr/2026:02:18:34 +0000] "GET /.env.prod HTTP/1.1" 404 1251 "-" "Mozilla/5.0 (Windows NT 10.0; Win64; x64; rv:121.0) Gecko/20100101 Firefox/121.0"
103.168.66.237 - - [18/Apr/2026:02:18:34 +0000] "GET /.env.production HTTP/1.1" 404 1251 "-" "Mozilla/5.0 (Windows NT 10.0; Win64; x64; rv:121.0) Gecko/20100101 Firefox/121.0"
103.168.66.237 - - [18/Apr/2026:02:18:34 +0000] "GET /.netrc HTTP/1.1" 404 1251 "-" "Mozilla/5.0 (compatible; SecurityScanner/1.0)"
103.168.66.237 - - [18/Apr/2026:02:18:34 +0000] "GET /debug.php HTTP/1.1" 404 1251 "-" "Mozilla/5.0 (compatible; SecurityScanner/1.0)"
103.168.66.237 - - [18/Apr/2026:02:18:34 +0000] "GET /.env HTTP/1.1" 200 1395 "-" "Mozilla/5.0 (compatible; SecurityScanner/1.0)"
103.168.66.237 - - [18/Apr/2026:02:18:34 +0000] "GET /webpack.mix.js HTTP/1.1" 200 559 "-" "Mozilla/5.0 (compatible; SecurityScanner/1.0)"
103.168.66.237 - - [18/Apr/2026:02:18:34 +0000] "GET /_profiler HTTP/1.1" 404 1251 "-" "Mozilla/5.0 (Windows NT 10.0; Win64; x64; rv:121.0) Gecko/20100101 Firefox/121.0"
103.168.66.237 - - [18/Apr/2026:02:18:34 +0000] "GET /wp-config.php.bak HTTP/1.1" 404 1251 "-" "Mozilla/5.0 (Windows NT 10.0; Win64; x64) AppleWebKit/537.36 (KHTML, like Gecko) Chrome/120.0.0.0 Safari/537.36"
103.168.66.237 - - [18/Apr/2026:02:18:34 +0000] "GET /wp-config.php.old HTTP/1.1" 404 1251 "-" "Mozilla/5.0 (Windows NT 10.0; Win64; x64; rv:121.0) Gecko/20100101 Firefox/121.0"
65.109.14.150 - - [18/Apr/2026:02:34:09 +0000] "GET /formationbtp.zip HTTP/2" 200 5955 "-" "Mozilla/5.0 (Macintosh; Intel Mac OS X 10_15_7) AppleWebKit/537.36 (KHTML, like Gecko) Chrome/136.0.0.0 Safari/537.36"
146.190.11.185 - - [18/Apr/2026:02:34:11 +0000] "GET /formationbtp.zip HTTP/2" 200 5955 "-" "Mozilla/5.0 (Macintosh; Intel Mac OS X 10_15_7) AppleWebKit/537.36 (KHTML, like Gecko) Chrome/136.0.0.0 Safari/537.36"
167.235.36.41 - - [18/Apr/2026:02:39:14 +0000] "GET / HTTP/2" 200 2335 "-" "Mozilla/5.0 (Linux; Android 10; K) AppleWebKit/537.36 (KHTML, like Gecko) Chrome/143.0.0.0 Mobile Safari/537.36"
167.235.36.41 - - [18/Apr/2026:02:29:09 +0000] "GET / HTTP/2" 200 2335 "-" "Mozilla/5.0 (Linux; Android 10; K) AppleWebKit/537.36 (KHTML, like Gecko) Chrome/143.0.0.0 Mobile Safari/537.36"
167.235.36.41 - - [18/Apr/2026:02:32:31 +0000] "GET / HTTP/2" 200 2335 "-" "Mozilla/5.0 (Linux; Android 10; K) AppleWebKit/537.36 (KHTML, like Gecko) Chrome/143.0.0.0 Mobile Safari/537.36"
91.134.142.216 - - [18/Apr/2026:02:34:09 +0000] "GET /formationbtp.zip HTTP/2" 200 5955 "-" "Mozilla/5.0 (Macintosh; Intel Mac OS X 10_15_7) AppleWebKit/537.36 (KHTML, like Gecko) Chrome/136.0.0.0 Safari/537.36"
23.82.96.181 - - [18/Apr/2026:02:34:09 +0000] "GET /formationbtp.zip HTTP/2" 200 5955 "-" "Mozilla/5.0 (Macintosh; Intel Mac OS X 10_15_7) AppleWebKit/537.36 (KHTML, like Gecko) Chrome/136.0.0.0 Safari/537.36"
167.235.36.41 - - [18/Apr/2026:02:35:52 +0000] "GET / HTTP/2" 200 2335 "-" "Mozilla/5.0 (Linux; Android 10; K) AppleWebKit/537.36 (KHTML, like Gecko) Chrome/143.0.0.0 Mobile Safari/537.36"
167.235.36.41 - - [18/Apr/2026:02:42:34 +0000] "GET / HTTP/2" 200 2335 "-" "Mozilla/5.0 (Linux; Android 10; K) AppleWebKit/537.36 (KHTML, like Gecko) Chrome/143.0.0.0 Mobile Safari/537.36"
86.16.74.122 - - [18/Apr/2026:02:42:36 +0000] "GET /gh/hh.php HTTP/2" 200 1762 "-" "Mozilla/5.0 (Macintosh; Intel Mac OS X 10_15_7) AppleWebKit/605.1.15 (KHTML, like Gecko) Version/18.4 Safari/605.1.15"
57.131.13.153 - - [18/Apr/2026:02:42:36 +0000] "GET /gh/hh.php HTTP/2" 200 1762 "-" "Mozilla/5.0 (Macintosh; Intel Mac OS X 10_15_7) AppleWebKit/605.1.15 (KHTML, like Gecko) Version/18.4 Safari/605.1.15"
167.235.36.41 - - [18/Apr/2026:02:45:56 +0000] "GET / HTTP/2" 200 2335 "-" "Mozilla/5.0 (Linux; Android 10; K) AppleWebKit/537.36 (KHTML, like Gecko) Chrome/143.0.0.0 Mobile Safari/537.36"
45.148.10.62 - - [18/Apr/2026:02:48:07 +0000] "GET / HTTP/1.1" 200 2676 "-" "Mozilla/5.0 (X11; Linux x86_64) AppleWebKit/537.36 (KHTML, like Gecko) Chrome/131.0.0.0 Safari/537.36"
45.148.10.62 - - [18/Apr/2026:02:48:07 +0000] "GET /.env HTTP/1.1" 200 1395 "-" "Mozilla/5.0 (Windows NT 10.0; Win64; x64; rv:133.0) Gecko/20100101 Firefox/133.0"
45.148.10.62 - - [18/Apr/2026:02:48:07 +0000] "GET /%22/_autoindex/assets/js/tablesort.js%22 HTTP/1.1" 404 1251 "-" "Mozilla/5.0 (Windows NT 10.0; Win64; x64; rv:133.0) Gecko/20100101 Firefox/133.0"
45.148.10.62 - - [18/Apr/2026:02:48:07 +0000] "GET /%22/_autoindex/assets/js/tablesort.number.js%22 HTTP/1.1" 404 1251 "-" "Mozilla/5.0 (Macintosh; Intel Mac OS X 10_15_7) AppleWebKit/537.36 (KHTML, like Gecko) Chrome/131.0.0.0 Safari/537.36"
45.148.10.62 - - [18/Apr/2026:02:48:07 +0000] "GET /webpack.mix.js HTTP/1.1" 200 287 "-" "Mozilla/5.0 (Windows NT 10.0; Win64; x64; rv:133.0) Gecko/20100101 Firefox/133.0"
45.148.10.62 - - [18/Apr/2026:02:48:07 +0000] "GET /main.js HTTP/1.1" 200 13578 "-" "Mozilla/5.0 (Macintosh; Intel Mac OS X 10_15_7) AppleWebKit/537.36 (KHTML, like Gecko) Chrome/131.0.0.0 Safari/537.36"
45.148.10.62 - - [18/Apr/2026:02:48:07 +0000] "GET /.env.bak HTTP/1.1" 404 1251 "-" "Mozilla/5.0 (Windows NT 10.0; Win64; x64; rv:133.0) Gecko/20100101 Firefox/133.0"
45.148.10.62 - - [18/Apr/2026:02:48:07 +0000] "GET /_autoindex/assets/js/tablesort.js HTTP/1.1" 200 2300 "-" "Mozilla/5.0 (Macintosh; Intel Mac OS X 10_15_7) AppleWebKit/537.36 (KHTML, like Gecko) Chrome/131.0.0.0 Safari/537.36"
45.148.10.62 - - [18/Apr/2026:02:48:07 +0000] "GET /.env.save HTTP/1.1" 404 1251 "-" "Mozilla/5.0 (Windows NT 10.0; Win64; x64) AppleWebKit/537.36 (KHTML, like Gecko) Chrome/131.0.0.0 Safari/537.36"
45.148.10.62 - - [18/Apr/2026:02:48:08 +0000] "GET /.env.local HTTP/1.1" 404 1251 "-" "Mozilla/5.0 (Windows NT 10.0; Win64; x64) AppleWebKit/537.36 (KHTML, like Gecko) Chrome/131.0.0.0 Safari/537.36"
45.148.10.62 - - [18/Apr/2026:02:48:08 +0000] "GET /backend/.env HTTP/1.1" 404 1251 "-" "Mozilla/5.0 (Macintosh; Intel Mac OS X 10_15_7) AppleWebKit/537.36 (KHTML, like Gecko) Chrome/131.0.0.0 Safari/537.36"
45.148.10.62 - - [18/Apr/2026:02:48:08 +0000] "GET /admin/.env HTTP/1.1" 404 1251 "-" "Mozilla/5.0 (X11; Linux x86_64) AppleWebKit/537.36 (KHTML, like Gecko) Chrome/131.0.0.0 Safari/537.36"
45.148.10.62 - - [18/Apr/2026:02:48:08 +0000] "GET /.git/config HTTP/1.1" 403 1242 "-" "Mozilla/5.0 (Windows NT 10.0; Win64; x64; rv:133.0) Gecko/20100101 Firefox/133.0"
45.148.10.62 - - [18/Apr/2026:02:48:09 +0000] "GET /wp-config.php HTTP/1.1" 404 1251 "-" "Mozilla/5.0 (Macintosh; Intel Mac OS X 10_15_7) AppleWebKit/537.36 (KHTML, like Gecko) Chrome/131.0.0.0 Safari/537.36"
45.148.10.62 - - [18/Apr/2026:02:48:09 +0000] "GET /wp-config.php.old HTTP/1.1" 404 1251 "-" "Mozilla/5.0 (X11; Linux x86_64) AppleWebKit/537.36 (KHTML, like Gecko) Chrome/131.0.0.0 Safari/537.36"
45.148.10.62 - - [18/Apr/2026:02:48:09 +0000] "GET /config.php HTTP/1.1" 404 1251 "-" "Mozilla/5.0 (Macintosh; Intel Mac OS X 10_15_7) AppleWebKit/537.36 (KHTML, like Gecko) Chrome/131.0.0.0 Safari/537.36"
23.80.89.35 - - [18/Apr/2026:02:42:37 +0000] "GET /gh/hh.php HTTP/2" 200 1762 "-" "Mozilla/5.0 (Macintosh; Intel Mac OS X 10_15_7) AppleWebKit/605.1.15 (KHTML, like Gecko) Version/18.4 Safari/605.1.15"
68.183.245.101 - - [18/Apr/2026:02:42:38 +0000] "GET /gh/hh.php HTTP/2" 200 1762 "-" "Mozilla/5.0 (Macintosh; Intel Mac OS X 10_15_7) AppleWebKit/605.1.15 (KHTML, like Gecko) Version/18.4 Safari/605.1.15"
45.148.10.62 - - [18/Apr/2026:02:48:07 +0000] "GET /_autoindex/assets/js/tablesort.number.js HTTP/1.1" 200 366 "-" "Mozilla/5.0 (Macintosh; Intel Mac OS X 10_15_7) AppleWebKit/537.36 (KHTML, like Gecko) Chrome/131.0.0.0 Safari/537.36"
167.235.36.41 - - [18/Apr/2026:02:49:18 +0000] "GET / HTTP/2" 200 2335 "-" "Mozilla/5.0 (Linux; Android 10; K) AppleWebKit/537.36 (KHTML, like Gecko) Chrome/143.0.0.0 Mobile Safari/537.36"
45.148.10.62 - - [18/Apr/2026:02:48:09 +0000] "GET /config.php.bak HTTP/1.1" 404 1251 "-" "Mozilla/5.0 (Windows NT 10.0; Win64; x64) AppleWebKit/537.36 (KHTML, like Gecko) Chrome/131.0.0.0 Safari/537.36"
45.148.10.62 - - [18/Apr/2026:02:48:09 +0000] "GET /config.js HTTP/1.1" 404 1251 "-" "Mozilla/5.0 (Macintosh; Intel Mac OS X 10_15_7) AppleWebKit/537.36 (KHTML, like Gecko) Chrome/131.0.0.0 Safari/537.36"
45.148.10.62 - - [18/Apr/2026:02:48:10 +0000] "GET /aws-config.js HTTP/1.1" 404 1251 "-" "Mozilla/5.0 (X11; Linux x86_64) AppleWebKit/537.36 (KHTML, like Gecko) Chrome/131.0.0.0 Safari/537.36"
45.148.10.62 - - [18/Apr/2026:02:48:10 +0000] "GET /aws.config.js HTTP/1.1" 404 1251 "-" "Mozilla/5.0 (Windows NT 10.0; Win64; x64; rv:133.0) Gecko/20100101 Firefox/133.0"
45.148.10.62 - - [18/Apr/2026:02:48:14 +0000] "GET /.git/HEAD HTTP/1.1" 403 1242 "-" "Mozilla/5.0 (Macintosh; Intel Mac OS X 10_15_7) AppleWebKit/537.36 (KHTML, like Gecko) Chrome/131.0.0.0 Safari/537.36"
45.148.10.62 - - [18/Apr/2026:02:48:15 +0000] "GET /.git/config HTTP/1.1" 403 1242 "-" "Mozilla/5.0 (Windows NT 10.0; Win64; x64) AppleWebKit/537.36 (KHTML, like Gecko) Chrome/131.0.0.0 Safari/537.36"
45.148.10.62 - - [18/Apr/2026:02:48:10 +0000] "GET /phpinfo.php HTTP/1.1" 200 27348 "-" "Mozilla/5.0 (Macintosh; Intel Mac OS X 10_15_7) AppleWebKit/537.36 (KHTML, like Gecko) Chrome/131.0.0.0 Safari/537.36"
98.88.137.2 - - [18/Apr/2026:02:54:39 +0000] "GET / HTTP/1.1" 200 2672 "-" "RecordedFuture Global Inventory Crawler"
23.101.4.52 - - [18/Apr/2026:02:58:53 +0000] "GET /wp-content.php HTTP/1.1" 404 1251 "-" "Mozilla/5.0 (Windows NT 10.0; Win64; x64) AppleWebKit/537.36 (KHTML, like Gecko) Chrome/120.0.0.0 Safari/537.36"
23.101.4.52 - - [18/Apr/2026:02:58:53 +0000] "GET /wp-includes/theme-compat/wp-login.php HTTP/1.1" 404 1251 "-" "Mozilla/5.0 (Windows NT 10.0; Win64; x64) AppleWebKit/537.36 (KHTML, like Gecko) Chrome/120.0.0.0 Safari/537.36"
23.101.4.52 - - [18/Apr/2026:02:58:53 +0000] "GET /wp-admin/css/colors/coffee/ HTTP/1.1" 404 1251 "-" "Mozilla/5.0 (Windows NT 10.0; Win64; x64) AppleWebKit/537.36 (KHTML, like Gecko) Chrome/120.0.0.0 Safari/537.36"
23.101.4.52 - - [18/Apr/2026:02:58:53 +0000] "GET /wp-content/plugin.php HTTP/1.1" 404 1251 "-" "Mozilla/5.0 (Windows NT 10.0; Win64; x64) AppleWebKit/537.36 (KHTML, like Gecko) Chrome/120.0.0.0 Safari/537.36"
23.101.4.52 - - [18/Apr/2026:02:58:53 +0000] "GET /tools.php HTTP/1.1" 404 1251 "-" "Mozilla/5.0 (Windows NT 10.0; Win64; x64) AppleWebKit/537.36 (KHTML, like Gecko) Chrome/120.0.0.0 Safari/537.36"
23.101.4.52 - - [18/Apr/2026:02:58:54 +0000] "GET /wp-includes/pomo/ HTTP/1.1" 404 1251 "-" "Mozilla/5.0 (Windows NT 10.0; Win64; x64) AppleWebKit/537.36 (KHTML, like Gecko) Chrome/120.0.0.0 Safari/537.36"
23.101.4.52 - - [18/Apr/2026:02:58:54 +0000] "GET /wp-content/plugins/module.php HTTP/1.1" 404 1251 "-" "Mozilla/5.0 (Windows NT 10.0; Win64; x64) AppleWebKit/537.36 (KHTML, like Gecko) Chrome/120.0.0.0 Safari/537.36"
23.101.4.52 - - [18/Apr/2026:02:58:54 +0000] "GET /archive.php HTTP/1.1" 404 1251 "-" "Mozilla/5.0 (Windows NT 10.0; Win64; x64) AppleWebKit/537.36 (KHTML, like Gecko) Chrome/120.0.0.0 Safari/537.36"
23.101.4.52 - - [18/Apr/2026:02:58:54 +0000] "GET /wp-admin/link-add.php HTTP/1.1" 404 1251 "-" "Mozilla/5.0 (Windows NT 10.0; Win64; x64) AppleWebKit/537.36 (KHTML, like Gecko) Chrome/120.0.0.0 Safari/537.36"
23.101.4.52 - - [18/Apr/2026:02:58:54 +0000] "GET /wordpress/wp-admin/maint/ HTTP/1.1" 404 1251 "-" "Mozilla/5.0 (Windows NT 10.0; Win64; x64) AppleWebKit/537.36 (KHTML, like Gecko) Chrome/120.0.0.0 Safari/537.36"
23.101.4.52 - - [18/Apr/2026:02:58:55 +0000] "GET /wp-content/post.php HTTP/1.1" 404 1251 "-" "Mozilla/5.0 (Windows NT 10.0; Win64; x64) AppleWebKit/537.36 (KHTML, like Gecko) Chrome/120.0.0.0 Safari/537.36"
23.101.4.52 - - [18/Apr/2026:02:58:55 +0000] "GET /wp-content/panel.php HTTP/1.1" 404 1251 "-" "Mozilla/5.0 (Windows NT 10.0; Win64; x64) AppleWebKit/537.36 (KHTML, like Gecko) Chrome/120.0.0.0 Safari/537.36"
23.101.4.52 - - [18/Apr/2026:02:58:55 +0000] "GET /xx.php HTTP/1.1" 404 1251 "-" "Mozilla/5.0 (Windows NT 10.0; Win64; x64) AppleWebKit/537.36 (KHTML, like Gecko) Chrome/120.0.0.0 Safari/537.36"
23.101.4.52 - - [18/Apr/2026:02:58:55 +0000] "GET /222.php HTTP/1.1" 404 1251 "-" "Mozilla/5.0 (Windows NT 10.0; Win64; x64) AppleWebKit/537.36 (KHTML, like Gecko) Chrome/120.0.0.0 Safari/537.36"
23.101.4.52 - - [18/Apr/2026:02:58:56 +0000] "GET /wp-content/plugins/pwnd//ioxi-o.php HTTP/1.1" 404 1251 "-" "Mozilla/5.0 (Windows NT 10.0; Win64; x64) AppleWebKit/537.36 (KHTML, like Gecko) Chrome/120.0.0.0 Safari/537.36"
23.101.4.52 - - [18/Apr/2026:02:58:56 +0000] "GET /wp-includes/SimplePie/Parse/about.php HTTP/1.1" 404 1251 "-" "Mozilla/5.0 (Windows NT 10.0; Win64; x64) AppleWebKit/537.36 (KHTML, like Gecko) Chrome/120.0.0.0 Safari/537.36"
23.101.4.52 - - [18/Apr/2026:02:58:56 +0000] "GET /moon.php HTTP/1.1" 404 1251 "-" "Mozilla/5.0 (Windows NT 10.0; Win64; x64) AppleWebKit/537.36 (KHTML, like Gecko) Chrome/120.0.0.0 Safari/537.36"
23.101.4.52 - - [18/Apr/2026:02:58:56 +0000] "GET /wp-includes/1.php HTTP/1.1" 404 1251 "-" "Mozilla/5.0 (Windows NT 10.0; Win64; x64) AppleWebKit/537.36 (KHTML, like Gecko) Chrome/120.0.0.0 Safari/537.36"
167.235.36.41 - - [18/Apr/2026:02:59:22 +0000] "GET / HTTP/2" 200 2335 "-" "Mozilla/5.0 (Linux; Android 10; K) AppleWebKit/537.36 (KHTML, like Gecko) Chrome/143.0.0.0 Mobile Safari/537.36"
167.235.36.41 - - [18/Apr/2026:03:02:44 +0000] "GET / HTTP/2" 200 2335 "-" "Mozilla/5.0 (Linux; Android 10; K) AppleWebKit/537.36 (KHTML, like Gecko) Chrome/143.0.0.0 Mobile Safari/537.36"
167.235.36.41 - - [18/Apr/2026:02:52:39 +0000] "GET / HTTP/2" 200 2290 "-" "Mozilla/5.0 (Linux; Android 10; K) AppleWebKit/537.36 (KHTML, like Gecko) Chrome/143.0.0.0 Mobile Safari/537.36"
167.235.36.41 - - [18/Apr/2026:02:56:00 +0000] "GET / HTTP/2" 200 2335 "-" "Mozilla/5.0 (Linux; Android 10; K) AppleWebKit/537.36 (KHTML, like Gecko) Chrome/143.0.0.0 Mobile Safari/537.36"
167.235.36.41 - - [18/Apr/2026:03:06:05 +0000] "GET / HTTP/2" 200 2335 "-" "Mozilla/5.0 (Linux; Android 10; K) AppleWebKit/537.36 (KHTML, like Gecko) Chrome/143.0.0.0 Mobile Safari/537.36"
167.235.36.41 - - [18/Apr/2026:03:12:49 +0000] "GET / HTTP/2" 200 2335 "-" "Mozilla/5.0 (Linux; Android 10; K) AppleWebKit/537.36 (KHTML, like Gecko) Chrome/143.0.0.0 Mobile Safari/537.36"
57.131.13.108 - - [18/Apr/2026:03:14:27 +0000] "GET /gh/ HTTP/1.1" 200 769 "-" "Mozilla/5.0 (Linux; Android 10; K) AppleWebKit/537.36 (KHTML, like Gecko) Chrome/143.0.0.0 Mobile Safari/537.36"
57.131.13.95 - - [18/Apr/2026:03:14:27 +0000] "GET /gh/ HTTP/1.1" 200 769 "-" "Mozilla/5.0 (Linux; Android 10; K) AppleWebKit/537.36 (KHTML, like Gecko) Chrome/143.0.0.0 Mobile Safari/537.36"
144.76.32.120 - - [18/Apr/2026:03:20:57 +0000] "GET /robots.txt HTTP/1.1" 404 1251 "-" "Mozilla/5.0 (compatible; SERankingBacklinksBot/1.0; +https://seranking.com/backlinks-crawler)"
167.235.36.41 - - [18/Apr/2026:03:22:53 +0000] "GET / HTTP/2" 200 2335 "-" "Mozilla/5.0 (Linux; Android 10; K) AppleWebKit/537.36 (KHTML, like Gecko) Chrome/143.0.0.0 Mobile Safari/537.36"
167.235.36.41 - - [18/Apr/2026:03:09:28 +0000] "GET / HTTP/2" 200 2335 "-" "Mozilla/5.0 (Linux; Android 10; K) AppleWebKit/537.36 (KHTML, like Gecko) Chrome/143.0.0.0 Mobile Safari/537.36"
86.16.74.122 - - [18/Apr/2026:03:14:26 +0000] "GET /gh/ HTTP/1.1" 200 769 "-" "Mozilla/5.0 (Linux; Android 10; K) AppleWebKit/537.36 (KHTML, like Gecko) Chrome/143.0.0.0 Mobile Safari/537.36"
23.82.96.179 - - [18/Apr/2026:03:14:30 +0000] "GET /gh/ HTTP/1.1" 200 769 "-" "Mozilla/5.0 (Linux; Android 10; K) AppleWebKit/537.36 (KHTML, like Gecko) Chrome/143.0.0.0 Mobile Safari/537.36"
167.235.36.41 - - [18/Apr/2026:03:16:10 +0000] "GET / HTTP/2" 200 2335 "-" "Mozilla/5.0 (Linux; Android 10; K) AppleWebKit/537.36 (KHTML, like Gecko) Chrome/143.0.0.0 Mobile Safari/537.36"
167.235.36.41 - - [18/Apr/2026:03:19:32 +0000] "GET / HTTP/2" 200 2335 "-" "Mozilla/5.0 (Linux; Android 10; K) AppleWebKit/537.36 (KHTML, like Gecko) Chrome/143.0.0.0 Mobile Safari/537.36"
144.76.32.120 - - [18/Apr/2026:03:20:57 +0000] "GET /storage/framework/views/73147084411f989d64510892d2b0a0c01708ba1d.php HTTP/1.1" 200 45 "-" "Mozilla/5.0 (compatible; SERankingBacklinksBot/1.0; +https://seranking.com/backlinks-crawler)"
167.235.36.41 - - [18/Apr/2026:03:26:16 +0000] "GET / HTTP/2" 200 2335 "-" "Mozilla/5.0 (Linux; Android 10; K) AppleWebKit/537.36 (KHTML, like Gecko) Chrome/143.0.0.0 Mobile Safari/537.36"
167.235.36.41 - - [18/Apr/2026:03:29:37 +0000] "GET / HTTP/2" 200 2335 "-" "Mozilla/5.0 (Linux; Android 10; K) AppleWebKit/537.36 (KHTML, like Gecko) Chrome/143.0.0.0 Mobile Safari/537.36"
167.235.36.41 - - [18/Apr/2026:03:33:00 +0000] "GET / HTTP/2" 200 2335 "-" "Mozilla/5.0 (Linux; Android 10; K) AppleWebKit/537.36 (KHTML, like Gecko) Chrome/143.0.0.0 Mobile Safari/537.36"
57.131.13.107 - - [18/Apr/2026:03:37:49 +0000] "GET /gh/ HTTP/2" 200 773 "-" "Mozilla/5.0 (Windows NT 10.0; Win64; x64) AppleWebKit/537.36 (KHTML, like Gecko) Chrome/143.0.0.0 Safari/537.36"
170.64.251.156 - - [18/Apr/2026:03:37:52 +0000] "GET /gh/ HTTP/2" 200 773 "-" "Mozilla/5.0 (Windows NT 10.0; Win64; x64) AppleWebKit/537.36 (KHTML, like Gecko) Chrome/143.0.0.0 Safari/537.36"
194.164.198.53 - - [18/Apr/2026:03:39:34 +0000] "POST /login HTTP/1.1" 404 1251 "-" "Mozilla/5.0 (Windows NT 10.0; Win64; x64; rv:115.0) Gecko/20100101 Firefox/115.0"
167.235.36.41 - - [18/Apr/2026:03:36:23 +0000] "GET / HTTP/2" 200 2335 "-" "Mozilla/5.0 (Linux; Android 10; K) AppleWebKit/537.36 (KHTML, like Gecko) Chrome/143.0.0.0 Mobile Safari/537.36"
23.82.96.179 - - [18/Apr/2026:03:37:51 +0000] "GET /gh/ HTTP/2" 200 773 "-" "Mozilla/5.0 (Windows NT 10.0; Win64; x64) AppleWebKit/537.36 (KHTML, like Gecko) Chrome/143.0.0.0 Safari/537.36"
86.16.74.122 - - [18/Apr/2026:03:37:51 +0000] "GET /gh/ HTTP/2" 200 773 "-" "Mozilla/5.0 (Windows NT 10.0; Win64; x64) AppleWebKit/537.36 (KHTML, like Gecko) Chrome/143.0.0.0 Safari/537.36"
167.235.36.41 - - [18/Apr/2026:03:39:44 +0000] "GET / HTTP/2" 200 2335 "-" "Mozilla/5.0 (Linux; Android 10; K) AppleWebKit/537.36 (KHTML, like Gecko) Chrome/143.0.0.0 Mobile Safari/537.36"
167.235.36.41 - - [18/Apr/2026:03:43:07 +0000] "GET / HTTP/2" 200 2335 "-" "Mozilla/5.0 (Linux; Android 10; K) AppleWebKit/537.36 (KHTML, like Gecko) Chrome/143.0.0.0 Mobile Safari/537.36"
144.76.32.120 - - [18/Apr/2026:03:43:43 +0000] "GET /robots.txt HTTP/1.1" 404 1251 "-" "Mozilla/5.0 (compatible; SERankingBacklinksBot/1.0; +https://seranking.com/backlinks-crawler)"
172.245.92.196 - - [18/Apr/2026:03:44:08 +0000] "GET / HTTP/1.1" 200 2661 "-" "Mozilla/5.0 (Macintosh; Intel Mac OS X 10_15_7) AppleWebKit/605.1.15 (KHTML, like Gecko) Version/15.6 Safari/605.1.15"
172.245.92.196 - - [18/Apr/2026:03:44:09 +0000] "GET / HTTP/1.1" 200 2627 "-" "Mozilla/5.0 (Windows NT 10.0; Win64; x64; rv:112.0) Gecko/20100101 Firefox/112.0"
172.245.92.196 - - [18/Apr/2026:03:44:14 +0000] "GET /_autoindex/assets/js/tablesort.number.js HTTP/1.1" 200 366 "-" "Mozilla/5.0 (Windows NT 10.0; Win64; x64; rv:112.0) Gecko/20100101 Firefox/112.0"
172.245.92.196 - - [18/Apr/2026:03:44:14 +0000] "GET /config.php HTTP/1.1" 404 1251 "-" "Mozilla/5.0 (Macintosh; Intel Mac OS X 10_15_7) AppleWebKit/605.1.15 (KHTML, like Gecko) Version/15.6 Safari/605.1.15"
172.245.92.196 - - [18/Apr/2026:03:44:14 +0000] "GET /.env.local HTTP/1.1" 404 1251 "-" "Mozilla/5.0 (Windows NT 10.0; Win64; x64; rv:112.0) Gecko/20100101 Firefox/112.0"
172.245.92.196 - - [18/Apr/2026:03:44:14 +0000] "GET /wp-config.php HTTP/1.1" 404 1251 "-" "Mozilla/5.0 (Macintosh; Intel Mac OS X 10_15_7) AppleWebKit/605.1.15 (KHTML, like Gecko) Version/15.6 Safari/605.1.15"
167.235.36.41 - - [18/Apr/2026:03:49:50 +0000] "GET / HTTP/2" 200 2335 "-" "Mozilla/5.0 (Linux; Android 10; K) AppleWebKit/537.36 (KHTML, like Gecko) Chrome/143.0.0.0 Mobile Safari/537.36"
167.235.36.41 - - [18/Apr/2026:03:56:35 +0000] "GET / HTTP/2" 200 2335 "-" "Mozilla/5.0 (Linux; Android 10; K) AppleWebKit/537.36 (KHTML, like Gecko) Chrome/143.0.0.0 Mobile Safari/537.36"
144.76.32.120 - - [18/Apr/2026:03:43:43 +0000] "GET /storage/framework/views/73599065ac00da216e155d5412a2c797f4fe2a50.php HTTP/1.1" 500 0 "-" "Mozilla/5.0 (compatible; SERankingBacklinksBot/1.0; +https://seranking.com/backlinks-crawler)"
172.245.92.196 - - [18/Apr/2026:03:44:13 +0000] "GET /.env.production HTTP/1.1" 404 1251 "-" "Mozilla/5.0 (Windows NT 10.0; Win64; x64) AppleWebKit/537.36 (KHTML, like Gecko) Chrome/112.0.0.0 Safari/537.36"
172.245.92.196 - - [18/Apr/2026:03:44:13 +0000] "GET /database.php HTTP/1.1" 404 1251 "-" "Mozilla/5.0 (Windows NT 10.0; Win64; x64) AppleWebKit/537.36 (KHTML, like Gecko) Edge/113.0.1774.57"
172.245.92.196 - - [18/Apr/2026:03:44:14 +0000] "GET /backend/.env HTTP/1.1" 404 1251 "-" "Mozilla/5.0 (Windows NT 10.0; Win64; x64) AppleWebKit/537.36 (KHTML, like Gecko) Chrome/113.0.0.0 Safari/537.36"
172.245.92.196 - - [18/Apr/2026:03:44:14 +0000] "GET /.env.development HTTP/1.1" 404 1251 "-" "Mozilla/5.0 (Macintosh; Intel Mac OS X 10_15_7) AppleWebKit/605.1.15 (KHTML, like Gecko) Version/15.6 Safari/605.1.15"
172.245.92.196 - - [18/Apr/2026:03:44:14 +0000] "GET /.env HTTP/1.1" 200 1395 "-" "Mozilla/5.0 (Windows NT 10.0; Win64; x64; rv:112.0) Gecko/20100101 Firefox/112.0"
172.245.92.196 - - [18/Apr/2026:03:44:14 +0000] "GET /configuration.php HTTP/1.1" 404 1251 "-" "Mozilla/5.0 (Windows NT 10.0; Win64; x64; rv:112.0) Gecko/20100101 Firefox/112.0"
172.245.92.196 - - [18/Apr/2026:03:44:14 +0000] "GET /settings.php HTTP/1.1" 404 1251 "-" "Mozilla/5.0 (Windows NT 10.0; Win64; x64) AppleWebKit/537.36 (KHTML, like Gecko) Chrome/113.0.0.0 Safari/537.36"
172.245.92.196 - - [18/Apr/2026:03:44:14 +0000] "GET /_autoindex/assets/js/tablesort.js HTTP/1.1" 200 2300 "-" "Mozilla/5.0 (Windows NT 10.0; Win64; x64; rv:112.0) Gecko/20100101 Firefox/112.0"
167.235.36.41 - - [18/Apr/2026:03:46:29 +0000] "GET / HTTP/2" 200 2335 "-" "Mozilla/5.0 (Linux; Android 10; K) AppleWebKit/537.36 (KHTML, like Gecko) Chrome/143.0.0.0 Mobile Safari/537.36"
167.235.36.41 - - [18/Apr/2026:03:53:13 +0000] "GET / HTTP/2" 200 2335 "-" "Mozilla/5.0 (Linux; Android 10; K) AppleWebKit/537.36 (KHTML, like Gecko) Chrome/143.0.0.0 Mobile Safari/537.36"
45.148.10.62 - - [18/Apr/2026:03:58:38 +0000] "GET / HTTP/1.1" 200 2661 "-" "Mozilla/5.0 (Windows NT 10.0; Win64; x64) AppleWebKit/537.36 (KHTML, like Gecko) Chrome/131.0.0.0 Safari/537.36"
