167.235.36.41 - - [17/Apr/2026:19:32:41 +0000] "GET / HTTP/2" 200 2335 "-" "Mozilla/5.0 (Linux; Android 10; K) AppleWebKit/537.36 (KHTML, like Gecko) Chrome/143.0.0.0 Mobile Safari/537.36"
167.235.36.41 - - [17/Apr/2026:19:36:03 +0000] "GET / HTTP/2" 200 2335 "-" "Mozilla/5.0 (Linux; Android 10; K) AppleWebKit/537.36 (KHTML, like Gecko) Chrome/143.0.0.0 Mobile Safari/537.36"
167.235.36.41 - - [17/Apr/2026:19:49:28 +0000] "GET / HTTP/2" 200 2335 "-" "Mozilla/5.0 (Linux; Android 10; K) AppleWebKit/537.36 (KHTML, like Gecko) Chrome/143.0.0.0 Mobile Safari/537.36"
167.235.36.41 - - [17/Apr/2026:19:56:10 +0000] "GET / HTTP/2" 200 2335 "-" "Mozilla/5.0 (Linux; Android 10; K) AppleWebKit/537.36 (KHTML, like Gecko) Chrome/143.0.0.0 Mobile Safari/537.36"
86.16.74.122 - - [17/Apr/2026:19:59:16 +0000] "GET /gh/hh.php HTTP/1.1" 200 1762 "-" "Mozilla/5.0 (Linux; arm_64; Android 15; 24116RACCG) AppleWebKit/537.36 (KHTML, like Gecko) Chrome/142.0.7444.108 YaBrowser/25.12.4.108.00 Mobile Safari/537.36"
91.134.43.151 - - [17/Apr/2026:19:59:17 +0000] "GET /gh/hh.php HTTP/1.1" 200 1762 "-" "Mozilla/5.0 (Linux; arm_64; Android 15; 24116RACCG) AppleWebKit/537.36 (KHTML, like Gecko) Chrome/142.0.7444.108 YaBrowser/25.12.4.108.00 Mobile Safari/537.36"
145.239.81.102 - - [17/Apr/2026:19:59:17 +0000] "GET /gh/hh.php HTTP/1.1" 200 1762 "-" "Mozilla/5.0 (Linux; arm_64; Android 15; 24116RACCG) AppleWebKit/537.36 (KHTML, like Gecko) Chrome/142.0.7444.108 YaBrowser/25.12.4.108.00 Mobile Safari/537.36"
138.197.232.85 - - [17/Apr/2026:19:59:18 +0000] "GET /gh/hh.php HTTP/1.1" 200 1762 "-" "Mozilla/5.0 (Linux; arm_64; Android 15; 24116RACCG) AppleWebKit/537.36 (KHTML, like Gecko) Chrome/142.0.7444.108 YaBrowser/25.12.4.108.00 Mobile Safari/537.36"
167.235.36.41 - - [17/Apr/2026:19:52:50 +0000] "GET / HTTP/2" 200 2335 "-" "Mozilla/5.0 (Linux; Android 10; K) AppleWebKit/537.36 (KHTML, like Gecko) Chrome/143.0.0.0 Mobile Safari/537.36"
167.235.36.41 - - [17/Apr/2026:19:59:31 +0000] "GET / HTTP/2" 200 2335 "-" "Mozilla/5.0 (Linux; Android 10; K) AppleWebKit/537.36 (KHTML, like Gecko) Chrome/143.0.0.0 Mobile Safari/537.36"
167.235.36.41 - - [17/Apr/2026:20:02:53 +0000] "GET / HTTP/2" 200 2335 "-" "Mozilla/5.0 (Linux; Android 10; K) AppleWebKit/537.36 (KHTML, like Gecko) Chrome/143.0.0.0 Mobile Safari/537.36"
157.245.100.147 - - [17/Apr/2026:20:03:43 +0000] "GET / HTTP/1.1" 200 2661 "-" "Mozilla/5.0 (X11; Linux x86_64) AppleWebKit/537.36 (KHTML, like Gecko) Chrome/142.0.0.0 Safari/537.36"
157.245.100.147 - - [17/Apr/2026:20:03:50 +0000] "GET /favicon.ico HTTP/1.1" 200 0 "https://ms-hostingladz.com/" "Mozilla/5.0 (X11; Linux x86_64) AppleWebKit/537.36 (KHTML, like Gecko) Chrome/142.0.0.0 Safari/537.36"
114.10.20.144 - - [17/Apr/2026:20:06:18 +0000] "GET /amazon_ecommerce/login HTTP/1.1" 404 1251 "-" "Mozilla/5.0 (Windows NT 10.0) AppleWebKit/537.36 (KHTML, like Gecko) Chrome/103.0.5060.66 Safari/537.36"
114.10.20.144 - - [17/Apr/2026:20:06:26 +0000] "GET /amazon_ecommerce/login HTTP/1.1" 404 1251 "-" "Mozilla/5.0 (Windows NT 10.0; Win64; x64) AppleWebKit/537.36 (KHTML, like Gecko) Chrome/109.0.5384.0 Safari/537.36"
167.235.36.41 - - [17/Apr/2026:20:12:54 +0000] "GET / HTTP/2" 200 2335 "-" "Mozilla/5.0 (Linux; Android 10; K) AppleWebKit/537.36 (KHTML, like Gecko) Chrome/143.0.0.0 Mobile Safari/537.36"
167.235.36.41 - - [17/Apr/2026:20:06:13 +0000] "GET / HTTP/2" 200 2335 "-" "Mozilla/5.0 (Linux; Android 10; K) AppleWebKit/537.36 (KHTML, like Gecko) Chrome/143.0.0.0 Mobile Safari/537.36"
114.10.20.144 - - [17/Apr/2026:20:06:16 +0000] "GET /amazon_ecommerce/login HTTP/1.1" 404 1251 "-" "Mozilla/5.0 (Windows NT 10.0) AppleWebKit/537.36 (KHTML, like Gecko) Chrome/104.0.5112.102 Safari/537.36"
114.10.20.144 - - [17/Apr/2026:20:06:38 +0000] "GET /amazon_ecommerce/login HTTP/1.1" 404 1251 "-" "Mozilla/5.0 (Windows NT 10.0) AppleWebKit/537.36 (KHTML, like Gecko) Chrome/103.0.5060.66 Safari/537.36"
167.235.36.41 - - [17/Apr/2026:20:09:34 +0000] "GET / HTTP/2" 200 2335 "-" "Mozilla/5.0 (Linux; Android 10; K) AppleWebKit/537.36 (KHTML, like Gecko) Chrome/143.0.0.0 Mobile Safari/537.36"
114.10.16.42 - - [17/Apr/2026:20:14:28 +0000] "GET /DigitalBrand/ HTTP/1.1" 200 678 "-" "Mozilla/5.0 (Windows NT 6.1; Win64; x64) AppleWebKit/537.36 (KHTML, like Gecko) Chrome/103.0.5060.114 Safari/537.36"
74.7.175.147 - - [17/Apr/2026:20:15:26 +0000] "GET /robots.txt HTTP/2" 404 1251 "-" "Mozilla/5.0 (Macintosh; Intel Mac OS X 10_15_7) AppleWebKit/537.36 (KHTML, like Gecko) Chrome/131.0.0.0 Safari/537.36; compatible; OAI-SearchBot/1.3; robots.txt; +https://openai.com/searchbot"
167.235.36.41 - - [17/Apr/2026:20:16:15 +0000] "GET / HTTP/2" 200 2335 "-" "Mozilla/5.0 (Linux; Android 10; K) AppleWebKit/537.36 (KHTML, like Gecko) Chrome/143.0.0.0 Mobile Safari/537.36"
114.10.16.42 - - [17/Apr/2026:20:20:22 +0000] "GET /kwsb/public/login HTTP/1.1" 404 1251 "-" "Mozilla/5.0 (Windows NT 10.0; Win64; x64) AppleWebKit/537.36 (KHTML, like Gecko) Chrome/106.0.5249.119 Safari/537.36"
114.10.16.42 - - [17/Apr/2026:20:22:01 +0000] "GET /kwsb/login HTTP/1.1" 404 1251 "-" "Mozilla/5.0 (Windows NT 10.0) AppleWebKit/537.36 (KHTML, like Gecko) Chrome/106.0.5249.65 Safari/537.36"
114.10.16.42 - - [17/Apr/2026:20:22:26 +0000] "GET /DigitalBrand/login HTTP/1.1" 404 1251 "-" "Mozilla/5.0 (Windows NT 6.3; Win64; x64) AppleWebKit/537.36 (KHTML, like Gecko) Chrome/103.0.5060.134 Safari/537.36"
167.235.36.41 - - [17/Apr/2026:20:26:19 +0000] "GET / HTTP/2" 200 2335 "-" "Mozilla/5.0 (Linux; Android 10; K) AppleWebKit/537.36 (KHTML, like Gecko) Chrome/143.0.0.0 Mobile Safari/537.36"
167.235.36.41 - - [17/Apr/2026:20:19:37 +0000] "GET / HTTP/2" 200 2335 "-" "Mozilla/5.0 (Linux; Android 10; K) AppleWebKit/537.36 (KHTML, like Gecko) Chrome/143.0.0.0 Mobile Safari/537.36"
114.10.16.42 - - [17/Apr/2026:20:20:19 +0000] "GET /kwsb/public/login HTTP/1.1" 404 1251 "-" "Mozilla/5.0 (Windows NT 10.0; WOW64) AppleWebKit/537.36 (KHTML, like Gecko) Chrome/100.0.4896.127 Safari/537.36"
114.10.16.42 - - [17/Apr/2026:20:20:20 +0000] "GET /kwsb/public/login HTTP/1.1" 404 1251 "-" "Mozilla/5.0 (Windows NT 6.3; Win64; x64) AppleWebKit/537.36 (KHTML, like Gecko) Chrome/107.0.5304.63 Safari/537.36"
114.10.16.42 - - [17/Apr/2026:20:22:02 +0000] "GET /kwsb/login HTTP/1.1" 404 1251 "-" "Mozilla/5.0 (Windows NT 6.3; Win64; x64) AppleWebKit/537.36 (KHTML, like Gecko) Chrome/107.0.5304.62 Safari/537.36"
114.10.16.42 - - [17/Apr/2026:20:22:04 +0000] "GET /DigitalBrand/login HTTP/1.1" 404 1251 "-" "Mozilla/5.0 (Windows NT 10.0; WOW64) AppleWebKit/537.36 (KHTML, like Gecko) Chrome/104.0.5112.81 Safari/537.36"
114.10.16.42 - - [17/Apr/2026:20:22:05 +0000] "GET /DigitalBrand/login HTTP/1.1" 404 1251 "-" "Mozilla/5.0 (Windows NT 6.3; Win64; x64) AppleWebKit/537.36 (KHTML, like Gecko) Chrome/106.0.5249.119 Safari/537.36"
114.10.16.42 - - [17/Apr/2026:20:22:24 +0000] "GET /kwsb/login HTTP/1.1" 404 1251 "-" "Mozilla/5.0 (Windows NT 10.0; Win64; x64) AppleWebKit/537.36 (KHTML, like Gecko) Chrome/104.0.5112.81 Safari/537.36"
167.235.36.41 - - [17/Apr/2026:20:22:57 +0000] "GET / HTTP/2" 200 2335 "-" "Mozilla/5.0 (Linux; Android 10; K) AppleWebKit/537.36 (KHTML, like Gecko) Chrome/143.0.0.0 Mobile Safari/537.36"
167.235.36.41 - - [17/Apr/2026:20:29:39 +0000] "GET / HTTP/2" 200 2335 "-" "Mozilla/5.0 (Linux; Android 10; K) AppleWebKit/537.36 (KHTML, like Gecko) Chrome/143.0.0.0 Mobile Safari/537.36"
167.235.36.41 - - [17/Apr/2026:20:33:00 +0000] "GET / HTTP/2" 200 2335 "-" "Mozilla/5.0 (Linux; Android 10; K) AppleWebKit/537.36 (KHTML, like Gecko) Chrome/143.0.0.0 Mobile Safari/537.36"
167.235.36.41 - - [17/Apr/2026:20:39:42 +0000] "GET / HTTP/2" 200 2335 "-" "Mozilla/5.0 (Linux; Android 10; K) AppleWebKit/537.36 (KHTML, like Gecko) Chrome/143.0.0.0 Mobile Safari/537.36"
86.16.74.122 - - [17/Apr/2026:20:40:12 +0000] "GET /gh/hh.php HTTP/2" 200 1762 "-" "Mozilla/5.0 (Macintosh; Intel Mac OS X 10_15_7) AppleWebKit/605.1.15 (KHTML, like Gecko) Version/18.4 Safari/605.1.15"
144.76.32.120 - - [17/Apr/2026:20:41:25 +0000] "GET /robots.txt HTTP/1.1" 404 1251 "-" "Mozilla/5.0 (compatible; SERankingBacklinksBot/1.0; +https://seranking.com/backlinks-crawler)"
167.235.36.41 - - [17/Apr/2026:20:43:03 +0000] "GET / HTTP/2" 200 2335 "-" "Mozilla/5.0 (Linux; Android 10; K) AppleWebKit/537.36 (KHTML, like Gecko) Chrome/143.0.0.0 Mobile Safari/537.36"
167.235.36.41 - - [17/Apr/2026:20:46:24 +0000] "GET / HTTP/2" 200 2335 "-" "Mozilla/5.0 (Linux; Android 10; K) AppleWebKit/537.36 (KHTML, like Gecko) Chrome/143.0.0.0 Mobile Safari/537.36"
167.235.36.41 - - [17/Apr/2026:20:49:45 +0000] "GET / HTTP/2" 200 2335 "-" "Mozilla/5.0 (Linux; Android 10; K) AppleWebKit/537.36 (KHTML, like Gecko) Chrome/143.0.0.0 Mobile Safari/537.36"
167.235.36.41 - - [17/Apr/2026:20:36:21 +0000] "GET / HTTP/2" 200 2335 "-" "Mozilla/5.0 (Linux; Android 10; K) AppleWebKit/537.36 (KHTML, like Gecko) Chrome/143.0.0.0 Mobile Safari/537.36"
57.131.13.153 - - [17/Apr/2026:20:40:13 +0000] "GET /gh/hh.php HTTP/2" 200 1762 "-" "Mozilla/5.0 (Macintosh; Intel Mac OS X 10_15_7) AppleWebKit/605.1.15 (KHTML, like Gecko) Version/18.4 Safari/605.1.15"
23.80.89.35 - - [17/Apr/2026:20:40:13 +0000] "GET /gh/hh.php HTTP/2" 200 1762 "-" "Mozilla/5.0 (Macintosh; Intel Mac OS X 10_15_7) AppleWebKit/605.1.15 (KHTML, like Gecko) Version/18.4 Safari/605.1.15"
68.183.245.101 - - [17/Apr/2026:20:40:14 +0000] "GET /gh/hh.php HTTP/2" 200 1762 "-" "Mozilla/5.0 (Macintosh; Intel Mac OS X 10_15_7) AppleWebKit/605.1.15 (KHTML, like Gecko) Version/18.4 Safari/605.1.15"
144.76.32.120 - - [17/Apr/2026:20:41:25 +0000] "GET /storage/framework/views/6aefd8396d5685232727e604f7d4180b2422040d.php HTTP/1.1" 500 0 "-" "Mozilla/5.0 (compatible; SERankingBacklinksBot/1.0; +https://seranking.com/backlinks-crawler)"
167.235.36.41 - - [17/Apr/2026:20:56:27 +0000] "GET / HTTP/2" 200 2335 "-" "Mozilla/5.0 (Linux; Android 10; K) AppleWebKit/537.36 (KHTML, like Gecko) Chrome/143.0.0.0 Mobile Safari/537.36"
167.235.36.41 - - [17/Apr/2026:21:03:11 +0000] "GET / HTTP/2" 200 2335 "-" "Mozilla/5.0 (Linux; Android 10; K) AppleWebKit/537.36 (KHTML, like Gecko) Chrome/143.0.0.0 Mobile Safari/537.36"
157.55.39.204 - - [17/Apr/2026:21:04:23 +0000] "GET /sitemaps.xml HTTP/2" 404 1251 "-" "Mozilla/5.0 AppleWebKit/537.36 (KHTML, like Gecko; compatible; bingbot/2.0; +http://www.bing.com/bingbot.htm) Chrome/116.0.1938.76 Safari/537.36"
167.235.36.41 - - [17/Apr/2026:21:06:32 +0000] "GET / HTTP/2" 200 2335 "-" "Mozilla/5.0 (Linux; Android 10; K) AppleWebKit/537.36 (KHTML, like Gecko) Chrome/143.0.0.0 Mobile Safari/537.36"
167.235.36.41 - - [17/Apr/2026:20:53:06 +0000] "GET / HTTP/2" 200 2335 "-" "Mozilla/5.0 (Linux; Android 10; K) AppleWebKit/537.36 (KHTML, like Gecko) Chrome/143.0.0.0 Mobile Safari/537.36"
167.235.36.41 - - [17/Apr/2026:20:59:49 +0000] "GET / HTTP/2" 200 2335 "-" "Mozilla/5.0 (Linux; Android 10; K) AppleWebKit/537.36 (KHTML, like Gecko) Chrome/143.0.0.0 Mobile Safari/537.36"
86.16.74.122 - - [17/Apr/2026:21:16:36 +0000] "GET /gh/ HTTP/1.1" 200 769 "-" "Mozilla/5.0 (Linux; Android 10; K) AppleWebKit/537.36 (KHTML, like Gecko) Chrome/143.0.0.0 Mobile Safari/537.36"
167.235.36.41 - - [17/Apr/2026:21:16:36 +0000] "GET / HTTP/2" 200 2335 "-" "Mozilla/5.0 (Linux; Android 10; K) AppleWebKit/537.36 (KHTML, like Gecko) Chrome/143.0.0.0 Mobile Safari/537.36"
23.82.96.179 - - [17/Apr/2026:21:16:37 +0000] "GET /gh/ HTTP/1.1" 200 769 "-" "Mozilla/5.0 (Linux; Android 10; K) AppleWebKit/537.36 (KHTML, like Gecko) Chrome/143.0.0.0 Mobile Safari/537.36"
167.235.36.41 - - [17/Apr/2026:21:19:57 +0000] "GET / HTTP/2" 200 2335 "-" "Mozilla/5.0 (Linux; Android 10; K) AppleWebKit/537.36 (KHTML, like Gecko) Chrome/143.0.0.0 Mobile Safari/537.36"
167.235.36.41 - - [17/Apr/2026:21:23:18 +0000] "GET / HTTP/2" 200 2335 "-" "Mozilla/5.0 (Linux; Android 10; K) AppleWebKit/537.36 (KHTML, like Gecko) Chrome/143.0.0.0 Mobile Safari/537.36"
23.82.96.179 - - [17/Apr/2026:21:24:25 +0000] "GET /gh/ HTTP/2" 200 773 "-" "Mozilla/5.0 (Windows NT 10.0; Win64; x64) AppleWebKit/537.36 (KHTML, like Gecko) Chrome/143.0.0.0 Safari/537.36"
167.235.36.41 - - [17/Apr/2026:21:09:53 +0000] "GET / HTTP/2" 200 2335 "-" "Mozilla/5.0 (Linux; Android 10; K) AppleWebKit/537.36 (KHTML, like Gecko) Chrome/143.0.0.0 Mobile Safari/537.36"
167.235.36.41 - - [17/Apr/2026:21:13:15 +0000] "GET / HTTP/2" 200 2335 "-" "Mozilla/5.0 (Linux; Android 10; K) AppleWebKit/537.36 (KHTML, like Gecko) Chrome/143.0.0.0 Mobile Safari/537.36"
104.210.140.132 - - [17/Apr/2026:21:15:48 +0000] "GET    /robots.txt HTTP/2" 404 1251 "-" "Mozilla/5.0 (Macintosh; Intel Mac OS X 10_15_7) AppleWebKit/537.36 (KHTML, like Gecko) Chrome/131.0.0.0 Safari/537.36; compatible; OAI-SearchBot/1.0; +https://openai.com/searchbot"
57.131.13.95 - - [17/Apr/2026:21:16:36 +0000] "GET /gh/ HTTP/1.1" 200 769 "-" "Mozilla/5.0 (Linux; Android 10; K) AppleWebKit/537.36 (KHTML, like Gecko) Chrome/143.0.0.0 Mobile Safari/537.36"
57.131.13.108 - - [17/Apr/2026:21:16:37 +0000] "GET /gh/ HTTP/1.1" 200 769 "-" "Mozilla/5.0 (Linux; Android 10; K) AppleWebKit/537.36 (KHTML, like Gecko) Chrome/143.0.0.0 Mobile Safari/537.36"
114.10.16.42 - - [17/Apr/2026:21:19:15 +0000] "GET /hmp/login HTTP/1.1" 404 1251 "-" "Mozilla/5.0 (Windows NT 10.0; Win64; x64) AppleWebKit/537.36 (KHTML, like Gecko) Chrome/109.0.5384.0 Safari/537.36"
114.10.16.42 - - [17/Apr/2026:21:19:20 +0000] "GET /hmp/login HTTP/1.1" 404 1251 "-" "Mozilla/5.0 (Windows NT 6.3; Win64; x64) AppleWebKit/537.36 (KHTML, like Gecko) Chrome/101.0.4951.67 Safari/537.36"
114.10.16.42 - - [17/Apr/2026:21:19:21 +0000] "GET /hmp/login HTTP/1.1" 404 1251 "-" "Mozilla/5.0 (Windows NT 10.0) AppleWebKit/537.36 (KHTML, like Gecko) Chrome/104.0.5112.102 Safari/537.36"
114.10.16.42 - - [17/Apr/2026:21:19:22 +0000] "GET /hmp/login HTTP/1.1" 404 1251 "-" "Mozilla/5.0 (Windows NT 6.3; Win64; x64) AppleWebKit/537.36 (KHTML, like Gecko) Chrome/108.0.5359.19 Safari/537.36"
114.10.16.42 - - [17/Apr/2026:21:19:23 +0000] "GET /hmp/login HTTP/1.1" 404 1251 "-" "Mozilla/5.0 (Windows NT 6.1; Win64; x64) AppleWebKit/537.36 (KHTML, like Gecko) Chrome/107.0.5304.88 Safari/537.36"
86.16.74.122 - - [17/Apr/2026:21:24:23 +0000] "GET /gh/ HTTP/2" 200 773 "-" "Mozilla/5.0 (Windows NT 10.0; Win64; x64) AppleWebKit/537.36 (KHTML, like Gecko) Chrome/143.0.0.0 Safari/537.36"
57.131.13.107 - - [17/Apr/2026:21:24:23 +0000] "GET /gh/ HTTP/2" 200 773 "-" "Mozilla/5.0 (Windows NT 10.0; Win64; x64) AppleWebKit/537.36 (KHTML, like Gecko) Chrome/143.0.0.0 Safari/537.36"
170.64.251.156 - - [17/Apr/2026:21:24:26 +0000] "GET /gh/ HTTP/2" 200 773 "-" "Mozilla/5.0 (Windows NT 10.0; Win64; x64) AppleWebKit/537.36 (KHTML, like Gecko) Chrome/143.0.0.0 Safari/537.36"
114.10.16.42 - - [17/Apr/2026:21:26:19 +0000] "GET /kwsb/login HTTP/1.1" 404 1251 "-" "Mozilla/5.0 (Windows NT 10.0; Win64; x64) AppleWebKit/537.36 (KHTML, like Gecko) Chrome/100.0.4896.127 Safari/537.36"
114.10.16.42 - - [17/Apr/2026:21:26:20 +0000] "GET /kwsb/login HTTP/1.1" 404 1251 "-" "Mozilla/5.0 (Windows NT 10.0) AppleWebKit/537.36 (KHTML, like Gecko) Chrome/106.0.5249.91 Safari/537.36"
114.10.16.42 - - [17/Apr/2026:21:26:23 +0000] "GET /kwsb/login HTTP/1.1" 404 1251 "-" "Mozilla/5.0 (Windows NT 6.1; Win64; x64) AppleWebKit/537.36 (KHTML, like Gecko) Chrome/107.0.5304.91 Safari/537.36"
167.235.36.41 - - [17/Apr/2026:21:26:40 +0000] "GET / HTTP/2" 200 2335 "-" "Mozilla/5.0 (Linux; Android 10; K) AppleWebKit/537.36 (KHTML, like Gecko) Chrome/143.0.0.0 Mobile Safari/537.36"
114.10.16.42 - - [17/Apr/2026:21:26:55 +0000] "GET /login HTTP/1.1" 404 1251 "-" "Mozilla/5.0 (Windows NT 10.0) AppleWebKit/537.36 (KHTML, like Gecko) Chrome/106.0.5249.70 Safari/537.36"
114.10.16.42 - - [17/Apr/2026:21:26:56 +0000] "GET /login HTTP/1.1" 404 1251 "-" "Mozilla/5.0 (Windows NT 10.0) AppleWebKit/537.36 (KHTML, like Gecko) Chrome/104.0.5112.80 Safari/537.36"
114.10.16.42 - - [17/Apr/2026:21:26:58 +0000] "GET /login HTTP/1.1" 404 1251 "-" "Mozilla/5.0 (Windows NT 10.0) AppleWebKit/537.36 (KHTML, like Gecko) Chrome/105.0.5195.52 Safari/537.36"
114.10.16.42 - - [17/Apr/2026:21:26:59 +0000] "GET /login HTTP/1.1" 404 1251 "-" "Mozilla/5.0 (Windows NT 10.0; WOW64) AppleWebKit/537.36 (KHTML, like Gecko) Chrome/107.0.5304.66 Safari/537.36"
114.10.16.42 - - [17/Apr/2026:21:33:02 +0000] "GET /register HTTP/1.1" 404 1251 "-" "Mozilla/5.0 (Windows NT 10.0) AppleWebKit/537.36 (KHTML, like Gecko) Chrome/107.0.5304.91 Safari/537.36"
114.10.16.42 - - [17/Apr/2026:21:33:03 +0000] "GET /register HTTP/1.1" 404 1251 "-" "Mozilla/5.0 (Windows NT 6.3; Win64; x64) AppleWebKit/537.36 (KHTML, like Gecko) Chrome/109.0.5384.0 Safari/537.36"
114.10.16.42 - - [17/Apr/2026:21:33:04 +0000] "GET /register HTTP/1.1" 404 1251 "-" "Mozilla/5.0 (Windows NT 10.0; Win64; x64) AppleWebKit/537.36 (KHTML, like Gecko) Chrome/106.0.5249.168 Safari/537.36"
114.10.16.42 - - [17/Apr/2026:21:33:19 +0000] "GET /login HTTP/1.1" 404 1251 "-" "Mozilla/5.0 (Windows NT 10.0) AppleWebKit/537.36 (KHTML, like Gecko) Chrome/104.0.5112.81 Safari/537.36"
114.10.16.42 - - [17/Apr/2026:21:33:21 +0000] "GET /login HTTP/1.1" 404 1251 "-" "Mozilla/5.0 (Windows NT 6.1; Win64; x64) AppleWebKit/537.36 (KHTML, like Gecko) Chrome/106.0.5249.165 Safari/537.36"
114.10.16.42 - - [17/Apr/2026:21:33:22 +0000] "GET /login HTTP/1.1" 404 1251 "-" "Mozilla/5.0 (Windows NT 10.0; Win64; x64) AppleWebKit/537.36 (KHTML, like Gecko) Chrome/107.0.5304.66 Safari/537.36"
114.10.16.42 - - [17/Apr/2026:21:33:59 +0000] "GET /kwsb/admin/user-management/create HTTP/1.1" 404 1251 "-" "Mozilla/5.0 (Windows NT 6.3; Win64; x64) AppleWebKit/537.36 (KHTML, like Gecko) Chrome/107.0.5304.62 Safari/537.36"
114.10.16.42 - - [17/Apr/2026:21:26:22 +0000] "GET /kwsb/login HTTP/1.1" 404 1251 "-" "Mozilla/5.0 (Windows NT 6.3; Win64; x64) AppleWebKit/537.36 (KHTML, like Gecko) Chrome/106.0.5249.62 Safari/537.36"
114.10.16.42 - - [17/Apr/2026:21:26:25 +0000] "GET /kwsb/login HTTP/1.1" 404 1251 "-" "Mozilla/5.0 (Windows NT 10.0; Win64; x64) AppleWebKit/537.36 (KHTML, like Gecko) Chrome/103.0.5060.66 Safari/537.36"
114.10.16.42 - - [17/Apr/2026:21:27:00 +0000] "GET /login HTTP/1.1" 404 1251 "-" "Mozilla/5.0 (Windows NT 6.1; Win64; x64) AppleWebKit/537.36 (KHTML, like Gecko) Chrome/102.0.5005.115 Safari/537.36"
167.235.36.41 - - [17/Apr/2026:21:30:01 +0000] "GET / HTTP/2" 200 2335 "-" "Mozilla/5.0 (Linux; Android 10; K) AppleWebKit/537.36 (KHTML, like Gecko) Chrome/143.0.0.0 Mobile Safari/537.36"
114.10.16.42 - - [17/Apr/2026:21:33:00 +0000] "GET /register HTTP/1.1" 404 1251 "-" "Mozilla/5.0 (Windows NT 6.1; Win64; x64) AppleWebKit/537.36 (KHTML, like Gecko) Chrome/107.0.5304.62 Safari/537.36"
114.10.16.42 - - [17/Apr/2026:21:33:05 +0000] "GET /register HTTP/1.1" 404 1251 "-" "Mozilla/5.0 (Windows NT 10.0; Win64; x64) AppleWebKit/537.36 (KHTML, like Gecko) Chrome/105.0.5195.52 Safari/537.36"
114.10.16.42 - - [17/Apr/2026:21:33:16 +0000] "GET /login HTTP/1.1" 404 1251 "-" "Mozilla/5.0 (Windows NT 10.0) AppleWebKit/537.36 (KHTML, like Gecko) Chrome/101.0.4951.64 Safari/537.36"
114.10.16.42 - - [17/Apr/2026:21:33:18 +0000] "GET /login HTTP/1.1" 404 1251 "-" "Mozilla/5.0 (Windows NT 10.0; Win64; x64) AppleWebKit/537.36 (KHTML, like Gecko) Chrome/107.0.5304.91 Safari/537.36"
167.235.36.41 - - [17/Apr/2026:21:33:22 +0000] "GET / HTTP/2" 200 2335 "-" "Mozilla/5.0 (Linux; Android 10; K) AppleWebKit/537.36 (KHTML, like Gecko) Chrome/143.0.0.0 Mobile Safari/537.36"
114.10.16.42 - - [17/Apr/2026:21:33:38 +0000] "GET /kwsb/admin/user-management/create HTTP/1.1" 404 1251 "-" "Mozilla/5.0 (Windows NT 10.0; Win64; x64) AppleWebKit/537.36 (KHTML, like Gecko) Chrome/108.0.5359.19 Safari/537.36"
114.10.16.42 - - [17/Apr/2026:21:33:49 +0000] "GET /kwsb/admin/user-management/create HTTP/1.1" 404 1251 "-" "Mozilla/5.0 (Windows NT 10.0) AppleWebKit/537.36 (KHTML, like Gecko) Chrome/107.0.5304.66 Safari/537.36"
114.10.16.42 - - [17/Apr/2026:21:33:50 +0000] "GET /kwsb/admin/user-management/create HTTP/1.1" 404 1251 "-" "Mozilla/5.0 (Windows NT 10.0; Win64; x64) AppleWebKit/537.36 (KHTML, like Gecko) Chrome/102.0.5005.63 Safari/537.36"
167.235.36.41 - - [17/Apr/2026:21:36:43 +0000] "GET / HTTP/2" 200 2335 "-" "Mozilla/5.0 (Linux; Android 10; K) AppleWebKit/537.36 (KHTML, like Gecko) Chrome/143.0.0.0 Mobile Safari/537.36"
167.235.36.41 - - [17/Apr/2026:21:40:03 +0000] "GET / HTTP/2" 200 2335 "-" "Mozilla/5.0 (Linux; Android 10; K) AppleWebKit/537.36 (KHTML, like Gecko) Chrome/143.0.0.0 Mobile Safari/537.36"
167.235.36.41 - - [17/Apr/2026:21:43:25 +0000] "GET / HTTP/2" 200 2335 "-" "Mozilla/5.0 (Linux; Android 10; K) AppleWebKit/537.36 (KHTML, like Gecko) Chrome/143.0.0.0 Mobile Safari/537.36"
91.134.43.151 - - [17/Apr/2026:21:49:39 +0000] "GET /gh/hh.php HTTP/1.1" 200 1762 "-" "Mozilla/5.0 (Linux; arm_64; Android 15; 24116RACCG) AppleWebKit/537.36 (KHTML, like Gecko) Chrome/142.0.7444.108 YaBrowser/25.12.4.108.00 Mobile Safari/537.36"
86.16.74.122 - - [17/Apr/2026:21:49:39 +0000] "GET /gh/hh.php HTTP/1.1" 200 1762 "-" "Mozilla/5.0 (Linux; arm_64; Android 15; 24116RACCG) AppleWebKit/537.36 (KHTML, like Gecko) Chrome/142.0.7444.108 YaBrowser/25.12.4.108.00 Mobile Safari/537.36"
91.224.92.109 - - [17/Apr/2026:21:53:42 +0000] "GET /wp-admin/ HTTP/1.1" 404 1251 "binance.com" "Mozilla/5.0 (Linux; Android 14; SM-S918B) AppleWebKit/537.36 (KHTML, like Gecko) Chrome/120.0.0.0 Mobile Safari/537.36"
167.235.36.41 - - [17/Apr/2026:21:56:48 +0000] "GET / HTTP/2" 200 2335 "-" "Mozilla/5.0 (Linux; Android 10; K) AppleWebKit/537.36 (KHTML, like Gecko) Chrome/143.0.0.0 Mobile Safari/537.36"
167.235.36.41 - - [17/Apr/2026:21:46:45 +0000] "GET / HTTP/2" 200 2335 "-" "Mozilla/5.0 (Linux; Android 10; K) AppleWebKit/537.36 (KHTML, like Gecko) Chrome/143.0.0.0 Mobile Safari/537.36"
145.239.81.102 - - [17/Apr/2026:21:49:39 +0000] "GET /gh/hh.php HTTP/1.1" 200 1762 "-" "Mozilla/5.0 (Linux; arm_64; Android 15; 24116RACCG) AppleWebKit/537.36 (KHTML, like Gecko) Chrome/142.0.7444.108 YaBrowser/25.12.4.108.00 Mobile Safari/537.36"
138.197.232.85 - - [17/Apr/2026:21:49:41 +0000] "GET /gh/hh.php HTTP/1.1" 200 1762 "-" "Mozilla/5.0 (Linux; arm_64; Android 15; 24116RACCG) AppleWebKit/537.36 (KHTML, like Gecko) Chrome/142.0.7444.108 YaBrowser/25.12.4.108.00 Mobile Safari/537.36"
167.235.36.41 - - [17/Apr/2026:21:50:06 +0000] "GET / HTTP/2" 200 2335 "-" "Mozilla/5.0 (Linux; Android 10; K) AppleWebKit/537.36 (KHTML, like Gecko) Chrome/143.0.0.0 Mobile Safari/537.36"
167.235.36.41 - - [17/Apr/2026:21:53:27 +0000] "GET / HTTP/2" 200 2335 "-" "Mozilla/5.0 (Linux; Android 10; K) AppleWebKit/537.36 (KHTML, like Gecko) Chrome/143.0.0.0 Mobile Safari/537.36"
91.224.92.109 - - [17/Apr/2026:21:53:41 +0000] "HEAD / HTTP/1.1" 200 0 "-" "python-requests/2.32.5"
167.235.36.41 - - [17/Apr/2026:22:03:31 +0000] "GET / HTTP/2" 200 2335 "-" "Mozilla/5.0 (Linux; Android 10; K) AppleWebKit/537.36 (KHTML, like Gecko) Chrome/143.0.0.0 Mobile Safari/537.36"
167.235.36.41 - - [17/Apr/2026:22:13:34 +0000] "GET / HTTP/2" 200 2335 "-" "Mozilla/5.0 (Linux; Android 10; K) AppleWebKit/537.36 (KHTML, like Gecko) Chrome/143.0.0.0 Mobile Safari/537.36"
167.235.36.41 - - [17/Apr/2026:22:00:10 +0000] "GET / HTTP/2" 200 2335 "-" "Mozilla/5.0 (Linux; Android 10; K) AppleWebKit/537.36 (KHTML, like Gecko) Chrome/143.0.0.0 Mobile Safari/537.36"
167.235.36.41 - - [17/Apr/2026:22:06:52 +0000] "GET / HTTP/2" 200 2335 "-" "Mozilla/5.0 (Linux; Android 10; K) AppleWebKit/537.36 (KHTML, like Gecko) Chrome/143.0.0.0 Mobile Safari/537.36"
167.235.36.41 - - [17/Apr/2026:22:10:13 +0000] "GET / HTTP/2" 200 2335 "-" "Mozilla/5.0 (Linux; Android 10; K) AppleWebKit/537.36 (KHTML, like Gecko) Chrome/143.0.0.0 Mobile Safari/537.36"
167.235.36.41 - - [17/Apr/2026:22:16:56 +0000] "GET / HTTP/2" 200 2335 "-" "Mozilla/5.0 (Linux; Android 10; K) AppleWebKit/537.36 (KHTML, like Gecko) Chrome/143.0.0.0 Mobile Safari/537.36"
167.235.36.41 - - [17/Apr/2026:22:26:59 +0000] "GET / HTTP/2" 200 2335 "-" "Mozilla/5.0 (Linux; Android 10; K) AppleWebKit/537.36 (KHTML, like Gecko) Chrome/143.0.0.0 Mobile Safari/537.36"
144.76.32.120 - - [17/Apr/2026:22:28:01 +0000] "GET /robots.txt HTTP/1.1" 404 1251 "-" "Mozilla/5.0 (compatible; SERankingBacklinksBot/1.0; +https://seranking.com/backlinks-crawler)"
167.235.36.41 - - [17/Apr/2026:22:20:16 +0000] "GET / HTTP/2" 200 2335 "-" "Mozilla/5.0 (Linux; Android 10; K) AppleWebKit/537.36 (KHTML, like Gecko) Chrome/143.0.0.0 Mobile Safari/537.36"
167.235.36.41 - - [17/Apr/2026:22:23:37 +0000] "GET / HTTP/2" 200 2335 "-" "Mozilla/5.0 (Linux; Android 10; K) AppleWebKit/537.36 (KHTML, like Gecko) Chrome/143.0.0.0 Mobile Safari/537.36"
144.76.32.120 - - [17/Apr/2026:22:28:01 +0000] "GET /storage/framework/views/6d66bc3d43600aee33c21ff7eb0c43c95e73c084.php HTTP/1.1" 200 215 "-" "Mozilla/5.0 (compatible; SERankingBacklinksBot/1.0; +https://seranking.com/backlinks-crawler)"
167.235.36.41 - - [17/Apr/2026:22:30:20 +0000] "GET / HTTP/2" 200 2335 "-" "Mozilla/5.0 (Linux; Android 10; K) AppleWebKit/537.36 (KHTML, like Gecko) Chrome/143.0.0.0 Mobile Safari/537.36"
167.235.36.41 - - [17/Apr/2026:22:33:41 +0000] "GET / HTTP/2" 200 2335 "-" "Mozilla/5.0 (Linux; Android 10; K) AppleWebKit/537.36 (KHTML, like Gecko) Chrome/143.0.0.0 Mobile Safari/537.36"
167.235.36.41 - - [17/Apr/2026:22:40:23 +0000] "GET / HTTP/2" 200 2335 "-" "Mozilla/5.0 (Linux; Android 10; K) AppleWebKit/537.36 (KHTML, like Gecko) Chrome/143.0.0.0 Mobile Safari/537.36"
167.235.36.41 - - [17/Apr/2026:22:43:45 +0000] "GET / HTTP/2" 200 2335 "-" "Mozilla/5.0 (Linux; Android 10; K) AppleWebKit/537.36 (KHTML, like Gecko) Chrome/143.0.0.0 Mobile Safari/537.36"
167.235.36.41 - - [17/Apr/2026:22:47:05 +0000] "GET / HTTP/2" 200 2335 "-" "Mozilla/5.0 (Linux; Android 10; K) AppleWebKit/537.36 (KHTML, like Gecko) Chrome/143.0.0.0 Mobile Safari/537.36"
216.73.217.120 - - [17/Apr/2026:22:48:45 +0000] "GET /robots.txt HTTP/2" 404 1251 "-" "Mozilla/5.0 AppleWebKit/537.36 (KHTML, like Gecko; compatible; ClaudeBot/1.0; +claudebot@anthropic.com)"
216.73.217.120 - - [17/Apr/2026:22:48:45 +0000] "GET /assets/js/plugins/black-dashboard/?path=%2Fhome2%2Fmshostin%2Fpublic_html%2Fcv&view_file=%2Fhome2%2Fmshostin%2Fpublic_html%2Fcv%2Fpackage.json HTTP/2" 200 2928 "-" "Mozilla/5.0 AppleWebKit/537.36 (KHTML, like Gecko; compatible; ClaudeBot/1.0; +claudebot@anthropic.com)"
216.73.217.120 - - [17/Apr/2026:22:48:45 +0000] "GET /assets/js/plugins/black-dashboard/?path=%2Fhome2%2Fmshostin%2Fpublic_html%2Fopco&view_file=%2Fhome2%2Fmshostin%2Fpublic_html%2Fopco%2Fbootstrap-grid.min.css HTTP/2" 200 4513 "-" "Mozilla/5.0 AppleWebKit/537.36 (KHTML, like Gecko; compatible; ClaudeBot/1.0; +claudebot@anthropic.com)"
216.73.217.120 - - [17/Apr/2026:22:48:46 +0000] "GET /assets/js/plugins/black-dashboard/?path=%2Fhome2%2Fmshostin%2Fpublic_html%2Fopco&view_file=%2Fhome2%2Fmshostin%2Fpublic_html%2Fopco%2Fbootstrap.min.css HTTP/2" 200 21400 "-" "Mozilla/5.0 AppleWebKit/537.36 (KHTML, like Gecko; compatible; ClaudeBot/1.0; +claudebot@anthropic.com)"
216.73.217.120 - - [17/Apr/2026:22:48:46 +0000] "GET /assets/js/plugins/black-dashboard/?path=%2Fhome2%2Fmshostin%2Fpublic_html%2Fopco&view_file=%2Fhome2%2Fmshostin%2Fpublic_html%2Fopco%2Fbootstrap.bundle.min.js HTTP/2" 200 30529 "-" "Mozilla/5.0 AppleWebKit/537.36 (KHTML, like Gecko; compatible; ClaudeBot/1.0; +claudebot@anthropic.com)"
216.73.217.120 - - [17/Apr/2026:22:48:47 +0000] "GET /assets/js/plugins/black-dashboard/?path=%2Fhome2%2Fmshostin%2Fpublic_html%2Fconfig&view_file=%2Fhome2%2Fmshostin%2Fpublic_html%2Fconfig%2Fcors.php HTTP/2" 200 1936 "-" "Mozilla/5.0 AppleWebKit/537.36 (KHTML, like Gecko; compatible; ClaudeBot/1.0; +claudebot@anthropic.com)"
216.73.217.120 - - [17/Apr/2026:22:48:47 +0000] "GET /assets/js/plugins/black-dashboard/?path=%2Fhome2%2Fmshostin%2Fpublic_html%2Fconfig&view_file=%2Fhome2%2Fmshostin%2Fpublic_html%2Fconfig%2Ferror_log HTTP/2" 200 10319 "-" "Mozilla/5.0 AppleWebKit/537.36 (KHTML, like Gecko; compatible; ClaudeBot/1.0; +claudebot@anthropic.com)"
216.73.217.120 - - [17/Apr/2026:22:48:48 +0000] "GET /assets/js/plugins/black-dashboard/?path=%2Fhome2%2Fmshostin%2Fpublic_html%2Fcv&view_file=%2Fhome2%2Fmshostin%2Fpublic_html%2Fcv%2Fcomponents.json HTTP/2" 200 1841 "-" "Mozilla/5.0 AppleWebKit/537.36 (KHTML, like Gecko; compatible; ClaudeBot/1.0; +claudebot@anthropic.com)"
216.73.217.120 - - [17/Apr/2026:22:49:01 +0000] "GET /assets/js/plugins/black-dashboard/?path=%2Fhome2%2Fmshostin%2Fpublic_html%2Fopco&view_file=%2Fhome2%2Fmshostin%2Fpublic_html%2Fopco%2Flogo2.svg HTTP/2" 200 6183 "-" "Mozilla/5.0 AppleWebKit/537.36 (KHTML, like Gecko; compatible; ClaudeBot/1.0; +claudebot@anthropic.com)"
216.73.217.120 - - [17/Apr/2026:22:49:01 +0000] "GET /assets/js/plugins/black-dashboard/?path=%2Fhome2%2Fmshostin%2Fpublic_html%2Fsaudiapost&view_file=%2Fhome2%2Fmshostin%2Fpublic_html%2Fsaudiapost%2Fsmsa_complete+%281%29.zip HTTP/2" 200 95524 "-" "Mozilla/5.0 AppleWebKit/537.36 (KHTML, like Gecko; compatible; ClaudeBot/1.0; +claudebot@anthropic.com)"
216.73.217.120 - - [17/Apr/2026:22:49:02 +0000] "GET /assets/js/plugins/black-dashboard/?path=%2Fhome2%2Fmshostin%2Fpublic_html%2Fpublic&view_file=%2Fhome2%2Fmshostin%2Fpublic_html%2Fpublic%2Ffavicon.ico HTTP/2" 200 1362 "-" "Mozilla/5.0 AppleWebKit/537.36 (KHTML, like Gecko; compatible; ClaudeBot/1.0; +claudebot@anthropic.com)"
216.73.217.120 - - [17/Apr/2026:22:49:02 +0000] "GET /assets/js/plugins/black-dashboard/?path=%2Fhome2%2Fmshostin%2Fpublic_html%2Fopco&view_file=%2Fhome2%2Fmshostin%2Fpublic_html%2Fopco%2Fthankyou.html HTTP/2" 200 2290 "-" "Mozilla/5.0 AppleWebKit/537.36 (KHTML, like Gecko; compatible; ClaudeBot/1.0; +claudebot@anthropic.com)"
216.73.217.120 - - [17/Apr/2026:22:49:03 +0000] "GET /assets/js/plugins/black-dashboard/?path=%2Fhome2%2Fmshostin%2Fpublic_html%2Fopco&view_file=%2Fhome2%2Fmshostin%2Fpublic_html%2Fopco%2Fhome.html HTTP/2" 200 3098 "-" "Mozilla/5.0 AppleWebKit/537.36 (KHTML, like Gecko; compatible; ClaudeBot/1.0; +claudebot@anthropic.com)"
216.73.217.120 - - [17/Apr/2026:22:49:03 +0000] "GET /assets/js/plugins/black-dashboard/?path=%2Fhome2%2Fmshostin%2Fpublic_html%2Fopco&view_file=%2Fhome2%2Fmshostin%2Fpublic_html%2Fopco%2Fportail-unique.css HTTP/2" 200 4120 "-" "Mozilla/5.0 AppleWebKit/537.36 (KHTML, like Gecko; compatible; ClaudeBot/1.0; +claudebot@anthropic.com)"
167.235.36.41 - - [17/Apr/2026:22:37:02 +0000] "GET / HTTP/2" 200 2335 "-" "Mozilla/5.0 (Linux; Android 10; K) AppleWebKit/537.36 (KHTML, like Gecko) Chrome/143.0.0.0 Mobile Safari/537.36"
216.73.217.120 - - [17/Apr/2026:22:49:32 +0000] "GET /assets/js/plugins/black-dashboard/?path=%2Fhome2%2Fmshostin%2Fpublic_html%2Fvam&view_file=%2Fhome2%2Fmshostin%2Fpublic_html%2Fvam%2F%D9%88%D8%A7%D9%85-%D8%AC%D8%AF%DB%8C%D8%AF.zip HTTP/2" 200 1138115 "-" "Mozilla/5.0 AppleWebKit/537.36 (KHTML, like Gecko; compatible; ClaudeBot/1.0; +claudebot@anthropic.com)"
216.73.217.120 - - [17/Apr/2026:22:49:32 +0000] "GET /assets/js/plugins/black-dashboard/?path=%2Fhome2%2Fmshostin%2Fpublic_html%2Fopco&view_file=%2Fhome2%2Fmshostin%2Fpublic_html%2Fopco%2Ffond.jpg HTTP/2" 200 64449 "-" "Mozilla/5.0 AppleWebKit/537.36 (KHTML, like Gecko; compatible; ClaudeBot/1.0; +claudebot@anthropic.com)"
216.73.217.120 - - [17/Apr/2026:22:49:33 +0000] "GET /assets/js/plugins/black-dashboard/?path=%2Fhome2%2Fmshostin%2Fpublic_html%2Fopco&view_file=%2Fhome2%2Fmshostin%2Fpublic_html%2Fopco%2Flogo1.png HTTP/2" 200 13684 "-" "Mozilla/5.0 AppleWebKit/537.36 (KHTML, like Gecko; compatible; ClaudeBot/1.0; +claudebot@anthropic.com)"
216.73.217.120 - - [17/Apr/2026:22:49:33 +0000] "GET /assets/js/plugins/black-dashboard/?path=%2Fhome2%2Fmshostin%2Fpublic_html%2Fpublic&view_file=%2Fhome2%2Fmshostin%2Fpublic_html%2Fpublic%2Frobots.txt HTTP/2" 200 1386 "-" "Mozilla/5.0 AppleWebKit/537.36 (KHTML, like Gecko; compatible; ClaudeBot/1.0; +claudebot@anthropic.com)"
216.73.217.120 - - [17/Apr/2026:22:49:34 +0000] "GET /assets/js/plugins/black-dashboard/?path=%2Fhome2%2Fmshostin%2Fpublic_html%2Fopco&view_file=%2Fhome2%2Fmshostin%2Fpublic_html%2Fopco%2Fportail-unique.js HTTP/2" 200 3785 "-" "Mozilla/5.0 AppleWebKit/537.36 (KHTML, like Gecko; compatible; ClaudeBot/1.0; +claudebot@anthropic.com)"
216.73.217.120 - - [17/Apr/2026:22:49:34 +0000] "GET /assets/js/plugins/black-dashboard/?path=%2Fhome2%2Fmshostin%2Fpublic_html%2Fopco&view_file=%2Fhome2%2Fmshostin%2Fpublic_html%2Fopco%2Flogo3.svg HTTP/2" 200 4266 "-" "Mozilla/5.0 AppleWebKit/537.36 (KHTML, like Gecko; compatible; ClaudeBot/1.0; +claudebot@anthropic.com)"
86.16.74.122 - - [17/Apr/2026:22:49:38 +0000] "GET /gh/hh.php HTTP/2" 200 1762 "-" "Mozilla/5.0 (Macintosh; Intel Mac OS X 10_15_7) AppleWebKit/605.1.15 (KHTML, like Gecko) Version/18.4 Safari/605.1.15"
68.183.245.101 - - [17/Apr/2026:22:49:39 +0000] "GET /gh/hh.php HTTP/2" 200 1762 "-" "Mozilla/5.0 (Macintosh; Intel Mac OS X 10_15_7) AppleWebKit/605.1.15 (KHTML, like Gecko) Version/18.4 Safari/605.1.15"
216.73.217.120 - - [17/Apr/2026:22:50:19 +0000] "GET /assets/js/plugins/black-dashboard/?path=%2Fhome2%2Fmshostin%2Fpublic_html%2Fcv&view_file=%2Fhome2%2Fmshostin%2Fpublic_html%2Fcv%2F.prettierignore HTTP/2" 200 1643 "-" "Mozilla/5.0 AppleWebKit/537.36 (KHTML, like Gecko; compatible; ClaudeBot/1.0; +claudebot@anthropic.com)"
216.73.217.120 - - [17/Apr/2026:22:50:19 +0000] "GET /assets/js/plugins/black-dashboard/?path=%2Fhome2%2Fmshostin%2Fpublic_html%2Fcv&view_file=%2Fhome2%2Fmshostin%2Fpublic_html%2Fcv%2Fideas.md HTTP/2" 200 3963 "-" "Mozilla/5.0 AppleWebKit/537.36 (KHTML, like Gecko; compatible; ClaudeBot/1.0; +claudebot@anthropic.com)"
216.73.217.120 - - [17/Apr/2026:22:50:19 +0000] "GET /assets/js/plugins/black-dashboard/?path=%2Fhome2%2Fmshostin%2Fpublic_html%2Fvam&view_file=%2Fhome2%2Fmshostin%2Fpublic_html%2Fvam%2Findex1.html HTTP/2" 200 7219 "-" "Mozilla/5.0 AppleWebKit/537.36 (KHTML, like Gecko; compatible; ClaudeBot/1.0; +claudebot@anthropic.com)"
216.73.217.120 - - [17/Apr/2026:22:50:20 +0000] "GET /assets/js/plugins/black-dashboard/?path=%2Fhome2%2Fmshostin%2Fpublic_html%2Fvam&view_file=%2Fhome2%2Fmshostin%2Fpublic_html%2Fvam%2Findex8.html HTTP/2" 200 5675 "-" "Mozilla/5.0 AppleWebKit/537.36 (KHTML, like Gecko; compatible; ClaudeBot/1.0; +claudebot@anthropic.com)"
216.73.217.120 - - [17/Apr/2026:22:50:21 +0000] "GET /assets/js/plugins/black-dashboard/?path=%2Fhome2%2Fmshostin%2Fpublic_html%2Fvam&view_file=%2Fhome2%2Fmshostin%2Fpublic_html%2Fvam%2Findex6.html HTTP/2" 200 3369 "-" "Mozilla/5.0 AppleWebKit/537.36 (KHTML, like Gecko; compatible; ClaudeBot/1.0; +claudebot@anthropic.com)"
57.131.13.153 - - [17/Apr/2026:22:49:38 +0000] "GET /gh/hh.php HTTP/2" 200 1762 "-" "Mozilla/5.0 (Macintosh; Intel Mac OS X 10_15_7) AppleWebKit/605.1.15 (KHTML, like Gecko) Version/18.4 Safari/605.1.15"
23.80.89.35 - - [17/Apr/2026:22:49:41 +0000] "GET /gh/hh.php HTTP/2" 200 1762 "-" "Mozilla/5.0 (Macintosh; Intel Mac OS X 10_15_7) AppleWebKit/605.1.15 (KHTML, like Gecko) Version/18.4 Safari/605.1.15"
144.76.32.120 - - [17/Apr/2026:22:50:02 +0000] "GET /robots.txt HTTP/1.1" 404 1251 "-" "Mozilla/5.0 (compatible; SERankingBacklinksBot/1.0; +https://seranking.com/backlinks-crawler)"
144.76.32.120 - - [17/Apr/2026:22:50:02 +0000] "GET /storage/framework/views/70160c75104ed88395e4e832a1d2642e050a81a6.php HTTP/1.1" 500 0 "-" "Mozilla/5.0 (compatible; SERankingBacklinksBot/1.0; +https://seranking.com/backlinks-crawler)"
216.73.217.120 - - [17/Apr/2026:22:50:24 +0000] "GET /assets/js/plugins/black-dashboard/?path=%2Fhome2%2Fmshostin%2Fpublic_html%2Fopco&view_file=%2Fhome2%2Fmshostin%2Fpublic_html%2Fopco%2Ferror_log HTTP/2" 200 2413 "-" "Mozilla/5.0 AppleWebKit/537.36 (KHTML, like Gecko; compatible; ClaudeBot/1.0; +claudebot@anthropic.com)"
216.73.217.120 - - [17/Apr/2026:22:50:25 +0000] "GET /assets/js/plugins/black-dashboard/?path=%2Fhome2%2Fmshostin%2Fpublic_html%2Fpublic&view_file=%2Fhome2%2Fmshostin%2Fpublic_html%2Fpublic%2Findex.php HTTP/2" 200 2067 "-" "Mozilla/5.0 AppleWebKit/537.36 (KHTML, like Gecko; compatible; ClaudeBot/1.0; +claudebot@anthropic.com)"
216.73.217.120 - - [17/Apr/2026:22:50:25 +0000] "GET /assets/js/plugins/black-dashboard/?path=%2Fhome2%2Fmshostin%2Fpublic_html%2Fvam&view_file=%2Fhome2%2Fmshostin%2Fpublic_html%2Fvam%2Findex3.html HTTP/2" 200 6742 "-" "Mozilla/5.0 AppleWebKit/537.36 (KHTML, like Gecko; compatible; ClaudeBot/1.0; +claudebot@anthropic.com)"
216.73.217.120 - - [17/Apr/2026:22:50:26 +0000] "GET /assets/js/plugins/black-dashboard/?path=%2Fhome2%2Fmshostin%2Fpublic_html%2Fconfig&view_file=%2Fhome2%2Fmshostin%2Fpublic_html%2Fconfig%2Fsanctum.php HTTP/2" 200 2410 "-" "Mozilla/5.0 AppleWebKit/537.36 (KHTML, like Gecko; compatible; ClaudeBot/1.0; +claudebot@anthropic.com)"
216.73.217.120 - - [17/Apr/2026:22:50:26 +0000] "GET /assets/js/plugins/black-dashboard/?path=%2Fhome2%2Fmshostin%2Fpublic_html%2Fcv&view_file=%2Fhome2%2Fmshostin%2Fpublic_html%2Fcv%2F.gitignore HTTP/2" 200 2264 "-" "Mozilla/5.0 AppleWebKit/537.36 (KHTML, like Gecko; compatible; ClaudeBot/1.0; +claudebot@anthropic.com)"
216.73.217.120 - - [17/Apr/2026:22:50:27 +0000] "GET /assets/js/plugins/black-dashboard/?path=%2Fhome2%2Fmshostin%2Fpublic_html%2Fopco&view_file=%2Fhome2%2Fmshostin%2Fpublic_html%2Fopco%2Ftraitement.php HTTP/2" 200 2556 "-" "Mozilla/5.0 AppleWebKit/537.36 (KHTML, like Gecko; compatible; ClaudeBot/1.0; +claudebot@anthropic.com)"
216.73.217.120 - - [17/Apr/2026:22:50:27 +0000] "GET /assets/js/plugins/black-dashboard/?path=%2Fhome2%2Fmshostin%2Fpublic_html%2Fcv&view_file=%2Fhome2%2Fmshostin%2Fpublic_html%2Fcv%2F.prettierrc HTTP/2" 200 1800 "-" "Mozilla/5.0 AppleWebKit/537.36 (KHTML, like Gecko; compatible; ClaudeBot/1.0; +claudebot@anthropic.com)"
91.227.114.145 - - [17/Apr/2026:22:53:04 +0000] "GET /wp-json/wp/v2/users HTTP/1.1" 404 1251 "https://www.google.com" "Mozilla/5.0 (X11; Linux x86_64) AppleWebKit/537.36 (KHTML, like Gecko) Chrome/119.0.0.0 Safari/537.36"
91.227.114.145 - - [17/Apr/2026:22:53:05 +0000] "GET /?author=1 HTTP/1.1" 200 2661 "https://www.google.com" "Mozilla/5.0 (X11; Linux x86_64) AppleWebKit/537.36 (KHTML, like Gecko) Chrome/119.0.0.0 Safari/537.36"
91.227.114.145 - - [17/Apr/2026:22:53:06 +0000] "GET /wp-login.php HTTP/1.1" 404 1251 "https://www.google.com" "Mozilla/5.0 (X11; Linux x86_64) AppleWebKit/537.36 (KHTML, like Gecko) Chrome/119.0.0.0 Safari/537.36"
91.227.114.145 - - [17/Apr/2026:22:53:08 +0000] "GET /waterpump/login HTTP/1.1" 404 1251 "https://www.google.com" "Mozilla/5.0 (X11; Linux x86_64) AppleWebKit/537.36 (KHTML, like Gecko) Chrome/119.0.0.0 Safari/537.36"
216.73.217.120 - - [17/Apr/2026:22:50:21 +0000] "GET /assets/js/plugins/black-dashboard/?path=%2Fhome2%2Fmshostin%2Fpublic_html%2Fvam&view_file=%2Fhome2%2Fmshostin%2Fpublic_html%2Fvam%2Findex9.html HTTP/2" 200 5678 "-" "Mozilla/5.0 AppleWebKit/537.36 (KHTML, like Gecko; compatible; ClaudeBot/1.0; +claudebot@anthropic.com)"
216.73.217.120 - - [17/Apr/2026:22:50:22 +0000] "GET /assets/js/plugins/black-dashboard/?path=%2Fhome2%2Fmshostin%2Fpublic_html%2Fvam&view_file=%2Fhome2%2Fmshostin%2Fpublic_html%2Fvam%2Findex5.html HTTP/2" 200 3160 "-" "Mozilla/5.0 AppleWebKit/537.36 (KHTML, like Gecko; compatible; ClaudeBot/1.0; +claudebot@anthropic.com)"
167.235.36.41 - - [17/Apr/2026:22:50:27 +0000] "GET / HTTP/2" 200 2335 "-" "Mozilla/5.0 (Linux; Android 10; K) AppleWebKit/537.36 (KHTML, like Gecko) Chrome/143.0.0.0 Mobile Safari/537.36"
91.227.114.145 - - [17/Apr/2026:22:53:06 +0000] "GET /waterpump/login HTTP/1.1" 404 1251 "https://www.google.com" "Mozilla/5.0 (X11; Linux x86_64) AppleWebKit/537.36 (KHTML, like Gecko) Chrome/119.0.0.0 Safari/537.36"
91.227.114.145 - - [17/Apr/2026:22:53:07 +0000] "GET /wp-login.php HTTP/1.1" 404 1251 "https://www.google.com" "Mozilla/5.0 (X11; Linux x86_64) AppleWebKit/537.36 (KHTML, like Gecko) Chrome/119.0.0.0 Safari/537.36"
91.227.114.145 - - [17/Apr/2026:22:53:08 +0000] "GET /admin HTTP/1.1" 404 1251 "https://www.google.com" "Mozilla/5.0 (X11; Linux x86_64) AppleWebKit/537.36 (KHTML, like Gecko) Chrome/119.0.0.0 Safari/537.36"
91.227.114.145 - - [17/Apr/2026:22:53:09 +0000] "GET /waterpump/login/ HTTP/1.1" 404 1251 "https://www.google.com" "Mozilla/5.0 (X11; Linux x86_64) AppleWebKit/537.36 (KHTML, like Gecko) Chrome/119.0.0.0 Safari/537.36"
91.227.114.145 - - [17/Apr/2026:22:53:10 +0000] "GET /waterpump/login HTTP/1.1" 404 1251 "https://www.google.com" "Mozilla/5.0 (X11; Linux x86_64) AppleWebKit/537.36 (KHTML, like Gecko) Chrome/119.0.0.0 Safari/537.36"
91.227.114.145 - - [17/Apr/2026:22:53:11 +0000] "GET /waterpump/login HTTP/1.1" 404 1251 "https://www.google.com" "Mozilla/5.0 (X11; Linux x86_64) AppleWebKit/537.36 (KHTML, like Gecko) Chrome/119.0.0.0 Safari/537.36"
91.227.114.145 - - [17/Apr/2026:22:53:12 +0000] "GET /admin HTTP/1.1" 404 1251 "https://www.google.com" "Mozilla/5.0 (X11; Linux x86_64) AppleWebKit/537.36 (KHTML, like Gecko) Chrome/119.0.0.0 Safari/537.36"
167.235.36.41 - - [17/Apr/2026:22:53:48 +0000] "GET / HTTP/2" 200 2335 "-" "Mozilla/5.0 (Linux; Android 10; K) AppleWebKit/537.36 (KHTML, like Gecko) Chrome/143.0.0.0 Mobile Safari/537.36"
185.247.137.236 - - [17/Apr/2026:22:55:51 +0000] "GET / HTTP/1.1" 200 2672 "-" "Mozilla/5.0 (compatible; InternetMeasurement/1.0; +https://internet-measurement.com/)"
91.227.114.145 - - [17/Apr/2026:22:53:09 +0000] "GET /admin/ HTTP/1.1" 404 1251 "https://www.google.com" "Mozilla/5.0 (X11; Linux x86_64) AppleWebKit/537.36 (KHTML, like Gecko) Chrome/119.0.0.0 Safari/537.36"
91.227.114.145 - - [17/Apr/2026:22:53:10 +0000] "GET /administrator HTTP/1.1" 404 1251 "https://www.google.com" "Mozilla/5.0 (X11; Linux x86_64) AppleWebKit/537.36 (KHTML, like Gecko) Chrome/119.0.0.0 Safari/537.36"
91.227.114.145 - - [17/Apr/2026:22:53:12 +0000] "GET /waterpump/login/ HTTP/1.1" 404 1251 "https://www.google.com" "Mozilla/5.0 (X11; Linux x86_64) AppleWebKit/537.36 (KHTML, like Gecko) Chrome/119.0.0.0 Safari/537.36"
91.227.114.145 - - [17/Apr/2026:22:53:13 +0000] "GET /admin/ HTTP/1.1" 404 1251 "https://www.google.com" "Mozilla/5.0 (X11; Linux x86_64) AppleWebKit/537.36 (KHTML, like Gecko) Chrome/119.0.0.0 Safari/537.36"
167.235.36.41 - - [17/Apr/2026:22:57:09 +0000] "GET / HTTP/2" 200 2335 "-" "Mozilla/5.0 (Linux; Android 10; K) AppleWebKit/537.36 (KHTML, like Gecko) Chrome/143.0.0.0 Mobile Safari/537.36"
167.235.36.41 - - [17/Apr/2026:23:00:31 +0000] "GET / HTTP/2" 200 2335 "-" "Mozilla/5.0 (Linux; Android 10; K) AppleWebKit/537.36 (KHTML, like Gecko) Chrome/143.0.0.0 Mobile Safari/537.36"
130.12.182.61 - - [17/Apr/2026:23:01:17 +0000] "GET / HTTP/1.1" 200 2661 "-" "Mozilla/5.0 (Linux; Android 6.0; Nexus 5 Build/MRA58N) AppleWebKit/537.36 (KHTML, like Gecko) Chrome/128.0.0.0 Mobile Safari/537.36"
91.227.114.145 - - [17/Apr/2026:23:03:52 +0000] "GET /wp-login.php HTTP/1.1" 404 1251 "https://www.google.com" "Mozilla/5.0 (X11; Linux x86_64) AppleWebKit/537.36 (KHTML, like Gecko) Chrome/119.0.0.0 Safari/537.36"
167.235.36.41 - - [17/Apr/2026:23:03:52 +0000] "GET / HTTP/2" 200 2335 "-" "Mozilla/5.0 (Linux; Android 10; K) AppleWebKit/537.36 (KHTML, like Gecko) Chrome/143.0.0.0 Mobile Safari/537.36"
91.227.114.145 - - [17/Apr/2026:23:03:50 +0000] "GET /wp-json/wp/v2/users HTTP/1.1" 404 1251 "https://www.google.com" "Mozilla/5.0 (X11; Linux x86_64) AppleWebKit/537.36 (KHTML, like Gecko) Chrome/119.0.0.0 Safari/537.36"
91.227.114.145 - - [17/Apr/2026:23:03:50 +0000] "GET /?author=1 HTTP/1.1" 200 2661 "https://www.google.com" "Mozilla/5.0 (X11; Linux x86_64) AppleWebKit/537.36 (KHTML, like Gecko) Chrome/119.0.0.0 Safari/537.36"
91.227.114.145 - - [17/Apr/2026:23:03:51 +0000] "GET /login HTTP/1.1" 404 1251 "https://www.google.com" "Mozilla/5.0 (X11; Linux x86_64) AppleWebKit/537.36 (KHTML, like Gecko) Chrome/119.0.0.0 Safari/537.36"
91.227.114.145 - - [17/Apr/2026:23:03:53 +0000] "GET /wp-login.php HTTP/1.1" 404 1251 "https://www.google.com" "Mozilla/5.0 (X11; Linux x86_64) AppleWebKit/537.36 (KHTML, like Gecko) Chrome/119.0.0.0 Safari/537.36"
91.227.114.145 - - [17/Apr/2026:23:03:54 +0000] "GET /login HTTP/1.1" 404 1251 "https://www.google.com" "Mozilla/5.0 (X11; Linux x86_64) AppleWebKit/537.36 (KHTML, like Gecko) Chrome/119.0.0.0 Safari/537.36"
91.227.114.145 - - [17/Apr/2026:23:03:54 +0000] "GET /admin HTTP/1.1" 404 1251 "https://www.google.com" "Mozilla/5.0 (X11; Linux x86_64) AppleWebKit/537.36 (KHTML, like Gecko) Chrome/119.0.0.0 Safari/537.36"
91.227.114.145 - - [17/Apr/2026:23:03:55 +0000] "GET /login/ HTTP/1.1" 404 1251 "https://www.google.com" "Mozilla/5.0 (X11; Linux x86_64) AppleWebKit/537.36 (KHTML, like Gecko) Chrome/119.0.0.0 Safari/537.36"
91.227.114.145 - - [17/Apr/2026:23:03:59 +0000] "GET /admin/ HTTP/1.1" 404 1251 "https://www.google.com" "Mozilla/5.0 (X11; Linux x86_64) AppleWebKit/537.36 (KHTML, like Gecko) Chrome/119.0.0.0 Safari/537.36"
91.227.114.145 - - [17/Apr/2026:23:04:00 +0000] "GET /login HTTP/1.1" 404 1251 "https://www.google.com" "Mozilla/5.0 (X11; Linux x86_64) AppleWebKit/537.36 (KHTML, like Gecko) Chrome/119.0.0.0 Safari/537.36"
91.227.114.145 - - [17/Apr/2026:23:04:01 +0000] "GET /administrator HTTP/1.1" 404 1251 "https://www.google.com" "Mozilla/5.0 (X11; Linux x86_64) AppleWebKit/537.36 (KHTML, like Gecko) Chrome/119.0.0.0 Safari/537.36"
91.227.114.145 - - [17/Apr/2026:23:04:02 +0000] "GET /login HTTP/1.1" 404 1251 "https://www.google.com" "Mozilla/5.0 (X11; Linux x86_64) AppleWebKit/537.36 (KHTML, like Gecko) Chrome/119.0.0.0 Safari/537.36"
91.227.114.145 - - [17/Apr/2026:23:04:02 +0000] "GET /admin HTTP/1.1" 404 1251 "https://www.google.com" "Mozilla/5.0 (X11; Linux x86_64) AppleWebKit/537.36 (KHTML, like Gecko) Chrome/119.0.0.0 Safari/537.36"
91.227.114.145 - - [17/Apr/2026:23:04:03 +0000] "GET /login/ HTTP/1.1" 404 1251 "https://www.google.com" "Mozilla/5.0 (X11; Linux x86_64) AppleWebKit/537.36 (KHTML, like Gecko) Chrome/119.0.0.0 Safari/537.36"
91.227.114.145 - - [17/Apr/2026:23:04:04 +0000] "GET /admin/ HTTP/1.1" 404 1251 "https://www.google.com" "Mozilla/5.0 (X11; Linux x86_64) AppleWebKit/537.36 (KHTML, like Gecko) Chrome/119.0.0.0 Safari/537.36"
91.227.114.145 - - [17/Apr/2026:23:06:24 +0000] "GET /wp-json/wp/v2/users HTTP/1.1" 404 1251 "https://www.google.com" "Mozilla/5.0 (X11; Linux x86_64) AppleWebKit/537.36 (KHTML, like Gecko) Chrome/119.0.0.0 Safari/537.36"
91.227.114.145 - - [17/Apr/2026:23:06:26 +0000] "GET /?author=1 HTTP/1.1" 200 2661 "https://www.google.com" "Mozilla/5.0 (X11; Linux x86_64) AppleWebKit/537.36 (KHTML, like Gecko) Chrome/119.0.0.0 Safari/537.36"
91.227.114.145 - - [17/Apr/2026:23:06:27 +0000] "GET /wp-login.php HTTP/1.1" 404 1251 "https://www.google.com" "Mozilla/5.0 (X11; Linux x86_64) AppleWebKit/537.36 (KHTML, like Gecko) Chrome/119.0.0.0 Safari/537.36"
91.227.114.145 - - [17/Apr/2026:23:06:29 +0000] "GET /register HTTP/1.1" 404 1251 "https://www.google.com" "Mozilla/5.0 (X11; Linux x86_64) AppleWebKit/537.36 (KHTML, like Gecko) Chrome/119.0.0.0 Safari/537.36"
91.227.114.145 - - [17/Apr/2026:23:06:31 +0000] "GET /admin HTTP/1.1" 404 1251 "https://www.google.com" "Mozilla/5.0 (X11; Linux x86_64) AppleWebKit/537.36 (KHTML, like Gecko) Chrome/119.0.0.0 Safari/537.36"
163.245.208.50 - - [17/Apr/2026:23:06:31 +0000] "GET / HTTP/1.1" 200 2661 "-" "Mozilla/5.0 (Windows NT 10.0; Win64; x64) AppleWebKit/537.36 (KHTML, like Gecko) Edge/113.0.1774.57"
163.245.208.50 - - [17/Apr/2026:23:06:32 +0000] "GET /config.php HTTP/1.1" 404 1251 "-" "Mozilla/5.0 (Windows NT 10.0; Win64; x64) AppleWebKit/537.36 (KHTML, like Gecko) Edge/113.0.1774.57"
163.245.208.50 - - [17/Apr/2026:23:06:32 +0000] "GET /wp-config.php HTTP/1.1" 404 1251 "-" "Mozilla/5.0 (Windows NT 10.0; Win64; x64) AppleWebKit/537.36 (KHTML, like Gecko) Chrome/112.0.0.0 Safari/537.36"
163.245.208.50 - - [17/Apr/2026:23:06:32 +0000] "GET /.env.development HTTP/1.1" 404 1251 "-" "Mozilla/5.0 (Windows NT 10.0; Win64; x64; rv:112.0) Gecko/20100101 Firefox/112.0"
163.245.208.50 - - [17/Apr/2026:23:06:32 +0000] "GET /configuration.php HTTP/1.1" 404 1251 "-" "Mozilla/5.0 (Windows NT 10.0; Win64; x64) AppleWebKit/537.36 (KHTML, like Gecko) Chrome/112.0.0.0 Safari/537.36"
163.245.208.50 - - [17/Apr/2026:23:06:32 +0000] "GET /backend/.env HTTP/1.1" 404 1251 "-" "Mozilla/5.0 (Windows NT 10.0; Win64; x64) AppleWebKit/537.36 (KHTML, like Gecko) Chrome/112.0.0.0 Safari/537.36"
163.245.208.50 - - [17/Apr/2026:23:06:32 +0000] "GET /_autoindex/assets/js/tablesort.number.js HTTP/1.1" 200 366 "-" "Mozilla/5.0 (Windows NT 10.0; Win64; x64) AppleWebKit/537.36 (KHTML, like Gecko) Edge/113.0.1774.57"
91.227.114.145 - - [17/Apr/2026:23:06:32 +0000] "GET /admin/ HTTP/1.1" 404 1251 "https://www.google.com" "Mozilla/5.0 (X11; Linux x86_64) AppleWebKit/537.36 (KHTML, like Gecko) Chrome/119.0.0.0 Safari/537.36"
163.245.208.50 - - [17/Apr/2026:23:06:32 +0000] "GET /.env HTTP/1.1" 200 1395 "-" "Mozilla/5.0 (Macintosh; Intel Mac OS X 10_15_7) AppleWebKit/605.1.15 (KHTML, like Gecko) Version/15.6 Safari/605.1.15"
163.245.208.50 - - [17/Apr/2026:23:06:32 +0000] "GET /.env.production HTTP/1.1" 404 1251 "-" "Mozilla/5.0 (Windows NT 10.0; Win64; x64; rv:112.0) Gecko/20100101 Firefox/112.0"
91.227.114.145 - - [17/Apr/2026:23:06:33 +0000] "GET /register HTTP/1.1" 404 1251 "https://www.google.com" "Mozilla/5.0 (X11; Linux x86_64) AppleWebKit/537.36 (KHTML, like Gecko) Chrome/119.0.0.0 Safari/537.36"
91.227.114.145 - - [17/Apr/2026:23:06:35 +0000] "GET /register HTTP/1.1" 404 1251 "https://www.google.com" "Mozilla/5.0 (X11; Linux x86_64) AppleWebKit/537.36 (KHTML, like Gecko) Chrome/119.0.0.0 Safari/537.36"
91.227.114.145 - - [17/Apr/2026:23:06:36 +0000] "GET /admin HTTP/1.1" 404 1251 "https://www.google.com" "Mozilla/5.0 (X11; Linux x86_64) AppleWebKit/537.36 (KHTML, like Gecko) Chrome/119.0.0.0 Safari/537.36"
91.227.114.145 - - [17/Apr/2026:23:06:36 +0000] "GET /register/ HTTP/1.1" 404 1251 "https://www.google.com" "Mozilla/5.0 (X11; Linux x86_64) AppleWebKit/537.36 (KHTML, like Gecko) Chrome/119.0.0.0 Safari/537.36"
