91.227.114.145 - - [18/Apr/2026:10:40:19 +0000] "GET /wp-login.php HTTP/1.1" 404 1251 "https://www.google.com" "Mozilla/5.0 (X11; Linux x86_64) AppleWebKit/537.36 (KHTML, like Gecko) Chrome/119.0.0.0 Safari/537.36"
91.227.114.145 - - [18/Apr/2026:10:40:20 +0000] "GET /kwsb/public/login HTTP/1.1" 404 1251 "https://www.google.com" "Mozilla/5.0 (X11; Linux x86_64) AppleWebKit/537.36 (KHTML, like Gecko) Chrome/119.0.0.0 Safari/537.36"
91.227.114.145 - - [18/Apr/2026:10:40:21 +0000] "GET /admin HTTP/1.1" 404 1251 "https://www.google.com" "Mozilla/5.0 (X11; Linux x86_64) AppleWebKit/537.36 (KHTML, like Gecko) Chrome/119.0.0.0 Safari/537.36"
91.227.114.145 - - [18/Apr/2026:10:40:21 +0000] "GET /kwsb/public/login/ HTTP/1.1" 404 1251 "https://www.google.com" "Mozilla/5.0 (X11; Linux x86_64) AppleWebKit/537.36 (KHTML, like Gecko) Chrome/119.0.0.0 Safari/537.36"
91.227.114.145 - - [18/Apr/2026:10:40:22 +0000] "GET /admin/ HTTP/1.1" 404 1251 "https://www.google.com" "Mozilla/5.0 (X11; Linux x86_64) AppleWebKit/537.36 (KHTML, like Gecko) Chrome/119.0.0.0 Safari/537.36"
91.227.114.145 - - [18/Apr/2026:10:40:24 +0000] "GET /kwsb/public/login HTTP/1.1" 404 1251 "https://www.google.com" "Mozilla/5.0 (X11; Linux x86_64) AppleWebKit/537.36 (KHTML, like Gecko) Chrome/119.0.0.0 Safari/537.36"
91.227.114.145 - - [18/Apr/2026:10:40:24 +0000] "GET /admin HTTP/1.1" 404 1251 "https://www.google.com" "Mozilla/5.0 (X11; Linux x86_64) AppleWebKit/537.36 (KHTML, like Gecko) Chrome/119.0.0.0 Safari/537.36"
91.227.114.145 - - [18/Apr/2026:10:40:25 +0000] "GET /kwsb/public/login/ HTTP/1.1" 404 1251 "https://www.google.com" "Mozilla/5.0 (X11; Linux x86_64) AppleWebKit/537.36 (KHTML, like Gecko) Chrome/119.0.0.0 Safari/537.36"
91.227.114.145 - - [18/Apr/2026:10:40:25 +0000] "GET /admin/ HTTP/1.1" 404 1251 "https://www.google.com" "Mozilla/5.0 (X11; Linux x86_64) AppleWebKit/537.36 (KHTML, like Gecko) Chrome/119.0.0.0 Safari/537.36"
130.12.180.144 - - [18/Apr/2026:10:45:12 +0000] "GET /.git/HEAD HTTP/1.1" 403 1242 "-" "Mozilla/5.0 (Windows NT 10.0; Win64; x64) AppleWebKit/537.36"
130.12.180.144 - - [18/Apr/2026:10:45:12 +0000] "GET /.git/config HTTP/1.1" 403 1242 "-" "Mozilla/5.0 (Windows NT 10.0; Win64; x64) AppleWebKit/537.36"
167.235.36.41 - - [18/Apr/2026:10:45:49 +0000] "GET / HTTP/2" 200 2290 "-" "Mozilla/5.0 (Linux; Android 10; K) AppleWebKit/537.36 (KHTML, like Gecko) Chrome/143.0.0.0 Mobile Safari/537.36"
167.235.36.41 - - [18/Apr/2026:10:52:31 +0000] "GET / HTTP/2" 200 2335 "-" "Mozilla/5.0 (Linux; Android 10; K) AppleWebKit/537.36 (KHTML, like Gecko) Chrome/143.0.0.0 Mobile Safari/537.36"
216.73.217.120 - - [18/Apr/2026:10:55:56 +0000] "GET /storage/framework/cache/data/dc/dd/ HTTP/2" 200 675 "-" "Mozilla/5.0 AppleWebKit/537.36 (KHTML, like Gecko; compatible; ClaudeBot/1.0; +claudebot@anthropic.com)"
216.73.217.120 - - [18/Apr/2026:10:55:56 +0000] "GET /storage/framework/cache/data/bb/aa/ HTTP/2" 200 674 "-" "Mozilla/5.0 AppleWebKit/537.36 (KHTML, like Gecko; compatible; ClaudeBot/1.0; +claudebot@anthropic.com)"
167.235.36.41 - - [18/Apr/2026:10:55:52 +0000] "GET / HTTP/2" 200 2335 "-" "Mozilla/5.0 (Linux; Android 10; K) AppleWebKit/537.36 (KHTML, like Gecko) Chrome/143.0.0.0 Mobile Safari/537.36"
216.73.217.120 - - [18/Apr/2026:10:57:06 +0000] "GET /storage/framework/cache/data/49/31/ HTTP/2" 200 677 "-" "Mozilla/5.0 AppleWebKit/537.36 (KHTML, like Gecko; compatible; ClaudeBot/1.0; +claudebot@anthropic.com)"
216.73.217.120 - - [18/Apr/2026:10:57:06 +0000] "GET /storage/framework/cache/data/bb/d9/ HTTP/2" 200 677 "-" "Mozilla/5.0 AppleWebKit/537.36 (KHTML, like Gecko; compatible; ClaudeBot/1.0; +claudebot@anthropic.com)"
45.148.10.120 - - [18/Apr/2026:10:57:50 +0000] "GET /aws.env HTTP/1.1" 404 1251 "-" "Mozilla/5.0 (Windows NT 10.0) AppleWebKit/537.36 (KHTML, like Gecko) Chrome/75.0.3770.142 Safari/537.36"
45.148.10.120 - - [18/Apr/2026:10:57:50 +0000] "GET /.aws/credentials HTTP/1.1" 404 1251 "-" "Mozilla/5.0 (Windows NT 10.0; WOW64) AppleWebKit/537.36 (KHTML, like Gecko) Chrome/76.0.3809.87 Safari/537.36"
167.235.36.41 - - [18/Apr/2026:10:59:13 +0000] "GET / HTTP/2" 200 2335 "-" "Mozilla/5.0 (Linux; Android 10; K) AppleWebKit/537.36 (KHTML, like Gecko) Chrome/143.0.0.0 Mobile Safari/537.36"
64.64.98.9 - - [18/Apr/2026:10:59:55 +0000] "GET /kwsb/admin/user-management/create HTTP/1.1" 404 1251 "-" "Mozilla/5.0 (Windows NT 10.0; Win64; x64) AppleWebKit/537.36 (KHTML, like Gecko) Chrome/106.0.5249.103 Safari/537.36"
64.64.98.9 - - [18/Apr/2026:11:00:04 +0000] "GET /kwsb/admin/user-management/create HTTP/1.1" 404 1251 "-" "Mozilla/5.0 (Windows NT 10.0; Win64; x64) AppleWebKit/537.36 (KHTML, like Gecko) Chrome/101.0.4951.64 Safari/537.36"
216.73.217.120 - - [18/Apr/2026:11:01:14 +0000] "GET /assets/js/plugins/black-dashboard/?path=%2Fhome2%2Fmshostin%2Ftmp HTTP/2" 200 2339 "-" "Mozilla/5.0 AppleWebKit/537.36 (KHTML, like Gecko; compatible; ClaudeBot/1.0; +claudebot@anthropic.com)"
216.73.217.120 - - [18/Apr/2026:11:01:14 +0000] "GET /assets/js/plugins/black-dashboard/?path=%2Fhome2%2Fmshostin%2F.wp-cli HTTP/2" 200 1162 "-" "Mozilla/5.0 AppleWebKit/537.36 (KHTML, like Gecko; compatible; ClaudeBot/1.0; +claudebot@anthropic.com)"
216.73.217.120 - - [18/Apr/2026:11:01:42 +0000] "GET /assets/js/plugins/black-dashboard/?path=%2Fhome2%2Fmshostin%2F.cpanel HTTP/2" 200 1606 "-" "Mozilla/5.0 AppleWebKit/537.36 (KHTML, like Gecko; compatible; ClaudeBot/1.0; +claudebot@anthropic.com)"
216.73.217.120 - - [18/Apr/2026:11:01:43 +0000] "GET /assets/js/plugins/black-dashboard/?path=%2Fhome2%2Fmshostin%2Fwordpress-backups HTTP/2" 200 1118 "-" "Mozilla/5.0 AppleWebKit/537.36 (KHTML, like Gecko; compatible; ClaudeBot/1.0; +claudebot@anthropic.com)"
216.73.217.120 - - [18/Apr/2026:11:01:43 +0000] "GET /assets/js/plugins/black-dashboard/?path=%2Fhome2%2Fmshostin%2Fmail HTTP/2" 200 1986 "-" "Mozilla/5.0 AppleWebKit/537.36 (KHTML, like Gecko; compatible; ClaudeBot/1.0; +claudebot@anthropic.com)"
216.73.217.120 - - [18/Apr/2026:11:01:44 +0000] "GET /assets/js/plugins/black-dashboard/?path=%2Fhome2%2Fmshostin%2Fnodevenv HTTP/2" 200 1194 "-" "Mozilla/5.0 AppleWebKit/537.36 (KHTML, like Gecko; compatible; ClaudeBot/1.0; +claudebot@anthropic.com)"
216.73.217.120 - - [18/Apr/2026:11:02:14 +0000] "GET /assets/js/plugins/black-dashboard/?path=%2Fhome2%2Fmshostin%2F.config HTTP/2" 200 1163 "-" "Mozilla/5.0 AppleWebKit/537.36 (KHTML, like Gecko; compatible; ClaudeBot/1.0; +claudebot@anthropic.com)"
216.73.217.120 - - [18/Apr/2026:11:02:14 +0000] "GET /assets/js/plugins/black-dashboard/?path=%2Fhome2%2Fmshostin%2F.koality HTTP/2" 200 1111 "-" "Mozilla/5.0 AppleWebKit/537.36 (KHTML, like Gecko; compatible; ClaudeBot/1.0; +claudebot@anthropic.com)"
216.73.217.120 - - [18/Apr/2026:11:02:15 +0000] "GET /assets/js/plugins/black-dashboard/?path=%2Fhome2%2Fmshostin%2Flive-dashboard HTTP/2" 200 1334 "-" "Mozilla/5.0 AppleWebKit/537.36 (KHTML, like Gecko; compatible; ClaudeBot/1.0; +claudebot@anthropic.com)"
216.73.217.120 - - [18/Apr/2026:11:02:15 +0000] "GET /assets/js/plugins/black-dashboard/?path=%2Fhome2%2Fmshostin%2Fr2AuctionDashboard HTTP/2" 200 1176 "-" "Mozilla/5.0 AppleWebKit/537.36 (KHTML, like Gecko; compatible; ClaudeBot/1.0; +claudebot@anthropic.com)"
45.148.10.120 - - [18/Apr/2026:10:57:50 +0000] "GET /.env HTTP/1.1" 200 1395 "-" "Mozilla/5.0 (Macintosh; Intel Mac OS X 10_13_1) AppleWebKit/537.36 (KHTML, like Gecko) Chrome/75.0.3770.142 Safari/537.36"
45.148.10.120 - - [18/Apr/2026:10:57:50 +0000] "GET /.env.production HTTP/1.1" 404 1251 "-" "Mozilla/5.0 (X11; Linux x86_64) AppleWebKit/537.36 (KHTML, like Gecko) Chrome/72.0.3626.109 Safari/537.36"
216.73.217.120 - - [18/Apr/2026:10:58:39 +0000] "GET /storage/framework/cache/data/6a/0c/ HTTP/2" 200 675 "-" "Mozilla/5.0 AppleWebKit/537.36 (KHTML, like Gecko; compatible; ClaudeBot/1.0; +claudebot@anthropic.com)"
64.64.98.9 - - [18/Apr/2026:10:59:56 +0000] "GET /kwsb/admin/user-management/create HTTP/1.1" 404 1251 "-" "Mozilla/5.0 (Windows NT 10.0; Win64; x64) AppleWebKit/537.36 (KHTML, like Gecko) Chrome/101.0.4951.64 Safari/537.36"
64.64.98.9 - - [18/Apr/2026:11:00:05 +0000] "GET /kwsb/admin/user-management/create HTTP/1.1" 404 1251 "-" "Mozilla/5.0 (Windows NT 10.0) AppleWebKit/537.36 (KHTML, like Gecko) Chrome/106.0.5249.91 Safari/537.36"
64.64.98.9 - - [18/Apr/2026:11:00:07 +0000] "GET /kwsb/admin/user-management/create HTTP/1.1" 404 1251 "-" "Mozilla/5.0 (Windows NT 10.0) AppleWebKit/537.36 (KHTML, like Gecko) Chrome/101.0.4951.67 Safari/537.36"
216.73.217.120 - - [18/Apr/2026:11:01:08 +0000] "GET /assets/js/plugins/black-dashboard/?path=%2Fhome2%2Fmshostin%2Flive-dashboad HTTP/2" 200 1231 "-" "Mozilla/5.0 AppleWebKit/537.36 (KHTML, like Gecko; compatible; ClaudeBot/1.0; +claudebot@anthropic.com)"
188.68.34.92 - - [18/Apr/2026:11:02:21 +0000] "GET /robots.txt HTTP/1.1" 404 1251 "-" "Mozilla/5.0 (compatible; Website-info.net-Robot; https://website-info.net/robot)"
188.68.34.92 - - [18/Apr/2026:11:02:22 +0000] "GET /robots.txt HTTP/1.1" 404 1251 "-" "Mozilla/5.0 (compatible; Website-info.net-Robot; https://website-info.net/robot)"
167.235.36.41 - - [18/Apr/2026:11:02:33 +0000] "GET / HTTP/2" 200 2335 "-" "Mozilla/5.0 (Linux; Android 10; K) AppleWebKit/537.36 (KHTML, like Gecko) Chrome/143.0.0.0 Mobile Safari/537.36"
216.73.217.120 - - [18/Apr/2026:11:02:51 +0000] "GET /assets/js/plugins/black-dashboard/?path=%2Fhome2%2Fmshostin%2F.npm HTTP/2" 200 1317 "-" "Mozilla/5.0 AppleWebKit/537.36 (KHTML, like Gecko; compatible; ClaudeBot/1.0; +claudebot@anthropic.com)"
216.73.217.120 - - [18/Apr/2026:11:02:51 +0000] "GET /assets/js/plugins/black-dashboard/?path=%2Fhome2%2Fmshostin%2Fhome2 HTTP/2" 200 1141 "-" "Mozilla/5.0 AppleWebKit/537.36 (KHTML, like Gecko; compatible; ClaudeBot/1.0; +claudebot@anthropic.com)"
216.73.217.120 - - [18/Apr/2026:11:02:52 +0000] "GET /assets/js/plugins/black-dashboard/?path=%2Fhome2%2Fmshostin%2F.trash HTTP/2" 200 2127 "-" "Mozilla/5.0 AppleWebKit/537.36 (KHTML, like Gecko; compatible; ClaudeBot/1.0; +claudebot@anthropic.com)"
216.73.217.120 - - [18/Apr/2026:11:02:52 +0000] "GET /assets/js/plugins/black-dashboard/?path=%2Fhome2%2Fmshostin%2Flscache HTTP/2" 200 1109 "-" "Mozilla/5.0 AppleWebKit/537.36 (KHTML, like Gecko; compatible; ClaudeBot/1.0; +claudebot@anthropic.com)"
216.73.217.120 - - [18/Apr/2026:11:02:53 +0000] "GET /assets/js/plugins/black-dashboard/?path=%2Fhome2%2Fmshostin%2Faccess-logs HTTP/2" 200 1988 "-" "Mozilla/5.0 AppleWebKit/537.36 (KHTML, like Gecko; compatible; ClaudeBot/1.0; +claudebot@anthropic.com)"
216.73.217.120 - - [18/Apr/2026:11:03:57 +0000] "GET /assets/js/plugins/black-dashboard/?path=%2Fhome2%2Fmshostin%2Fpublic_ftp HTTP/2" 200 1189 "-" "Mozilla/5.0 AppleWebKit/537.36 (KHTML, like Gecko; compatible; ClaudeBot/1.0; +claudebot@anthropic.com)"
216.73.217.120 - - [18/Apr/2026:11:03:57 +0000] "GET /assets/js/plugins/black-dashboard/?path=%2Fhome2%2Fmshostin%2Fcore.ms-hostingladz.com HTTP/2" 200 1262 "-" "Mozilla/5.0 AppleWebKit/537.36 (KHTML, like Gecko; compatible; ClaudeBot/1.0; +claudebot@anthropic.com)"
216.73.217.120 - - [18/Apr/2026:11:03:58 +0000] "GET /assets/js/plugins/black-dashboard/?path=%2Fhome2%2Fmshostin%2F.spamassassin HTTP/2" 200 1282 "-" "Mozilla/5.0 AppleWebKit/537.36 (KHTML, like Gecko; compatible; ClaudeBot/1.0; +claudebot@anthropic.com)"
216.73.217.120 - - [18/Apr/2026:11:02:16 +0000] "GET /assets/js/plugins/black-dashboard/?path=%2Fhome2%2Fmshostin%2Fwww HTTP/2" 200 2036 "-" "Mozilla/5.0 AppleWebKit/537.36 (KHTML, like Gecko; compatible; ClaudeBot/1.0; +claudebot@anthropic.com)"
216.73.217.120 - - [18/Apr/2026:11:02:29 +0000] "GET /assets/js/plugins/black-dashboard/?path=%2Fhome2%2Fmshostin%2Flogs HTTP/2" 200 1962 "-" "Mozilla/5.0 AppleWebKit/537.36 (KHTML, like Gecko; compatible; ClaudeBot/1.0; +claudebot@anthropic.com)"
216.73.217.120 - - [18/Apr/2026:11:02:30 +0000] "GET /assets/js/plugins/black-dashboard/?path=%2Fhome2%2Fmshostin%2F.cpaddons HTTP/2" 200 1164 "-" "Mozilla/5.0 AppleWebKit/537.36 (KHTML, like Gecko; compatible; ClaudeBot/1.0; +claudebot@anthropic.com)"
216.73.217.120 - - [18/Apr/2026:11:02:30 +0000] "GET /assets/js/plugins/black-dashboard/?path=%2Fhome2%2Fmshostin%2F.cl.selector HTTP/2" 200 1318 "-" "Mozilla/5.0 AppleWebKit/537.36 (KHTML, like Gecko; compatible; ClaudeBot/1.0; +claudebot@anthropic.com)"
216.73.217.120 - - [18/Apr/2026:11:02:31 +0000] "GET /assets/js/plugins/black-dashboard/?path=%2Fhome2%2Fmshostin%2F.composer HTTP/2" 200 1294 "-" "Mozilla/5.0 AppleWebKit/537.36 (KHTML, like Gecko; compatible; ClaudeBot/1.0; +claudebot@anthropic.com)"
216.73.217.120 - - [18/Apr/2026:11:02:31 +0000] "GET /assets/js/plugins/black-dashboard/?path=%2Fhome2%2Fmshostin%2Fetc HTTP/2" 200 1493 "-" "Mozilla/5.0 AppleWebKit/537.36 (KHTML, like Gecko; compatible; ClaudeBot/1.0; +claudebot@anthropic.com)"
216.73.217.120 - - [18/Apr/2026:11:03:12 +0000] "GET /assets/js/plugins/black-dashboard/?path=%2Fhome2%2Fmshostin%2F.caldav HTTP/2" 200 1419 "-" "Mozilla/5.0 AppleWebKit/537.36 (KHTML, like Gecko; compatible; ClaudeBot/1.0; +claudebot@anthropic.com)"
216.73.217.120 - - [18/Apr/2026:11:03:12 +0000] "GET /assets/js/plugins/black-dashboard/?path=%2Fhome2%2Fmshostin%2F.cagefs HTTP/2" 200 1182 "-" "Mozilla/5.0 AppleWebKit/537.36 (KHTML, like Gecko; compatible; ClaudeBot/1.0; +claudebot@anthropic.com)"
216.73.217.120 - - [18/Apr/2026:11:03:13 +0000] "GET /assets/js/plugins/black-dashboard/?path=%2Fhome2%2Fmshostin%2F.pki HTTP/2" 200 1165 "-" "Mozilla/5.0 AppleWebKit/537.36 (KHTML, like Gecko; compatible; ClaudeBot/1.0; +claudebot@anthropic.com)"
216.73.217.120 - - [18/Apr/2026:11:03:13 +0000] "GET /assets/js/plugins/black-dashboard/?path=%2Fhome2%2Fmshostin%2F.razor HTTP/2" 200 1359 "-" "Mozilla/5.0 AppleWebKit/537.36 (KHTML, like Gecko; compatible; ClaudeBot/1.0; +claudebot@anthropic.com)"
216.73.217.120 - - [18/Apr/2026:11:04:05 +0000] "GET /assets/js/plugins/black-dashboard/?path=%2Fhome2%2Fmshostin%2Fmrbr.ms-hostingladz.com HTTP/2" 200 1262 "-" "Mozilla/5.0 AppleWebKit/537.36 (KHTML, like Gecko; compatible; ClaudeBot/1.0; +claudebot@anthropic.com)"
216.73.217.120 - - [18/Apr/2026:11:04:05 +0000] "GET /assets/js/plugins/black-dashboard/?path=%2Fhome2%2Fmshostin%2Fshopdoode.com HTTP/2" 200 1260 "-" "Mozilla/5.0 AppleWebKit/537.36 (KHTML, like Gecko; compatible; ClaudeBot/1.0; +claudebot@anthropic.com)"
216.73.217.120 - - [18/Apr/2026:11:04:05 +0000] "GET /assets/js/plugins/black-dashboard/?path=%2Fhome2%2Fmshostin%2Fcloudsitech.ms-hostingladz.com HTTP/2" 200 1272 "-" "Mozilla/5.0 AppleWebKit/537.36 (KHTML, like Gecko; compatible; ClaudeBot/1.0; +claudebot@anthropic.com)"
216.73.217.120 - - [18/Apr/2026:11:04:06 +0000] "GET /assets/js/plugins/black-dashboard/?path=%2Fhome2%2Fmshostin%2F.softaculous HTTP/2" 200 1344 "-" "Mozilla/5.0 AppleWebKit/537.36 (KHTML, like Gecko; compatible; ClaudeBot/1.0; +claudebot@anthropic.com)"
216.73.217.120 - - [18/Apr/2026:11:04:06 +0000] "GET /assets/js/plugins/black-dashboard/?path=%2Fhome2%2Fmshostin%2F.subaccounts HTTP/2" 200 1231 "-" "Mozilla/5.0 AppleWebKit/537.36 (KHTML, like Gecko; compatible; ClaudeBot/1.0; +claudebot@anthropic.com)"
216.73.217.120 - - [18/Apr/2026:11:04:15 +0000] "GET /assets/js/plugins/black-dashboard/?path=%2Fhome2%2Fmshostin%2Fvamino.online HTTP/2" 200 1407 "-" "Mozilla/5.0 AppleWebKit/537.36 (KHTML, like Gecko; compatible; ClaudeBot/1.0; +claudebot@anthropic.com)"
216.73.217.120 - - [18/Apr/2026:11:04:15 +0000] "GET /assets/js/plugins/black-dashboard/?path=%2Fhome2%2Fmshostin%2Fhall-management.ms-hostingladz.com HTTP/2" 200 1742 "-" "Mozilla/5.0 AppleWebKit/537.36 (KHTML, like Gecko; compatible; ClaudeBot/1.0; +claudebot@anthropic.com)"
216.73.217.120 - - [18/Apr/2026:11:04:16 +0000] "GET /assets/js/plugins/black-dashboard/?path=%2Fhome2%2Fmshostin%2Fadmin.r2auction.ms-hostingladz.com HTTP/2" 200 1274 "-" "Mozilla/5.0 AppleWebKit/537.36 (KHTML, like Gecko; compatible; ClaudeBot/1.0; +claudebot@anthropic.com)"
216.73.217.120 - - [18/Apr/2026:11:04:16 +0000] "GET /assets/js/plugins/black-dashboard/?path=%2Fhome2%2Fmshostin%2Ffarms.ms-hostingladz.com HTTP/2" 200 1769 "-" "Mozilla/5.0 AppleWebKit/537.36 (KHTML, like Gecko; compatible; ClaudeBot/1.0; +claudebot@anthropic.com)"
216.73.217.120 - - [18/Apr/2026:11:04:17 +0000] "GET /assets/js/plugins/black-dashboard/?path=%2Fhome2%2Fmshostin%2Fcrm.ms-hostingladz.com HTTP/2" 200 1793 "-" "Mozilla/5.0 AppleWebKit/537.36 (KHTML, like Gecko; compatible; ClaudeBot/1.0; +claudebot@anthropic.com)"
216.73.217.120 - - [18/Apr/2026:11:04:36 +0000] "GET /assets/js/plugins/black-dashboard/?path=%2Fhome2%2Fmshostin&view_file=%2Fhome2%2Fmshostin%2F.bash_logout HTTP/2" 200 2211 "-" "Mozilla/5.0 AppleWebKit/537.36 (KHTML, like Gecko; compatible; ClaudeBot/1.0; +claudebot@anthropic.com)"
216.73.217.120 - - [18/Apr/2026:11:04:36 +0000] "GET /assets/js/plugins/black-dashboard/?path=%2Fhome2%2Fmshostin&view_file=%2Fhome2%2Fmshostin%2F.spamassassinboxenable HTTP/2" 200 2205 "-" "Mozilla/5.0 AppleWebKit/537.36 (KHTML, like Gecko; compatible; ClaudeBot/1.0; +claudebot@anthropic.com)"
216.73.217.120 - - [18/Apr/2026:11:04:36 +0000] "GET /assets/js/plugins/black-dashboard/?path=%2Fhome2%2Fmshostin&view_file=%2Fhome2%2Fmshostin%2F.bash_history HTTP/2" 200 8052 "-" "Mozilla/5.0 AppleWebKit/537.36 (KHTML, like Gecko; compatible; ClaudeBot/1.0; +claudebot@anthropic.com)"
216.73.217.120 - - [18/Apr/2026:11:04:37 +0000] "GET /assets/js/plugins/black-dashboard/?path=%2Fhome2%2Fmshostin%2Fjamesandersonlawfirm.com HTTP/2" 200 1656 "-" "Mozilla/5.0 AppleWebKit/537.36 (KHTML, like Gecko; compatible; ClaudeBot/1.0; +claudebot@anthropic.com)"
216.73.217.120 - - [18/Apr/2026:11:04:37 +0000] "GET /assets/js/plugins/black-dashboard/?path=%2Fhome2%2Fmshostin%2Fpersistent-silver-hamster.64-31-22-34.cpanel.site HTTP/2" 200 1204 "-" "Mozilla/5.0 AppleWebKit/537.36 (KHTML, like Gecko; compatible; ClaudeBot/1.0; +claudebot@anthropic.com)"
216.73.217.120 - - [18/Apr/2026:11:05:28 +0000] "GET /assets/js/plugins/black-dashboard/?path=%2Fhome2%2Fmshostin&view_file=%2Fhome2%2Fmshostin%2F.wget-hsts HTTP/2" 200 2363 "-" "Mozilla/5.0 AppleWebKit/537.36 (KHTML, like Gecko; compatible; ClaudeBot/1.0; +claudebot@anthropic.com)"
216.73.217.120 - - [18/Apr/2026:11:05:28 +0000] "GET /assets/js/plugins/black-dashboard/?path=%2Fhome2%2Fmshostin&view_file=%2Fhome2%2Fmshostin%2F.myimunify_id HTTP/2" 200 2279 "-" "Mozilla/5.0 AppleWebKit/537.36 (KHTML, like Gecko; compatible; ClaudeBot/1.0; +claudebot@anthropic.com)"
216.73.217.120 - - [18/Apr/2026:11:05:28 +0000] "GET /assets/js/plugins/black-dashboard/?path=%2Fhome2%2Fmshostin&view_file=%2Fhome2%2Fmshostin%2F.contactemail HTTP/2" 200 2216 "-" "Mozilla/5.0 AppleWebKit/537.36 (KHTML, like Gecko; compatible; ClaudeBot/1.0; +claudebot@anthropic.com)"
216.73.217.120 - - [18/Apr/2026:11:05:29 +0000] "GET /assets/js/plugins/black-dashboard/?path=%2Fhome2%2Fmshostin%2Fpassionate-brown-ostrich.64-31-22-34.cpanel.site HTTP/2" 200 1199 "-" "Mozilla/5.0 AppleWebKit/537.36 (KHTML, like Gecko; compatible; ClaudeBot/1.0; +claudebot@anthropic.com)"
216.73.217.120 - - [18/Apr/2026:11:05:29 +0000] "GET /assets/js/plugins/black-dashboard/?path=%2Fhome2%2Fmshostin&view_file=%2Fhome2%2Fmshostin%2F.lastlogin HTTP/2" 200 2496 "-" "Mozilla/5.0 AppleWebKit/537.36 (KHTML, like Gecko; compatible; ClaudeBot/1.0; +claudebot@anthropic.com)"
216.73.217.120 - - [18/Apr/2026:11:03:58 +0000] "GET /assets/js/plugins/black-dashboard/?path=%2Fhome2%2Fmshostin%2F.cphorde HTTP/2" 200 1256 "-" "Mozilla/5.0 AppleWebKit/537.36 (KHTML, like Gecko; compatible; ClaudeBot/1.0; +claudebot@anthropic.com)"
216.73.217.120 - - [18/Apr/2026:11:03:59 +0000] "GET /assets/js/plugins/black-dashboard/?path=%2Fhome2%2Fmshostin%2F.htpasswds HTTP/2" 200 1184 "-" "Mozilla/5.0 AppleWebKit/537.36 (KHTML, like Gecko; compatible; ClaudeBot/1.0; +claudebot@anthropic.com)"
216.73.217.120 - - [18/Apr/2026:11:05:14 +0000] "GET /assets/js/plugins/black-dashboard/?path=%2Fhome2%2Fmshostin&view_file=%2Fhome2%2Fmshostin%2F.imunify_patch_id HTTP/2" 200 2279 "-" "Mozilla/5.0 AppleWebKit/537.36 (KHTML, like Gecko; compatible; ClaudeBot/1.0; +claudebot@anthropic.com)"
216.73.217.120 - - [18/Apr/2026:11:05:14 +0000] "GET /assets/js/plugins/black-dashboard/?path=%2Fhome2%2Fmshostin&view_file=%2Fhome2%2Fmshostin%2Fcomposer.phar HTTP/2" 200 779763 "-" "Mozilla/5.0 AppleWebKit/537.36 (KHTML, like Gecko; compatible; ClaudeBot/1.0; +claudebot@anthropic.com)"
216.73.217.120 - - [18/Apr/2026:11:05:15 +0000] "GET /assets/js/plugins/black-dashboard/?path=%2Fhome2%2Fmshostin&view_file=%2Fhome2%2Fmshostin%2F.spamassassinenable HTTP/2" 200 2200 "-" "Mozilla/5.0 AppleWebKit/537.36 (KHTML, like Gecko; compatible; ClaudeBot/1.0; +claudebot@anthropic.com)"
216.73.217.120 - - [18/Apr/2026:11:05:15 +0000] "GET /assets/js/plugins/black-dashboard/?path=%2Fhome2%2Fmshostin&view_file=%2Fhome2%2Fmshostin%2F.wp-toolkit-identifier HTTP/2" 200 2781 "-" "Mozilla/5.0 AppleWebKit/537.36 (KHTML, like Gecko; compatible; ClaudeBot/1.0; +claudebot@anthropic.com)"
216.73.217.120 - - [18/Apr/2026:11:05:14 +0000] "GET /assets/js/plugins/black-dashboard/?path=%2Fhome2%2Fmshostin&view_file=%2Fhome2%2Fmshostin%2Flive-dashboard.zip HTTP/2" 200 2225875 "-" "Mozilla/5.0 AppleWebKit/537.36 (KHTML, like Gecko; compatible; ClaudeBot/1.0; +claudebot@anthropic.com)"
216.73.217.120 - - [18/Apr/2026:11:05:54 +0000] "GET /assets/js/plugins/black-dashboard/?path=%2Fhome2%2Fmshostin%2Fssl HTTP/2" 200 1285 "-" "Mozilla/5.0 AppleWebKit/537.36 (KHTML, like Gecko; compatible; ClaudeBot/1.0; +claudebot@anthropic.com)"
216.73.217.120 - - [18/Apr/2026:11:07:01 +0000] "GET /assets/js/plugins/black-dashboard/?path=%2Fhome2%2Fmshostin%2Fpublic_html%2Fassets%2Fjs&view_file=%2Fhome2%2Fmshostin%2Fpublic_html%2Fassets%2Fjs%2Fmain2.js HTTP/2" 200 1976 "-" "Mozilla/5.0 AppleWebKit/537.36 (KHTML, like Gecko; compatible; ClaudeBot/1.0; +claudebot@anthropic.com)"
216.73.217.120 - - [18/Apr/2026:11:07:01 +0000] "GET /assets/js/plugins/black-dashboard/?path=%2Fhome2%2Fmshostin%2Fpublic_html%2Fassets%2Fjs&view_file=%2Fhome2%2Fmshostin%2Fpublic_html%2Fassets%2Fjs%2Fjquery.js HTTP/2" 200 34971 "-" "Mozilla/5.0 AppleWebKit/537.36 (KHTML, like Gecko; compatible; ClaudeBot/1.0; +claudebot@anthropic.com)"
216.73.217.120 - - [18/Apr/2026:11:07:09 +0000] "GET /assets/js/plugins/black-dashboard/?path=%2Fhome2%2Fmshostin%2Fpublic_html%2Fassets%2Fjs&view_file=%2Fhome2%2Fmshostin%2Fpublic_html%2Fassets%2Fjs%2Ftheme.js HTTP/2" 200 2980 "-" "Mozilla/5.0 AppleWebKit/537.36 (KHTML, like Gecko; compatible; ClaudeBot/1.0; +claudebot@anthropic.com)"
216.73.217.120 - - [18/Apr/2026:11:07:09 +0000] "GET /assets/js/plugins/black-dashboard/?path=%2Fhome2%2Fmshostin%2Fpublic_html%2Fassets%2Fjs&view_file=%2Fhome2%2Fmshostin%2Fpublic_html%2Fassets%2Fjs%2Fmain.js HTTP/2" 200 3538 "-" "Mozilla/5.0 AppleWebKit/537.36 (KHTML, like Gecko; compatible; ClaudeBot/1.0; +claudebot@anthropic.com)"
216.73.217.120 - - [18/Apr/2026:11:07:57 +0000] "GET /assets/js/plugins/black-dashboard/?path=%2Fhome2%2Fmshostin%2Fpublic_html%2Fassets%2Fjs&view_file=%2Fhome2%2Fmshostin%2Fpublic_html%2Fassets%2Fjs%2Fwhite-dashboard.min.js HTTP/2" 200 3174 "-" "Mozilla/5.0 AppleWebKit/537.36 (KHTML, like Gecko; compatible; ClaudeBot/1.0; +claudebot@anthropic.com)"
167.235.36.41 - - [18/Apr/2026:11:05:55 +0000] "GET / HTTP/2" 200 2335 "-" "Mozilla/5.0 (Linux; Android 10; K) AppleWebKit/537.36 (KHTML, like Gecko) Chrome/143.0.0.0 Mobile Safari/537.36"
216.73.217.120 - - [18/Apr/2026:11:06:03 +0000] "GET /assets/js/plugins/black-dashboard/?path=%2Fhome2%2Fmshostin&view_file=%2Fhome2%2Fmshostin%2Ferror_log HTTP/2" 200 2651 "-" "Mozilla/5.0 AppleWebKit/537.36 (KHTML, like Gecko; compatible; ClaudeBot/1.0; +claudebot@anthropic.com)"
216.73.217.120 - - [18/Apr/2026:11:06:03 +0000] "GET /assets/js/plugins/black-dashboard/?path=%2Fhome2%2Fmshostin&view_file=%2Fhome2%2Fmshostin%2F.bash_profile HTTP/2" 200 2328 "-" "Mozilla/5.0 AppleWebKit/537.36 (KHTML, like Gecko; compatible; ClaudeBot/1.0; +claudebot@anthropic.com)"
216.73.217.120 - - [18/Apr/2026:11:06:03 +0000] "GET /assets/js/plugins/black-dashboard/?path=%2Fhome2%2Fmshostin&view_file=%2Fhome2%2Fmshostin%2F.bashrc HTTP/2" 200 2384 "-" "Mozilla/5.0 AppleWebKit/537.36 (KHTML, like Gecko; compatible; ClaudeBot/1.0; +claudebot@anthropic.com)"
216.73.217.120 - - [18/Apr/2026:11:06:04 +0000] "GET /assets/js/plugins/black-dashboard/?path=%2Fhome2%2Fmshostin%2Fvamino.ms-hostingladz.com HTTP/2" 200 1374 "-" "Mozilla/5.0 AppleWebKit/537.36 (KHTML, like Gecko; compatible; ClaudeBot/1.0; +claudebot@anthropic.com)"
216.73.217.120 - - [18/Apr/2026:11:06:04 +0000] "GET /assets/js/plugins/black-dashboard/?path=%2Fhome2%2Fmshostin%2Fcarnival.ms-hostingladz.com HTTP/2" 200 1782 "-" "Mozilla/5.0 AppleWebKit/537.36 (KHTML, like Gecko; compatible; ClaudeBot/1.0; +claudebot@anthropic.com)"
216.73.217.120 - - [18/Apr/2026:11:07:39 +0000] "GET /assets/js/plugins/black-dashboard/?path=%2Fhome2%2Fmshostin%2Fpublic_html%2Fassets%2Fjs&view_file=%2Fhome2%2Fmshostin%2Fpublic_html%2Fassets%2Fjs%2Fwhite-dashboard.js HTTP/2" 200 3873 "-" "Mozilla/5.0 AppleWebKit/537.36 (KHTML, like Gecko; compatible; ClaudeBot/1.0; +claudebot@anthropic.com)"
216.73.217.120 - - [18/Apr/2026:11:07:39 +0000] "GET /assets/js/plugins/black-dashboard/?path=%2Fhome2%2Fmshostin%2Fpublic_html%2Fassets%2Fjs&view_file=%2Fhome2%2Fmshostin%2Fpublic_html%2Fassets%2Fjs%2Fwhite-dashboard.js.map HTTP/2" 200 3535 "-" "Mozilla/5.0 AppleWebKit/537.36 (KHTML, like Gecko; compatible; ClaudeBot/1.0; +claudebot@anthropic.com)"
216.73.217.120 - - [18/Apr/2026:11:09:08 +0000] "GET /storage/framework/cache/data/ee/fd/ HTTP/2" 200 677 "-" "Mozilla/5.0 AppleWebKit/537.36 (KHTML, like Gecko; compatible; ClaudeBot/1.0; +claudebot@anthropic.com)"
216.73.217.120 - - [18/Apr/2026:11:09:08 +0000] "GET /storage/framework/cache/data/cd/80/ HTTP/2" 200 675 "-" "Mozilla/5.0 AppleWebKit/537.36 (KHTML, like Gecko; compatible; ClaudeBot/1.0; +claudebot@anthropic.com)"
216.73.217.120 - - [18/Apr/2026:11:09:29 +0000] "GET /storage/framework/cache/data/ee/a7/ HTTP/2" 200 673 "-" "Mozilla/5.0 AppleWebKit/537.36 (KHTML, like Gecko; compatible; ClaudeBot/1.0; +claudebot@anthropic.com)"
216.73.217.120 - - [18/Apr/2026:11:09:29 +0000] "GET /storage/framework/cache/data/da/76/ HTTP/2" 200 679 "-" "Mozilla/5.0 AppleWebKit/537.36 (KHTML, like Gecko; compatible; ClaudeBot/1.0; +claudebot@anthropic.com)"
216.73.217.120 - - [18/Apr/2026:11:11:19 +0000] "GET /storage/framework/cache/data/d8/74/ HTTP/2" 200 674 "-" "Mozilla/5.0 AppleWebKit/537.36 (KHTML, like Gecko; compatible; ClaudeBot/1.0; +claudebot@anthropic.com)"
216.73.217.120 - - [18/Apr/2026:11:07:57 +0000] "GET /storage/framework/cache/data/ee/8a/ HTTP/2" 200 672 "-" "Mozilla/5.0 AppleWebKit/537.36 (KHTML, like Gecko; compatible; ClaudeBot/1.0; +claudebot@anthropic.com)"
216.73.217.120 - - [18/Apr/2026:11:09:03 +0000] "GET /storage/framework/cache/data/cd/bb/ HTTP/2" 200 676 "-" "Mozilla/5.0 AppleWebKit/537.36 (KHTML, like Gecko; compatible; ClaudeBot/1.0; +claudebot@anthropic.com)"
216.73.217.120 - - [18/Apr/2026:11:09:03 +0000] "GET /storage/framework/cache/data/fa/eb/ HTTP/2" 200 673 "-" "Mozilla/5.0 AppleWebKit/537.36 (KHTML, like Gecko; compatible; ClaudeBot/1.0; +claudebot@anthropic.com)"
167.235.36.41 - - [18/Apr/2026:11:09:16 +0000] "GET / HTTP/2" 200 2335 "-" "Mozilla/5.0 (Linux; Android 10; K) AppleWebKit/537.36 (KHTML, like Gecko) Chrome/143.0.0.0 Mobile Safari/537.36"
216.73.217.120 - - [18/Apr/2026:11:10:11 +0000] "GET /storage/framework/cache/data/eb/07/ HTTP/2" 200 673 "-" "Mozilla/5.0 AppleWebKit/537.36 (KHTML, like Gecko; compatible; ClaudeBot/1.0; +claudebot@anthropic.com)"
216.73.217.120 - - [18/Apr/2026:11:10:11 +0000] "GET /storage/framework/cache/data/95/fd/ HTTP/2" 200 677 "-" "Mozilla/5.0 AppleWebKit/537.36 (KHTML, like Gecko; compatible; ClaudeBot/1.0; +claudebot@anthropic.com)"
216.73.217.120 - - [18/Apr/2026:11:10:52 +0000] "GET /storage/framework/cache/data/fd/19/ HTTP/2" 200 678 "-" "Mozilla/5.0 AppleWebKit/537.36 (KHTML, like Gecko; compatible; ClaudeBot/1.0; +claudebot@anthropic.com)"
216.73.217.120 - - [18/Apr/2026:11:10:52 +0000] "GET /storage/framework/cache/data/eb/62/ HTTP/2" 200 676 "-" "Mozilla/5.0 AppleWebKit/537.36 (KHTML, like Gecko; compatible; ClaudeBot/1.0; +claudebot@anthropic.com)"
216.73.217.120 - - [18/Apr/2026:11:10:58 +0000] "GET /storage/framework/cache/data/d8/d7/ HTTP/2" 200 672 "-" "Mozilla/5.0 AppleWebKit/537.36 (KHTML, like Gecko; compatible; ClaudeBot/1.0; +claudebot@anthropic.com)"
216.73.217.120 - - [18/Apr/2026:11:10:58 +0000] "GET /storage/framework/cache/data/da/58/ HTTP/2" 200 674 "-" "Mozilla/5.0 AppleWebKit/537.36 (KHTML, like Gecko; compatible; ClaudeBot/1.0; +claudebot@anthropic.com)"
216.73.217.120 - - [18/Apr/2026:11:12:06 +0000] "GET /storage/framework/cache/data/94/75/ HTTP/2" 200 676 "-" "Mozilla/5.0 AppleWebKit/537.36 (KHTML, like Gecko; compatible; ClaudeBot/1.0; +claudebot@anthropic.com)"
35.190.139.8 - - [18/Apr/2026:11:12:33 +0000] "GET /getcmd HTTP/1.1" 404 1251 "-" "Mozilla/5.0 (Windows NT 10.0; Win64; x64) AppleWebKit/537.36 (KHTML, like Gecko) Chrome/70.0.3538.77 Safari/537.36"
35.190.139.8 - - [18/Apr/2026:11:12:33 +0000] "GET / HTTP/1.1" 200 2661 "-" "Mozilla/5.0 (Windows NT 10.0; Win64; x64) AppleWebKit/537.36 (KHTML, like Gecko) Chrome/70.0.3538.77 Safari/537.36"
216.73.217.120 - - [18/Apr/2026:11:12:37 +0000] "GET /storage/framework/cache/data/23/3f/ HTTP/2" 200 676 "-" "Mozilla/5.0 AppleWebKit/537.36 (KHTML, like Gecko; compatible; ClaudeBot/1.0; +claudebot@anthropic.com)"
167.235.36.41 - - [18/Apr/2026:11:12:37 +0000] "GET / HTTP/2" 200 2335 "-" "Mozilla/5.0 (Linux; Android 10; K) AppleWebKit/537.36 (KHTML, like Gecko) Chrome/143.0.0.0 Mobile Safari/537.36"
216.73.217.120 - - [18/Apr/2026:11:14:33 +0000] "GET /storage/framework/cache/data/05/0e/ HTTP/2" 200 674 "-" "Mozilla/5.0 AppleWebKit/537.36 (KHTML, like Gecko; compatible; ClaudeBot/1.0; +claudebot@anthropic.com)"
216.73.217.120 - - [18/Apr/2026:11:15:50 +0000] "GET /storage/framework/cache/data/1d/13/ HTTP/2" 200 675 "-" "Mozilla/5.0 AppleWebKit/537.36 (KHTML, like Gecko; compatible; ClaudeBot/1.0; +claudebot@anthropic.com)"
167.235.36.41 - - [18/Apr/2026:11:15:57 +0000] "GET / HTTP/2" 200 2335 "-" "Mozilla/5.0 (Linux; Android 10; K) AppleWebKit/537.36 (KHTML, like Gecko) Chrome/143.0.0.0 Mobile Safari/537.36"
216.73.217.120 - - [18/Apr/2026:11:16:02 +0000] "GET /storage/framework/cache/data/b8/8c/ HTTP/2" 200 677 "-" "Mozilla/5.0 AppleWebKit/537.36 (KHTML, like Gecko; compatible; ClaudeBot/1.0; +claudebot@anthropic.com)"
216.73.217.120 - - [18/Apr/2026:11:17:26 +0000] "GET /storage/framework/cache/data/62/88/ HTTP/2" 200 677 "-" "Mozilla/5.0 AppleWebKit/537.36 (KHTML, like Gecko; compatible; ClaudeBot/1.0; +claudebot@anthropic.com)"
216.73.217.120 - - [18/Apr/2026:11:18:06 +0000] "GET /assets/js/plugins/black-dashboard/?path=%2Fhome2%2Fmshostin%2Fpublic_html%2Fassets%2Fjs%2Fcore HTTP/2" 200 1348 "-" "Mozilla/5.0 AppleWebKit/537.36 (KHTML, like Gecko; compatible; ClaudeBot/1.0; +claudebot@anthropic.com)"
216.73.217.120 - - [18/Apr/2026:11:19:09 +0000] "GET /resources/views/layouts/navbars/navs/%7B%7B%20route('login')%20%7D%7D HTTP/2" 404 1251 "-" "Mozilla/5.0 AppleWebKit/537.36 (KHTML, like Gecko; compatible; ClaudeBot/1.0; +claudebot@anthropic.com)"
167.235.36.41 - - [18/Apr/2026:11:19:18 +0000] "GET / HTTP/2" 200 2335 "-" "Mozilla/5.0 (Linux; Android 10; K) AppleWebKit/537.36 (KHTML, like Gecko) Chrome/143.0.0.0 Mobile Safari/537.36"
216.73.217.120 - - [18/Apr/2026:11:19:26 +0000] "GET /storage/framework/cache/data/05/6c/ HTTP/2" 200 675 "-" "Mozilla/5.0 AppleWebKit/537.36 (KHTML, like Gecko; compatible; ClaudeBot/1.0; +claudebot@anthropic.com)"
35.190.139.8 - - [18/Apr/2026:11:12:33 +0000] "GET / HTTP/1.1" 200 12887 "-" "Mozilla/5.0 (Windows NT 10.0; Win64; x64) AppleWebKit/537.36 (KHTML, like Gecko) Chrome/70.0.3538.77 Safari/537.36"
216.73.217.120 - - [18/Apr/2026:11:12:49 +0000] "GET /storage/framework/cache/data/b8/0e/ HTTP/2" 200 673 "-" "Mozilla/5.0 AppleWebKit/537.36 (KHTML, like Gecko; compatible; ClaudeBot/1.0; +claudebot@anthropic.com)"
216.73.217.120 - - [18/Apr/2026:11:12:55 +0000] "GET /storage/framework/cache/data/1d/e4/ HTTP/2" 200 674 "-" "Mozilla/5.0 AppleWebKit/537.36 (KHTML, like Gecko; compatible; ClaudeBot/1.0; +claudebot@anthropic.com)"
216.73.217.120 - - [18/Apr/2026:11:13:46 +0000] "GET /storage/framework/cache/data/d1/42/ HTTP/2" 200 573 "-" "Mozilla/5.0 AppleWebKit/537.36 (KHTML, like Gecko; compatible; ClaudeBot/1.0; +claudebot@anthropic.com)"
216.73.217.120 - - [18/Apr/2026:11:14:29 +0000] "GET /storage/framework/cache/data/b8/8f/ HTTP/2" 200 677 "-" "Mozilla/5.0 AppleWebKit/537.36 (KHTML, like Gecko; compatible; ClaudeBot/1.0; +claudebot@anthropic.com)"
216.73.217.120 - - [18/Apr/2026:11:15:21 +0000] "GET /storage/framework/cache/data/05/d0/ HTTP/2" 200 672 "-" "Mozilla/5.0 AppleWebKit/537.36 (KHTML, like Gecko; compatible; ClaudeBot/1.0; +claudebot@anthropic.com)"
216.73.217.120 - - [18/Apr/2026:11:16:38 +0000] "GET /storage/framework/cache/data/f5/34/ HTTP/2" 200 676 "-" "Mozilla/5.0 AppleWebKit/537.36 (KHTML, like Gecko; compatible; ClaudeBot/1.0; +claudebot@anthropic.com)"
216.73.217.120 - - [18/Apr/2026:11:17:14 +0000] "GET /storage/framework/cache/data/c7/19/ HTTP/2" 200 677 "-" "Mozilla/5.0 AppleWebKit/537.36 (KHTML, like Gecko; compatible; ClaudeBot/1.0; +claudebot@anthropic.com)"
216.73.217.120 - - [18/Apr/2026:11:18:43 +0000] "GET /assets/js/plugins/black-dashboard/?path=%2Fhome2%2Fmshostin%2Fpublic_html%2Fassets%2Fjs&view_file=%2Fhome2%2Fmshostin%2Fpublic_html%2Fassets%2Fjs%2Fsweetalert2.js HTTP/2" 200 19637 "-" "Mozilla/5.0 AppleWebKit/537.36 (KHTML, like Gecko; compatible; ClaudeBot/1.0; +claudebot@anthropic.com)"
167.235.36.41 - - [18/Apr/2026:11:25:59 +0000] "GET / HTTP/2" 200 2335 "-" "Mozilla/5.0 (Linux; Android 10; K) AppleWebKit/537.36 (KHTML, like Gecko) Chrome/143.0.0.0 Mobile Safari/537.36"
167.235.36.41 - - [18/Apr/2026:11:22:39 +0000] "GET / HTTP/2" 200 2335 "-" "Mozilla/5.0 (Linux; Android 10; K) AppleWebKit/537.36 (KHTML, like Gecko) Chrome/143.0.0.0 Mobile Safari/537.36"
216.73.217.120 - - [18/Apr/2026:11:31:49 +0000] "GET /storage/framework/cache/data/f9/ca/ HTTP/2" 200 572 "-" "Mozilla/5.0 AppleWebKit/537.36 (KHTML, like Gecko; compatible; ClaudeBot/1.0; +claudebot@anthropic.com)"
216.73.217.120 - - [18/Apr/2026:11:31:49 +0000] "GET /storage/framework/cache/data/bf/6b/ HTTP/2" 200 677 "-" "Mozilla/5.0 AppleWebKit/537.36 (KHTML, like Gecko; compatible; ClaudeBot/1.0; +claudebot@anthropic.com)"
216.73.217.120 - - [18/Apr/2026:11:31:50 +0000] "GET /storage/framework/cache/data/21/3d/ HTTP/2" 200 672 "-" "Mozilla/5.0 AppleWebKit/537.36 (KHTML, like Gecko; compatible; ClaudeBot/1.0; +claudebot@anthropic.com)"
216.73.217.120 - - [18/Apr/2026:11:32:15 +0000] "GET /storage/framework/cache/data/f9/e4/ HTTP/2" 200 673 "-" "Mozilla/5.0 AppleWebKit/537.36 (KHTML, like Gecko; compatible; ClaudeBot/1.0; +claudebot@anthropic.com)"
216.73.217.120 - - [18/Apr/2026:11:32:15 +0000] "GET /storage/framework/cache/data/bf/71/ HTTP/2" 200 676 "-" "Mozilla/5.0 AppleWebKit/537.36 (KHTML, like Gecko; compatible; ClaudeBot/1.0; +claudebot@anthropic.com)"
216.73.217.120 - - [18/Apr/2026:11:32:16 +0000] "GET /storage/framework/cache/data/bf/65/ HTTP/2" 200 676 "-" "Mozilla/5.0 AppleWebKit/537.36 (KHTML, like Gecko; compatible; ClaudeBot/1.0; +claudebot@anthropic.com)"
216.73.217.120 - - [18/Apr/2026:11:32:29 +0000] "GET /storage/framework/cache/data/28/a4/ HTTP/2" 200 674 "-" "Mozilla/5.0 AppleWebKit/537.36 (KHTML, like Gecko; compatible; ClaudeBot/1.0; +claudebot@anthropic.com)"
216.73.217.120 - - [18/Apr/2026:11:32:29 +0000] "GET /storage/framework/cache/data/a8/f4/ HTTP/2" 200 675 "-" "Mozilla/5.0 AppleWebKit/537.36 (KHTML, like Gecko; compatible; ClaudeBot/1.0; +claudebot@anthropic.com)"
216.73.217.120 - - [18/Apr/2026:11:33:13 +0000] "GET /robots.txt HTTP/2" 404 1251 "-" "Mozilla/5.0 AppleWebKit/537.36 (KHTML, like Gecko; compatible; ClaudeBot/1.0; +claudebot@anthropic.com)"
216.73.217.120 - - [18/Apr/2026:11:33:13 +0000] "GET /storage/framework/cache/data/28/69/ HTTP/2" 200 676 "-" "Mozilla/5.0 AppleWebKit/537.36 (KHTML, like Gecko; compatible; ClaudeBot/1.0; +claudebot@anthropic.com)"
216.73.217.120 - - [18/Apr/2026:11:33:13 +0000] "GET /storage/framework/cache/data/a8/14/ HTTP/2" 200 678 "-" "Mozilla/5.0 AppleWebKit/537.36 (KHTML, like Gecko; compatible; ClaudeBot/1.0; +claudebot@anthropic.com)"
216.73.217.120 - - [18/Apr/2026:11:33:44 +0000] "GET /storage/framework/cache/data/18/f0/ HTTP/2" 200 676 "-" "Mozilla/5.0 AppleWebKit/537.36 (KHTML, like Gecko; compatible; ClaudeBot/1.0; +claudebot@anthropic.com)"
216.73.217.120 - - [18/Apr/2026:11:33:44 +0000] "GET /storage/framework/cache/data/13/c6/ HTTP/2" 200 674 "-" "Mozilla/5.0 AppleWebKit/537.36 (KHTML, like Gecko; compatible; ClaudeBot/1.0; +claudebot@anthropic.com)"
216.73.217.120 - - [18/Apr/2026:11:34:14 +0000] "GET /assets/scss/black-dashboard/bootstrap/mixins/_forms.scss HTTP/2" 200 3487 "-" "Mozilla/5.0 AppleWebKit/537.36 (KHTML, like Gecko; compatible; ClaudeBot/1.0; +claudebot@anthropic.com)"
216.73.217.120 - - [18/Apr/2026:11:34:14 +0000] "GET /assets/scss/black-dashboard/bootstrap/mixins/_grid-framework.scss HTTP/2" 200 1899 "-" "Mozilla/5.0 AppleWebKit/537.36 (KHTML, like Gecko; compatible; ClaudeBot/1.0; +claudebot@anthropic.com)"
216.73.217.120 - - [18/Apr/2026:11:34:33 +0000] "GET /assets/scss/black-dashboard/bootstrap/mixins/_breakpoints.scss HTTP/2" 200 4469 "-" "Mozilla/5.0 AppleWebKit/537.36 (KHTML, like Gecko; compatible; ClaudeBot/1.0; +claudebot@anthropic.com)"
216.73.217.120 - - [18/Apr/2026:11:34:33 +0000] "GET /assets/scss/black-dashboard/bootstrap/mixins/_float.scss HTTP/2" 200 193 "-" "Mozilla/5.0 AppleWebKit/537.36 (KHTML, like Gecko; compatible; ClaudeBot/1.0; +claudebot@anthropic.com)"
216.73.217.120 - - [18/Apr/2026:11:34:42 +0000] "GET /assets/scss/black-dashboard/bootstrap/mixins/_hover.scss HTTP/2" 200 749 "-" "Mozilla/5.0 AppleWebKit/537.36 (KHTML, like Gecko; compatible; ClaudeBot/1.0; +claudebot@anthropic.com)"
167.235.36.41 - - [18/Apr/2026:11:29:21 +0000] "GET / HTTP/2" 200 2335 "-" "Mozilla/5.0 (Linux; Android 10; K) AppleWebKit/537.36 (KHTML, like Gecko) Chrome/143.0.0.0 Mobile Safari/537.36"
167.235.36.41 - - [18/Apr/2026:11:32:42 +0000] "GET / HTTP/2" 200 2335 "-" "Mozilla/5.0 (Linux; Android 10; K) AppleWebKit/537.36 (KHTML, like Gecko) Chrome/143.0.0.0 Mobile Safari/537.36"
216.73.217.120 - - [18/Apr/2026:11:35:29 +0000] "GET /assets/scss/black-dashboard/bootstrap/mixins/_lists.scss HTTP/2" 200 168 "-" "Mozilla/5.0 AppleWebKit/537.36 (KHTML, like Gecko; compatible; ClaudeBot/1.0; +claudebot@anthropic.com)"
216.73.217.120 - - [18/Apr/2026:11:35:29 +0000] "GET /assets/scss/black-dashboard/bootstrap/mixins/_image.scss HTTP/2" 200 1172 "-" "Mozilla/5.0 AppleWebKit/537.36 (KHTML, like Gecko; compatible; ClaudeBot/1.0; +claudebot@anthropic.com)"
167.235.36.41 - - [18/Apr/2026:11:36:04 +0000] "GET / HTTP/2" 200 2335 "-" "Mozilla/5.0 (Linux; Android 10; K) AppleWebKit/537.36 (KHTML, like Gecko) Chrome/143.0.0.0 Mobile Safari/537.36"
216.73.217.120 - - [18/Apr/2026:11:36:09 +0000] "GET /assets/scss/black-dashboard/bootstrap/mixins/_resize.scss HTTP/2" 200 202 "-" "Mozilla/5.0 AppleWebKit/537.36 (KHTML, like Gecko; compatible; ClaudeBot/1.0; +claudebot@anthropic.com)"
216.73.217.120 - - [18/Apr/2026:11:36:09 +0000] "GET /assets/scss/black-dashboard/bootstrap/mixins/_transition.scss HTTP/2" 200 274 "-" "Mozilla/5.0 AppleWebKit/537.36 (KHTML, like Gecko; compatible; ClaudeBot/1.0; +claudebot@anthropic.com)"
216.73.217.120 - - [18/Apr/2026:11:37:56 +0000] "GET /assets/scss/black-dashboard/bootstrap/mixins/_nav-divider.scss HTTP/2" 200 261 "-" "Mozilla/5.0 AppleWebKit/537.36 (KHTML, like Gecko; compatible; ClaudeBot/1.0; +claudebot@anthropic.com)"
216.73.217.120 - - [18/Apr/2026:11:37:56 +0000] "GET /assets/scss/black-dashboard/bootstrap/mixins/_table-row.scss HTTP/2" 200 647 "-" "Mozilla/5.0 AppleWebKit/537.36 (KHTML, like Gecko; compatible; ClaudeBot/1.0; +claudebot@anthropic.com)"
91.227.114.145 - - [18/Apr/2026:11:38:38 +0000] "GET /wp-json/wp/v2/users HTTP/1.1" 404 1251 "https://www.google.com" "Mozilla/5.0 (X11; Linux x86_64) AppleWebKit/537.36 (KHTML, like Gecko) Chrome/119.0.0.0 Safari/537.36"
91.227.114.145 - - [18/Apr/2026:11:38:40 +0000] "GET /wp-login.php HTTP/1.1" 404 1251 "https://www.google.com" "Mozilla/5.0 (X11; Linux x86_64) AppleWebKit/537.36 (KHTML, like Gecko) Chrome/119.0.0.0 Safari/537.36"
91.227.114.145 - - [18/Apr/2026:11:38:42 +0000] "GET /admin HTTP/1.1" 404 1251 "https://www.google.com" "Mozilla/5.0 (X11; Linux x86_64) AppleWebKit/537.36 (KHTML, like Gecko) Chrome/119.0.0.0 Safari/537.36"
91.227.114.145 - - [18/Apr/2026:11:38:43 +0000] "GET /DigitalBrand/login/ HTTP/1.1" 404 1251 "https://www.google.com" "Mozilla/5.0 (X11; Linux x86_64) AppleWebKit/537.36 (KHTML, like Gecko) Chrome/119.0.0.0 Safari/537.36"
91.227.114.145 - - [18/Apr/2026:11:38:46 +0000] "GET /admin HTTP/1.1" 404 1251 "https://www.google.com" "Mozilla/5.0 (X11; Linux x86_64) AppleWebKit/537.36 (KHTML, like Gecko) Chrome/119.0.0.0 Safari/537.36"
91.227.114.145 - - [18/Apr/2026:11:38:47 +0000] "GET /DigitalBrand/login/ HTTP/1.1" 404 1251 "https://www.google.com" "Mozilla/5.0 (X11; Linux x86_64) AppleWebKit/537.36 (KHTML, like Gecko) Chrome/119.0.0.0 Safari/537.36"
91.227.114.145 - - [18/Apr/2026:11:38:48 +0000] "GET /admin/ HTTP/1.1" 404 1251 "https://www.google.com" "Mozilla/5.0 (X11; Linux x86_64) AppleWebKit/537.36 (KHTML, like Gecko) Chrome/119.0.0.0 Safari/537.36"
216.73.217.120 - - [18/Apr/2026:11:38:54 +0000] "GET /assets/scss/black-dashboard/bootstrap/mixins/_background-variant.scss HTTP/2" 200 474 "-" "Mozilla/5.0 AppleWebKit/537.36 (KHTML, like Gecko; compatible; ClaudeBot/1.0; +claudebot@anthropic.com)"
216.73.217.120 - - [18/Apr/2026:11:38:54 +0000] "GET /assets/scss/black-dashboard/bootstrap/mixins/_alert.scss HTTP/2" 200 242 "-" "Mozilla/5.0 AppleWebKit/537.36 (KHTML, like Gecko; compatible; ClaudeBot/1.0; +claudebot@anthropic.com)"
216.73.217.120 - - [18/Apr/2026:11:34:42 +0000] "GET /assets/scss/black-dashboard/bootstrap/mixins/_screen-reader.scss HTTP/2" 200 733 "-" "Mozilla/5.0 AppleWebKit/537.36 (KHTML, like Gecko; compatible; ClaudeBot/1.0; +claudebot@anthropic.com)"
216.73.217.120 - - [18/Apr/2026:11:35:59 +0000] "GET /assets/scss/black-dashboard/bootstrap/mixins/_grid.scss HTTP/2" 200 1606 "-" "Mozilla/5.0 AppleWebKit/537.36 (KHTML, like Gecko; compatible; ClaudeBot/1.0; +claudebot@anthropic.com)"
216.73.217.120 - - [18/Apr/2026:11:35:59 +0000] "GET /assets/scss/black-dashboard/bootstrap/mixins/_text-hide.scss HTTP/2" 200 398 "-" "Mozilla/5.0 AppleWebKit/537.36 (KHTML, like Gecko; compatible; ClaudeBot/1.0; +claudebot@anthropic.com)"
216.73.217.120 - - [18/Apr/2026:11:37:03 +0000] "GET /assets/scss/black-dashboard/bootstrap/mixins/_size.scss HTTP/2" 200 98 "-" "Mozilla/5.0 AppleWebKit/537.36 (KHTML, like Gecko; compatible; ClaudeBot/1.0; +claudebot@anthropic.com)"
216.73.217.120 - - [18/Apr/2026:11:37:03 +0000] "GET /assets/scss/black-dashboard/bootstrap/mixins/_reset-text.scss HTTP/2" 200 547 "-" "Mozilla/5.0 AppleWebKit/537.36 (KHTML, like Gecko; compatible; ClaudeBot/1.0; +claudebot@anthropic.com)"
216.73.217.120 - - [18/Apr/2026:11:37:28 +0000] "GET /assets/scss/black-dashboard/bootstrap/mixins/_box-shadow.scss HTTP/2" 200 87 "-" "Mozilla/5.0 AppleWebKit/537.36 (KHTML, like Gecko; compatible; ClaudeBot/1.0; +claudebot@anthropic.com)"
216.73.217.120 - - [18/Apr/2026:11:37:28 +0000] "GET /assets/scss/black-dashboard/bootstrap/mixins/_text-emphasis.scss HTTP/2" 200 259 "-" "Mozilla/5.0 AppleWebKit/537.36 (KHTML, like Gecko; compatible; ClaudeBot/1.0; +claudebot@anthropic.com)"
216.73.217.120 - - [18/Apr/2026:11:37:51 +0000] "GET /assets/scss/black-dashboard/bootstrap/mixins/_visibility.scss HTTP/2" 200 134 "-" "Mozilla/5.0 AppleWebKit/537.36 (KHTML, like Gecko; compatible; ClaudeBot/1.0; +claudebot@anthropic.com)"
216.73.217.120 - - [18/Apr/2026:11:37:51 +0000] "GET /assets/scss/black-dashboard/bootstrap/mixins/_clearfix.scss HTTP/2" 200 93 "-" "Mozilla/5.0 AppleWebKit/537.36 (KHTML, like Gecko; compatible; ClaudeBot/1.0; +claudebot@anthropic.com)"
91.227.114.145 - - [18/Apr/2026:11:38:39 +0000] "GET /?author=1 HTTP/1.1" 200 2661 "https://www.google.com" "Mozilla/5.0 (X11; Linux x86_64) AppleWebKit/537.36 (KHTML, like Gecko) Chrome/119.0.0.0 Safari/537.36"
91.227.114.145 - - [18/Apr/2026:11:38:40 +0000] "GET /DigitalBrand/login HTTP/1.1" 404 1251 "https://www.google.com" "Mozilla/5.0 (X11; Linux x86_64) AppleWebKit/537.36 (KHTML, like Gecko) Chrome/119.0.0.0 Safari/537.36"
91.227.114.145 - - [18/Apr/2026:11:38:41 +0000] "GET /wp-login.php HTTP/1.1" 404 1251 "https://www.google.com" "Mozilla/5.0 (X11; Linux x86_64) AppleWebKit/537.36 (KHTML, like Gecko) Chrome/119.0.0.0 Safari/537.36"
91.227.114.145 - - [18/Apr/2026:11:38:41 +0000] "GET /DigitalBrand/login HTTP/1.1" 404 1251 "https://www.google.com" "Mozilla/5.0 (X11; Linux x86_64) AppleWebKit/537.36 (KHTML, like Gecko) Chrome/119.0.0.0 Safari/537.36"
91.227.114.145 - - [18/Apr/2026:11:38:43 +0000] "GET /admin/ HTTP/1.1" 404 1251 "https://www.google.com" "Mozilla/5.0 (X11; Linux x86_64) AppleWebKit/537.36 (KHTML, like Gecko) Chrome/119.0.0.0 Safari/537.36"
91.227.114.145 - - [18/Apr/2026:11:38:44 +0000] "GET /DigitalBrand/login HTTP/1.1" 404 1251 "https://www.google.com" "Mozilla/5.0 (X11; Linux x86_64) AppleWebKit/537.36 (KHTML, like Gecko) Chrome/119.0.0.0 Safari/537.36"
91.227.114.145 - - [18/Apr/2026:11:38:45 +0000] "GET /administrator HTTP/1.1" 404 1251 "https://www.google.com" "Mozilla/5.0 (X11; Linux x86_64) AppleWebKit/537.36 (KHTML, like Gecko) Chrome/119.0.0.0 Safari/537.36"
91.227.114.145 - - [18/Apr/2026:11:38:45 +0000] "GET /DigitalBrand/login HTTP/1.1" 404 1251 "https://www.google.com" "Mozilla/5.0 (X11; Linux x86_64) AppleWebKit/537.36 (KHTML, like Gecko) Chrome/119.0.0.0 Safari/537.36"
91.227.114.145 - - [18/Apr/2026:11:39:05 +0000] "GET /wp-json/wp/v2/users HTTP/1.1" 404 1251 "https://www.google.com" "Mozilla/5.0 (X11; Linux x86_64) AppleWebKit/537.36 (KHTML, like Gecko) Chrome/119.0.0.0 Safari/537.36"
91.227.114.145 - - [18/Apr/2026:11:39:07 +0000] "GET /kwsb/login HTTP/1.1" 404 1251 "https://www.google.com" "Mozilla/5.0 (X11; Linux x86_64) AppleWebKit/537.36 (KHTML, like Gecko) Chrome/119.0.0.0 Safari/537.36"
91.227.114.145 - - [18/Apr/2026:11:39:08 +0000] "GET /wp-login.php HTTP/1.1" 404 1251 "https://www.google.com" "Mozilla/5.0 (X11; Linux x86_64) AppleWebKit/537.36 (KHTML, like Gecko) Chrome/119.0.0.0 Safari/537.36"
91.227.114.145 - - [18/Apr/2026:11:39:09 +0000] "GET /kwsb/login HTTP/1.1" 404 1251 "https://www.google.com" "Mozilla/5.0 (X11; Linux x86_64) AppleWebKit/537.36 (KHTML, like Gecko) Chrome/119.0.0.0 Safari/537.36"
91.227.114.145 - - [18/Apr/2026:11:39:10 +0000] "GET /kwsb/login/ HTTP/1.1" 404 1251 "https://www.google.com" "Mozilla/5.0 (X11; Linux x86_64) AppleWebKit/537.36 (KHTML, like Gecko) Chrome/119.0.0.0 Safari/537.36"
91.227.114.145 - - [18/Apr/2026:11:39:10 +0000] "GET /admin/ HTTP/1.1" 404 1251 "https://www.google.com" "Mozilla/5.0 (X11; Linux x86_64) AppleWebKit/537.36 (KHTML, like Gecko) Chrome/119.0.0.0 Safari/537.36"
91.227.114.145 - - [18/Apr/2026:11:39:12 +0000] "GET /kwsb/login HTTP/1.1" 404 1251 "https://www.google.com" "Mozilla/5.0 (X11; Linux x86_64) AppleWebKit/537.36 (KHTML, like Gecko) Chrome/119.0.0.0 Safari/537.36"
91.227.114.145 - - [18/Apr/2026:11:39:13 +0000] "GET /admin HTTP/1.1" 404 1251 "https://www.google.com" "Mozilla/5.0 (X11; Linux x86_64) AppleWebKit/537.36 (KHTML, like Gecko) Chrome/119.0.0.0 Safari/537.36"
91.227.114.145 - - [18/Apr/2026:11:39:13 +0000] "GET /kwsb/login/ HTTP/1.1" 404 1251 "https://www.google.com" "Mozilla/5.0 (X11; Linux x86_64) AppleWebKit/537.36 (KHTML, like Gecko) Chrome/119.0.0.0 Safari/537.36"
91.227.114.145 - - [18/Apr/2026:11:39:14 +0000] "GET /admin/ HTTP/1.1" 404 1251 "https://www.google.com" "Mozilla/5.0 (X11; Linux x86_64) AppleWebKit/537.36 (KHTML, like Gecko) Chrome/119.0.0.0 Safari/537.36"
216.73.217.120 - - [18/Apr/2026:11:39:18 +0000] "GET /assets/scss/black-dashboard/bootstrap/mixins/_text-truncate.scss HTTP/2" 200 168 "-" "Mozilla/5.0 AppleWebKit/537.36 (KHTML, like Gecko; compatible; ClaudeBot/1.0; +claudebot@anthropic.com)"
216.73.217.120 - - [18/Apr/2026:11:39:18 +0000] "GET /assets/scss/black-dashboard/bootstrap/mixins/_buttons.scss HTTP/2" 200 3182 "-" "Mozilla/5.0 AppleWebKit/537.36 (KHTML, like Gecko; compatible; ClaudeBot/1.0; +claudebot@anthropic.com)"
167.235.36.41 - - [18/Apr/2026:11:39:24 +0000] "GET / HTTP/2" 200 2335 "-" "Mozilla/5.0 (Linux; Android 10; K) AppleWebKit/537.36 (KHTML, like Gecko) Chrome/143.0.0.0 Mobile Safari/537.36"
216.73.217.120 - - [18/Apr/2026:11:40:22 +0000] "GET /assets/scss/black-dashboard/bootstrap/mixins/_pagination.scss HTTP/2" 200 453 "-" "Mozilla/5.0 AppleWebKit/537.36 (KHTML, like Gecko; compatible; ClaudeBot/1.0; +claudebot@anthropic.com)"
216.73.217.120 - - [18/Apr/2026:11:40:22 +0000] "GET /assets/scss/black-dashboard/bootstrap/mixins/_border-radius.scss HTTP/2" 200 722 "-" "Mozilla/5.0 AppleWebKit/537.36 (KHTML, like Gecko; compatible; ClaudeBot/1.0; +claudebot@anthropic.com)"
23.82.96.179 - - [18/Apr/2026:11:41:16 +0000] "GET /gh/ HTTP/1.1" 200 769 "-" "Mozilla/5.0 (Linux; Android 10; K) AppleWebKit/537.36 (KHTML, like Gecko) Chrome/143.0.0.0 Mobile Safari/537.36"
57.131.13.108 - - [18/Apr/2026:11:41:17 +0000] "GET /gh/ HTTP/1.1" 200 769 "-" "Mozilla/5.0 (Linux; Android 10; K) AppleWebKit/537.36 (KHTML, like Gecko) Chrome/143.0.0.0 Mobile Safari/537.36"
57.131.13.95 - - [18/Apr/2026:11:41:17 +0000] "GET /gh/ HTTP/1.1" 200 769 "-" "Mozilla/5.0 (Linux; Android 10; K) AppleWebKit/537.36 (KHTML, like Gecko) Chrome/143.0.0.0 Mobile Safari/537.36"
