136.248.244.164 - - [05/Jun/2026:22:57:38 +0000] "GET /storage/framework/sessions/objects/?NA HTTP/1.1" 200 556 "-" "Mozilla/5.0 (compatible; MJ12bot/v1.4.8; http://mj12bot.com/)"
136.248.244.164 - - [05/Jun/2026:22:57:40 +0000] "GET /storage/framework/sessions/objects/?SD HTTP/1.1" 200 559 "-" "Mozilla/5.0 (compatible; MJ12bot/v1.4.8; http://mj12bot.com/)"
136.248.244.164 - - [05/Jun/2026:22:57:42 +0000] "GET /storage/framework/testing/users/?MD HTTP/1.1" 200 558 "-" "Mozilla/5.0 (compatible; MJ12bot/v1.4.8; http://mj12bot.com/)"
136.248.244.164 - - [05/Jun/2026:22:57:43 +0000] "GET /storage/framework/testing/users/?NA HTTP/1.1" 200 555 "-" "Mozilla/5.0 (compatible; MJ12bot/v1.4.8; http://mj12bot.com/)"
136.248.244.164 - - [05/Jun/2026:22:57:45 +0000] "GET /storage/framework/testing/users/?SD HTTP/1.1" 200 557 "-" "Mozilla/5.0 (compatible; MJ12bot/v1.4.8; http://mj12bot.com/)"
136.248.244.164 - - [05/Jun/2026:22:57:46 +0000] "GET /tests/Feature/css/?MD HTTP/1.1" 200 642 "-" "Mozilla/5.0 (compatible; MJ12bot/v1.4.8; http://mj12bot.com/)"
136.248.244.164 - - [05/Jun/2026:22:57:48 +0000] "GET /tests/Feature/css/?NA HTTP/1.1" 200 643 "-" "Mozilla/5.0 (compatible; MJ12bot/v1.4.8; http://mj12bot.com/)"
136.248.244.164 - - [05/Jun/2026:22:57:50 +0000] "GET /tests/Feature/css/?SD HTTP/1.1" 200 639 "-" "Mozilla/5.0 (compatible; MJ12bot/v1.4.8; http://mj12bot.com/)"
136.248.244.164 - - [05/Jun/2026:22:57:51 +0000] "GET /tests/Unit/users/Console/?MD HTTP/1.1" 200 554 "-" "Mozilla/5.0 (compatible; MJ12bot/v1.4.8; http://mj12bot.com/)"
136.248.244.164 - - [05/Jun/2026:22:57:53 +0000] "GET /tests/Unit/users/Console/?NA HTTP/1.1" 200 551 "-" "Mozilla/5.0 (compatible; MJ12bot/v1.4.8; http://mj12bot.com/)"
216.244.66.244 - - [05/Jun/2026:23:00:15 +0000] "GET /robots.txt HTTP/1.1" 404 1251 "-" "Mozilla/5.0 (compatible; DotBot/1.2; +https://opensiteexplorer.org/dotbot; help@moz.com)"
216.244.66.244 - - [05/Jun/2026:23:04:30 +0000] "GET /storage/framework/views/00ef4254751b93233b251787a3b8382577491150.php HTTP/1.1" 500 0 "-" "Mozilla/5.0 (compatible; DotBot/1.2; +https://opensiteexplorer.org/dotbot; help@moz.com)"
95.153.31.78 - - [05/Jun/2026:23:04:36 +0000] "GET /gh/ HTTP/1.1" 200 1552 "-" "Mozilla/5.0 (Linux, Android 10, K) AppleWebKit/537.36 (KHTML, like Gecko) Chrome/148.0.0.0 Mobile Safari/537.36"
216.244.66.244 - - [05/Jun/2026:23:05:31 +0000] "GET /resources/views/clients/?ND HTTP/1.1" 200 2735 "-" "Mozilla/5.0 (compatible; DotBot/1.2; +https://opensiteexplorer.org/dotbot; help@moz.com)"
170.106.148.137 - - [05/Jun/2026:22:55:22 +0000] "GET /dfrr/formati/?ND HTTP/1.1" 200 779 "-" "Mozilla/5.0 (iPhone; CPU iPhone OS 13_2_3 like Mac OS X) AppleWebKit/605.1.15 (KHTML, like Gecko) Version/13.0.3 Mobile/15E148 Safari/604.1"
51.91.156.252 - - [05/Jun/2026:22:56:38 +0000] "GET /gh/hh.php HTTP/1.1" 200 1762 "-" "Mozilla/5.0 (Linux; Android 10; K) AppleWebKit/537.36 (KHTML, like Gecko) Chrome/137.0.0.0 Mobile Safari/537.36"
159.223.242.210 - - [05/Jun/2026:22:56:40 +0000] "GET /gh/hh.php HTTP/1.1" 200 1762 "-" "Mozilla/5.0 (Linux; Android 10; K) AppleWebKit/537.36 (KHTML, like Gecko) Chrome/137.0.0.0 Mobile Safari/537.36"
136.248.244.164 - - [05/Jun/2026:22:57:54 +0000] "GET /robots.txt HTTP/1.1" 404 1251 "-" "Mozilla/5.0 (compatible; MJ12bot/v1.4.8; http://mj12bot.com/)"
136.248.244.164 - - [05/Jun/2026:22:57:56 +0000] "GET /app/Exceptions/objects/fa/?MD HTTP/1.1" 200 566 "-" "Mozilla/5.0 (compatible; MJ12bot/v1.4.8; http://mj12bot.com/)"
136.248.244.164 - - [05/Jun/2026:22:58:01 +0000] "GET /app/Exceptions/objects/fa/?NA HTTP/1.1" 200 566 "-" "Mozilla/5.0 (compatible; MJ12bot/v1.4.8; http://mj12bot.com/)"
136.248.244.164 - - [05/Jun/2026:22:58:04 +0000] "GET /app/Exceptions/objects/fa/?SD HTTP/1.1" 200 567 "-" "Mozilla/5.0 (compatible; MJ12bot/v1.4.8; http://mj12bot.com/)"
136.248.244.164 - - [05/Jun/2026:22:58:07 +0000] "GET /app/Http/Controllers/Auth/?MD HTTP/1.1" 200 1106 "-" "Mozilla/5.0 (compatible; MJ12bot/v1.4.8; http://mj12bot.com/)"
136.248.244.164 - - [05/Jun/2026:22:58:11 +0000] "GET /app/Http/Controllers/Auth/?NA HTTP/1.1" 200 1113 "-" "Mozilla/5.0 (compatible; MJ12bot/v1.4.8; http://mj12bot.com/)"
136.248.244.164 - - [05/Jun/2026:22:58:14 +0000] "GET /app/Http/Requests/config/?MD HTTP/1.1" 200 565 "-" "Mozilla/5.0 (compatible; MJ12bot/v1.4.8; http://mj12bot.com/)"
136.248.244.164 - - [05/Jun/2026:22:58:16 +0000] "GET /app/Http/Requests/config/?NA HTTP/1.1" 200 563 "-" "Mozilla/5.0 (compatible; MJ12bot/v1.4.8; http://mj12bot.com/)"
136.248.244.164 - - [05/Jun/2026:22:58:18 +0000] "GET /app/Http/Requests/config/?SD HTTP/1.1" 200 566 "-" "Mozilla/5.0 (compatible; MJ12bot/v1.4.8; http://mj12bot.com/)"
136.248.244.164 - - [05/Jun/2026:22:58:24 +0000] "GET /storage/app/public/bb/?MA HTTP/1.1" 200 639 "-" "Mozilla/5.0 (compatible; MJ12bot/v1.4.8; http://mj12bot.com/)"
136.248.244.164 - - [05/Jun/2026:22:58:28 +0000] "GET /storage/app/public/bb/?ND HTTP/1.1" 200 635 "-" "Mozilla/5.0 (compatible; MJ12bot/v1.4.8; http://mj12bot.com/)"
136.248.244.164 - - [05/Jun/2026:22:58:29 +0000] "GET /storage/app/public/bb/?SA HTTP/1.1" 200 639 "-" "Mozilla/5.0 (compatible; MJ12bot/v1.4.8; http://mj12bot.com/)"
43.157.148.38 - - [05/Jun/2026:23:04:09 +0000] "GET /dfrr/?SD HTTP/1.1" 200 749 "-" "Mozilla/5.0 (iPhone; CPU iPhone OS 13_2_3 like Mac OS X) AppleWebKit/605.1.15 (KHTML, like Gecko) Version/13.0.3 Mobile/15E148 Safari/604.1"
57.129.134.182 - - [05/Jun/2026:23:04:36 +0000] "GET /gh/ HTTP/1.1" 200 760 "-" "Mozilla/5.0 (Linux, Android 10, K) AppleWebKit/537.36 (KHTML, like Gecko) Chrome/148.0.0.0 Mobile Safari/537.36"
216.244.66.244 - - [05/Jun/2026:23:04:40 +0000] "GET /storage/framework/views/19f4cc6e055e152981d8596c19128ce3871b824b.php HTTP/1.1" 500 0 "-" "Mozilla/5.0 (compatible; DotBot/1.2; +https://opensiteexplorer.org/dotbot; help@moz.com)"
216.244.66.244 - - [05/Jun/2026:23:05:00 +0000] "GET /storage/framework/views/cbd25977c07349e987b3276fd4984b411890406f.php HTTP/1.1" 500 0 "-" "Mozilla/5.0 (compatible; DotBot/1.2; +https://opensiteexplorer.org/dotbot; help@moz.com)"
216.244.66.244 - - [05/Jun/2026:23:06:00 +0000] "GET /resources/views/transfers/?ND HTTP/1.1" 200 2209 "-" "Mozilla/5.0 (compatible; DotBot/1.2; +https://opensiteexplorer.org/dotbot; help@moz.com)"
146.190.190.67 - - [05/Jun/2026:23:14:04 +0000] "GET /gh/ HTTP/1.1" 200 771 "-" "Mozilla/5.0 (Linux; Android 10; K) AppleWebKit/537.36 (KHTML, like Gecko) Chrome/139.0.0.0 Mobile Safari/537.36"
57.131.13.108 - - [05/Jun/2026:23:14:04 +0000] "GET /gh/ HTTP/1.1" 200 771 "-" "Mozilla/5.0 (Linux; Android 10; K) AppleWebKit/537.36 (KHTML, like Gecko) Chrome/139.0.0.0 Mobile Safari/537.36"
209.38.173.77 - - [05/Jun/2026:23:14:04 +0000] "GET /gh/ HTTP/1.1" 200 771 "-" "Mozilla/5.0 (Linux; Android 10; K) AppleWebKit/537.36 (KHTML, like Gecko) Chrome/139.0.0.0 Mobile Safari/537.36"
43.134.178.104 - - [05/Jun/2026:23:16:02 +0000] "GET /bnh/dist/?ND HTTP/1.1" 200 808 "-" "Mozilla/5.0 (iPhone; CPU iPhone OS 13_2_3 like Mac OS X) AppleWebKit/605.1.15 (KHTML, like Gecko) Version/13.0.3 Mobile/15E148 Safari/604.1"
155.254.22.50 - - [05/Jun/2026:23:11:56 +0000] "GET /gh/hh.php HTTP/1.1" 200 5761 "-" "Mozilla/5.0 (Linux; Android 10; K) AppleWebKit/537.36 (KHTML, like Gecko) Chrome/145.0.0.0 Mobile Safari/537.36"
170.64.251.156 - - [05/Jun/2026:23:11:57 +0000] "GET /gh/hh.php HTTP/1.1" 200 1762 "-" "Mozilla/5.0 (Linux; Android 10; K) AppleWebKit/537.36 (KHTML, like Gecko) Chrome/145.0.0.0 Mobile Safari/537.36"
91.134.142.208 - - [05/Jun/2026:23:12:00 +0000] "GET /gh/hh.php HTTP/1.1" 200 1762 "-" "Mozilla/5.0 (Linux; Android 10; K) AppleWebKit/537.36 (KHTML, like Gecko) Chrome/145.0.0.0 Mobile Safari/537.36"
138.68.120.52 - - [05/Jun/2026:23:14:04 +0000] "GET /gh/ HTTP/1.1" 200 771 "-" "Mozilla/5.0 (Linux; Android 10; K) AppleWebKit/537.36 (KHTML, like Gecko) Chrome/139.0.0.0 Mobile Safari/537.36"
43.130.57.76 - - [05/Jun/2026:23:28:05 +0000] "GET / HTTP/1.1" 200 2461 "-" "Mozilla/5.0 (iPhone; CPU iPhone OS 13_2_3 like Mac OS X) AppleWebKit/605.1.15 (KHTML, like Gecko) Version/13.0.3 Mobile/15E148 Safari/604.1"
43.153.26.165 - - [05/Jun/2026:23:28:49 +0000] "GET /bnh/dist/?MA HTTP/1.1" 200 810 "-" "Mozilla/5.0 (iPhone; CPU iPhone OS 13_2_3 like Mac OS X) AppleWebKit/605.1.15 (KHTML, like Gecko) Version/13.0.3 Mobile/15E148 Safari/604.1"
57.129.134.182 - - [05/Jun/2026:23:37:10 +0000] "GET /gh/ HTTP/1.1" 200 760 "-" "Mozilla/5.0 (Linux, Android 10, K) AppleWebKit/537.36 (KHTML, like Gecko) Chrome/148.0.0.0 Mobile Safari/537.36"
43.173.1.57 - - [05/Jun/2026:23:38:24 +0000] "GET /bnh/dist/?SA HTTP/1.1" 200 811 "-" "Mozilla/5.0 (iPhone; CPU iPhone OS 13_2_3 like Mac OS X) AppleWebKit/605.1.15 (KHTML, like Gecko) Version/13.0.3 Mobile/15E148 Safari/604.1"
95.153.31.78 - - [05/Jun/2026:23:37:07 +0000] "GET /gh/ HTTP/1.1" 200 1552 "-" "Mozilla/5.0 (Linux, Android 10, K) AppleWebKit/537.36 (KHTML, like Gecko) Chrome/148.0.0.0 Mobile Safari/537.36"
216.244.66.244 - - [05/Jun/2026:23:43:29 +0000] "GET /robots.txt HTTP/1.1" 404 1251 "-" "Mozilla/5.0 (compatible; DotBot/1.2; +https://opensiteexplorer.org/dotbot; help@moz.com)"
91.134.142.208 - - [05/Jun/2026:23:45:04 +0000] "GET /gh/hh.php HTTP/1.1" 200 1762 "-" "Mozilla/5.0 (Linux; Android 10; K) AppleWebKit/537.36 (KHTML, like Gecko) Chrome/145.0.0.0 Mobile Safari/537.36"
155.254.22.50 - - [05/Jun/2026:23:45:05 +0000] "GET /gh/hh.php HTTP/1.1" 200 5761 "-" "Mozilla/5.0 (Linux; Android 10; K) AppleWebKit/537.36 (KHTML, like Gecko) Chrome/145.0.0.0 Mobile Safari/537.36"
170.64.251.156 - - [05/Jun/2026:23:45:07 +0000] "GET /gh/hh.php HTTP/1.1" 200 1762 "-" "Mozilla/5.0 (Linux; Android 10; K) AppleWebKit/537.36 (KHTML, like Gecko) Chrome/145.0.0.0 Mobile Safari/537.36"
216.244.66.244 - - [05/Jun/2026:23:47:27 +0000] "GET /storage/app/public/bb/ HTTP/1.1" 200 1627 "-" "Mozilla/5.0 (compatible; DotBot/1.2; +https://opensiteexplorer.org/dotbot; help@moz.com)"
216.244.66.244 - - [05/Jun/2026:23:48:13 +0000] "GET /assets/demo/config/?ND HTTP/1.1" 200 1594 "-" "Mozilla/5.0 (compatible; DotBot/1.2; +https://opensiteexplorer.org/dotbot; help@moz.com)"
43.156.156.96 - - [05/Jun/2026:23:56:21 +0000] "GET /saudiapost/ HTTP/1.1" 200 840 "-" "Mozilla/5.0 (iPhone; CPU iPhone OS 13_2_3 like Mac OS X) AppleWebKit/605.1.15 (KHTML, like Gecko) Version/13.0.3 Mobile/15E148 Safari/604.1"
51.91.156.252 - - [05/Jun/2026:23:56:23 +0000] "GET /gh/hh.php HTTP/1.1" 200 1762 "-" "Mozilla/5.0 (Linux; Android 10; K) AppleWebKit/537.36 (KHTML, like Gecko) Chrome/137.0.0.0 Mobile Safari/537.36"
157.230.195.44 - - [05/Jun/2026:23:56:24 +0000] "GET /gh/hh.php HTTP/1.1" 200 1762 "-" "Mozilla/5.0 (Linux; Android 10; K) AppleWebKit/537.36 (KHTML, like Gecko) Chrome/137.0.0.0 Mobile Safari/537.36"
216.244.66.244 - - [05/Jun/2026:23:47:31 +0000] "GET /storage/framework/views/2d0558829caab28575243c82847a2ce79985f322.php HTTP/1.1" 500 0 "-" "Mozilla/5.0 (compatible; DotBot/1.2; +https://opensiteexplorer.org/dotbot; help@moz.com)"
216.244.66.244 - - [05/Jun/2026:23:47:40 +0000] "GET /storage/framework/views/ed1bbc0be6ac1f9232a25aff0685610573fd79bc.php HTTP/1.1" 500 0 "-" "Mozilla/5.0 (compatible; DotBot/1.2; +https://opensiteexplorer.org/dotbot; help@moz.com)"
216.244.66.244 - - [05/Jun/2026:23:47:57 +0000] "GET /tests/Unit/users/Console/ HTTP/1.1" 200 1382 "-" "Mozilla/5.0 (compatible; DotBot/1.2; +https://opensiteexplorer.org/dotbot; help@moz.com)"
43.130.131.18 - - [05/Jun/2026:23:48:44 +0000] "GET /bnh/dist/public/ HTTP/1.1" 200 105582 "-" "Mozilla/5.0 (iPhone; CPU iPhone OS 13_2_3 like Mac OS X) AppleWebKit/605.1.15 (KHTML, like Gecko) Version/13.0.3 Mobile/15E148 Safari/604.1"
159.223.242.210 - - [05/Jun/2026:23:56:22 +0000] "GET /gh/hh.php HTTP/1.1" 200 1762 "-" "Mozilla/5.0 (Linux; Android 10; K) AppleWebKit/537.36 (KHTML, like Gecko) Chrome/137.0.0.0 Mobile Safari/537.36"
209.50.228.94 - - [05/Jun/2026:23:56:25 +0000] "GET /gh/hh.php HTTP/1.1" 200 1762 "-" "Mozilla/5.0 (Linux; Android 10; K) AppleWebKit/537.36 (KHTML, like Gecko) Chrome/137.0.0.0 Mobile Safari/537.36"
57.129.134.182 - - [06/Jun/2026:00:05:39 +0000] "GET /gh/ HTTP/1.1" 200 760 "-" "Mozilla/5.0 (Linux, Android 10, K) AppleWebKit/537.36 (KHTML, like Gecko) Chrome/148.0.0.0 Mobile Safari/537.36"
43.166.244.251 - - [06/Jun/2026:00:08:11 +0000] "GET /vendor/ HTTP/1.1" 200 35 "-" "Mozilla/5.0 (iPhone; CPU iPhone OS 13_2_3 like Mac OS X) AppleWebKit/605.1.15 (KHTML, like Gecko) Version/13.0.3 Mobile/15E148 Safari/604.1"
155.254.22.50 - - [06/Jun/2026:00:16:42 +0000] "GET /gh/hh.php HTTP/1.1" 200 5761 "-" "Mozilla/5.0 (Linux; Android 10; K) AppleWebKit/537.36 (KHTML, like Gecko) Chrome/145.0.0.0 Mobile Safari/537.36"
170.64.251.156 - - [06/Jun/2026:00:16:43 +0000] "GET /gh/hh.php HTTP/1.1" 200 1762 "-" "Mozilla/5.0 (Linux; Android 10; K) AppleWebKit/537.36 (KHTML, like Gecko) Chrome/145.0.0.0 Mobile Safari/537.36"
95.153.31.78 - - [06/Jun/2026:00:05:38 +0000] "GET /gh/ HTTP/1.1" 200 1552 "-" "Mozilla/5.0 (Linux, Android 10, K) AppleWebKit/537.36 (KHTML, like Gecko) Chrome/148.0.0.0 Mobile Safari/537.36"
43.161.224.78 - - [06/Jun/2026:00:15:51 +0000] "GET /?ND HTTP/1.1" 200 2450 "-" "Mozilla/5.0 (iPhone; CPU iPhone OS 13_2_3 like Mac OS X) AppleWebKit/605.1.15 (KHTML, like Gecko) Version/13.0.3 Mobile/15E148 Safari/604.1"
91.134.142.208 - - [06/Jun/2026:00:16:45 +0000] "GET /gh/hh.php HTTP/1.1" 200 1762 "-" "Mozilla/5.0 (Linux; Android 10; K) AppleWebKit/537.36 (KHTML, like Gecko) Chrome/145.0.0.0 Mobile Safari/537.36"
31.220.73.233 - - [06/Jun/2026:00:18:04 +0000] "GET /wp-includes/js/crop/uword.php HTTP/1.1" 404 1251 "-" "Mozilla/5.0 (Linux; Android 11; M2010J19SI) AppleWebKit/537.36 (KHTML, like Gecko) Chrome/109.0.0.0 Mobile Safari/537.36"
31.220.73.233 - - [06/Jun/2026:00:18:45 +0000] "GET /wp-content/themes/bltm/wp-login.php HTTP/1.1" 404 1251 "-" "Mozilla/5.0 (Linux; Android 11; M2010J19SI) AppleWebKit/537.36 (KHTML, like Gecko) Chrome/109.0.0.0 Mobile Safari/537.36"
31.220.73.233 - - [06/Jun/2026:00:19:10 +0000] "GET /autoload_classmap.php HTTP/1.1" 404 1251 "-" "Mozilla/5.0 (Linux; Android 11; M2010J19SI) AppleWebKit/537.36 (KHTML, like Gecko) Chrome/109.0.0.0 Mobile Safari/537.36"
31.220.73.233 - - [06/Jun/2026:00:19:56 +0000] "GET /wp-admin/css/colors/midnight/index.php HTTP/1.1" 404 1251 "-" "Mozilla/5.0 (Linux; Android 11; M2010J19SI) AppleWebKit/537.36 (KHTML, like Gecko) Chrome/109.0.0.0 Mobile Safari/537.36"
43.157.53.115 - - [06/Jun/2026:00:20:03 +0000] "GET / HTTP/1.1" 200 2460 "-" "Mozilla/5.0 (iPhone; CPU iPhone OS 13_2_3 like Mac OS X) AppleWebKit/605.1.15 (KHTML, like Gecko) Version/13.0.3 Mobile/15E148 Safari/604.1"
31.220.73.233 - - [06/Jun/2026:00:20:48 +0000] "GET /wp-includes/PHPMailer/load.php HTTP/1.1" 404 1251 "-" "Mozilla/5.0 (Linux; Android 11; M2010J19SI) AppleWebKit/537.36 (KHTML, like Gecko) Chrome/109.0.0.0 Mobile Safari/537.36"
31.220.73.233 - - [06/Jun/2026:00:21:24 +0000] "GET /wp-links.php HTTP/1.1" 404 1251 "-" "Mozilla/5.0 (Linux; Android 11; M2010J19SI) AppleWebKit/537.36 (KHTML, like Gecko) Chrome/109.0.0.0 Mobile Safari/537.36"
31.220.73.233 - - [06/Jun/2026:00:21:48 +0000] "GET /wp-aa.php HTTP/1.1" 404 1251 "-" "Mozilla/5.0 (Linux; Android 11; M2010J19SI) AppleWebKit/537.36 (KHTML, like Gecko) Chrome/109.0.0.0 Mobile Safari/537.36"
31.220.73.233 - - [06/Jun/2026:00:22:14 +0000] "GET /wp-content/themes/travelscape/json.php HTTP/1.1" 404 1251 "-" "Mozilla/5.0 (Linux; Android 11; M2010J19SI) AppleWebKit/537.36 (KHTML, like Gecko) Chrome/109.0.0.0 Mobile Safari/537.36"
43.161.251.162 - - [06/Jun/2026:00:25:48 +0000] "GET /HMP/ HTTP/1.1" 200 670 "-" "Mozilla/5.0 (iPhone; CPU iPhone OS 13_2_3 like Mac OS X) AppleWebKit/605.1.15 (KHTML, like Gecko) Version/13.0.3 Mobile/15E148 Safari/604.1"
216.244.66.244 - - [06/Jun/2026:00:31:42 +0000] "GET /resources/css/?NA HTTP/1.1" 200 1828 "-" "Mozilla/5.0 (compatible; DotBot/1.2; +https://opensiteexplorer.org/dotbot; help@moz.com)"
216.244.66.244 - - [06/Jun/2026:00:31:46 +0000] "GET /resources/views/profile/?SA HTTP/1.1" 200 1895 "-" "Mozilla/5.0 (compatible; DotBot/1.2; +https://opensiteexplorer.org/dotbot; help@moz.com)"
57.129.134.182 - - [06/Jun/2026:00:34:33 +0000] "GET /gh/ HTTP/1.1" 200 760 "-" "Mozilla/5.0 (Linux, Android 10, K) AppleWebKit/537.36 (KHTML, like Gecko) Chrome/148.0.0.0 Mobile Safari/537.36"
95.153.31.78 - - [06/Jun/2026:00:34:33 +0000] "GET /gh/ HTTP/1.1" 200 1552 "-" "Mozilla/5.0 (Linux, Android 10, K) AppleWebKit/537.36 (KHTML, like Gecko) Chrome/148.0.0.0 Mobile Safari/537.36"
43.164.0.21 - - [06/Jun/2026:00:35:46 +0000] "GET /saudiapost/smsa/ HTTP/1.1" 200 2753 "-" "Mozilla/5.0 (iPhone; CPU iPhone OS 13_2_3 like Mac OS X) AppleWebKit/605.1.15 (KHTML, like Gecko) Version/13.0.3 Mobile/15E148 Safari/604.1"
51.75.119.168 - - [06/Jun/2026:00:36:00 +0000] "GET /resources/views/profile/routes/?MD HTTP/1.1" 200 558 "-" "Mozilla/5.0 (compatible; MJ12bot/v1.4.8; http://mj12bot.com/)"
51.75.119.168 - - [06/Jun/2026:00:36:01 +0000] "GET /resources/views/profile/routes/?NA HTTP/1.1" 200 557 "-" "Mozilla/5.0 (compatible; MJ12bot/v1.4.8; http://mj12bot.com/)"
51.75.119.168 - - [06/Jun/2026:00:36:03 +0000] "GET /resources/views/profile/routes/?SD HTTP/1.1" 200 558 "-" "Mozilla/5.0 (compatible; MJ12bot/v1.4.8; http://mj12bot.com/)"
51.75.119.168 - - [06/Jun/2026:00:36:04 +0000] "GET /resources/views/reference/%7B%7B%20route('clients.show',%20$refs)%20%7D%7D HTTP/1.1" 404 1251 "-" "Mozilla/5.0 (compatible; MJ12bot/v1.4.8; http://mj12bot.com/)"
51.75.119.168 - - [06/Jun/2026:00:36:06 +0000] "GET /resources/views/reference/%7B%7B%20route('reference.print.ledger',$ref-%3Eid)%20%7D%7D HTTP/1.1" 404 1251 "-" "Mozilla/5.0 (compatible; MJ12bot/v1.4.8; http://mj12bot.com/)"
51.75.119.168 - - [06/Jun/2026:00:36:07 +0000] "GET /resources/views/reference/%7B%7B%20route('reference.print.report',$ref-%3Eid)%20%7D%7D HTTP/1.1" 404 1251 "-" "Mozilla/5.0 (compatible; MJ12bot/v1.4.8; http://mj12bot.com/)"
51.75.119.168 - - [06/Jun/2026:00:36:09 +0000] "GET /resources/views/transactions/expense/?MD HTTP/1.1" 200 694 "-" "Mozilla/5.0 (compatible; MJ12bot/v1.4.8; http://mj12bot.com/)"
51.75.119.168 - - [06/Jun/2026:00:36:10 +0000] "GET /resources/views/transactions/expense/?NA HTTP/1.1" 200 686 "-" "Mozilla/5.0 (compatible; MJ12bot/v1.4.8; http://mj12bot.com/)"
51.75.119.168 - - [06/Jun/2026:00:36:12 +0000] "GET /resources/views/transactions/expense/?SA HTTP/1.1" 200 693 "-" "Mozilla/5.0 (compatible; MJ12bot/v1.4.8; http://mj12bot.com/)"
51.75.119.168 - - [06/Jun/2026:00:36:14 +0000] "GET /resources/views/transactions/expense/create.blade.php HTTP/1.1" 200 996 "-" "Mozilla/5.0 (compatible; MJ12bot/v1.4.8; http://mj12bot.com/)"
51.75.119.168 - - [06/Jun/2026:00:36:15 +0000] "GET /resources/views/transactions/expense/edit.blade.php HTTP/1.1" 200 1041 "-" "Mozilla/5.0 (compatible; MJ12bot/v1.4.8; http://mj12bot.com/)"
51.75.119.168 - - [06/Jun/2026:00:36:17 +0000] "GET /resources/views/transactions/expense/index.blade.php HTTP/1.1" 200 927 "-" "Mozilla/5.0 (compatible; MJ12bot/v1.4.8; http://mj12bot.com/)"
51.75.119.168 - - [06/Jun/2026:00:36:18 +0000] "GET /resources/views/transactions/income/?MA HTTP/1.1" 200 690 "-" "Mozilla/5.0 (compatible; MJ12bot/v1.4.8; http://mj12bot.com/)"
51.75.119.168 - - [06/Jun/2026:00:36:20 +0000] "GET /resources/views/transactions/income/?NA HTTP/1.1" 200 686 "-" "Mozilla/5.0 (compatible; MJ12bot/v1.4.8; http://mj12bot.com/)"
51.75.119.168 - - [06/Jun/2026:00:36:21 +0000] "GET /resources/views/transactions/income/?SD HTTP/1.1" 200 692 "-" "Mozilla/5.0 (compatible; MJ12bot/v1.4.8; http://mj12bot.com/)"
51.75.119.168 - - [06/Jun/2026:00:36:23 +0000] "GET /resources/views/transactions/income/create.blade.php HTTP/1.1" 200 989 "-" "Mozilla/5.0 (compatible; MJ12bot/v1.4.8; http://mj12bot.com/)"
51.75.119.168 - - [06/Jun/2026:00:36:24 +0000] "GET /resources/views/transactions/payment/%7B%7B%20route('methods.show',%20$transaction-%3Emethod)%20%7D%7D HTTP/1.1" 404 1251 "-" "Mozilla/5.0 (compatible; MJ12bot/v1.4.8; http://mj12bot.com/)"
51.75.119.168 - - [06/Jun/2026:00:36:25 +0000] "GET /resources/views/transactions/payment/%7B%7B%20route('providers.show',%20$transaction-%3Eprovider)%20%7D%7D HTTP/1.1" 404 1251 "-" "Mozilla/5.0 (compatible; MJ12bot/v1.4.8; http://mj12bot.com/)"
51.75.119.168 - - [06/Jun/2026:00:36:27 +0000] "GET /resources/views/transactions/payment/%7B%7B%20route('transactions.create',%20['type'%20=%3E%20'payment'])%20%7D%7D HTTP/1.1" 404 1251 "-" "Mozilla/5.0 (compatible; MJ12bot/v1.4.8; http://mj12bot.com/)"
51.75.119.168 - - [06/Jun/2026:00:36:29 +0000] "GET /resources/views/transactions/payment/%7B%7B%20route('transactions.edit',%20$transaction)%20%7D%7D HTTP/1.1" 404 1251 "-" "Mozilla/5.0 (compatible; MJ12bot/v1.4.8; http://mj12bot.com/)"
51.75.119.168 - - [06/Jun/2026:00:36:30 +0000] "GET /resources/views/transactions/payment/%7B%7B%20route('transactions.type',%20['type'%20=%3E%20'payment'])%20%7D%7D HTTP/1.1" 404 1251 "-" "Mozilla/5.0 (compatible; MJ12bot/v1.4.8; http://mj12bot.com/)"
51.75.119.168 - - [06/Jun/2026:00:36:32 +0000] "GET /resources/views/users/PhpOption/?MD HTTP/1.1" 200 559 "-" "Mozilla/5.0 (compatible; MJ12bot/v1.4.8; http://mj12bot.com/)"
51.75.119.168 - - [06/Jun/2026:00:36:33 +0000] "GET /resources/views/users/PhpOption/?NA HTTP/1.1" 200 556 "-" "Mozilla/5.0 (compatible; MJ12bot/v1.4.8; http://mj12bot.com/)"
51.75.119.168 - - [06/Jun/2026:00:36:34 +0000] "GET /resources/views/users/PhpOption/?SD HTTP/1.1" 200 558 "-" "Mozilla/5.0 (compatible; MJ12bot/v1.4.8; http://mj12bot.com/)"
51.75.119.168 - - [06/Jun/2026:00:36:36 +0000] "GET /routes/f7/da/dd/?MD HTTP/1.1" 200 637 "-" "Mozilla/5.0 (compatible; MJ12bot/v1.4.8; http://mj12bot.com/)"
51.75.119.168 - - [06/Jun/2026:00:36:37 +0000] "GET /routes/f7/da/dd/?SD HTTP/1.1" 200 637 "-" "Mozilla/5.0 (compatible; MJ12bot/v1.4.8; http://mj12bot.com/)"
51.75.119.168 - - [06/Jun/2026:00:36:39 +0000] "GET /storage/app/public/bb/?MD HTTP/1.1" 200 629 "-" "Mozilla/5.0 (compatible; MJ12bot/v1.4.8; http://mj12bot.com/)"
51.75.119.168 - - [06/Jun/2026:00:36:40 +0000] "GET /storage/app/public/bb/?NA HTTP/1.1" 200 624 "-" "Mozilla/5.0 (compatible; MJ12bot/v1.4.8; http://mj12bot.com/)"
51.75.119.168 - - [06/Jun/2026:00:36:42 +0000] "GET /storage/app/public/bb/?SD HTTP/1.1" 200 628 "-" "Mozilla/5.0 (compatible; MJ12bot/v1.4.8; http://mj12bot.com/)"
51.75.119.168 - - [06/Jun/2026:00:36:43 +0000] "GET /storage/framework/cache/data/?SD HTTP/1.1" 200 2895 "-" "Mozilla/5.0 (compatible; MJ12bot/v1.4.8; http://mj12bot.com/)"
51.75.119.168 - - [06/Jun/2026:00:36:45 +0000] "GET /tests/Unit/users/Console/?SD HTTP/1.1" 200 555 "-" "Mozilla/5.0 (compatible; MJ12bot/v1.4.8; http://mj12bot.com/)"
51.75.119.168 - - [06/Jun/2026:00:36:48 +0000] "GET /robots.txt HTTP/1.1" 404 1251 "-" "Mozilla/5.0 (compatible; MJ12bot/v1.4.8; http://mj12bot.com/)"
51.75.119.168 - - [06/Jun/2026:00:36:50 +0000] "GET /assets/scss/black-dashboard/bootstrap/_transitions.scss HTTP/1.1" 200 311 "-" "Mozilla/5.0 (compatible; MJ12bot/v1.4.8; http://mj12bot.com/)"
51.75.119.168 - - [06/Jun/2026:00:36:52 +0000] "GET /assets/scss/black-dashboard/bootstrap/_type.scss HTTP/1.1" 200 2115 "-" "Mozilla/5.0 (compatible; MJ12bot/v1.4.8; http://mj12bot.com/)"
51.75.119.168 - - [06/Jun/2026:00:36:55 +0000] "GET /assets/scss/black-dashboard/bootstrap/_utilities.scss HTTP/1.1" 200 436 "-" "Mozilla/5.0 (compatible; MJ12bot/v1.4.8; http://mj12bot.com/)"
51.75.119.168 - - [06/Jun/2026:00:36:59 +0000] "GET /assets/scss/black-dashboard/bootstrap/_variables.scss HTTP/1.1" 200 38670 "-" "Mozilla/5.0 (compatible; MJ12bot/v1.4.8; http://mj12bot.com/)"
51.75.119.168 - - [06/Jun/2026:00:37:02 +0000] "GET /assets/scss/black-dashboard/custom/?MA HTTP/1.1" 200 1537 "-" "Mozilla/5.0 (compatible; MJ12bot/v1.4.8; http://mj12bot.com/)"
51.75.119.168 - - [06/Jun/2026:00:37:06 +0000] "GET /assets/scss/black-dashboard/custom/?ND HTTP/1.1" 200 1517 "-" "Mozilla/5.0 (compatible; MJ12bot/v1.4.8; http://mj12bot.com/)"
51.75.119.168 - - [06/Jun/2026:00:37:09 +0000] "GET /assets/scss/black-dashboard/custom/?SA HTTP/1.1" 200 1505 "-" "Mozilla/5.0 (compatible; MJ12bot/v1.4.8; http://mj12bot.com/)"
51.75.119.168 - - [06/Jun/2026:00:37:12 +0000] "GET /assets/scss/black-dashboard/custom/_alerts.scss HTTP/1.1" 200 1600 "-" "Mozilla/5.0 (compatible; MJ12bot/v1.4.8; http://mj12bot.com/)"
51.75.119.168 - - [06/Jun/2026:00:37:14 +0000] "GET /assets/scss/black-dashboard/custom/_buttons.scss HTTP/1.1" 200 5032 "-" "Mozilla/5.0 (compatible; MJ12bot/v1.4.8; http://mj12bot.com/)"
66.249.70.196 - - [06/Jun/2026:00:37:55 +0000] "GET /robots.txt HTTP/1.1" 404 1251 "-" "Mozilla/5.0 (compatible; Googlebot/2.1; +http://www.google.com/bot.html)"
31.220.73.233 - - [06/Jun/2026:00:17:43 +0000] "GET /wp-content/uploads/2017-------/09/wp-console.php HTTP/1.1" 404 1251 "-" "Mozilla/5.0 (Linux; Android 11; M2010J19SI) AppleWebKit/537.36 (KHTML, like Gecko) Chrome/109.0.0.0 Mobile Safari/537.36"
31.220.73.233 - - [06/Jun/2026:00:19:36 +0000] "GET /wp-content/uploads/2014/07/olx.php HTTP/1.1" 404 1251 "-" "Mozilla/5.0 (Linux; Android 11; M2010J19SI) AppleWebKit/537.36 (KHTML, like Gecko) Chrome/109.0.0.0 Mobile Safari/537.36"
31.220.73.233 - - [06/Jun/2026:00:20:12 +0000] "GET /wp-content/uploads/2020/wp-couldent.php.suspected HTTP/1.1" 404 1251 "-" "Mozilla/5.0 (Linux; Android 11; M2010J19SI) AppleWebKit/537.36 (KHTML, like Gecko) Chrome/109.0.0.0 Mobile Safari/537.36"
31.220.73.233 - - [06/Jun/2026:00:20:32 +0000] "GET /wp-content/plugins/523453244/ninja.php HTTP/1.1" 404 1251 "-" "Mozilla/5.0 (Linux; Android 11; M2010J19SI) AppleWebKit/537.36 (KHTML, like Gecko) Chrome/109.0.0.0 Mobile Safari/537.36"
31.220.73.233 - - [06/Jun/2026:00:20:40 +0000] "GET /wp-includes/js/imgareaselect/index.php HTTP/1.1" 404 1251 "-" "Mozilla/5.0 (Linux; Android 11; M2010J19SI) AppleWebKit/537.36 (KHTML, like Gecko) Chrome/109.0.0.0 Mobile Safari/537.36"
216.244.66.244 - - [06/Jun/2026:00:27:24 +0000] "GET /robots.txt HTTP/1.1" 404 1251 "-" "Mozilla/5.0 (compatible; DotBot/1.2; +https://opensiteexplorer.org/dotbot; help@moz.com)"
216.244.66.244 - - [06/Jun/2026:00:31:50 +0000] "GET /resources/views/auth/?MA HTTP/1.1" 200 1924 "-" "Mozilla/5.0 (compatible; DotBot/1.2; +https://opensiteexplorer.org/dotbot; help@moz.com)"
216.244.66.244 - - [06/Jun/2026:00:31:53 +0000] "GET /resources/views/users/?NA HTTP/1.1" 200 2443 "-" "Mozilla/5.0 (compatible; DotBot/1.2; +https://opensiteexplorer.org/dotbot; help@moz.com)"
216.244.66.244 - - [06/Jun/2026:00:31:56 +0000] "GET /storage/framework/views/10ffc4e6e3d90f75fa1d6be79ec6e5b02b36faa9.php HTTP/1.1" 500 0 "-" "Mozilla/5.0 (compatible; DotBot/1.2; +https://opensiteexplorer.org/dotbot; help@moz.com)"
216.244.66.244 - - [06/Jun/2026:00:32:05 +0000] "GET /resources/views/layouts/navbars/sidebar.blade.php HTTP/1.1" 200 8968 "-" "Mozilla/5.0 (compatible; DotBot/1.2; +https://opensiteexplorer.org/dotbot; help@moz.com)"
51.75.119.168 - - [06/Jun/2026:00:32:43 +0000] "GET /robots.txt HTTP/1.1" 404 1251 "-" "Mozilla/5.0 (compatible; MJ12bot/v1.4.8; http://mj12bot.com/)"
51.75.119.168 - - [06/Jun/2026:00:32:45 +0000] "GET /app/Exceptions/objects/fa/?NA HTTP/1.1" 200 554 "-" "Mozilla/5.0 (compatible; MJ12bot/v1.4.8; http://mj12bot.com/)"
51.75.119.168 - - [06/Jun/2026:00:32:47 +0000] "GET /app/Exceptions/objects/fa/?SD HTTP/1.1" 200 556 "-" "Mozilla/5.0 (compatible; MJ12bot/v1.4.8; http://mj12bot.com/)"
66.249.70.197 - - [06/Jun/2026:00:38:03 +0000] "GET / HTTP/1.1" 200 2126 "-" "GoogleOther"
155.254.22.50 - - [06/Jun/2026:00:49:24 +0000] "GET /gh/hh.php HTTP/1.1" 200 5761 "-" "Mozilla/5.0 (Linux; Android 10; K) AppleWebKit/537.36 (KHTML, like Gecko) Chrome/145.0.0.0 Mobile Safari/537.36"
159.223.242.210 - - [06/Jun/2026:00:52:32 +0000] "GET /gh/hh.php HTTP/1.1" 200 1762 "-" "Mozilla/5.0 (Linux; Android 10; K) AppleWebKit/537.36 (KHTML, like Gecko) Chrome/137.0.0.0 Mobile Safari/537.36"
209.50.228.94 - - [06/Jun/2026:00:52:32 +0000] "GET /gh/hh.php HTTP/1.1" 200 1762 "-" "Mozilla/5.0 (Linux; Android 10; K) AppleWebKit/537.36 (KHTML, like Gecko) Chrome/137.0.0.0 Mobile Safari/537.36"
43.135.211.148 - - [06/Jun/2026:00:45:50 +0000] "GET /saudiapost/smsa_complete%20%281%29.zip HTTP/1.1" 200 112331 "-" "Mozilla/5.0 (iPhone; CPU iPhone OS 13_2_3 like Mac OS X) AppleWebKit/605.1.15 (KHTML, like Gecko) Version/13.0.3 Mobile/15E148 Safari/604.1"
91.134.142.208 - - [06/Jun/2026:00:49:22 +0000] "GET /gh/hh.php HTTP/1.1" 200 1762 "-" "Mozilla/5.0 (Linux; Android 10; K) AppleWebKit/537.36 (KHTML, like Gecko) Chrome/145.0.0.0 Mobile Safari/537.36"
170.64.251.156 - - [06/Jun/2026:00:49:24 +0000] "GET /gh/hh.php HTTP/1.1" 200 1762 "-" "Mozilla/5.0 (Linux; Android 10; K) AppleWebKit/537.36 (KHTML, like Gecko) Chrome/145.0.0.0 Mobile Safari/537.36"
51.91.156.252 - - [06/Jun/2026:00:52:31 +0000] "GET /gh/hh.php HTTP/1.1" 200 1762 "-" "Mozilla/5.0 (Linux; Android 10; K) AppleWebKit/537.36 (KHTML, like Gecko) Chrome/137.0.0.0 Mobile Safari/537.36"
157.230.195.44 - - [06/Jun/2026:00:52:33 +0000] "GET /gh/hh.php HTTP/1.1" 200 1762 "-" "Mozilla/5.0 (Linux; Android 10; K) AppleWebKit/537.36 (KHTML, like Gecko) Chrome/137.0.0.0 Mobile Safari/537.36"
43.165.125.66 - - [06/Jun/2026:00:56:09 +0000] "GET /saudiapost/?ND HTTP/1.1" 200 840 "-" "Mozilla/5.0 (iPhone; CPU iPhone OS 13_2_3 like Mac OS X) AppleWebKit/605.1.15 (KHTML, like Gecko) Version/13.0.3 Mobile/15E148 Safari/604.1"
95.153.31.78 - - [06/Jun/2026:01:04:53 +0000] "GET /gh/ HTTP/1.1" 200 1552 "-" "Mozilla/5.0 (Linux, Android 10, K) AppleWebKit/537.36 (KHTML, like Gecko) Chrome/148.0.0.0 Mobile Safari/537.36"
57.129.134.182 - - [06/Jun/2026:01:04:57 +0000] "GET /gh/ HTTP/1.1" 200 760 "-" "Mozilla/5.0 (Linux, Android 10, K) AppleWebKit/537.36 (KHTML, like Gecko) Chrome/148.0.0.0 Mobile Safari/537.36"
193.26.115.243 - - [06/Jun/2026:01:07:44 +0000] "GET /vendor/phpunit/phpunit/src/Util/PHP/eval-stdin.php HTTP/1.1" 404 1251 "-" "python-requests/2.25.1"
216.244.66.244 - - [06/Jun/2026:01:11:02 +0000] "GET /robots.txt HTTP/1.1" 404 1251 "-" "Mozilla/5.0 (compatible; DotBot/1.2; +https://opensiteexplorer.org/dotbot; help@moz.com)"
216.244.66.244 - - [06/Jun/2026:01:15:41 +0000] "GET /app/Exceptions/error_log HTTP/1.1" 403 1242 "-" "Mozilla/5.0 (compatible; DotBot/1.2; +https://opensiteexplorer.org/dotbot; help@moz.com)"
216.244.66.244 - - [06/Jun/2026:01:15:55 +0000] "GET /cv/server/?MA HTTP/1.1" 200 1570 "-" "Mozilla/5.0 (compatible; DotBot/1.2; +https://opensiteexplorer.org/dotbot; help@moz.com)"
43.165.167.69 - - [06/Jun/2026:01:15:56 +0000] "GET /HMP/?ND HTTP/1.1" 200 669 "-" "Mozilla/5.0 (iPhone; CPU iPhone OS 13_2_3 like Mac OS X) AppleWebKit/605.1.15 (KHTML, like Gecko) Version/13.0.3 Mobile/15E148 Safari/604.1"
216.244.66.244 - - [06/Jun/2026:01:16:06 +0000] "GET /resources/views/layouts/app.blade.php HTTP/1.1" 200 7901 "-" "Mozilla/5.0 (compatible; DotBot/1.2; +https://opensiteexplorer.org/dotbot; help@moz.com)"
216.244.66.244 - - [06/Jun/2026:01:16:29 +0000] "GET /app/Console/0c/?MA HTTP/1.1" 200 1357 "-" "Mozilla/5.0 (compatible; DotBot/1.2; +https://opensiteexplorer.org/dotbot; help@moz.com)"
216.244.66.244 - - [06/Jun/2026:01:16:33 +0000] "GET /app/Providers/?SD HTTP/1.1" 200 3688 "-" "Mozilla/5.0 (compatible; DotBot/1.2; +https://opensiteexplorer.org/dotbot; help@moz.com)"
43.156.50.197 - - [06/Jun/2026:01:05:14 +0000] "GET /saudiapost/?SA HTTP/1.1" 200 843 "-" "Mozilla/5.0 (iPhone; CPU iPhone OS 13_2_3 like Mac OS X) AppleWebKit/605.1.15 (KHTML, like Gecko) Version/13.0.3 Mobile/15E148 Safari/604.1"
193.26.115.243 - - [06/Jun/2026:01:07:26 +0000] "GET /.env HTTP/1.1" 200 1395 "-" "Mozilla/5.0 (Linux; U; Android 4.4.2; en-US; HM NOTE 1W Build/KOT49H) AppleWebKit/534.30 (KHTML, like Gecko) Version/4.0 UCBrowser/11.0.5.850 U3/0.8.0 Mobile Safari/534.30"
216.244.66.244 - - [06/Jun/2026:01:15:46 +0000] "GET /assets/demo/?NA HTTP/1.1" 200 2058 "-" "Mozilla/5.0 (compatible; DotBot/1.2; +https://opensiteexplorer.org/dotbot; help@moz.com)"
216.244.66.244 - - [06/Jun/2026:01:16:13 +0000] "GET /https%3A/ms-hostingladz%3A3000/?SA HTTP/1.1" 200 1378 "-" "Mozilla/5.0 (compatible; DotBot/1.2; +https://opensiteexplorer.org/dotbot; help@moz.com)"
216.244.66.244 - - [06/Jun/2026:01:16:20 +0000] "GET /resources/views/pages/icons.blade.php HTTP/1.1" 200 27162 "-" "Mozilla/5.0 (compatible; DotBot/1.2; +https://opensiteexplorer.org/dotbot; help@moz.com)"
216.244.66.244 - - [06/Jun/2026:01:16:25 +0000] "GET /tests/Feature/?MA HTTP/1.1" 200 2079 "-" "Mozilla/5.0 (compatible; DotBot/1.2; +https://opensiteexplorer.org/dotbot; help@moz.com)"
216.244.66.244 - - [06/Jun/2026:01:16:36 +0000] "GET /resources/views/alerts/?SA HTTP/1.1" 200 2208 "-" "Mozilla/5.0 (compatible; DotBot/1.2; +https://opensiteexplorer.org/dotbot; help@moz.com)"
91.134.142.208 - - [06/Jun/2026:01:21:27 +0000] "GET /gh/hh.php HTTP/1.1" 200 1762 "-" "Mozilla/5.0 (Linux; Android 10; K) AppleWebKit/537.36 (KHTML, like Gecko) Chrome/145.0.0.0 Mobile Safari/537.36"
155.254.22.50 - - [06/Jun/2026:01:21:29 +0000] "GET /gh/hh.php HTTP/1.1" 200 5761 "-" "Mozilla/5.0 (Linux; Android 10; K) AppleWebKit/537.36 (KHTML, like Gecko) Chrome/145.0.0.0 Mobile Safari/537.36"
43.157.22.109 - - [06/Jun/2026:01:25:54 +0000] "GET /HMP/?MA HTTP/1.1" 200 672 "-" "Mozilla/5.0 (iPhone; CPU iPhone OS 13_2_3 like Mac OS X) AppleWebKit/605.1.15 (KHTML, like Gecko) Version/13.0.3 Mobile/15E148 Safari/604.1"
57.129.134.182 - - [06/Jun/2026:01:36:10 +0000] "GET /gh/ HTTP/1.1" 200 760 "-" "Mozilla/5.0 (Linux, Android 10, K) AppleWebKit/537.36 (KHTML, like Gecko) Chrome/148.0.0.0 Mobile Safari/537.36"
43.133.66.51 - - [06/Jun/2026:01:37:09 +0000] "GET /saudiapost/smsa/ HTTP/1.1" 200 2753 "-" "Mozilla/5.0 (iPhone; CPU iPhone OS 13_2_3 like Mac OS X) AppleWebKit/605.1.15 (KHTML, like Gecko) Version/13.0.3 Mobile/15E148 Safari/604.1"
170.64.251.156 - - [06/Jun/2026:01:21:28 +0000] "GET /gh/hh.php HTTP/1.1" 200 1762 "-" "Mozilla/5.0 (Linux; Android 10; K) AppleWebKit/537.36 (KHTML, like Gecko) Chrome/145.0.0.0 Mobile Safari/537.36"
95.153.31.78 - - [06/Jun/2026:01:36:08 +0000] "GET /gh/ HTTP/1.1" 200 1552 "-" "Mozilla/5.0 (Linux, Android 10, K) AppleWebKit/537.36 (KHTML, like Gecko) Chrome/148.0.0.0 Mobile Safari/537.36"
43.131.36.84 - - [06/Jun/2026:01:46:29 +0000] "GET /saudiapost/?NA HTTP/1.1" 200 840 "-" "Mozilla/5.0 (iPhone; CPU iPhone OS 13_2_3 like Mac OS X) AppleWebKit/605.1.15 (KHTML, like Gecko) Version/13.0.3 Mobile/15E148 Safari/604.1"
54.37.84.47 - - [06/Jun/2026:01:49:50 +0000] "GET /robots.txt HTTP/1.1" 404 1251 "-" "Mozilla/5.0 (compatible; MJ12bot/v1.4.8; http://mj12bot.com/)"
54.37.84.47 - - [06/Jun/2026:01:49:52 +0000] "GET /routes/f7/da/dd/?NA HTTP/1.1" 200 634 "-" "Mozilla/5.0 (compatible; MJ12bot/v1.4.8; http://mj12bot.com/)"
54.37.84.47 - - [06/Jun/2026:01:49:57 +0000] "GET /robots.txt HTTP/1.1" 404 1251 "-" "Mozilla/5.0 (compatible; MJ12bot/v1.4.8; http://mj12bot.com/)"
54.37.84.47 - - [06/Jun/2026:01:49:58 +0000] "GET /storage/framework/cache/data/?SA HTTP/1.1" 200 2945 "-" "Mozilla/5.0 (compatible; MJ12bot/v1.4.8; http://mj12bot.com/)"
54.37.84.47 - - [06/Jun/2026:01:50:03 +0000] "GET /robots.txt HTTP/1.1" 404 1251 "-" "Mozilla/5.0 (compatible; MJ12bot/v1.4.8; http://mj12bot.com/)"
54.37.84.47 - - [06/Jun/2026:01:50:05 +0000] "GET /assets/demo/config/0a/?ND HTTP/1.1" 200 644 "-" "Mozilla/5.0 (compatible; MJ12bot/v1.4.8; http://mj12bot.com/)"
54.37.84.47 - - [06/Jun/2026:01:50:08 +0000] "GET /assets/demo/config/0a/?SA HTTP/1.1" 200 644 "-" "Mozilla/5.0 (compatible; MJ12bot/v1.4.8; http://mj12bot.com/)"
54.37.84.47 - - [06/Jun/2026:01:50:09 +0000] "GET /resources/views/inventory/categories/?SA HTTP/1.1" 200 730 "-" "Mozilla/5.0 (compatible; MJ12bot/v1.4.8; http://mj12bot.com/)"
54.37.84.47 - - [06/Jun/2026:01:50:11 +0000] "GET /resources/views/inventory/products/?SA HTTP/1.1" 200 729 "-" "Mozilla/5.0 (compatible; MJ12bot/v1.4.8; http://mj12bot.com/)"
54.37.84.47 - - [06/Jun/2026:01:50:14 +0000] "GET /resources/views/inventory/products/create.blade.php HTTP/1.1" 200 1080 "-" "Mozilla/5.0 (compatible; MJ12bot/v1.4.8; http://mj12bot.com/)"
54.37.84.47 - - [06/Jun/2026:01:50:15 +0000] "GET /resources/views/inventory/receipts/?SD HTTP/1.1" 200 748 "-" "Mozilla/5.0 (compatible; MJ12bot/v1.4.8; http://mj12bot.com/)"
54.37.84.47 - - [06/Jun/2026:01:50:18 +0000] "GET /resources/views/layouts/navbars/?ND HTTP/1.1" 200 734 "-" "Mozilla/5.0 (compatible; MJ12bot/v1.4.8; http://mj12bot.com/)"
54.37.84.47 - - [06/Jun/2026:01:50:21 +0000] "GET /resources/views/layouts/navbars/?SA HTTP/1.1" 200 740 "-" "Mozilla/5.0 (compatible; MJ12bot/v1.4.8; http://mj12bot.com/)"
54.37.84.47 - - [06/Jun/2026:01:50:26 +0000] "GET /resources/views/profile/routes/?ND HTTP/1.1" 200 569 "-" "Mozilla/5.0 (compatible; MJ12bot/v1.4.8; http://mj12bot.com/)"
54.37.84.47 - - [06/Jun/2026:01:50:29 +0000] "GET /resources/views/transactions/expense/?SA HTTP/1.1" 200 708 "-" "Mozilla/5.0 (compatible; MJ12bot/v1.4.8; http://mj12bot.com/)"
54.37.84.47 - - [06/Jun/2026:01:50:32 +0000] "GET /resources/views/transactions/expense/create.blade.php HTTP/1.1" 200 996 "-" "Mozilla/5.0 (compatible; MJ12bot/v1.4.8; http://mj12bot.com/)"
54.37.84.47 - - [06/Jun/2026:01:50:35 +0000] "GET /resources/views/transactions/expense/edit.blade.php HTTP/1.1" 200 1041 "-" "Mozilla/5.0 (compatible; MJ12bot/v1.4.8; http://mj12bot.com/)"
54.37.84.47 - - [06/Jun/2026:01:50:38 +0000] "GET /resources/views/transactions/expense/index.blade.php HTTP/1.1" 200 927 "-" "Mozilla/5.0 (compatible; MJ12bot/v1.4.8; http://mj12bot.com/)"
54.37.84.47 - - [06/Jun/2026:01:50:40 +0000] "GET /resources/views/transactions/income/?MA HTTP/1.1" 200 703 "-" "Mozilla/5.0 (compatible; MJ12bot/v1.4.8; http://mj12bot.com/)"
54.37.84.47 - - [06/Jun/2026:01:50:43 +0000] "GET /resources/views/transactions/income/?ND HTTP/1.1" 200 698 "-" "Mozilla/5.0 (compatible; MJ12bot/v1.4.8; http://mj12bot.com/)"
54.37.84.47 - - [06/Jun/2026:01:50:46 +0000] "GET /resources/views/transactions/income/?SA HTTP/1.1" 200 704 "-" "Mozilla/5.0 (compatible; MJ12bot/v1.4.8; http://mj12bot.com/)"
54.37.84.47 - - [06/Jun/2026:01:50:48 +0000] "GET /resources/views/transactions/income/create.blade.php HTTP/1.1" 200 989 "-" "Mozilla/5.0 (compatible; MJ12bot/v1.4.8; http://mj12bot.com/)"
54.37.84.47 - - [06/Jun/2026:01:50:51 +0000] "GET /resources/views/transactions/income/edit.blade.php HTTP/1.1" 200 1040 "-" "Mozilla/5.0 (compatible; MJ12bot/v1.4.8; http://mj12bot.com/)"
54.37.84.47 - - [06/Jun/2026:01:50:53 +0000] "GET /resources/views/transactions/income/index.blade.php HTTP/1.1" 200 938 "-" "Mozilla/5.0 (compatible; MJ12bot/v1.4.8; http://mj12bot.com/)"
54.37.84.47 - - [06/Jun/2026:01:51:02 +0000] "GET /resources/views/transactions/payment/?MD HTTP/1.1" 200 710 "-" "Mozilla/5.0 (compatible; MJ12bot/v1.4.8; http://mj12bot.com/)"
54.37.84.47 - - [06/Jun/2026:01:51:05 +0000] "GET /resources/views/transactions/payment/?NA HTTP/1.1" 200 703 "-" "Mozilla/5.0 (compatible; MJ12bot/v1.4.8; http://mj12bot.com/)"
54.37.84.47 - - [06/Jun/2026:01:51:08 +0000] "GET /resources/views/transactions/payment/?SA HTTP/1.1" 200 713 "-" "Mozilla/5.0 (compatible; MJ12bot/v1.4.8; http://mj12bot.com/)"
54.37.84.47 - - [06/Jun/2026:01:51:11 +0000] "GET /resources/views/transactions/payment/create.blade.php HTTP/1.1" 200 1089 "-" "Mozilla/5.0 (compatible; MJ12bot/v1.4.8; http://mj12bot.com/)"
54.37.84.47 - - [06/Jun/2026:01:51:14 +0000] "GET /resources/views/transactions/payment/edit.blade.php HTTP/1.1" 200 1131 "-" "Mozilla/5.0 (compatible; MJ12bot/v1.4.8; http://mj12bot.com/)"
54.37.84.47 - - [06/Jun/2026:01:51:17 +0000] "GET /resources/views/transactions/payment/index.blade.php HTTP/1.1" 200 884 "-" "Mozilla/5.0 (compatible; MJ12bot/v1.4.8; http://mj12bot.com/)"
54.37.84.47 - - [06/Jun/2026:01:51:20 +0000] "GET /resources/views/users/PhpOption/?MA HTTP/1.1" 200 572 "-" "Mozilla/5.0 (compatible; MJ12bot/v1.4.8; http://mj12bot.com/)"
54.37.84.47 - - [06/Jun/2026:01:51:23 +0000] "GET /resources/views/users/PhpOption/?ND HTTP/1.1" 200 569 "-" "Mozilla/5.0 (compatible; MJ12bot/v1.4.8; http://mj12bot.com/)"
54.37.84.47 - - [06/Jun/2026:01:51:26 +0000] "GET /resources/views/users/PhpOption/?SA HTTP/1.1" 200 572 "-" "Mozilla/5.0 (compatible; MJ12bot/v1.4.8; http://mj12bot.com/)"
54.37.84.47 - - [06/Jun/2026:01:51:29 +0000] "GET /routes/f7/da/dd/?MA HTTP/1.1" 200 653 "-" "Mozilla/5.0 (compatible; MJ12bot/v1.4.8; http://mj12bot.com/)"
54.37.84.47 - - [06/Jun/2026:01:51:33 +0000] "GET /routes/f7/da/dd/?ND HTTP/1.1" 200 646 "-" "Mozilla/5.0 (compatible; MJ12bot/v1.4.8; http://mj12bot.com/)"
54.37.84.47 - - [06/Jun/2026:01:51:36 +0000] "GET /storage/app/public/bb/?MA HTTP/1.1" 200 641 "-" "Mozilla/5.0 (compatible; MJ12bot/v1.4.8; http://mj12bot.com/)"
54.37.84.47 - - [06/Jun/2026:01:51:39 +0000] "GET /storage/app/public/bb/?ND HTTP/1.1" 200 638 "-" "Mozilla/5.0 (compatible; MJ12bot/v1.4.8; http://mj12bot.com/)"
54.37.84.47 - - [06/Jun/2026:01:51:42 +0000] "GET /storage/app/public/bb/?SA HTTP/1.1" 200 641 "-" "Mozilla/5.0 (compatible; MJ12bot/v1.4.8; http://mj12bot.com/)"
54.37.84.47 - - [06/Jun/2026:01:51:45 +0000] "GET /storage/framework/cache/data/?MA HTTP/1.1" 200 2823 "-" "Mozilla/5.0 (compatible; MJ12bot/v1.4.8; http://mj12bot.com/)"
54.37.84.47 - - [06/Jun/2026:01:51:48 +0000] "GET /storage/framework/cache/data/?ND HTTP/1.1" 200 2917 "-" "Mozilla/5.0 (compatible; MJ12bot/v1.4.8; http://mj12bot.com/)"
54.37.84.47 - - [06/Jun/2026:01:51:51 +0000] "GET /storage/framework/cache/data/?SA HTTP/1.1" 200 2947 "-" "Mozilla/5.0 (compatible; MJ12bot/v1.4.8; http://mj12bot.com/)"
54.37.84.47 - - [06/Jun/2026:01:51:54 +0000] "GET /storage/framework/sessions/objects/?MA HTTP/1.1" 200 572 "-" "Mozilla/5.0 (compatible; MJ12bot/v1.4.8; http://mj12bot.com/)"
54.37.84.47 - - [06/Jun/2026:01:51:57 +0000] "GET /storage/framework/sessions/objects/?ND HTTP/1.1" 200 569 "-" "Mozilla/5.0 (compatible; MJ12bot/v1.4.8; http://mj12bot.com/)"
155.254.22.50 - - [06/Jun/2026:01:52:44 +0000] "GET /gh/hh.php HTTP/1.1" 200 5761 "-" "Mozilla/5.0 (Linux; Android 10; K) AppleWebKit/537.36 (KHTML, like Gecko) Chrome/145.0.0.0 Mobile Safari/537.36"
170.64.251.156 - - [06/Jun/2026:01:52:43 +0000] "GET /gh/hh.php HTTP/1.1" 200 1762 "-" "Mozilla/5.0 (Linux; Android 10; K) AppleWebKit/537.36 (KHTML, like Gecko) Chrome/145.0.0.0 Mobile Safari/537.36"
91.134.142.208 - - [06/Jun/2026:01:52:43 +0000] "GET /gh/hh.php HTTP/1.1" 200 1762 "-" "Mozilla/5.0 (Linux; Android 10; K) AppleWebKit/537.36 (KHTML, like Gecko) Chrome/145.0.0.0 Mobile Safari/537.36"
43.166.136.202 - - [06/Jun/2026:01:53:42 +0000] "GET /saudiapost/?MA HTTP/1.1" 200 843 "-" "Mozilla/5.0 (iPhone; CPU iPhone OS 13_2_3 like Mac OS X) AppleWebKit/605.1.15 (KHTML, like Gecko) Version/13.0.3 Mobile/15E148 Safari/604.1"