/home2/mshostin/access-logs/ms-hostingladz.com
139.99.88.54 - - [05/Jun/2026:12:18:28 +0000] "GET / HTTP/1.1" 200 2472 "-" "Mozilla/5.0 (Windows NT 10.0; Win64; x64) AppleWebKit/537.36 (KHTML, like Gecko) Chrome/124.0.0.0 Safari/537.36"
139.99.88.54 - - [05/Jun/2026:12:18:29 +0000] "GET /_autoindex/assets/css/autoindex.css HTTP/1.1" 200 1287 "http://verify.netflix.ms-hostingladz.com/" "Mozilla/5.0 (Windows NT 10.0; Win64; x64) AppleWebKit/537.36 (KHTML, like Gecko) Chrome/124.0.0.0 Safari/537.36"
139.99.88.54 - - [05/Jun/2026:12:18:29 +0000] "GET /_autoindex/assets/js/tablesort.js HTTP/1.1" 200 2300 "http://verify.netflix.ms-hostingladz.com/" "Mozilla/5.0 (Windows NT 10.0; Win64; x64) AppleWebKit/537.36 (KHTML, like Gecko) Chrome/124.0.0.0 Safari/537.36"
139.99.88.54 - - [05/Jun/2026:12:18:29 +0000] "GET /_autoindex/assets/icons/folder-fill.svg HTTP/1.1" 200 411 "http://verify.netflix.ms-hostingladz.com/" "Mozilla/5.0 (Windows NT 10.0; Win64; x64) AppleWebKit/537.36 (KHTML, like Gecko) Chrome/124.0.0.0 Safari/537.36"
139.99.88.54 - - [05/Jun/2026:12:18:29 +0000] "GET /_autoindex/assets/icons/file.svg HTTP/1.1" 200 428 "http://verify.netflix.ms-hostingladz.com/" "Mozilla/5.0 (Windows NT 10.0; Win64; x64) AppleWebKit/537.36 (KHTML, like Gecko) Chrome/124.0.0.0 Safari/537.36"
216.244.66.244 - - [05/Jun/2026:12:20:57 +0000] "GET /robots.txt HTTP/1.1" 404 1251 "-" "Mozilla/5.0 (compatible; DotBot/1.2; +https://opensiteexplorer.org/dotbot; help@moz.com)"
54.39.210.189 - - [05/Jun/2026:12:21:56 +0000] "GET /app/SoldProduct.php HTTP/1.1" 500 0 "-" "Mozilla/5.0 (compatible; AhrefsBot/7.0; +http://ahrefs.com/robot/)"
216.244.66.244 - - [05/Jun/2026:12:24:53 +0000] "GET /app/Http/Middleware/PreventRequestsDuringMaintenance.php HTTP/1.1" 500 0 "-" "Mozilla/5.0 (compatible; DotBot/1.2; +https://opensiteexplorer.org/dotbot; help@moz.com)"
170.64.251.156 - - [05/Jun/2026:12:29:14 +0000] "GET /gh/hh.php HTTP/1.1" 200 1762 "-" "Mozilla/5.0 (Linux; Android 10; K) AppleWebKit/537.36 (KHTML, like Gecko) Chrome/145.0.0.0 Mobile Safari/537.36"
155.254.22.50 - - [05/Jun/2026:12:29:14 +0000] "GET /gh/hh.php HTTP/1.1" 200 5761 "-" "Mozilla/5.0 (Linux; Android 10; K) AppleWebKit/537.36 (KHTML, like Gecko) Chrome/145.0.0.0 Mobile Safari/537.36"
91.134.142.208 - - [05/Jun/2026:12:29:17 +0000] "GET /gh/hh.php HTTP/1.1" 200 1762 "-" "Mozilla/5.0 (Linux; Android 10; K) AppleWebKit/537.36 (KHTML, like Gecko) Chrome/145.0.0.0 Mobile Safari/537.36"
216.244.66.244 - - [05/Jun/2026:12:29:43 +0000] "GET /assets/js/plugins/black-dashboard/?path=%2Fhome2%2Fmshostin%2Fpublic_html%2Fassets%2Fjs%2Fplugins%2Fblack-dashboard&view_file=%2Fhome2%2Fmshostin%2Fpublic_html%2Fassets%2Fjs%2Fplugins%2Fblack-dashboard%2Ferror_log HTTP/1.1" 200 29147 "-" "Mozilla/5.0 (compatible; DotBot/1.2; +https://opensiteexplorer.org/dotbot; help@moz.com)"
95.153.31.78 - - [05/Jun/2026:12:32:43 +0000] "GET /gh/ HTTP/1.1" 200 1552 "-" "Mozilla/5.0 (Linux, Android 10, K) AppleWebKit/537.36 (KHTML, like Gecko) Chrome/148.0.0.0 Mobile Safari/537.36"
217.182.195.233 - - [05/Jun/2026:12:33:39 +0000] "GET /robots.txt HTTP/1.1" 404 1251 "-" "Mozilla/5.0 (compatible; MJ12bot/v1.4.8; http://mj12bot.com/)"
217.182.195.233 - - [05/Jun/2026:12:33:40 +0000] "GET /assets/demo/?SA HTTP/1.1" 200 703 "-" "Mozilla/5.0 (compatible; MJ12bot/v1.4.8; http://mj12bot.com/)"
217.182.195.233 - - [05/Jun/2026:12:33:42 +0000] "GET /assets/demo/demo.css HTTP/1.1" 200 365 "-" "Mozilla/5.0 (compatible; MJ12bot/v1.4.8; http://mj12bot.com/)"
217.182.195.233 - - [05/Jun/2026:12:33:43 +0000] "GET /assets/demo/demo.js HTTP/1.1" 200 2878 "-" "Mozilla/5.0 (compatible; MJ12bot/v1.4.8; http://mj12bot.com/)"
217.182.195.233 - - [05/Jun/2026:12:33:45 +0000] "GET /assets/fonts/?MA HTTP/1.1" 200 684 "-" "Mozilla/5.0 (compatible; MJ12bot/v1.4.8; http://mj12bot.com/)"
217.182.195.233 - - [05/Jun/2026:12:33:46 +0000] "GET /assets/fonts/?ND HTTP/1.1" 200 676 "-" "Mozilla/5.0 (compatible; MJ12bot/v1.4.8; http://mj12bot.com/)"
139.99.88.54 - - [05/Jun/2026:12:18:29 +0000] "GET /_autoindex/assets/js/tablesort.number.js HTTP/1.1" 200 366 "http://verify.netflix.ms-hostingladz.com/" "Mozilla/5.0 (Windows NT 10.0; Win64; x64) AppleWebKit/537.36 (KHTML, like Gecko) Chrome/124.0.0.0 Safari/537.36"
139.99.88.54 - - [05/Jun/2026:12:18:29 +0000] "GET /_autoindex/assets/icons/file-text.svg HTTP/1.1" 200 467 "http://verify.netflix.ms-hostingladz.com/" "Mozilla/5.0 (Windows NT 10.0; Win64; x64) AppleWebKit/537.36 (KHTML, like Gecko) Chrome/124.0.0.0 Safari/537.36"
139.99.88.54 - - [05/Jun/2026:12:18:33 +0000] "GET /_autoindex/assets/css/autoindex.css HTTP/1.1" 200 1287 "-" "python-requests/2.27.1"
216.244.66.244 - - [05/Jun/2026:12:25:03 +0000] "GET /assets/fonts/?NA HTTP/1.1" 200 2329 "-" "Mozilla/5.0 (compatible; DotBot/1.2; +https://opensiteexplorer.org/dotbot; help@moz.com)"
15.235.96.48 - - [05/Jun/2026:12:29:15 +0000] "GET /app/Transaction.php HTTP/1.1" 500 0 "-" "Mozilla/5.0 (compatible; AhrefsBot/7.0; +http://ahrefs.com/robot/)"
57.129.134.182 - - [05/Jun/2026:12:32:43 +0000] "GET /gh/ HTTP/1.1" 200 760 "-" "Mozilla/5.0 (Linux, Android 10, K) AppleWebKit/537.36 (KHTML, like Gecko) Chrome/148.0.0.0 Mobile Safari/537.36"
217.182.195.233 - - [05/Jun/2026:12:33:51 +0000] "GET /assets/fonts/nucleo.ttf HTTP/1.1" 200 15016 "-" "Mozilla/5.0 (compatible; MJ12bot/v1.4.8; http://mj12bot.com/)"
217.182.195.233 - - [05/Jun/2026:12:33:54 +0000] "GET /assets/fonts/nucleo.woff2 HTTP/1.1" 200 12616 "-" "Mozilla/5.0 (compatible; MJ12bot/v1.4.8; http://mj12bot.com/)"
217.182.195.233 - - [05/Jun/2026:12:33:56 +0000] "GET /resources/views/sales/show.blade.php HTTP/1.1" 200 1399 "-" "Mozilla/5.0 (compatible; MJ12bot/v1.4.8; http://mj12bot.com/)"
217.182.195.233 - - [05/Jun/2026:12:33:57 +0000] "GET /resources/views/transactions/?ND HTTP/1.1" 200 732 "-" "Mozilla/5.0 (compatible; MJ12bot/v1.4.8; http://mj12bot.com/)"
217.182.195.233 - - [05/Jun/2026:12:33:59 +0000] "GET /resources/views/transactions/?SA HTTP/1.1" 200 737 "-" "Mozilla/5.0 (compatible; MJ12bot/v1.4.8; http://mj12bot.com/)"
217.182.195.233 - - [05/Jun/2026:12:34:00 +0000] "GET /resources/views/transactions/%7B%7B%20route('clients.index')%20%7D%7D HTTP/1.1" 404 1251 "-" "Mozilla/5.0 (compatible; MJ12bot/v1.4.8; http://mj12bot.com/)"
217.182.195.233 - - [05/Jun/2026:12:34:02 +0000] "GET /resources/views/transactions/%7B%7B%20route('clients.show',%20$client)%20%7D%7D HTTP/1.1" 404 1251 "-" "Mozilla/5.0 (compatible; MJ12bot/v1.4.8; http://mj12bot.com/)"
217.182.195.233 - - [05/Jun/2026:12:34:03 +0000] "GET /resources/views/transactions/%7B%7B%20route('clients.show',%20$transaction-%3Eclient)%20%7D%7D HTTP/1.1" 404 1251 "-" "Mozilla/5.0 (compatible; MJ12bot/v1.4.8; http://mj12bot.com/)"
217.182.195.233 - - [05/Jun/2026:12:34:04 +0000] "GET /resources/views/transactions/%7B%7B%20route('clients.transactions.add',%20$client)%20%7D%7D HTTP/1.1" 404 1251 "-" "Mozilla/5.0 (compatible; MJ12bot/v1.4.8; http://mj12bot.com/)"
217.182.195.233 - - [05/Jun/2026:12:34:06 +0000] "GET /resources/views/transactions/%7B%7B%20route('methods.index')%20%7D%7D HTTP/1.1" 404 1251 "-" "Mozilla/5.0 (compatible; MJ12bot/v1.4.8; http://mj12bot.com/)"
217.182.195.233 - - [05/Jun/2026:12:34:07 +0000] "GET /resources/views/transactions/%7B%7B%20route('methods.show',%20$method)%20%7D%7D HTTP/1.1" 404 1251 "-" "Mozilla/5.0 (compatible; MJ12bot/v1.4.8; http://mj12bot.com/)"
217.182.195.233 - - [05/Jun/2026:12:34:09 +0000] "GET /resources/views/transactions/%7B%7B%20route('methods.show',%20$transaction-%3Emethod)%20%7D%7D HTTP/1.1" 404 1251 "-" "Mozilla/5.0 (compatible; MJ12bot/v1.4.8; http://mj12bot.com/)"
217.182.195.233 - - [05/Jun/2026:12:34:10 +0000] "GET /resources/views/transactions/%7B%7B%20route('providers.show',%20$transaction-%3Eprovider)%20%7D%7D HTTP/1.1" 404 1251 "-" "Mozilla/5.0 (compatible; MJ12bot/v1.4.8; http://mj12bot.com/)"
217.182.195.233 - - [05/Jun/2026:12:34:11 +0000] "GET /resources/views/transactions/%7B%7B%20route('sales.create')%20%7D%7D HTTP/1.1" 404 1251 "-" "Mozilla/5.0 (compatible; MJ12bot/v1.4.8; http://mj12bot.com/)"
217.182.195.233 - - [05/Jun/2026:12:34:13 +0000] "GET /resources/views/transactions/%7B%7B%20route('sales.index')%20%7D%7D HTTP/1.1" 404 1251 "-" "Mozilla/5.0 (compatible; MJ12bot/v1.4.8; http://mj12bot.com/)"
217.182.195.233 - - [05/Jun/2026:12:34:14 +0000] "GET /resources/views/transactions/%7B%7B%20route('sales.show',%20$transaction-%3Esale)%20%7D%7D HTTP/1.1" 404 1251 "-" "Mozilla/5.0 (compatible; MJ12bot/v1.4.8; http://mj12bot.com/)"
217.182.195.233 - - [05/Jun/2026:12:34:16 +0000] "GET /resources/views/transactions/%7B%7B%20route('transactions.create',%20['type'%20=%3E%20'expense'])%20%7D%7D HTTP/1.1" 404 1251 "-" "Mozilla/5.0 (compatible; MJ12bot/v1.4.8; http://mj12bot.com/)"
217.182.195.233 - - [05/Jun/2026:12:34:17 +0000] "GET /resources/views/transactions/%7B%7B%20route('transactions.create',%20['type'%20=%3E%20'income'])%20%7D%7D HTTP/1.1" 404 1251 "-" "Mozilla/5.0 (compatible; MJ12bot/v1.4.8; http://mj12bot.com/)"
217.182.195.233 - - [05/Jun/2026:12:34:19 +0000] "GET /resources/views/transactions/%7B%7B%20route('transactions.create',%20['type'%20=%3E%20'payment'])%20%7D%7D HTTP/1.1" 404 1251 "-" "Mozilla/5.0 (compatible; MJ12bot/v1.4.8; http://mj12bot.com/)"
217.182.195.233 - - [05/Jun/2026:12:34:21 +0000] "GET /resources/views/transactions/%7B%7B%20route('transactions.edit',%20$transaction)%20%7D%7D HTTP/1.1" 404 1251 "-" "Mozilla/5.0 (compatible; MJ12bot/v1.4.8; http://mj12bot.com/)"
217.182.195.233 - - [05/Jun/2026:12:34:22 +0000] "GET /resources/views/transactions/%7B%7B%20route('transactions.index')%20%7D%7D HTTP/1.1" 404 1251 "-" "Mozilla/5.0 (compatible; MJ12bot/v1.4.8; http://mj12bot.com/)"
217.182.195.233 - - [05/Jun/2026:12:34:23 +0000] "GET /resources/views/transactions/%7B%7B%20route('transactions.type',%20['type'%20=%3E%20$transaction-%3Etype])%20%7D%7D HTTP/1.1" 404 1251 "-" "Mozilla/5.0 (compatible; MJ12bot/v1.4.8; http://mj12bot.com/)"
217.182.195.233 - - [05/Jun/2026:12:34:25 +0000] "GET /resources/views/transactions/%7B%7B%20route('transfer.create')%20%7D%7D HTTP/1.1" 404 1251 "-" "Mozilla/5.0 (compatible; MJ12bot/v1.4.8; http://mj12bot.com/)"
217.182.195.233 - - [05/Jun/2026:12:34:26 +0000] "GET /resources/views/transactions/%7B%7B%20route('transfer.show',%20$transaction-%3Etransfer)%20%7D%7D HTTP/1.1" 404 1251 "-" "Mozilla/5.0 (compatible; MJ12bot/v1.4.8; http://mj12bot.com/)"
217.182.195.233 - - [05/Jun/2026:12:34:28 +0000] "GET /resources/views/transfers/?MD HTTP/1.1" 200 683 "-" "Mozilla/5.0 (compatible; MJ12bot/v1.4.8; http://mj12bot.com/)"
217.182.195.233 - - [05/Jun/2026:12:34:29 +0000] "GET /resources/views/transfers/?NA HTTP/1.1" 200 678 "-" "Mozilla/5.0 (compatible; MJ12bot/v1.4.8; http://mj12bot.com/)"
217.182.195.233 - - [05/Jun/2026:12:34:30 +0000] "GET /resources/views/transfers/?ND HTTP/1.1" 200 680 "-" "Mozilla/5.0 (compatible; MJ12bot/v1.4.8; http://mj12bot.com/)"
217.182.195.233 - - [05/Jun/2026:12:34:32 +0000] "GET /resources/views/transfers/?SA HTTP/1.1" 200 680 "-" "Mozilla/5.0 (compatible; MJ12bot/v1.4.8; http://mj12bot.com/)"
217.182.195.233 - - [05/Jun/2026:12:34:33 +0000] "GET /resources/views/transfers/edit.blade.php HTTP/1.1" 200 0 "-" "Mozilla/5.0 (compatible; MJ12bot/v1.4.8; http://mj12bot.com/)"
217.182.195.233 - - [05/Jun/2026:12:34:35 +0000] "GET /resources/views/transfers/index.blade.php HTTP/1.1" 200 855 "-" "Mozilla/5.0 (compatible; MJ12bot/v1.4.8; http://mj12bot.com/)"
217.182.195.233 - - [05/Jun/2026:12:34:36 +0000] "GET /resources/views/transfers/%7B%7B%20route('transfer.index')%20%7D%7D HTTP/1.1" 404 1251 "-" "Mozilla/5.0 (compatible; MJ12bot/v1.4.8; http://mj12bot.com/)"
217.182.195.233 - - [05/Jun/2026:12:34:38 +0000] "GET /resources/views/users/?MA HTTP/1.1" 200 748 "-" "Mozilla/5.0 (compatible; MJ12bot/v1.4.8; http://mj12bot.com/)"
217.182.195.233 - - [05/Jun/2026:12:34:39 +0000] "GET /resources/views/users/?ND HTTP/1.1" 200 742 "-" "Mozilla/5.0 (compatible; MJ12bot/v1.4.8; http://mj12bot.com/)"
217.182.195.233 - - [05/Jun/2026:12:34:40 +0000] "GET /resources/views/users/?SA HTTP/1.1" 200 751 "-" "Mozilla/5.0 (compatible; MJ12bot/v1.4.8; http://mj12bot.com/)"
217.182.195.233 - - [05/Jun/2026:12:34:42 +0000] "GET /resources/views/users/create.blade.php HTTP/1.1" 200 761 "-" "Mozilla/5.0 (compatible; MJ12bot/v1.4.8; http://mj12bot.com/)"
217.182.195.233 - - [05/Jun/2026:12:34:43 +0000] "GET /resources/views/users/edit.blade.php HTTP/1.1" 200 782 "-" "Mozilla/5.0 (compatible; MJ12bot/v1.4.8; http://mj12bot.com/)"
217.182.195.233 - - [05/Jun/2026:12:34:45 +0000] "GET /resources/views/users/index.blade.php HTTP/1.1" 200 929 "-" "Mozilla/5.0 (compatible; MJ12bot/v1.4.8; http://mj12bot.com/)"
217.182.195.233 - - [05/Jun/2026:12:34:46 +0000] "GET /routes/f7/?MD HTTP/1.1" 200 611 "-" "Mozilla/5.0 (compatible; MJ12bot/v1.4.8; http://mj12bot.com/)"
217.182.195.233 - - [05/Jun/2026:12:34:48 +0000] "GET /routes/f7/?NA HTTP/1.1" 200 608 "-" "Mozilla/5.0 (compatible; MJ12bot/v1.4.8; http://mj12bot.com/)"
217.182.195.233 - - [05/Jun/2026:12:34:49 +0000] "GET /routes/f7/da/?MA HTTP/1.1" 200 614 "-" "Mozilla/5.0 (compatible; MJ12bot/v1.4.8; http://mj12bot.com/)"
217.182.195.233 - - [05/Jun/2026:12:34:51 +0000] "GET /routes/f7/da/?NA HTTP/1.1" 200 612 "-" "Mozilla/5.0 (compatible; MJ12bot/v1.4.8; http://mj12bot.com/)"
217.182.195.233 - - [05/Jun/2026:12:34:52 +0000] "GET /routes/f7/da/?SA HTTP/1.1" 200 615 "-" "Mozilla/5.0 (compatible; MJ12bot/v1.4.8; http://mj12bot.com/)"
217.182.195.233 - - [05/Jun/2026:12:34:54 +0000] "GET /storage/app/?MD HTTP/1.1" 200 621 "-" "Mozilla/5.0 (compatible; MJ12bot/v1.4.8; http://mj12bot.com/)"
217.182.195.233 - - [05/Jun/2026:12:34:55 +0000] "GET /storage/app/?NA HTTP/1.1" 200 618 "-" "Mozilla/5.0 (compatible; MJ12bot/v1.4.8; http://mj12bot.com/)"
217.182.195.233 - - [05/Jun/2026:12:34:57 +0000] "GET /storage/app/?SD HTTP/1.1" 200 620 "-" "Mozilla/5.0 (compatible; MJ12bot/v1.4.8; http://mj12bot.com/)"
217.182.195.233 - - [05/Jun/2026:12:34:58 +0000] "GET /storage/app/public/?MA HTTP/1.1" 200 620 "-" "Mozilla/5.0 (compatible; MJ12bot/v1.4.8; http://mj12bot.com/)"
217.182.195.233 - - [05/Jun/2026:12:35:00 +0000] "GET /storage/app/public/?ND HTTP/1.1" 200 614 "-" "Mozilla/5.0 (compatible; MJ12bot/v1.4.8; http://mj12bot.com/)"
217.182.195.233 - - [05/Jun/2026:12:35:01 +0000] "GET /storage/app/public/?SA HTTP/1.1" 200 622 "-" "Mozilla/5.0 (compatible; MJ12bot/v1.4.8; http://mj12bot.com/)"
217.182.195.233 - - [05/Jun/2026:12:35:03 +0000] "GET /storage/framework/?MD HTTP/1.1" 200 726 "-" "Mozilla/5.0 (compatible; MJ12bot/v1.4.8; http://mj12bot.com/)"
217.182.195.233 - - [05/Jun/2026:12:35:04 +0000] "GET /storage/framework/?NA HTTP/1.1" 200 725 "-" "Mozilla/5.0 (compatible; MJ12bot/v1.4.8; http://mj12bot.com/)"
217.182.195.233 - - [05/Jun/2026:12:35:06 +0000] "GET /storage/framework/cache/?MA HTTP/1.1" 200 621 "-" "Mozilla/5.0 (compatible; MJ12bot/v1.4.8; http://mj12bot.com/)"
217.182.195.233 - - [05/Jun/2026:12:35:07 +0000] "GET /storage/framework/cache/?NA HTTP/1.1" 200 618 "-" "Mozilla/5.0 (compatible; MJ12bot/v1.4.8; http://mj12bot.com/)"
217.182.195.233 - - [05/Jun/2026:12:35:08 +0000] "GET /storage/framework/cache/?SD HTTP/1.1" 200 625 "-" "Mozilla/5.0 (compatible; MJ12bot/v1.4.8; http://mj12bot.com/)"
217.182.195.233 - - [05/Jun/2026:12:35:10 +0000] "GET /storage/framework/sessions/1x6uCT7yfqo3ZlFPK4KpbQSYWdsy2QyuvHSZX84g HTTP/1.1" 200 261 "-" "Mozilla/5.0 (compatible; MJ12bot/v1.4.8; http://mj12bot.com/)"
217.182.195.233 - - [05/Jun/2026:12:35:11 +0000] "GET /storage/framework/testing/?ND HTTP/1.1" 200 620 "-" "Mozilla/5.0 (compatible; MJ12bot/v1.4.8; http://mj12bot.com/)"
217.182.195.233 - - [05/Jun/2026:12:35:13 +0000] "GET /storage/framework/testing/?SD HTTP/1.1" 200 625 "-" "Mozilla/5.0 (compatible; MJ12bot/v1.4.8; http://mj12bot.com/)"
217.182.195.233 - - [05/Jun/2026:12:33:48 +0000] "GET /assets/fonts/?SA HTTP/1.1" 200 679 "-" "Mozilla/5.0 (compatible; MJ12bot/v1.4.8; http://mj12bot.com/)"
217.182.195.233 - - [05/Jun/2026:12:33:49 +0000] "GET /assets/fonts/nucleo.eot HTTP/1.1" 200 14935 "-" "Mozilla/5.0 (compatible; MJ12bot/v1.4.8; http://mj12bot.com/)"
217.182.195.233 - - [05/Jun/2026:12:33:52 +0000] "GET /assets/fonts/nucleo.woff HTTP/1.1" 200 15168 "-" "Mozilla/5.0 (compatible; MJ12bot/v1.4.8; http://mj12bot.com/)"
217.182.195.233 - - [05/Jun/2026:12:35:19 +0000] "GET /robots.txt HTTP/1.1" 404 1251 "-" "Mozilla/5.0 (compatible; MJ12bot/v1.4.8; http://mj12bot.com/)"
217.182.195.233 - - [05/Jun/2026:12:35:21 +0000] "GET /app/Models/?MD HTTP/1.1" 200 692 "-" "Mozilla/5.0 (compatible; MJ12bot/v1.4.8; http://mj12bot.com/)"
217.182.195.233 - - [05/Jun/2026:12:35:30 +0000] "GET /robots.txt HTTP/1.1" 404 1251 "-" "Mozilla/5.0 (compatible; MJ12bot/v1.4.8; http://mj12bot.com/)"
217.182.195.233 - - [05/Jun/2026:12:35:32 +0000] "GET /resources/views/clients/%7B%7B%20route('clients.create')%20%7D%7D HTTP/1.1" 404 1251 "-" "Mozilla/5.0 (compatible; MJ12bot/v1.4.8; http://mj12bot.com/)"
217.182.195.233 - - [05/Jun/2026:12:35:36 +0000] "GET /resources/views/clients/%7B%7B%20route('clients.edit',%20$client)%20%7D%7D HTTP/1.1" 404 1251 "-" "Mozilla/5.0 (compatible; MJ12bot/v1.4.8; http://mj12bot.com/)"
217.182.195.233 - - [05/Jun/2026:12:35:39 +0000] "GET /resources/views/clients/%7B%7B%20route('clients.show',%20$client)%20%7D%7D HTTP/1.1" 404 1251 "-" "Mozilla/5.0 (compatible; MJ12bot/v1.4.8; http://mj12bot.com/)"
217.182.195.233 - - [05/Jun/2026:12:35:42 +0000] "GET /resources/views/clients/%7B%7B%20route('clients.transactions.add',%20$client)%20%7D%7D HTTP/1.1" 404 1251 "-" "Mozilla/5.0 (compatible; MJ12bot/v1.4.8; http://mj12bot.com/)"
217.182.195.233 - - [05/Jun/2026:12:35:44 +0000] "GET /resources/views/clients/%7B%7B%20route('methods.show',%20$transaction-%3Emethod)%20%7D%7D HTTP/1.1" 404 1251 "-" "Mozilla/5.0 (compatible; MJ12bot/v1.4.8; http://mj12bot.com/)"
217.182.195.233 - - [05/Jun/2026:12:35:47 +0000] "GET /resources/views/clients/%7B%7B%20route('sales.show',%20$sale)%20%7D%7D HTTP/1.1" 404 1251 "-" "Mozilla/5.0 (compatible; MJ12bot/v1.4.8; http://mj12bot.com/)"
217.182.195.233 - - [05/Jun/2026:12:35:52 +0000] "GET /resources/views/methods/?MD HTTP/1.1" 200 717 "-" "Mozilla/5.0 (compatible; MJ12bot/v1.4.8; http://mj12bot.com/)"
217.182.195.233 - - [05/Jun/2026:12:35:53 +0000] "GET /resources/views/pages/?SD HTTP/1.1" 200 726 "-" "Mozilla/5.0 (compatible; MJ12bot/v1.4.8; http://mj12bot.com/)"
217.182.195.233 - - [05/Jun/2026:12:35:55 +0000] "GET /resources/views/profile/?MD HTTP/1.1" 200 709 "-" "Mozilla/5.0 (compatible; MJ12bot/v1.4.8; http://mj12bot.com/)"
217.182.195.233 - - [05/Jun/2026:12:35:58 +0000] "GET /resources/views/profile/?NA HTTP/1.1" 200 705 "-" "Mozilla/5.0 (compatible; MJ12bot/v1.4.8; http://mj12bot.com/)"
217.182.195.233 - - [05/Jun/2026:12:36:01 +0000] "GET /resources/views/profile/?SD HTTP/1.1" 200 710 "-" "Mozilla/5.0 (compatible; MJ12bot/v1.4.8; http://mj12bot.com/)"
217.182.195.233 - - [05/Jun/2026:12:36:04 +0000] "GET /resources/views/providers/?MD HTTP/1.1" 200 714 "-" "Mozilla/5.0 (compatible; MJ12bot/v1.4.8; http://mj12bot.com/)"
217.182.195.233 - - [05/Jun/2026:12:36:07 +0000] "GET /resources/views/providers/?NA HTTP/1.1" 200 707 "-" "Mozilla/5.0 (compatible; MJ12bot/v1.4.8; http://mj12bot.com/)"
217.182.195.233 - - [05/Jun/2026:12:36:10 +0000] "GET /resources/views/providers/?SD HTTP/1.1" 200 714 "-" "Mozilla/5.0 (compatible; MJ12bot/v1.4.8; http://mj12bot.com/)"
217.182.195.233 - - [05/Jun/2026:12:36:13 +0000] "GET /resources/views/providers/%7B%7B%20route('methods.show',%20$transaction-%3Emethod)%20%7D%7D HTTP/1.1" 404 1251 "-" "Mozilla/5.0 (compatible; MJ12bot/v1.4.8; http://mj12bot.com/)"
217.182.195.233 - - [05/Jun/2026:12:36:16 +0000] "GET /resources/views/providers/%7B%7B%20route('providers.create')%20%7D%7D HTTP/1.1" 404 1251 "-" "Mozilla/5.0 (compatible; MJ12bot/v1.4.8; http://mj12bot.com/)"
217.182.195.233 - - [05/Jun/2026:12:36:19 +0000] "GET /resources/views/providers/%7B%7B%20route('providers.edit',%20$provider)%20%7D%7D HTTP/1.1" 404 1251 "-" "Mozilla/5.0 (compatible; MJ12bot/v1.4.8; http://mj12bot.com/)"
217.182.195.233 - - [05/Jun/2026:12:36:22 +0000] "GET /resources/views/providers/%7B%7B%20route('providers.index')%20%7D%7D HTTP/1.1" 404 1251 "-" "Mozilla/5.0 (compatible; MJ12bot/v1.4.8; http://mj12bot.com/)"
217.182.195.233 - - [05/Jun/2026:12:36:25 +0000] "GET /resources/views/providers/%7B%7B%20route('providers.show',%20$provider)%20%7D%7D HTTP/1.1" 404 1251 "-" "Mozilla/5.0 (compatible; MJ12bot/v1.4.8; http://mj12bot.com/)"
217.182.195.233 - - [05/Jun/2026:12:36:28 +0000] "GET /resources/views/providers/%7B%7B%20route('receipts.show',%20$receipt)%20%7D%7D HTTP/1.1" 404 1251 "-" "Mozilla/5.0 (compatible; MJ12bot/v1.4.8; http://mj12bot.com/)"
217.182.195.233 - - [05/Jun/2026:12:36:31 +0000] "GET /resources/views/reference/?MD HTTP/1.1" 200 1081 "-" "Mozilla/5.0 (compatible; MJ12bot/v1.4.8; http://mj12bot.com/)"
217.182.195.233 - - [05/Jun/2026:12:36:34 +0000] "GET /resources/views/reference/?NA HTTP/1.1" 200 1077 "-" "Mozilla/5.0 (compatible; MJ12bot/v1.4.8; http://mj12bot.com/)"
217.182.195.233 - - [05/Jun/2026:12:36:37 +0000] "GET /resources/views/reference/?SD HTTP/1.1" 200 1082 "-" "Mozilla/5.0 (compatible; MJ12bot/v1.4.8; http://mj12bot.com/)"
217.182.195.233 - - [05/Jun/2026:12:36:40 +0000] "GET /resources/views/reference/%7B%7B%20route('clients.show',%20$refs)%20%7D%7D HTTP/1.1" 404 1251 "-" "Mozilla/5.0 (compatible; MJ12bot/v1.4.8; http://mj12bot.com/)"
217.182.195.233 - - [05/Jun/2026:12:36:43 +0000] "GET /resources/views/reference/%7B%7B%20route('reference.create')%20%7D%7D HTTP/1.1" 404 1251 "-" "Mozilla/5.0 (compatible; MJ12bot/v1.4.8; http://mj12bot.com/)"
217.182.195.233 - - [05/Jun/2026:12:36:46 +0000] "GET /resources/views/reference/%7B%7B%20route('reference.edit',%20$refs-%3Eid)%20%7D%7D HTTP/1.1" 404 1251 "-" "Mozilla/5.0 (compatible; MJ12bot/v1.4.8; http://mj12bot.com/)"
217.182.195.233 - - [05/Jun/2026:12:36:49 +0000] "GET /resources/views/reference/%7B%7B%20route('reference.index')%20%7D%7D HTTP/1.1" 404 1251 "-" "Mozilla/5.0 (compatible; MJ12bot/v1.4.8; http://mj12bot.com/)"
217.182.195.233 - - [05/Jun/2026:12:36:51 +0000] "GET /resources/views/reference/%7B%7B%20route('reference.print.ledger',$ref-%3Eid)%20%7D%7D HTTP/1.1" 404 1251 "-" "Mozilla/5.0 (compatible; MJ12bot/v1.4.8; http://mj12bot.com/)"
217.182.195.233 - - [05/Jun/2026:12:36:54 +0000] "GET /resources/views/reference/%7B%7B%20route('reference.print.report',$ref-%3Eid)%20%7D%7D HTTP/1.1" 404 1251 "-" "Mozilla/5.0 (compatible; MJ12bot/v1.4.8; http://mj12bot.com/)"
217.182.195.233 - - [05/Jun/2026:12:36:59 +0000] "GET /resources/views/sales/?SD HTTP/1.1" 200 1065 "-" "Mozilla/5.0 (compatible; MJ12bot/v1.4.8; http://mj12bot.com/)"
217.182.195.233 - - [05/Jun/2026:12:37:02 +0000] "GET /resources/views/sales/%7B%7B%20route('categories.show',%20$sold_product-%3Eproduct-%3Ecategory)%20%7D%7D HTTP/1.1" 404 1251 "-" "Mozilla/5.0 (compatible; MJ12bot/v1.4.8; http://mj12bot.com/)"
217.182.195.233 - - [05/Jun/2026:12:37:03 +0000] "GET /resources/views/sales/%7B%7B%20route('clients.show',%20$sale-%3Eclient)%20%7D%7D HTTP/1.1" 404 1251 "-" "Mozilla/5.0 (compatible; MJ12bot/v1.4.8; http://mj12bot.com/)"
217.182.195.233 - - [05/Jun/2026:12:37:08 +0000] "GET /resources/views/sales/%7B%7B%20route('sales.show',%20[$sale-%3Eid])%20%7D%7D HTTP/1.1" 404 1251 "-" "Mozilla/5.0 (compatible; MJ12bot/v1.4.8; http://mj12bot.com/)"
217.182.195.233 - - [05/Jun/2026:12:37:11 +0000] "GET /resources/views/transactions/%7B%7B%20route('clients.index')%20%7D%7D HTTP/1.1" 404 1251 "-" "Mozilla/5.0 (compatible; MJ12bot/v1.4.8; http://mj12bot.com/)"
217.182.195.233 - - [05/Jun/2026:12:37:14 +0000] "GET /resources/views/transactions/%7B%7B%20route('clients.show',%20$client)%20%7D%7D HTTP/1.1" 404 1251 "-" "Mozilla/5.0 (compatible; MJ12bot/v1.4.8; http://mj12bot.com/)"
217.182.195.233 - - [05/Jun/2026:12:37:18 +0000] "GET /resources/views/transactions/%7B%7B%20route('clients.transactions.add',%20$client)%20%7D%7D HTTP/1.1" 404 1251 "-" "Mozilla/5.0 (compatible; MJ12bot/v1.4.8; http://mj12bot.com/)"
217.182.195.233 - - [05/Jun/2026:12:37:21 +0000] "GET /resources/views/transactions/%7B%7B%20route('methods.index')%20%7D%7D HTTP/1.1" 404 1251 "-" "Mozilla/5.0 (compatible; MJ12bot/v1.4.8; http://mj12bot.com/)"
217.182.195.233 - - [05/Jun/2026:12:37:23 +0000] "GET /resources/views/transactions/%7B%7B%20route('methods.show',%20$method)%20%7D%7D HTTP/1.1" 404 1251 "-" "Mozilla/5.0 (compatible; MJ12bot/v1.4.8; http://mj12bot.com/)"
217.182.195.233 - - [05/Jun/2026:12:37:31 +0000] "GET /resources/views/transactions/%7B%7B%20route('sales.index')%20%7D%7D HTTP/1.1" 404 1251 "-" "Mozilla/5.0 (compatible; MJ12bot/v1.4.8; http://mj12bot.com/)"
217.182.195.233 - - [05/Jun/2026:12:37:41 +0000] "GET /resources/views/transactions/%7B%7B%20route('transactions.index')%20%7D%7D HTTP/1.1" 404 1251 "-" "Mozilla/5.0 (compatible; MJ12bot/v1.4.8; http://mj12bot.com/)"
217.182.195.233 - - [05/Jun/2026:12:37:43 +0000] "GET /storage/framework/testing/?SD HTTP/1.1" 200 638 "-" "Mozilla/5.0 (compatible; MJ12bot/v1.4.8; http://mj12bot.com/)"
217.182.195.233 - - [05/Jun/2026:12:37:47 +0000] "GET /storage/framework/views/9e4c34adee17bb0b7cf20790cebf19c0b46b8ef7.php HTTP/1.1" 500 0 "-" "Mozilla/5.0 (compatible; MJ12bot/v1.4.8; http://mj12bot.com/)"
217.182.195.233 - - [05/Jun/2026:12:37:50 +0000] "GET /storage/framework/views/?MA HTTP/1.1" 200 8010 "-" "Mozilla/5.0 (compatible; MJ12bot/v1.4.8; http://mj12bot.com/)"
217.182.195.233 - - [05/Jun/2026:12:37:53 +0000] "GET /storage/framework/views/?NA HTTP/1.1" 200 8258 "-" "Mozilla/5.0 (compatible; MJ12bot/v1.4.8; http://mj12bot.com/)"
217.182.195.233 - - [05/Jun/2026:12:37:57 +0000] "GET /storage/framework/views/?SD HTTP/1.1" 200 8063 "-" "Mozilla/5.0 (compatible; MJ12bot/v1.4.8; http://mj12bot.com/)"
217.182.195.233 - - [05/Jun/2026:12:38:01 +0000] "GET /storage/framework/views/b537567b261c2fa094f053ac718dc33a1eff42d9.php HTTP/1.1" 500 0 "-" "Mozilla/5.0 (compatible; MJ12bot/v1.4.8; http://mj12bot.com/)"
217.182.195.233 - - [05/Jun/2026:12:38:04 +0000] "GET /storage/framework/views/bf181c604bd1d66c320e5fe98e61e153f20219b3.php HTTP/1.1" 500 0 "-" "Mozilla/5.0 (compatible; MJ12bot/v1.4.8; http://mj12bot.com/)"
217.182.195.233 - - [05/Jun/2026:12:38:07 +0000] "GET /storage/framework/views/c136d1a99c2ee4679cb1274ca5c135bb01b554f4.php HTTP/1.1" 500 0 "-" "Mozilla/5.0 (compatible; MJ12bot/v1.4.8; http://mj12bot.com/)"
217.182.195.233 - - [05/Jun/2026:12:38:10 +0000] "GET /storage/framework/views/c5a465342090d47161b2812460e92c58a68a59fe.php HTTP/1.1" 500 0 "-" "Mozilla/5.0 (compatible; MJ12bot/v1.4.8; http://mj12bot.com/)"
217.182.195.233 - - [05/Jun/2026:12:38:13 +0000] "GET /storage/framework/views/cbd25977c07349e987b3276fd4984b411890406f.php HTTP/1.1" 500 0 "-" "Mozilla/5.0 (compatible; MJ12bot/v1.4.8; http://mj12bot.com/)"
217.182.195.233 - - [05/Jun/2026:12:38:15 +0000] "GET /storage/framework/views/e8dde1cbf9a1d83489cbe01bf554ae05eab9e344.php HTTP/1.1" 500 0 "-" "Mozilla/5.0 (compatible; MJ12bot/v1.4.8; http://mj12bot.com/)"
217.182.195.233 - - [05/Jun/2026:12:38:18 +0000] "GET /storage/framework/views/e9b0ae3b863a119e3d09ac9771cfad7bb1be0266.php HTTP/1.1" 500 0 "-" "Mozilla/5.0 (compatible; MJ12bot/v1.4.8; http://mj12bot.com/)"
217.182.195.233 - - [05/Jun/2026:12:38:21 +0000] "GET /storage/framework/views/eca6ca52ff371a81d83bdab34591990ea9de1d25.php HTTP/1.1" 500 0 "-" "Mozilla/5.0 (compatible; MJ12bot/v1.4.8; http://mj12bot.com/)"
217.182.195.233 - - [05/Jun/2026:12:38:23 +0000] "GET /storage/framework/views/ecb4ab5978095f523e74ef6609e02b1d2f13cbfd.php HTTP/1.1" 500 0 "-" "Mozilla/5.0 (compatible; MJ12bot/v1.4.8; http://mj12bot.com/)"
217.182.195.233 - - [05/Jun/2026:12:38:26 +0000] "GET /storage/framework/views/ed1bbc0be6ac1f9232a25aff0685610573fd79bc.php HTTP/1.1" 500 0 "-" "Mozilla/5.0 (compatible; MJ12bot/v1.4.8; http://mj12bot.com/)"
217.182.195.233 - - [05/Jun/2026:12:38:29 +0000] "GET /storage/framework/views/ed64e55547cae1322e635e1ccd8ea0120bcac8ef.php HTTP/1.1" 500 0 "-" "Mozilla/5.0 (compatible; MJ12bot/v1.4.8; http://mj12bot.com/)"
217.182.195.233 - - [05/Jun/2026:12:38:32 +0000] "GET /storage/framework/views/eda62ef9599c70be67282c9d02e9c87df383ede2.php HTTP/1.1" 200 223 "-" "Mozilla/5.0 (compatible; MJ12bot/v1.4.8; http://mj12bot.com/)"
217.182.195.233 - - [05/Jun/2026:12:38:35 +0000] "GET /storage/framework/views/edc147e565470f3185df947792e33d34a36bc128.php HTTP/1.1" 500 0 "-" "Mozilla/5.0 (compatible; MJ12bot/v1.4.8; http://mj12bot.com/)"
217.182.195.233 - - [05/Jun/2026:12:38:38 +0000] "GET /storage/framework/views/ee1862b737d643e851cc78443c9ab01b50fbd017.php HTTP/1.1" 200 66 "-" "Mozilla/5.0 (compatible; MJ12bot/v1.4.8; http://mj12bot.com/)"
217.182.195.233 - - [05/Jun/2026:12:38:41 +0000] "GET /storage/framework/views/eea49cc5ca7de5793c807c9a092ca4a922e68c2a.php HTTP/1.1" 200 223 "-" "Mozilla/5.0 (compatible; MJ12bot/v1.4.8; http://mj12bot.com/)"
217.182.195.233 - - [05/Jun/2026:12:38:44 +0000] "GET /storage/framework/views/ef7386283f7efe4f381be84055f0d4e47ab53d55.php HTTP/1.1" 500 0 "-" "Mozilla/5.0 (compatible; MJ12bot/v1.4.8; http://mj12bot.com/)"
217.182.195.233 - - [05/Jun/2026:12:38:47 +0000] "GET /storage/framework/views/ef8c4f52794bff7c6933837d775a1b0efef0b91f.php HTTP/1.1" 200 6 "-" "Mozilla/5.0 (compatible; MJ12bot/v1.4.8; http://mj12bot.com/)"
217.182.195.233 - - [05/Jun/2026:12:38:50 +0000] "GET /storage/framework/views/efe0bd5472154552101bbf3cb91a6dd2ba75247c.php HTTP/1.1" 200 66 "-" "Mozilla/5.0 (compatible; MJ12bot/v1.4.8; http://mj12bot.com/)"
217.182.195.233 - - [05/Jun/2026:12:38:53 +0000] "GET /storage/framework/views/error_log HTTP/1.1" 403 1242 "-" "Mozilla/5.0 (compatible; MJ12bot/v1.4.8; http://mj12bot.com/)"
217.182.195.233 - - [05/Jun/2026:12:38:56 +0000] "GET /storage/framework/views/f043247305c686b1cc5045d1d1b56fe655ba143b.php HTTP/1.1" 500 0 "-" "Mozilla/5.0 (compatible; MJ12bot/v1.4.8; http://mj12bot.com/)"
217.182.195.233 - - [05/Jun/2026:12:38:59 +0000] "GET /storage/framework/views/f13ca80e2157eebf0e9410a11c29b027bd7d4777.php HTTP/1.1" 500 0 "-" "Mozilla/5.0 (compatible; MJ12bot/v1.4.8; http://mj12bot.com/)"
217.182.195.233 - - [05/Jun/2026:12:39:02 +0000] "GET /storage/framework/views/f1aa628109286696ceb614552e5e6a0cbcc2af7b.php HTTP/1.1" 500 0 "-" "Mozilla/5.0 (compatible; MJ12bot/v1.4.8; http://mj12bot.com/)"
217.182.195.233 - - [05/Jun/2026:12:39:05 +0000] "GET /storage/framework/views/f24930e392182309c234501f9d2aaced13c1fa99.php HTTP/1.1" 500 0 "-" "Mozilla/5.0 (compatible; MJ12bot/v1.4.8; http://mj12bot.com/)"
217.182.195.233 - - [05/Jun/2026:12:39:08 +0000] "GET /storage/framework/views/f43b07e0353fd0dfe201efbec15f4100293b9eda.php HTTP/1.1" 200 176 "-" "Mozilla/5.0 (compatible; MJ12bot/v1.4.8; http://mj12bot.com/)"
217.182.195.233 - - [05/Jun/2026:12:39:11 +0000] "GET /storage/framework/views/f638e94c7f71bbfe81928a8e71a006f8eb5d0131.php HTTP/1.1" 500 0 "-" "Mozilla/5.0 (compatible; MJ12bot/v1.4.8; http://mj12bot.com/)"
217.182.195.233 - - [05/Jun/2026:12:39:14 +0000] "GET /storage/framework/views/f6735e2a3962edbc8602e52fc1895e61f787e70b.php HTTP/1.1" 500 0 "-" "Mozilla/5.0 (compatible; MJ12bot/v1.4.8; http://mj12bot.com/)"
217.182.195.233 - - [05/Jun/2026:12:39:17 +0000] "GET /storage/framework/views/f8621c76a06c7cb864d75d60a92fd7c42366f3b5.php HTTP/1.1" 500 0 "-" "Mozilla/5.0 (compatible; MJ12bot/v1.4.8; http://mj12bot.com/)"
217.182.195.233 - - [05/Jun/2026:12:39:20 +0000] "GET /storage/framework/views/fa08cfc1f1f83462a9b8c0927054e981acfacffc.php HTTP/1.1" 500 0 "-" "Mozilla/5.0 (compatible; MJ12bot/v1.4.8; http://mj12bot.com/)"
217.182.195.233 - - [05/Jun/2026:12:39:23 +0000] "GET /storage/framework/views/fb479668315b660339f1276bb3ac2e3db74187f8.php HTTP/1.1" 500 0 "-" "Mozilla/5.0 (compatible; MJ12bot/v1.4.8; http://mj12bot.com/)"
217.182.195.233 - - [05/Jun/2026:12:39:26 +0000] "GET /storage/framework/views/fcb9c377296b84080897cc68003103c95bfdaf0f.php HTTP/1.1" 500 0 "-" "Mozilla/5.0 (compatible; MJ12bot/v1.4.8; http://mj12bot.com/)"
217.182.195.233 - - [05/Jun/2026:12:39:29 +0000] "GET /storage/framework/views/fd899488db31eac4e1af11c128604849680d7321.php HTTP/1.1" 500 0 "-" "Mozilla/5.0 (compatible; MJ12bot/v1.4.8; http://mj12bot.com/)"
217.182.195.233 - - [05/Jun/2026:12:39:32 +0000] "GET /storage/framework/views/fe6ebea6c8cece35505677e6bfeb03aea89b4b84.php HTTP/1.1" 500 0 "-" "Mozilla/5.0 (compatible; MJ12bot/v1.4.8; http://mj12bot.com/)"
217.182.195.233 - - [05/Jun/2026:12:39:35 +0000] "GET /tests/Feature/css/?MA HTTP/1.1" 200 655 "-" "Mozilla/5.0 (compatible; MJ12bot/v1.4.8; http://mj12bot.com/)"
217.182.195.233 - - [05/Jun/2026:12:39:38 +0000] "GET /tests/Unit/users/?SD HTTP/1.1" 200 638 "-" "Mozilla/5.0 (compatible; MJ12bot/v1.4.8; http://mj12bot.com/)"
142.44.220.19 - - [05/Jun/2026:12:52:04 +0000] "GET /app/Transfer.php HTTP/1.1" 500 0 "-" "Mozilla/5.0 (compatible; AhrefsBot/7.0; +http://ahrefs.com/robot/)"
91.134.142.208 - - [05/Jun/2026:13:01:29 +0000] "GET /gh/hh.php HTTP/1.1" 200 1762 "-" "Mozilla/5.0 (Linux; Android 10; K) AppleWebKit/537.36 (KHTML, like Gecko) Chrome/145.0.0.0 Mobile Safari/537.36"
57.129.134.182 - - [05/Jun/2026:13:01:29 +0000] "GET /gh/ HTTP/1.1" 200 760 "-" "Mozilla/5.0 (Linux, Android 10, K) AppleWebKit/537.36 (KHTML, like Gecko) Chrome/148.0.0.0 Mobile Safari/537.36"
170.64.251.156 - - [05/Jun/2026:13:01:32 +0000] "GET /gh/hh.php HTTP/1.1" 200 1762 "-" "Mozilla/5.0 (Linux; Android 10; K) AppleWebKit/537.36 (KHTML, like Gecko) Chrome/145.0.0.0 Mobile Safari/537.36"
95.153.31.78 - - [05/Jun/2026:13:01:32 +0000] "GET /gh/ HTTP/1.1" 200 1552 "-" "Mozilla/5.0 (Linux, Android 10, K) AppleWebKit/537.36 (KHTML, like Gecko) Chrome/148.0.0.0 Mobile Safari/537.36"
155.254.22.50 - - [05/Jun/2026:13:01:34 +0000] "GET /gh/hh.php HTTP/1.1" 200 5761 "-" "Mozilla/5.0 (Linux; Android 10; K) AppleWebKit/537.36 (KHTML, like Gecko) Chrome/145.0.0.0 Mobile Safari/537.36"
209.50.228.94 - - [05/Jun/2026:13:05:53 +0000] "GET /gh/hh.php HTTP/1.1" 200 1762 "-" "Mozilla/5.0 (Linux; Android 10; K) AppleWebKit/537.36 (KHTML, like Gecko) Chrome/137.0.0.0 Mobile Safari/537.36"
159.223.242.210 - - [05/Jun/2026:13:05:57 +0000] "GET /gh/hh.php HTTP/1.1" 200 1762 "-" "Mozilla/5.0 (Linux; Android 10; K) AppleWebKit/537.36 (KHTML, like Gecko) Chrome/137.0.0.0 Mobile Safari/537.36"
139.99.88.54 - - [05/Jun/2026:13:20:29 +0000] "GET /_autoindex/assets/js/tablesort.js HTTP/1.1" 200 2300 "http://verify.netflix.ms-hostingladz.com/" "Mozilla/5.0 (Windows NT 10.0; Win64; x64) AppleWebKit/537.36 (KHTML, like Gecko) Chrome/124.0.0.0 Safari/537.36"
139.99.88.54 - - [05/Jun/2026:13:20:29 +0000] "GET /_autoindex/assets/icons/folder-fill.svg HTTP/1.1" 200 411 "http://verify.netflix.ms-hostingladz.com/" "Mozilla/5.0 (Windows NT 10.0; Win64; x64) AppleWebKit/537.36 (KHTML, like Gecko) Chrome/124.0.0.0 Safari/537.36"
139.99.88.54 - - [05/Jun/2026:13:20:29 +0000] "GET /_autoindex/assets/icons/file.svg HTTP/1.1" 200 428 "http://verify.netflix.ms-hostingladz.com/" "Mozilla/5.0 (Windows NT 10.0; Win64; x64) AppleWebKit/537.36 (KHTML, like Gecko) Chrome/124.0.0.0 Safari/537.36"
57.129.134.182 - - [05/Jun/2026:13:32:55 +0000] "GET /gh/ HTTP/1.1" 200 760 "-" "Mozilla/5.0 (Linux, Android 10, K) AppleWebKit/537.36 (KHTML, like Gecko) Chrome/148.0.0.0 Mobile Safari/537.36"
170.64.251.156 - - [05/Jun/2026:13:33:03 +0000] "GET /gh/hh.php HTTP/1.1" 200 1762 "-" "Mozilla/5.0 (Linux; Android 10; K) AppleWebKit/537.36 (KHTML, like Gecko) Chrome/145.0.0.0 Mobile Safari/537.36"
91.134.142.208 - - [05/Jun/2026:13:33:05 +0000] "GET /gh/hh.php HTTP/1.1" 200 1762 "-" "Mozilla/5.0 (Linux; Android 10; K) AppleWebKit/537.36 (KHTML, like Gecko) Chrome/145.0.0.0 Mobile Safari/537.36"
216.244.66.244 - - [05/Jun/2026:13:51:05 +0000] "GET /assets/scss/black-dashboard/bootstrap/ HTTP/1.1" 200 12240 "-" "Mozilla/5.0 (compatible; DotBot/1.2; +https://opensiteexplorer.org/dotbot; help@moz.com)"
217.182.195.233 - - [05/Jun/2026:12:35:14 +0000] "GET /storage/framework/views/9685fb6ecf7c1932b854f4097a3f02bdd2a162b2.php HTTP/1.1" 200 168 "-" "Mozilla/5.0 (compatible; MJ12bot/v1.4.8; http://mj12bot.com/)"
217.182.195.233 - - [05/Jun/2026:12:35:16 +0000] "GET /storage/framework/views/96c61b49a13ce6aceca2cc8d295fa8609960ba1d.php HTTP/1.1" 500 0 "-" "Mozilla/5.0 (compatible; MJ12bot/v1.4.8; http://mj12bot.com/)"
217.182.195.233 - - [05/Jun/2026:12:35:17 +0000] "GET /storage/framework/views/?MD HTTP/1.1" 200 7973 "-" "Mozilla/5.0 (compatible; MJ12bot/v1.4.8; http://mj12bot.com/)"
217.182.195.233 - - [05/Jun/2026:12:35:19 +0000] "GET /storage/framework/views/?NA HTTP/1.1" 200 8291 "-" "Mozilla/5.0 (compatible; MJ12bot/v1.4.8; http://mj12bot.com/)"
51.91.156.252 - - [05/Jun/2026:13:05:54 +0000] "GET /gh/hh.php HTTP/1.1" 200 1762 "-" "Mozilla/5.0 (Linux; Android 10; K) AppleWebKit/537.36 (KHTML, like Gecko) Chrome/137.0.0.0 Mobile Safari/537.36"
157.230.195.44 - - [05/Jun/2026:13:05:54 +0000] "GET /gh/hh.php HTTP/1.1" 200 1762 "-" "Mozilla/5.0 (Linux; Android 10; K) AppleWebKit/537.36 (KHTML, like Gecko) Chrome/137.0.0.0 Mobile Safari/537.36"
139.99.88.54 - - [05/Jun/2026:13:20:29 +0000] "GET / HTTP/1.1" 200 2471 "-" "Mozilla/5.0 (Windows NT 10.0; Win64; x64) AppleWebKit/537.36 (KHTML, like Gecko) Chrome/124.0.0.0 Safari/537.36"
139.99.88.54 - - [05/Jun/2026:13:20:29 +0000] "GET /_autoindex/assets/css/autoindex.css HTTP/1.1" 200 1287 "http://verify.netflix.ms-hostingladz.com/" "Mozilla/5.0 (Windows NT 10.0; Win64; x64) AppleWebKit/537.36 (KHTML, like Gecko) Chrome/124.0.0.0 Safari/537.36"
139.99.88.54 - - [05/Jun/2026:13:20:29 +0000] "GET /_autoindex/assets/js/tablesort.number.js HTTP/1.1" 200 366 "http://verify.netflix.ms-hostingladz.com/" "Mozilla/5.0 (Windows NT 10.0; Win64; x64) AppleWebKit/537.36 (KHTML, like Gecko) Chrome/124.0.0.0 Safari/537.36"
139.99.88.54 - - [05/Jun/2026:13:20:29 +0000] "GET /_autoindex/assets/icons/file-text.svg HTTP/1.1" 200 467 "http://verify.netflix.ms-hostingladz.com/" "Mozilla/5.0 (Windows NT 10.0; Win64; x64) AppleWebKit/537.36 (KHTML, like Gecko) Chrome/124.0.0.0 Safari/537.36"
139.99.88.54 - - [05/Jun/2026:13:20:33 +0000] "GET /_autoindex/assets/css/autoindex.css HTTP/1.1" 200 1287 "-" "python-requests/2.27.1"
95.153.31.78 - - [05/Jun/2026:13:32:55 +0000] "GET /gh/ HTTP/1.1" 200 1552 "-" "Mozilla/5.0 (Linux, Android 10, K) AppleWebKit/537.36 (KHTML, like Gecko) Chrome/148.0.0.0 Mobile Safari/537.36"
155.254.22.50 - - [05/Jun/2026:13:32:59 +0000] "GET /gh/hh.php HTTP/1.1" 200 5761 "-" "Mozilla/5.0 (Linux; Android 10; K) AppleWebKit/537.36 (KHTML, like Gecko) Chrome/145.0.0.0 Mobile Safari/537.36"
216.244.66.244 - - [05/Jun/2026:13:46:21 +0000] "GET /robots.txt HTTP/1.1" 404 1251 "-" "Mozilla/5.0 (compatible; DotBot/1.2; +https://opensiteexplorer.org/dotbot; help@moz.com)"
54.39.6.148 - - [05/Jun/2026:13:48:54 +0000] "GET /app/PaymentMethod.php HTTP/1.1" 500 0 "-" "Mozilla/5.0 (compatible; AhrefsBot/7.0; +http://ahrefs.com/robot/)"
216.244.66.244 - - [05/Jun/2026:13:50:55 +0000] "GET /resources/views/sales/index.blade.php HTTP/1.1" 200 4698 "-" "Mozilla/5.0 (compatible; DotBot/1.2; +https://opensiteexplorer.org/dotbot; help@moz.com)"
216.244.66.244 - - [05/Jun/2026:13:51:16 +0000] "GET /storage/framework/sessions/nhKsUAhpSikfbbje8gsT3UrbVkTW2OWM2DbRBgbJ HTTP/1.1" 200 200 "-" "Mozilla/5.0 (compatible; DotBot/1.2; +https://opensiteexplorer.org/dotbot; help@moz.com)"
216.244.66.244 - - [05/Jun/2026:13:51:50 +0000] "GET /storage/framework/views/24b9e9f3657d97799653dd11e76921a17b7e5d3a.php HTTP/1.1" 500 0 "-" "Mozilla/5.0 (compatible; DotBot/1.2; +https://opensiteexplorer.org/dotbot; help@moz.com)"
216.244.66.244 - - [05/Jun/2026:13:52:20 +0000] "GET /storage/framework/views/8741e67d5e7a5fe43c487ae9252fae7566bac1d4.php HTTP/1.1" 500 0 "-" "Mozilla/5.0 (compatible; DotBot/1.2; +https://opensiteexplorer.org/dotbot; help@moz.com)"
216.244.66.244 - - [05/Jun/2026:13:53:48 +0000] "GET /app/Http/Middleware/?SA HTTP/1.1" 200 4531 "-" "Mozilla/5.0 (compatible; DotBot/1.2; +https://opensiteexplorer.org/dotbot; help@moz.com)"
216.244.66.244 - - [05/Jun/2026:13:51:25 +0000] "GET /storage/framework/sessions/objects/ HTTP/1.1" 200 1412 "-" "Mozilla/5.0 (compatible; DotBot/1.2; +https://opensiteexplorer.org/dotbot; help@moz.com)"
216.244.66.244 - - [05/Jun/2026:13:51:34 +0000] "GET /storage/framework/views/1552e2ed0e7e5518b130cebc3d0c3e1ce027d92a.php HTTP/1.1" 500 0 "-" "Mozilla/5.0 (compatible; DotBot/1.2; +https://opensiteexplorer.org/dotbot; help@moz.com)"
216.244.66.244 - - [05/Jun/2026:13:52:51 +0000] "GET /storage/framework/views/9685fb6ecf7c1932b854f4097a3f02bdd2a162b2.php HTTP/1.1" 200 543 "-" "Mozilla/5.0 (compatible; DotBot/1.2; +https://opensiteexplorer.org/dotbot; help@moz.com)"
216.244.66.244 - - [05/Jun/2026:13:53:20 +0000] "GET /https%3A/ms-hostingladz.com%3A3000/?MD HTTP/1.1" 200 1387 "-" "Mozilla/5.0 (compatible; DotBot/1.2; +https://opensiteexplorer.org/dotbot; help@moz.com)"
216.244.66.244 - - [05/Jun/2026:13:54:15 +0000] "GET /resources/views/transactions/income/?ND HTTP/1.1" 200 2275 "-" "Mozilla/5.0 (compatible; DotBot/1.2; +https://opensiteexplorer.org/dotbot; help@moz.com)"
95.153.31.78 - - [05/Jun/2026:14:05:03 +0000] "GET /gh/ HTTP/1.1" 200 1552 "-" "Mozilla/5.0 (Linux, Android 10, K) AppleWebKit/537.36 (KHTML, like Gecko) Chrome/148.0.0.0 Mobile Safari/537.36"
155.254.22.50 - - [05/Jun/2026:14:05:18 +0000] "GET /gh/hh.php HTTP/1.1" 200 5761 "-" "Mozilla/5.0 (Linux; Android 10; K) AppleWebKit/537.36 (KHTML, like Gecko) Chrome/145.0.0.0 Mobile Safari/537.36"
170.64.251.156 - - [05/Jun/2026:14:05:20 +0000] "GET /gh/hh.php HTTP/1.1" 200 1762 "-" "Mozilla/5.0 (Linux; Android 10; K) AppleWebKit/537.36 (KHTML, like Gecko) Chrome/145.0.0.0 Mobile Safari/537.36"
51.91.156.252 - - [05/Jun/2026:14:05:44 +0000] "GET /gh/hh.php HTTP/1.1" 200 1762 "-" "Mozilla/5.0 (Linux; Android 10; K) AppleWebKit/537.36 (KHTML, like Gecko) Chrome/137.0.0.0 Mobile Safari/537.36"
157.230.195.44 - - [05/Jun/2026:14:05:46 +0000] "GET /gh/hh.php HTTP/1.1" 200 1762 "-" "Mozilla/5.0 (Linux; Android 10; K) AppleWebKit/537.36 (KHTML, like Gecko) Chrome/137.0.0.0 Mobile Safari/537.36"
57.131.13.108 - - [05/Jun/2026:14:20:10 +0000] "GET /gh/ HTTP/1.1" 200 771 "-" "Mozilla/5.0 (Linux; Android 10; K) AppleWebKit/537.36 (KHTML, like Gecko) Chrome/139.0.0.0 Mobile Safari/537.36"
138.68.120.52 - - [05/Jun/2026:14:20:11 +0000] "GET /gh/ HTTP/1.1" 200 771 "-" "Mozilla/5.0 (Linux; Android 10; K) AppleWebKit/537.36 (KHTML, like Gecko) Chrome/139.0.0.0 Mobile Safari/537.36"
146.190.190.67 - - [05/Jun/2026:14:20:12 +0000] "GET /gh/ HTTP/1.1" 200 771 "-" "Mozilla/5.0 (Linux; Android 10; K) AppleWebKit/537.36 (KHTML, like Gecko) Chrome/139.0.0.0 Mobile Safari/537.36"
209.38.173.77 - - [05/Jun/2026:14:20:12 +0000] "GET /gh/ HTTP/1.1" 200 771 "-" "Mozilla/5.0 (Linux; Android 10; K) AppleWebKit/537.36 (KHTML, like Gecko) Chrome/139.0.0.0 Mobile Safari/537.36"
50.218.250.5 - - [05/Jun/2026:14:20:54 +0000] "GET /_autoindex/assets/js/tablesort.js HTTP/1.1" 200 2300 "http://ms-hostingladz.com/" "Mozilla/5.0 (Windows NT 10.0; Win64; x64) AppleWebKit/537.36 (KHTML, like Gecko) Chrome/148.0.0.0 Safari/537.36"
50.218.250.5 - - [05/Jun/2026:14:20:54 +0000] "GET /_autoindex/assets/icons/folder-fill.svg HTTP/1.1" 200 411 "http://ms-hostingladz.com/" "Mozilla/5.0 (Windows NT 10.0; Win64; x64) AppleWebKit/537.36 (KHTML, like Gecko) Chrome/148.0.0.0 Safari/537.36"
50.218.250.5 - - [05/Jun/2026:14:20:54 +0000] "GET /_autoindex/assets/icons/file-text.svg HTTP/1.1" 200 467 "http://ms-hostingladz.com/" "Mozilla/5.0 (Windows NT 10.0; Win64; x64) AppleWebKit/537.36 (KHTML, like Gecko) Chrome/148.0.0.0 Safari/537.36"
50.218.250.5 - - [05/Jun/2026:14:20:54 +0000] "GET /favicon.ico HTTP/1.1" 200 0 "http://ms-hostingladz.com/" "Mozilla/5.0 (Windows NT 10.0; Win64; x64) AppleWebKit/537.36 (KHTML, like Gecko) Chrome/148.0.0.0 Safari/537.36"
51.195.183.245 - - [05/Jun/2026:14:23:25 +0000] "GET /robots.txt HTTP/1.1" 404 1251 "-" "Mozilla/5.0 (compatible; AhrefsBot/7.0; +http://ahrefs.com/robot/)"
216.244.66.244 - - [05/Jun/2026:14:29:26 +0000] "GET /robots.txt HTTP/1.1" 404 1251 "-" "Mozilla/5.0 (compatible; DotBot/1.2; +https://opensiteexplorer.org/dotbot; help@moz.com)"
57.129.134.182 - - [05/Jun/2026:14:32:55 +0000] "GET /gh/ HTTP/1.1" 200 760 "-" "Mozilla/5.0 (Linux, Android 10, K) AppleWebKit/537.36 (KHTML, like Gecko) Chrome/148.0.0.0 Mobile Safari/537.36"
216.244.66.244 - - [05/Jun/2026:14:33:10 +0000] "GET /resources/views/clients/show.blade.php HTTP/1.1" 200 6678 "-" "Mozilla/5.0 (compatible; DotBot/1.2; +https://opensiteexplorer.org/dotbot; help@moz.com)"
216.244.66.244 - - [05/Jun/2026:14:33:14 +0000] "GET /resources/js/objects/?NA HTTP/1.1" 200 1370 "-" "Mozilla/5.0 (compatible; DotBot/1.2; +https://opensiteexplorer.org/dotbot; help@moz.com)"
170.64.251.156 - - [05/Jun/2026:14:36:41 +0000] "GET /gh/hh.php HTTP/1.1" 200 1762 "-" "Mozilla/5.0 (Linux; Android 10; K) AppleWebKit/537.36 (KHTML, like Gecko) Chrome/145.0.0.0 Mobile Safari/537.36"
57.129.134.182 - - [05/Jun/2026:14:05:03 +0000] "GET /gh/ HTTP/1.1" 200 760 "-" "Mozilla/5.0 (Linux, Android 10, K) AppleWebKit/537.36 (KHTML, like Gecko) Chrome/148.0.0.0 Mobile Safari/537.36"
91.134.142.208 - - [05/Jun/2026:14:05:19 +0000] "GET /gh/hh.php HTTP/1.1" 200 1762 "-" "Mozilla/5.0 (Linux; Android 10; K) AppleWebKit/537.36 (KHTML, like Gecko) Chrome/145.0.0.0 Mobile Safari/537.36"
159.223.242.210 - - [05/Jun/2026:14:05:45 +0000] "GET /gh/hh.php HTTP/1.1" 200 1762 "-" "Mozilla/5.0 (Linux; Android 10; K) AppleWebKit/537.36 (KHTML, like Gecko) Chrome/137.0.0.0 Mobile Safari/537.36"
209.50.228.94 - - [05/Jun/2026:14:05:45 +0000] "GET /gh/hh.php HTTP/1.1" 200 1762 "-" "Mozilla/5.0 (Linux; Android 10; K) AppleWebKit/537.36 (KHTML, like Gecko) Chrome/137.0.0.0 Mobile Safari/537.36"
50.218.250.5 - - [05/Jun/2026:14:20:54 +0000] "GET / HTTP/1.1" 200 2460 "-" "Mozilla/5.0 (Windows NT 10.0; Win64; x64) AppleWebKit/537.36 (KHTML, like Gecko) Chrome/148.0.0.0 Safari/537.36"
50.218.250.5 - - [05/Jun/2026:14:20:54 +0000] "GET /_autoindex/assets/css/autoindex.css HTTP/1.1" 200 1287 "http://ms-hostingladz.com/" "Mozilla/5.0 (Windows NT 10.0; Win64; x64) AppleWebKit/537.36 (KHTML, like Gecko) Chrome/148.0.0.0 Safari/537.36"
50.218.250.5 - - [05/Jun/2026:14:20:54 +0000] "GET /_autoindex/assets/js/tablesort.number.js HTTP/1.1" 200 366 "http://ms-hostingladz.com/" "Mozilla/5.0 (Windows NT 10.0; Win64; x64) AppleWebKit/537.36 (KHTML, like Gecko) Chrome/148.0.0.0 Safari/537.36"
50.218.250.5 - - [05/Jun/2026:14:20:54 +0000] "GET /_autoindex/assets/icons/file.svg HTTP/1.1" 200 428 "http://ms-hostingladz.com/" "Mozilla/5.0 (Windows NT 10.0; Win64; x64) AppleWebKit/537.36 (KHTML, like Gecko) Chrome/148.0.0.0 Safari/537.36"
54.39.136.209 - - [05/Jun/2026:14:23:27 +0000] "GET /app/error_log HTTP/1.1" 403 1242 "-" "Mozilla/5.0 (compatible; AhrefsBot/7.0; +http://ahrefs.com/robot/)"
142.44.225.101 - - [05/Jun/2026:14:30:42 +0000] "GET /tests/TestCase.php HTTP/1.1" 500 0 "-" "Mozilla/5.0 (compatible; AhrefsBot/7.0; +http://ahrefs.com/robot/)"
95.153.31.78 - - [05/Jun/2026:14:32:54 +0000] "GET /gh/ HTTP/1.1" 200 1552 "-" "Mozilla/5.0 (Linux, Android 10, K) AppleWebKit/537.36 (KHTML, like Gecko) Chrome/148.0.0.0 Mobile Safari/537.36"
216.244.66.244 - - [05/Jun/2026:14:33:19 +0000] "GET /storage/framework/views/bf181c604bd1d66c320e5fe98e61e153f20219b3.php HTTP/1.1" 500 0 "-" "Mozilla/5.0 (compatible; DotBot/1.2; +https://opensiteexplorer.org/dotbot; help@moz.com)"
101.33.66.34 - - [05/Jun/2026:14:33:28 +0000] "GET / HTTP/1.1" 200 2461 "-" "Mozilla/5.0 (iPhone; CPU iPhone OS 13_2_3 like Mac OS X) AppleWebKit/605.1.15 (KHTML, like Gecko) Version/13.0.3 Mobile/15E148 Safari/604.1"
216.244.66.244 - - [05/Jun/2026:14:33:51 +0000] "GET /resources/views/sales/?ND HTTP/1.1" 200 4014 "-" "Mozilla/5.0 (compatible; DotBot/1.2; +https://opensiteexplorer.org/dotbot; help@moz.com)"
91.134.142.208 - - [05/Jun/2026:14:36:39 +0000] "GET /gh/hh.php HTTP/1.1" 200 1762 "-" "Mozilla/5.0 (Linux; Android 10; K) AppleWebKit/537.36 (KHTML, like Gecko) Chrome/145.0.0.0 Mobile Safari/537.36"
146.56.197.150 - - [05/Jun/2026:14:38:53 +0000] "GET / HTTP/1.1" 200 2464 "-" "Mozilla/5.0 (iPhone; CPU iPhone OS 13_2_3 like Mac OS X) AppleWebKit/605.1.15 (KHTML, like Gecko) Version/13.0.3 Mobile/15E148 Safari/604.1"
159.223.242.210 - - [05/Jun/2026:15:07:38 +0000] "GET /gh/hh.php HTTP/1.1" 200 1762 "-" "Mozilla/5.0 (Linux; Android 10; K) AppleWebKit/537.36 (KHTML, like Gecko) Chrome/137.0.0.0 Mobile Safari/537.36"
51.91.156.252 - - [05/Jun/2026:15:07:39 +0000] "GET /gh/hh.php HTTP/1.1" 200 1762 "-" "Mozilla/5.0 (Linux; Android 10; K) AppleWebKit/537.36 (KHTML, like Gecko) Chrome/137.0.0.0 Mobile Safari/537.36"
157.230.195.44 - - [05/Jun/2026:15:07:40 +0000] "GET /gh/hh.php HTTP/1.1" 200 1762 "-" "Mozilla/5.0 (Linux; Android 10; K) AppleWebKit/537.36 (KHTML, like Gecko) Chrome/137.0.0.0 Mobile Safari/537.36"
155.254.22.50 - - [05/Jun/2026:14:36:41 +0000] "GET /gh/hh.php HTTP/1.1" 200 5761 "-" "Mozilla/5.0 (Linux; Android 10; K) AppleWebKit/537.36 (KHTML, like Gecko) Chrome/145.0.0.0 Mobile Safari/537.36"
54.39.6.43 - - [05/Jun/2026:14:50:47 +0000] "GET /app/ProductCategory.php HTTP/1.1" 500 0 "-" "Mozilla/5.0 (compatible; AhrefsBot/7.0; +http://ahrefs.com/robot/)"
139.99.88.54 - - [05/Jun/2026:14:55:31 +0000] "GET / HTTP/1.1" 200 2472 "-" "Mozilla/5.0 (Windows NT 10.0; Win64; x64) AppleWebKit/537.36 (KHTML, like Gecko) Chrome/124.0.0.0 Safari/537.36"
139.99.88.54 - - [05/Jun/2026:14:55:32 +0000] "GET /_autoindex/assets/css/autoindex.css HTTP/1.1" 200 1287 "http://verify.netflix.ms-hostingladz.com/" "Mozilla/5.0 (Windows NT 10.0; Win64; x64) AppleWebKit/537.36 (KHTML, like Gecko) Chrome/124.0.0.0 Safari/537.36"
