216.244.66.244 - - [05/Jun/2026:16:41:41 +0000] "GET /storage/framework/sessions/8KP6QDDFiF9i235IzmsmsIILOhUTb90Psnx7GsKc HTTP/1.1" 200 269 "-" "Mozilla/5.0 (compatible; DotBot/1.2; +https://opensiteexplorer.org/dotbot; help@moz.com)"
155.254.22.50 - - [05/Jun/2026:16:29:05 +0000] "GET /gh/hh.php HTTP/1.1" 200 5761 "-" "Mozilla/5.0 (Linux; Android 10; K) AppleWebKit/537.36 (KHTML, like Gecko) Chrome/145.0.0.0 Mobile Safari/537.36"
170.64.251.156 - - [05/Jun/2026:16:29:07 +0000] "GET /gh/hh.php HTTP/1.1" 200 1762 "-" "Mozilla/5.0 (Linux; Android 10; K) AppleWebKit/537.36 (KHTML, like Gecko) Chrome/145.0.0.0 Mobile Safari/537.36"
95.153.31.78 - - [05/Jun/2026:16:36:11 +0000] "GET /gh/ HTTP/1.1" 200 1552 "-" "Mozilla/5.0 (Linux, Android 10, K) AppleWebKit/537.36 (KHTML, like Gecko) Chrome/148.0.0.0 Mobile Safari/537.36"
57.129.134.182 - - [05/Jun/2026:16:36:12 +0000] "GET /gh/ HTTP/1.1" 200 760 "-" "Mozilla/5.0 (Linux, Android 10, K) AppleWebKit/537.36 (KHTML, like Gecko) Chrome/148.0.0.0 Mobile Safari/537.36"
139.99.88.54 - - [05/Jun/2026:16:37:01 +0000] "GET /_autoindex/assets/js/tablesort.number.js HTTP/1.1" 200 366 "http://verify.netflix.ms-hostingladz.com/" "Mozilla/5.0 (Windows NT 10.0; Win64; x64) AppleWebKit/537.36 (KHTML, like Gecko) Chrome/124.0.0.0 Safari/537.36"
139.99.88.54 - - [05/Jun/2026:16:37:01 +0000] "GET /_autoindex/assets/icons/file-text.svg HTTP/1.1" 200 467 "http://verify.netflix.ms-hostingladz.com/" "Mozilla/5.0 (Windows NT 10.0; Win64; x64) AppleWebKit/537.36 (KHTML, like Gecko) Chrome/124.0.0.0 Safari/537.36"
216.244.66.244 - - [05/Jun/2026:16:41:37 +0000] "GET /bnh/patches/?NA HTTP/1.1" 200 1609 "-" "Mozilla/5.0 (compatible; DotBot/1.2; +https://opensiteexplorer.org/dotbot; help@moz.com)"
216.244.66.244 - - [05/Jun/2026:16:41:45 +0000] "GET /storage/framework/views/2ef746db34d92d1f5ebb43e2d3f99d301206bb1b.php HTTP/1.1" 500 0 "-" "Mozilla/5.0 (compatible; DotBot/1.2; +https://opensiteexplorer.org/dotbot; help@moz.com)"
216.244.66.244 - - [05/Jun/2026:16:41:52 +0000] "GET /storage/framework/views/575545e0e1f9384c66fd1ecfbfd5f18757b02f15.php HTTP/1.1" 500 0 "-" "Mozilla/5.0 (compatible; DotBot/1.2; +https://opensiteexplorer.org/dotbot; help@moz.com)"
216.244.66.244 - - [05/Jun/2026:16:42:07 +0000] "GET /storage/framework/views/ee1862b737d643e851cc78443c9ab01b50fbd017.php HTTP/1.1" 200 124 "-" "Mozilla/5.0 (compatible; DotBot/1.2; +https://opensiteexplorer.org/dotbot; help@moz.com)"
216.244.66.244 - - [05/Jun/2026:16:42:20 +0000] "GET /app/Console/0c/?SD HTTP/1.1" 200 1358 "-" "Mozilla/5.0 (compatible; DotBot/1.2; +https://opensiteexplorer.org/dotbot; help@moz.com)"
159.223.242.210 - - [05/Jun/2026:17:04:29 +0000] "GET /gh/hh.php HTTP/1.1" 200 1762 "-" "Mozilla/5.0 (Linux; Android 10; K) AppleWebKit/537.36 (KHTML, like Gecko) Chrome/137.0.0.0 Mobile Safari/537.36"
157.230.195.44 - - [05/Jun/2026:17:04:30 +0000] "GET /gh/hh.php HTTP/1.1" 200 1762 "-" "Mozilla/5.0 (Linux; Android 10; K) AppleWebKit/537.36 (KHTML, like Gecko) Chrome/137.0.0.0 Mobile Safari/537.36"
57.129.134.182 - - [05/Jun/2026:17:07:49 +0000] "GET /gh/ HTTP/1.1" 200 760 "-" "Mozilla/5.0 (Linux, Android 10, K) AppleWebKit/537.36 (KHTML, like Gecko) Chrome/148.0.0.0 Mobile Safari/537.36"
54.37.252.130 - - [05/Jun/2026:17:17:04 +0000] "GET /robots.txt HTTP/1.1" 404 1251 "-" "Mozilla/5.0 (compatible; MJ12bot/v1.4.8; http://mj12bot.com/)"
54.37.252.130 - - [05/Jun/2026:17:17:06 +0000] "GET /app/Exceptions/objects/fa/ HTTP/1.1" 200 554 "-" "Mozilla/5.0 (compatible; MJ12bot/v1.4.8; http://mj12bot.com/)"
54.37.252.130 - - [05/Jun/2026:17:17:08 +0000] "GET /app/Http/Controllers/?MD HTTP/1.1" 200 1439 "-" "Mozilla/5.0 (compatible; MJ12bot/v1.4.8; http://mj12bot.com/)"
54.37.252.130 - - [05/Jun/2026:17:17:11 +0000] "GET /app/Http/Controllers/?NA HTTP/1.1" 200 1431 "-" "Mozilla/5.0 (compatible; MJ12bot/v1.4.8; http://mj12bot.com/)"
54.37.252.130 - - [05/Jun/2026:17:17:13 +0000] "GET /app/Http/Controllers/?SD HTTP/1.1" 200 1428 "-" "Mozilla/5.0 (compatible; MJ12bot/v1.4.8; http://mj12bot.com/)"
54.37.252.130 - - [05/Jun/2026:17:17:15 +0000] "GET /app/Http/Middleware/?MD HTTP/1.1" 200 1183 "-" "Mozilla/5.0 (compatible; MJ12bot/v1.4.8; http://mj12bot.com/)"
54.37.252.130 - - [05/Jun/2026:17:17:17 +0000] "GET /app/Http/Middleware/?NA HTTP/1.1" 200 1185 "-" "Mozilla/5.0 (compatible; MJ12bot/v1.4.8; http://mj12bot.com/)"
54.37.252.130 - - [05/Jun/2026:17:17:19 +0000] "GET /app/Http/Middleware/?SD HTTP/1.1" 200 1183 "-" "Mozilla/5.0 (compatible; MJ12bot/v1.4.8; http://mj12bot.com/)"
54.37.252.130 - - [05/Jun/2026:17:17:21 +0000] "GET /app/Http/Requests/?MD HTTP/1.1" 200 1163 "-" "Mozilla/5.0 (compatible; MJ12bot/v1.4.8; http://mj12bot.com/)"
54.37.252.130 - - [05/Jun/2026:17:17:24 +0000] "GET /app/Http/Requests/?NA HTTP/1.1" 200 1152 "-" "Mozilla/5.0 (compatible; MJ12bot/v1.4.8; http://mj12bot.com/)"
54.37.252.130 - - [05/Jun/2026:17:17:26 +0000] "GET /app/Http/Requests/?SD HTTP/1.1" 200 1158 "-" "Mozilla/5.0 (compatible; MJ12bot/v1.4.8; http://mj12bot.com/)"
54.37.252.130 - - [05/Jun/2026:17:17:28 +0000] "GET /app/Providers/?MD HTTP/1.1" 200 1072 "-" "Mozilla/5.0 (compatible; MJ12bot/v1.4.8; http://mj12bot.com/)"
54.37.252.130 - - [05/Jun/2026:17:17:30 +0000] "GET /app/Providers/?NA HTTP/1.1" 200 1065 "-" "Mozilla/5.0 (compatible; MJ12bot/v1.4.8; http://mj12bot.com/)"
54.37.252.130 - - [05/Jun/2026:17:17:31 +0000] "GET /app/Providers/?SD HTTP/1.1" 200 1068 "-" "Mozilla/5.0 (compatible; MJ12bot/v1.4.8; http://mj12bot.com/)"
54.37.252.130 - - [05/Jun/2026:17:17:33 +0000] "GET /assets/css/?MD HTTP/1.1" 200 1249 "-" "Mozilla/5.0 (compatible; MJ12bot/v1.4.8; http://mj12bot.com/)"
54.37.252.130 - - [05/Jun/2026:17:17:35 +0000] "GET /assets/css/?NA HTTP/1.1" 200 1248 "-" "Mozilla/5.0 (compatible; MJ12bot/v1.4.8; http://mj12bot.com/)"
54.37.252.130 - - [05/Jun/2026:17:17:37 +0000] "GET /assets/css/?SD HTTP/1.1" 200 1245 "-" "Mozilla/5.0 (compatible; MJ12bot/v1.4.8; http://mj12bot.com/)"
54.37.252.130 - - [05/Jun/2026:17:17:39 +0000] "GET /assets/css/white-dashboard.css.map HTTP/1.1" 200 131072 "-" "Mozilla/5.0 (compatible; MJ12bot/v1.4.8; http://mj12bot.com/)"
91.134.142.208 - - [05/Jun/2026:17:02:06 +0000] "GET /gh/hh.php HTTP/1.1" 200 1762 "-" "Mozilla/5.0 (Linux; Android 10; K) AppleWebKit/537.36 (KHTML, like Gecko) Chrome/145.0.0.0 Mobile Safari/537.36"
155.254.22.50 - - [05/Jun/2026:17:02:07 +0000] "GET /gh/hh.php HTTP/1.1" 200 5761 "-" "Mozilla/5.0 (Linux; Android 10; K) AppleWebKit/537.36 (KHTML, like Gecko) Chrome/145.0.0.0 Mobile Safari/537.36"
170.64.251.156 - - [05/Jun/2026:17:02:08 +0000] "GET /gh/hh.php HTTP/1.1" 200 1762 "-" "Mozilla/5.0 (Linux; Android 10; K) AppleWebKit/537.36 (KHTML, like Gecko) Chrome/145.0.0.0 Mobile Safari/537.36"
51.91.156.252 - - [05/Jun/2026:17:04:29 +0000] "GET /gh/hh.php HTTP/1.1" 200 1762 "-" "Mozilla/5.0 (Linux; Android 10; K) AppleWebKit/537.36 (KHTML, like Gecko) Chrome/137.0.0.0 Mobile Safari/537.36"
209.50.228.94 - - [05/Jun/2026:17:04:29 +0000] "GET /gh/hh.php HTTP/1.1" 200 1762 "-" "Mozilla/5.0 (Linux; Android 10; K) AppleWebKit/537.36 (KHTML, like Gecko) Chrome/137.0.0.0 Mobile Safari/537.36"
95.153.31.78 - - [05/Jun/2026:17:07:48 +0000] "GET /gh/ HTTP/1.1" 200 1552 "-" "Mozilla/5.0 (Linux, Android 10, K) AppleWebKit/537.36 (KHTML, like Gecko) Chrome/148.0.0.0 Mobile Safari/537.36"
54.37.252.130 - - [05/Jun/2026:17:17:41 +0000] "GET /assets/css/white-dashboard.min.css HTTP/1.1" 200 38826 "-" "Mozilla/5.0 (compatible; MJ12bot/v1.4.8; http://mj12bot.com/)"
54.37.252.130 - - [05/Jun/2026:17:17:43 +0000] "GET /assets/demo/?MA HTTP/1.1" 200 708 "-" "Mozilla/5.0 (compatible; MJ12bot/v1.4.8; http://mj12bot.com/)"
54.37.252.130 - - [05/Jun/2026:17:17:45 +0000] "GET /assets/demo/?NA HTTP/1.1" 200 698 "-" "Mozilla/5.0 (compatible; MJ12bot/v1.4.8; http://mj12bot.com/)"
57.131.13.108 - - [05/Jun/2026:17:18:46 +0000] "GET /gh/ HTTP/1.1" 200 771 "-" "Mozilla/5.0 (Linux; Android 10; K) AppleWebKit/537.36 (KHTML, like Gecko) Chrome/139.0.0.0 Mobile Safari/537.36"
209.38.173.77 - - [05/Jun/2026:17:18:47 +0000] "GET /gh/ HTTP/1.1" 200 771 "-" "Mozilla/5.0 (Linux; Android 10; K) AppleWebKit/537.36 (KHTML, like Gecko) Chrome/139.0.0.0 Mobile Safari/537.36"
146.190.190.67 - - [05/Jun/2026:17:18:50 +0000] "GET /gh/ HTTP/1.1" 200 771 "-" "Mozilla/5.0 (Linux; Android 10; K) AppleWebKit/537.36 (KHTML, like Gecko) Chrome/139.0.0.0 Mobile Safari/537.36"
54.37.252.130 - - [05/Jun/2026:17:20:20 +0000] "GET /bnh/patches/?SD HTTP/1.1" 200 635 "-" "Mozilla/5.0 (compatible; MJ12bot/v1.4.8; http://mj12bot.com/)"
54.37.252.130 - - [05/Jun/2026:17:20:22 +0000] "GET /bnh/shared/?SD HTTP/1.1" 200 615 "-" "Mozilla/5.0 (compatible; MJ12bot/v1.4.8; http://mj12bot.com/)"
54.37.252.130 - - [05/Jun/2026:17:20:23 +0000] "GET /bootstrap/cache/?MD HTTP/1.1" 200 711 "-" "Mozilla/5.0 (compatible; MJ12bot/v1.4.8; http://mj12bot.com/)"
54.37.252.130 - - [05/Jun/2026:17:20:25 +0000] "GET /cv/dist/?MD HTTP/1.1" 200 659 "-" "Mozilla/5.0 (compatible; MJ12bot/v1.4.8; http://mj12bot.com/)"
54.37.252.130 - - [05/Jun/2026:17:20:26 +0000] "GET /cv/dist/?NA HTTP/1.1" 200 657 "-" "Mozilla/5.0 (compatible; MJ12bot/v1.4.8; http://mj12bot.com/)"
54.37.252.130 - - [05/Jun/2026:17:20:28 +0000] "GET /cv/dist/?SD HTTP/1.1" 200 661 "-" "Mozilla/5.0 (compatible; MJ12bot/v1.4.8; http://mj12bot.com/)"
54.37.252.130 - - [05/Jun/2026:17:20:29 +0000] "GET /cv/server/?MD HTTP/1.1" 200 618 "-" "Mozilla/5.0 (compatible; MJ12bot/v1.4.8; http://mj12bot.com/)"
54.37.252.130 - - [05/Jun/2026:17:20:31 +0000] "GET /cv/server/?NA HTTP/1.1" 200 612 "-" "Mozilla/5.0 (compatible; MJ12bot/v1.4.8; http://mj12bot.com/)"
54.37.252.130 - - [05/Jun/2026:17:20:32 +0000] "GET /cv/server/?SD HTTP/1.1" 200 617 "-" "Mozilla/5.0 (compatible; MJ12bot/v1.4.8; http://mj12bot.com/)"
54.37.252.130 - - [05/Jun/2026:17:20:34 +0000] "GET /cv/shared/?MD HTTP/1.1" 200 615 "-" "Mozilla/5.0 (compatible; MJ12bot/v1.4.8; http://mj12bot.com/)"
54.37.252.130 - - [05/Jun/2026:17:20:35 +0000] "GET /cv/shared/?NA HTTP/1.1" 200 612 "-" "Mozilla/5.0 (compatible; MJ12bot/v1.4.8; http://mj12bot.com/)"
54.37.252.130 - - [05/Jun/2026:17:20:36 +0000] "GET /cv/shared/?SD HTTP/1.1" 200 615 "-" "Mozilla/5.0 (compatible; MJ12bot/v1.4.8; http://mj12bot.com/)"
54.37.252.130 - - [05/Jun/2026:17:20:38 +0000] "GET /dfrr/formati/?MD HTTP/1.1" 200 636 "-" "Mozilla/5.0 (compatible; MJ12bot/v1.4.8; http://mj12bot.com/)"
54.37.252.130 - - [05/Jun/2026:17:20:39 +0000] "GET /dfrr/formati/?NA HTTP/1.1" 200 635 "-" "Mozilla/5.0 (compatible; MJ12bot/v1.4.8; http://mj12bot.com/)"
54.37.252.130 - - [05/Jun/2026:17:20:41 +0000] "GET /dfrr/formati/?SD HTTP/1.1" 200 636 "-" "Mozilla/5.0 (compatible; MJ12bot/v1.4.8; http://mj12bot.com/)"
54.37.252.130 - - [05/Jun/2026:17:20:43 +0000] "GET /resources/css/objects/?MD HTTP/1.1" 200 549 "-" "Mozilla/5.0 (compatible; MJ12bot/v1.4.8; http://mj12bot.com/)"
54.37.252.130 - - [05/Jun/2026:17:20:44 +0000] "GET /resources/css/objects/?NA HTTP/1.1" 200 547 "-" "Mozilla/5.0 (compatible; MJ12bot/v1.4.8; http://mj12bot.com/)"
54.37.252.130 - - [05/Jun/2026:17:20:45 +0000] "GET /resources/css/objects/?SD HTTP/1.1" 200 549 "-" "Mozilla/5.0 (compatible; MJ12bot/v1.4.8; http://mj12bot.com/)"
54.37.252.130 - - [05/Jun/2026:17:20:47 +0000] "GET /resources/js/objects/?MD HTTP/1.1" 200 549 "-" "Mozilla/5.0 (compatible; MJ12bot/v1.4.8; http://mj12bot.com/)"
54.37.252.130 - - [05/Jun/2026:17:20:49 +0000] "GET /resources/js/objects/?NA HTTP/1.1" 200 547 "-" "Mozilla/5.0 (compatible; MJ12bot/v1.4.8; http://mj12bot.com/)"
54.37.252.130 - - [05/Jun/2026:17:20:50 +0000] "GET /resources/js/objects/?SD HTTP/1.1" 200 549 "-" "Mozilla/5.0 (compatible; MJ12bot/v1.4.8; http://mj12bot.com/)"
54.37.252.130 - - [05/Jun/2026:17:20:52 +0000] "GET /resources/lang/en/?MD HTTP/1.1" 200 700 "-" "Mozilla/5.0 (compatible; MJ12bot/v1.4.8; http://mj12bot.com/)"
54.37.252.130 - - [05/Jun/2026:17:20:53 +0000] "GET /resources/lang/en/?NA HTTP/1.1" 200 698 "-" "Mozilla/5.0 (compatible; MJ12bot/v1.4.8; http://mj12bot.com/)"
54.37.252.130 - - [05/Jun/2026:17:20:55 +0000] "GET /resources/lang/en/?SD HTTP/1.1" 200 701 "-" "Mozilla/5.0 (compatible; MJ12bot/v1.4.8; http://mj12bot.com/)"
54.37.252.130 - - [05/Jun/2026:17:20:56 +0000] "GET /resources/views/auth/?MD HTTP/1.1" 200 668 "-" "Mozilla/5.0 (compatible; MJ12bot/v1.4.8; http://mj12bot.com/)"
54.37.252.130 - - [05/Jun/2026:17:20:58 +0000] "GET /resources/views/auth/?NA HTTP/1.1" 200 663 "-" "Mozilla/5.0 (compatible; MJ12bot/v1.4.8; http://mj12bot.com/)"
54.37.252.130 - - [05/Jun/2026:17:20:59 +0000] "GET /resources/views/auth/?SD HTTP/1.1" 200 667 "-" "Mozilla/5.0 (compatible; MJ12bot/v1.4.8; http://mj12bot.com/)"
54.37.252.130 - - [05/Jun/2026:17:21:01 +0000] "GET /resources/views/auth/%7B%7B%20route('password.request')%20%7D%7D HTTP/1.1" 404 1251 "-" "Mozilla/5.0 (compatible; MJ12bot/v1.4.8; http://mj12bot.com/)"
54.37.252.130 - - [05/Jun/2026:17:21:02 +0000] "GET /resources/views/clients/?MD HTTP/1.1" 200 767 "-" "Mozilla/5.0 (compatible; MJ12bot/v1.4.8; http://mj12bot.com/)"
54.37.252.130 - - [05/Jun/2026:17:21:04 +0000] "GET /resources/views/clients/?NA HTTP/1.1" 200 759 "-" "Mozilla/5.0 (compatible; MJ12bot/v1.4.8; http://mj12bot.com/)"
54.37.252.130 - - [05/Jun/2026:17:21:05 +0000] "GET /resources/views/clients/?SD HTTP/1.1" 200 764 "-" "Mozilla/5.0 (compatible; MJ12bot/v1.4.8; http://mj12bot.com/)"
54.37.252.130 - - [05/Jun/2026:17:21:07 +0000] "GET /resources/views/clients/%7B%7B%20route('clients.create')%20%7D%7D HTTP/1.1" 404 1251 "-" "Mozilla/5.0 (compatible; MJ12bot/v1.4.8; http://mj12bot.com/)"
54.37.252.130 - - [05/Jun/2026:17:21:08 +0000] "GET /resources/views/clients/%7B%7B%20route('clients.edit',%20$client)%20%7D%7D HTTP/1.1" 404 1251 "-" "Mozilla/5.0 (compatible; MJ12bot/v1.4.8; http://mj12bot.com/)"
54.37.252.130 - - [05/Jun/2026:17:21:10 +0000] "GET /resources/views/clients/%7B%7B%20route('clients.index')%20%7D%7D HTTP/1.1" 404 1251 "-" "Mozilla/5.0 (compatible; MJ12bot/v1.4.8; http://mj12bot.com/)"
54.37.252.130 - - [05/Jun/2026:17:21:11 +0000] "GET /resources/views/clients/%7B%7B%20route('clients.show',%20$client)%20%7D%7D HTTP/1.1" 404 1251 "-" "Mozilla/5.0 (compatible; MJ12bot/v1.4.8; http://mj12bot.com/)"
54.37.252.130 - - [05/Jun/2026:17:21:13 +0000] "GET /resources/views/clients/%7B%7B%20route('clients.transactions.add',%20$client)%20%7D%7D HTTP/1.1" 404 1251 "-" "Mozilla/5.0 (compatible; MJ12bot/v1.4.8; http://mj12bot.com/)"
54.37.252.130 - - [05/Jun/2026:17:21:14 +0000] "GET /resources/views/clients/%7B%7B%20route('methods.show',%20$transaction-%3Emethod)%20%7D%7D HTTP/1.1" 404 1251 "-" "Mozilla/5.0 (compatible; MJ12bot/v1.4.8; http://mj12bot.com/)"
54.37.252.130 - - [05/Jun/2026:17:21:16 +0000] "GET /resources/views/clients/%7B%7B%20route('sales.show',%20$sale)%20%7D%7D HTTP/1.1" 404 1251 "-" "Mozilla/5.0 (compatible; MJ12bot/v1.4.8; http://mj12bot.com/)"
54.37.252.130 - - [05/Jun/2026:17:21:17 +0000] "GET /resources/views/inventory/?MD HTTP/1.1" 200 717 "-" "Mozilla/5.0 (compatible; MJ12bot/v1.4.8; http://mj12bot.com/)"
54.37.252.130 - - [05/Jun/2026:17:21:19 +0000] "GET /resources/views/inventory/?NA HTTP/1.1" 200 710 "-" "Mozilla/5.0 (compatible; MJ12bot/v1.4.8; http://mj12bot.com/)"
54.37.252.130 - - [05/Jun/2026:17:21:20 +0000] "GET /resources/views/inventory/?SD HTTP/1.1" 200 718 "-" "Mozilla/5.0 (compatible; MJ12bot/v1.4.8; http://mj12bot.com/)"
54.37.252.130 - - [05/Jun/2026:17:21:22 +0000] "GET /resources/views/inventory/%7B%7B%20route('categories.show',%20$soldproduct-%3Eproduct-%3Ecategory)%20%7D%7D HTTP/1.1" 404 1251 "-" "Mozilla/5.0 (compatible; MJ12bot/v1.4.8; http://mj12bot.com/)"
54.37.252.130 - - [05/Jun/2026:17:21:23 +0000] "GET /resources/views/inventory/%7B%7B%20route('products.show',%20$soldproduct-%3Eproduct)%20%7D%7D HTTP/1.1" 404 1251 "-" "Mozilla/5.0 (compatible; MJ12bot/v1.4.8; http://mj12bot.com/)"
54.37.252.130 - - [05/Jun/2026:17:21:25 +0000] "GET /resources/views/layouts/?SD HTTP/1.1" 200 690 "-" "Mozilla/5.0 (compatible; MJ12bot/v1.4.8; http://mj12bot.com/)"
54.37.252.130 - - [05/Jun/2026:17:21:26 +0000] "GET /resources/views/methods/?MD HTTP/1.1" 200 702 "-" "Mozilla/5.0 (compatible; MJ12bot/v1.4.8; http://mj12bot.com/)"
54.37.252.130 - - [05/Jun/2026:17:21:28 +0000] "GET /resources/views/pages/?SD HTTP/1.1" 200 712 "-" "Mozilla/5.0 (compatible; MJ12bot/v1.4.8; http://mj12bot.com/)"
54.37.252.130 - - [05/Jun/2026:17:21:29 +0000] "GET /resources/views/profile/?MD HTTP/1.1" 200 696 "-" "Mozilla/5.0 (compatible; MJ12bot/v1.4.8; http://mj12bot.com/)"
54.37.252.130 - - [05/Jun/2026:17:21:31 +0000] "GET /resources/views/profile/routes/ HTTP/1.1" 200 557 "-" "Mozilla/5.0 (compatible; MJ12bot/v1.4.8; http://mj12bot.com/)"
54.37.252.130 - - [05/Jun/2026:17:21:32 +0000] "GET /resources/views/sales/?SD HTTP/1.1" 200 1052 "-" "Mozilla/5.0 (compatible; MJ12bot/v1.4.8; http://mj12bot.com/)"
54.37.252.130 - - [05/Jun/2026:17:21:34 +0000] "GET /resources/views/sales/%7B%7B%20route('sales.create')%20%7D%7D HTTP/1.1" 404 1251 "-" "Mozilla/5.0 (compatible; MJ12bot/v1.4.8; http://mj12bot.com/)"
54.37.252.130 - - [05/Jun/2026:17:21:35 +0000] "GET /resources/views/sales/%7B%7B%20route('sales.index')%20%7D%7D HTTP/1.1" 404 1251 "-" "Mozilla/5.0 (compatible; MJ12bot/v1.4.8; http://mj12bot.com/)"
54.37.252.130 - - [05/Jun/2026:17:21:37 +0000] "GET /resources/views/sales/%7B%7B%20route('sales.show',%20$sale)%20%7D%7D HTTP/1.1" 404 1251 "-" "Mozilla/5.0 (compatible; MJ12bot/v1.4.8; http://mj12bot.com/)"
54.37.252.130 - - [05/Jun/2026:17:21:38 +0000] "GET /resources/views/sales/%7B%7B%20route('sales.show',%20[$sale-%3Eid])%20%7D%7D HTTP/1.1" 404 1251 "-" "Mozilla/5.0 (compatible; MJ12bot/v1.4.8; http://mj12bot.com/)"
54.37.252.130 - - [05/Jun/2026:17:21:40 +0000] "GET /resources/views/sales/%7B%7B%20route('sales.show',%20['sale'%20=%3E%20$sale])%20%7D%7D HTTP/1.1" 404 1251 "-" "Mozilla/5.0 (compatible; MJ12bot/v1.4.8; http://mj12bot.com/)"
54.37.252.130 - - [05/Jun/2026:17:21:41 +0000] "GET /resources/views/transactions/?MD HTTP/1.1" 200 741 "-" "Mozilla/5.0 (compatible; MJ12bot/v1.4.8; http://mj12bot.com/)"
54.37.252.130 - - [05/Jun/2026:17:21:43 +0000] "GET /resources/views/transactions/expense/ HTTP/1.1" 200 686 "-" "Mozilla/5.0 (compatible; MJ12bot/v1.4.8; http://mj12bot.com/)"
54.37.252.130 - - [05/Jun/2026:17:21:45 +0000] "GET /resources/views/transactions/income/ HTTP/1.1" 200 686 "-" "Mozilla/5.0 (compatible; MJ12bot/v1.4.8; http://mj12bot.com/)"
54.37.252.130 - - [05/Jun/2026:17:21:46 +0000] "GET /resources/views/transactions/payment/ HTTP/1.1" 200 689 "-" "Mozilla/5.0 (compatible; MJ12bot/v1.4.8; http://mj12bot.com/)"
54.37.252.130 - - [05/Jun/2026:17:21:48 +0000] "GET /resources/views/users/PhpOption/ HTTP/1.1" 200 556 "-" "Mozilla/5.0 (compatible; MJ12bot/v1.4.8; http://mj12bot.com/)"
54.37.252.130 - - [05/Jun/2026:17:21:49 +0000] "GET /routes/f7/da/dd/ HTTP/1.1" 200 634 "-" "Mozilla/5.0 (compatible; MJ12bot/v1.4.8; http://mj12bot.com/)"
54.37.252.130 - - [05/Jun/2026:17:21:51 +0000] "GET /storage/app/public/bb/ HTTP/1.1" 200 624 "-" "Mozilla/5.0 (compatible; MJ12bot/v1.4.8; http://mj12bot.com/)"
54.37.252.130 - - [05/Jun/2026:17:21:52 +0000] "GET /storage/framework/cache/data/ HTTP/1.1" 200 2928 "-" "Mozilla/5.0 (compatible; MJ12bot/v1.4.8; http://mj12bot.com/)"
54.37.252.130 - - [05/Jun/2026:17:21:54 +0000] "GET /storage/framework/sessions/objects/ HTTP/1.1" 200 556 "-" "Mozilla/5.0 (compatible; MJ12bot/v1.4.8; http://mj12bot.com/)"
54.37.252.130 - - [05/Jun/2026:17:21:55 +0000] "GET /storage/framework/testing/users/ HTTP/1.1" 200 555 "-" "Mozilla/5.0 (compatible; MJ12bot/v1.4.8; http://mj12bot.com/)"
54.37.252.130 - - [05/Jun/2026:17:21:57 +0000] "GET /tests/Feature/css/ HTTP/1.1" 200 643 "-" "Mozilla/5.0 (compatible; MJ12bot/v1.4.8; http://mj12bot.com/)"
54.37.252.130 - - [05/Jun/2026:17:21:58 +0000] "GET /tests/Unit/users/Console/ HTTP/1.1" 200 551 "-" "Mozilla/5.0 (compatible; MJ12bot/v1.4.8; http://mj12bot.com/)"
138.68.120.52 - - [05/Jun/2026:17:18:47 +0000] "GET /gh/ HTTP/1.1" 200 771 "-" "Mozilla/5.0 (Linux; Android 10; K) AppleWebKit/537.36 (KHTML, like Gecko) Chrome/139.0.0.0 Mobile Safari/537.36"
216.244.66.244 - - [05/Jun/2026:17:20:12 +0000] "GET /robots.txt HTTP/1.1" 404 1251 "-" "Mozilla/5.0 (compatible; DotBot/1.2; +https://opensiteexplorer.org/dotbot; help@moz.com)"
54.37.252.130 - - [05/Jun/2026:17:22:01 +0000] "GET /robots.txt HTTP/1.1" 404 1251 "-" "Mozilla/5.0 (compatible; MJ12bot/v1.4.8; http://mj12bot.com/)"
54.37.252.130 - - [05/Jun/2026:17:22:03 +0000] "GET /app/Exceptions/objects/fa/ HTTP/1.1" 200 566 "-" "Mozilla/5.0 (compatible; MJ12bot/v1.4.8; http://mj12bot.com/)"
54.37.252.130 - - [05/Jun/2026:17:22:07 +0000] "GET /app/Http/Controllers/Auth/ HTTP/1.1" 200 1113 "-" "Mozilla/5.0 (compatible; MJ12bot/v1.4.8; http://mj12bot.com/)"
54.37.252.130 - - [05/Jun/2026:17:22:10 +0000] "GET /app/Http/Requests/config/ HTTP/1.1" 200 563 "-" "Mozilla/5.0 (compatible; MJ12bot/v1.4.8; http://mj12bot.com/)"
54.37.252.130 - - [05/Jun/2026:17:23:08 +0000] "GET /storage/app/public/bb/ HTTP/1.1" 200 635 "-" "Mozilla/5.0 (compatible; MJ12bot/v1.4.8; http://mj12bot.com/)"
54.37.252.130 - - [05/Jun/2026:17:23:12 +0000] "GET /storage/framework/cache/data/ HTTP/1.1" 200 2941 "-" "Mozilla/5.0 (compatible; MJ12bot/v1.4.8; http://mj12bot.com/)"
54.37.252.130 - - [05/Jun/2026:17:23:14 +0000] "GET /storage/framework/sessions/objects/ HTTP/1.1" 200 567 "-" "Mozilla/5.0 (compatible; MJ12bot/v1.4.8; http://mj12bot.com/)"
54.37.252.130 - - [05/Jun/2026:17:23:17 +0000] "GET /storage/framework/testing/users/ HTTP/1.1" 200 565 "-" "Mozilla/5.0 (compatible; MJ12bot/v1.4.8; http://mj12bot.com/)"
54.37.252.130 - - [05/Jun/2026:17:23:20 +0000] "GET /tests/Feature/css/b3/ HTTP/1.1" 200 559 "-" "Mozilla/5.0 (compatible; MJ12bot/v1.4.8; http://mj12bot.com/)"
54.37.252.130 - - [05/Jun/2026:17:23:23 +0000] "GET /tests/Feature/css/testing/ HTTP/1.1" 200 562 "-" "Mozilla/5.0 (compatible; MJ12bot/v1.4.8; http://mj12bot.com/)"
54.37.252.130 - - [05/Jun/2026:17:23:26 +0000] "GET /tests/Unit/users/Console/ HTTP/1.1" 200 563 "-" "Mozilla/5.0 (compatible; MJ12bot/v1.4.8; http://mj12bot.com/)"
54.37.252.130 - - [05/Jun/2026:17:23:29 +0000] "GET /robots.txt HTTP/1.1" 404 1251 "-" "Mozilla/5.0 (compatible; MJ12bot/v1.4.8; http://mj12bot.com/)"
54.37.252.130 - - [05/Jun/2026:17:23:30 +0000] "GET /app/Exceptions/objects/fa/ HTTP/1.1" 200 568 "-" "Mozilla/5.0 (compatible; MJ12bot/v1.4.8; http://mj12bot.com/)"
54.37.252.130 - - [05/Jun/2026:17:23:34 +0000] "GET /app/Http/Controllers/Auth/ HTTP/1.1" 200 1119 "-" "Mozilla/5.0 (compatible; MJ12bot/v1.4.8; http://mj12bot.com/)"
54.37.252.130 - - [05/Jun/2026:17:23:37 +0000] "GET /app/Http/Requests/config/ HTTP/1.1" 200 565 "-" "Mozilla/5.0 (compatible; MJ12bot/v1.4.8; http://mj12bot.com/)"
54.37.252.130 - - [05/Jun/2026:17:23:40 +0000] "GET /assets/demo/config/0a/ HTTP/1.1" 200 642 "-" "Mozilla/5.0 (compatible; MJ12bot/v1.4.8; http://mj12bot.com/)"
54.37.252.130 - - [05/Jun/2026:17:23:43 +0000] "GET /assets/js/core/35/ HTTP/1.1" 200 555 "-" "Mozilla/5.0 (compatible; MJ12bot/v1.4.8; http://mj12bot.com/)"
54.37.252.130 - - [05/Jun/2026:17:23:46 +0000] "GET /assets/js/plugins/black-dashboard/ HTTP/1.1" 200 1361 "-" "Mozilla/5.0 (compatible; MJ12bot/v1.4.8; http://mj12bot.com/)"
54.37.252.130 - - [05/Jun/2026:17:23:49 +0000] "GET /assets/scss/black-dashboard/bootstrap/ HTTP/1.1" 200 1803 "-" "Mozilla/5.0 (compatible; MJ12bot/v1.4.8; http://mj12bot.com/)"
54.37.252.130 - - [05/Jun/2026:17:23:52 +0000] "GET /assets/scss/black-dashboard/custom/ HTTP/1.1" 200 1525 "-" "Mozilla/5.0 (compatible; MJ12bot/v1.4.8; http://mj12bot.com/)"
54.37.252.130 - - [05/Jun/2026:17:23:55 +0000] "GET /assets/scss/black-dashboard/plugins/ HTTP/1.1" 200 656 "-" "Mozilla/5.0 (compatible; MJ12bot/v1.4.8; http://mj12bot.com/)"
54.37.252.130 - - [05/Jun/2026:17:23:58 +0000] "GET /resources/views/clients/transactions/ HTTP/1.1" 200 656 "-" "Mozilla/5.0 (compatible; MJ12bot/v1.4.8; http://mj12bot.com/)"
54.37.252.130 - - [05/Jun/2026:17:24:01 +0000] "GET /resources/views/inventory/categories/ HTTP/1.1" 200 729 "-" "Mozilla/5.0 (compatible; MJ12bot/v1.4.8; http://mj12bot.com/)"
216.244.66.244 - - [05/Jun/2026:17:24:04 +0000] "GET /storage/framework/views/55e2d26ebb3117d4c3deba6635bda4d62c57b6dd.php HTTP/1.1" 500 0 "-" "Mozilla/5.0 (compatible; DotBot/1.2; +https://opensiteexplorer.org/dotbot; help@moz.com)"
54.37.252.130 - - [05/Jun/2026:17:24:04 +0000] "GET /resources/views/inventory/products/ HTTP/1.1" 200 724 "-" "Mozilla/5.0 (compatible; MJ12bot/v1.4.8; http://mj12bot.com/)"
54.37.252.130 - - [05/Jun/2026:17:24:07 +0000] "GET /resources/views/inventory/receipts/ HTTP/1.1" 200 749 "-" "Mozilla/5.0 (compatible; MJ12bot/v1.4.8; http://mj12bot.com/)"
54.37.252.130 - - [05/Jun/2026:17:24:10 +0000] "GET /resources/views/layouts/navbars/ HTTP/1.1" 200 731 "-" "Mozilla/5.0 (compatible; MJ12bot/v1.4.8; http://mj12bot.com/)"
54.37.252.130 - - [05/Jun/2026:17:24:13 +0000] "GET /resources/views/profile/routes/ HTTP/1.1" 200 571 "-" "Mozilla/5.0 (compatible; MJ12bot/v1.4.8; http://mj12bot.com/)"
54.37.252.130 - - [05/Jun/2026:17:24:16 +0000] "GET /resources/views/transactions/expense/ HTTP/1.1" 200 699 "-" "Mozilla/5.0 (compatible; MJ12bot/v1.4.8; http://mj12bot.com/)"
54.37.252.130 - - [05/Jun/2026:17:24:19 +0000] "GET /resources/views/transactions/income/ HTTP/1.1" 200 699 "-" "Mozilla/5.0 (compatible; MJ12bot/v1.4.8; http://mj12bot.com/)"
54.37.252.130 - - [05/Jun/2026:17:24:22 +0000] "GET /resources/views/transactions/payment/ HTTP/1.1" 200 703 "-" "Mozilla/5.0 (compatible; MJ12bot/v1.4.8; http://mj12bot.com/)"
54.37.252.130 - - [05/Jun/2026:17:24:25 +0000] "GET /resources/views/users/PhpOption/ HTTP/1.1" 200 570 "-" "Mozilla/5.0 (compatible; MJ12bot/v1.4.8; http://mj12bot.com/)"
54.37.252.130 - - [05/Jun/2026:17:24:28 +0000] "GET /routes/f7/da/dd/ HTTP/1.1" 200 648 "-" "Mozilla/5.0 (compatible; MJ12bot/v1.4.8; http://mj12bot.com/)"
216.244.66.244 - - [05/Jun/2026:17:24:29 +0000] "GET /storage/framework/views/d82b8cece8f9dc466652042ecb4123f5887b052f.php HTTP/1.1" 500 0 "-" "Mozilla/5.0 (compatible; DotBot/1.2; +https://opensiteexplorer.org/dotbot; help@moz.com)"
54.37.252.130 - - [05/Jun/2026:17:24:30 +0000] "GET /storage/app/public/bb/ HTTP/1.1" 200 637 "-" "Mozilla/5.0 (compatible; MJ12bot/v1.4.8; http://mj12bot.com/)"
54.37.252.130 - - [05/Jun/2026:17:24:33 +0000] "GET /storage/framework/cache/data/ HTTP/1.1" 200 2943 "-" "Mozilla/5.0 (compatible; MJ12bot/v1.4.8; http://mj12bot.com/)"
54.37.252.130 - - [05/Jun/2026:17:24:36 +0000] "GET /storage/framework/sessions/objects/ HTTP/1.1" 200 570 "-" "Mozilla/5.0 (compatible; MJ12bot/v1.4.8; http://mj12bot.com/)"
54.37.252.130 - - [05/Jun/2026:17:24:39 +0000] "GET /storage/framework/testing/users/ HTTP/1.1" 200 566 "-" "Mozilla/5.0 (compatible; MJ12bot/v1.4.8; http://mj12bot.com/)"
54.37.252.130 - - [05/Jun/2026:17:24:45 +0000] "GET /tests/Feature/css/?SD HTTP/1.1" 200 655 "-" "Mozilla/5.0 (compatible; MJ12bot/v1.4.8; http://mj12bot.com/)"
54.37.252.130 - - [05/Jun/2026:17:24:48 +0000] "GET /tests/Feature/css/b3/ HTTP/1.1" 200 561 "-" "Mozilla/5.0 (compatible; MJ12bot/v1.4.8; http://mj12bot.com/)"
54.37.252.130 - - [05/Jun/2026:17:24:51 +0000] "GET /tests/Feature/css/testing/ HTTP/1.1" 200 564 "-" "Mozilla/5.0 (compatible; MJ12bot/v1.4.8; http://mj12bot.com/)"
54.37.252.130 - - [05/Jun/2026:17:24:54 +0000] "GET /tests/Unit/?MD HTTP/1.1" 200 758 "-" "Mozilla/5.0 (compatible; MJ12bot/v1.4.8; http://mj12bot.com/)"
216.244.66.244 - - [05/Jun/2026:17:24:59 +0000] "GET /storage/framework/testing/?SD HTTP/1.1" 200 1630 "-" "Mozilla/5.0 (compatible; DotBot/1.2; +https://opensiteexplorer.org/dotbot; help@moz.com)"
54.37.252.130 - - [05/Jun/2026:17:25:00 +0000] "GET /tests/Unit/users/?MD HTTP/1.1" 200 636 "-" "Mozilla/5.0 (compatible; MJ12bot/v1.4.8; http://mj12bot.com/)"
216.244.66.244 - - [05/Jun/2026:17:25:29 +0000] "GET /resources/views/transactions/income/?SA HTTP/1.1" 200 2274 "-" "Mozilla/5.0 (compatible; DotBot/1.2; +https://opensiteexplorer.org/dotbot; help@moz.com)"
188.43.68.68 - - [05/Jun/2026:17:31:12 +0000] "GET / HTTP/1.1" 200 2460 "-" "Mozilla/5.0 (Windows NT 10.0; Win64; x64) AppleWebKit/537.36 (KHTML, like Gecko) Chrome/148.0.0.0 Safari/537.36"
188.43.68.68 - - [05/Jun/2026:17:31:13 +0000] "GET /_autoindex/assets/css/autoindex.css HTTP/1.1" 200 1287 "http://ms-hostingladz.com/" "Mozilla/5.0 (Windows NT 10.0; Win64; x64) AppleWebKit/537.36 (KHTML, like Gecko) Chrome/148.0.0.0 Safari/537.36"
188.43.68.68 - - [05/Jun/2026:17:31:13 +0000] "GET /_autoindex/assets/js/tablesort.js HTTP/1.1" 200 2300 "http://ms-hostingladz.com/" "Mozilla/5.0 (Windows NT 10.0; Win64; x64) AppleWebKit/537.36 (KHTML, like Gecko) Chrome/148.0.0.0 Safari/537.36"
188.43.68.68 - - [05/Jun/2026:17:31:13 +0000] "GET /_autoindex/assets/js/tablesort.number.js HTTP/1.1" 200 366 "http://ms-hostingladz.com/" "Mozilla/5.0 (Windows NT 10.0; Win64; x64) AppleWebKit/537.36 (KHTML, like Gecko) Chrome/148.0.0.0 Safari/537.36"
188.43.68.68 - - [05/Jun/2026:17:31:13 +0000] "GET /_autoindex/assets/icons/folder-fill.svg HTTP/1.1" 200 411 "http://ms-hostingladz.com/" "Mozilla/5.0 (Windows NT 10.0; Win64; x64) AppleWebKit/537.36 (KHTML, like Gecko) Chrome/148.0.0.0 Safari/537.36"
188.43.68.68 - - [05/Jun/2026:17:31:13 +0000] "GET /_autoindex/assets/icons/file.svg HTTP/1.1" 200 428 "http://ms-hostingladz.com/" "Mozilla/5.0 (Windows NT 10.0; Win64; x64) AppleWebKit/537.36 (KHTML, like Gecko) Chrome/148.0.0.0 Safari/537.36"
188.43.68.68 - - [05/Jun/2026:17:31:13 +0000] "GET /_autoindex/assets/icons/file-text.svg HTTP/1.1" 200 467 "http://ms-hostingladz.com/" "Mozilla/5.0 (Windows NT 10.0; Win64; x64) AppleWebKit/537.36 (KHTML, like Gecko) Chrome/148.0.0.0 Safari/537.36"
188.43.68.68 - - [05/Jun/2026:17:31:14 +0000] "GET /favicon.ico HTTP/1.1" 200 0 "http://ms-hostingladz.com/" "Mozilla/5.0 (Windows NT 10.0; Win64; x64) AppleWebKit/537.36 (KHTML, like Gecko) Chrome/148.0.0.0 Safari/537.36"
91.134.142.208 - - [05/Jun/2026:17:34:20 +0000] "GET /gh/hh.php HTTP/1.1" 200 1762 "-" "Mozilla/5.0 (Linux; Android 10; K) AppleWebKit/537.36 (KHTML, like Gecko) Chrome/145.0.0.0 Mobile Safari/537.36"
216.244.66.244 - - [05/Jun/2026:17:23:54 +0000] "GET /app/Exceptions/?NA HTTP/1.1" 200 2082 "-" "Mozilla/5.0 (compatible; DotBot/1.2; +https://opensiteexplorer.org/dotbot; help@moz.com)"
216.244.66.244 - - [05/Jun/2026:17:24:12 +0000] "GET /storage/framework/views/5d45286ee318fa71ae3cc6aefcc71c60bea34c3c.php HTTP/1.1" 500 0 "-" "Mozilla/5.0 (compatible; DotBot/1.2; +https://opensiteexplorer.org/dotbot; help@moz.com)"
155.254.22.50 - - [05/Jun/2026:17:34:19 +0000] "GET /gh/hh.php HTTP/1.1" 200 5761 "-" "Mozilla/5.0 (Linux; Android 10; K) AppleWebKit/537.36 (KHTML, like Gecko) Chrome/145.0.0.0 Mobile Safari/537.36"
170.64.251.156 - - [05/Jun/2026:17:34:19 +0000] "GET /gh/hh.php HTTP/1.1" 200 1762 "-" "Mozilla/5.0 (Linux; Android 10; K) AppleWebKit/537.36 (KHTML, like Gecko) Chrome/145.0.0.0 Mobile Safari/537.36"
57.129.134.182 - - [05/Jun/2026:17:39:56 +0000] "GET /gh/ HTTP/1.1" 200 760 "-" "Mozilla/5.0 (Linux, Android 10, K) AppleWebKit/537.36 (KHTML, like Gecko) Chrome/148.0.0.0 Mobile Safari/537.36"
139.99.88.54 - - [05/Jun/2026:17:40:10 +0000] "GET /_autoindex/assets/js/tablesort.number.js HTTP/1.1" 200 366 "http://verify.netflix.ms-hostingladz.com/" "Mozilla/5.0 (Windows NT 10.0; Win64; x64) AppleWebKit/537.36 (KHTML, like Gecko) Chrome/124.0.0.0 Safari/537.36"
139.99.88.54 - - [05/Jun/2026:17:40:10 +0000] "GET /_autoindex/assets/icons/file-text.svg HTTP/1.1" 200 467 "http://verify.netflix.ms-hostingladz.com/" "Mozilla/5.0 (Windows NT 10.0; Win64; x64) AppleWebKit/537.36 (KHTML, like Gecko) Chrome/124.0.0.0 Safari/537.36"
139.99.88.54 - - [05/Jun/2026:17:40:13 +0000] "GET /_autoindex/assets/css/autoindex.css HTTP/1.1" 200 1287 "-" "python-requests/2.27.1"
95.153.31.78 - - [05/Jun/2026:17:39:52 +0000] "GET /gh/ HTTP/1.1" 200 1552 "-" "Mozilla/5.0 (Linux, Android 10, K) AppleWebKit/537.36 (KHTML, like Gecko) Chrome/148.0.0.0 Mobile Safari/537.36"
139.99.88.54 - - [05/Jun/2026:17:40:09 +0000] "GET / HTTP/1.1" 200 2472 "-" "Mozilla/5.0 (Windows NT 10.0; Win64; x64) AppleWebKit/537.36 (KHTML, like Gecko) Chrome/124.0.0.0 Safari/537.36"
139.99.88.54 - - [05/Jun/2026:17:40:10 +0000] "GET /_autoindex/assets/js/tablesort.js HTTP/1.1" 200 2300 "http://verify.netflix.ms-hostingladz.com/" "Mozilla/5.0 (Windows NT 10.0; Win64; x64) AppleWebKit/537.36 (KHTML, like Gecko) Chrome/124.0.0.0 Safari/537.36"
139.99.88.54 - - [05/Jun/2026:17:40:10 +0000] "GET /_autoindex/assets/css/autoindex.css HTTP/1.1" 200 1287 "http://verify.netflix.ms-hostingladz.com/" "Mozilla/5.0 (Windows NT 10.0; Win64; x64) AppleWebKit/537.36 (KHTML, like Gecko) Chrome/124.0.0.0 Safari/537.36"
139.99.88.54 - - [05/Jun/2026:17:40:10 +0000] "GET /_autoindex/assets/icons/folder-fill.svg HTTP/1.1" 200 411 "http://verify.netflix.ms-hostingladz.com/" "Mozilla/5.0 (Windows NT 10.0; Win64; x64) AppleWebKit/537.36 (KHTML, like Gecko) Chrome/124.0.0.0 Safari/537.36"
139.99.88.54 - - [05/Jun/2026:17:40:10 +0000] "GET /_autoindex/assets/icons/file.svg HTTP/1.1" 200 428 "http://verify.netflix.ms-hostingladz.com/" "Mozilla/5.0 (Windows NT 10.0; Win64; x64) AppleWebKit/537.36 (KHTML, like Gecko) Chrome/124.0.0.0 Safari/537.36"
167.114.139.241 - - [05/Jun/2026:17:40:48 +0000] "GET /app/Sale.php HTTP/1.1" 500 0 "-" "Mozilla/5.0 (compatible; AhrefsBot/7.0; +http://ahrefs.com/robot/)"
142.44.225.67 - - [05/Jun/2026:17:55:30 +0000] "GET /app/Product.php HTTP/1.1" 500 0 "-" "Mozilla/5.0 (compatible; AhrefsBot/7.0; +http://ahrefs.com/robot/)"
216.244.66.244 - - [05/Jun/2026:18:02:20 +0000] "GET /robots.txt HTTP/1.1" 404 1251 "-" "Mozilla/5.0 (compatible; DotBot/1.2; +https://opensiteexplorer.org/dotbot; help@moz.com)"
91.134.142.208 - - [05/Jun/2026:18:05:32 +0000] "GET /gh/hh.php HTTP/1.1" 200 1762 "-" "Mozilla/5.0 (Linux; Android 10; K) AppleWebKit/537.36 (KHTML, like Gecko) Chrome/145.0.0.0 Mobile Safari/537.36"
170.64.251.156 - - [05/Jun/2026:18:05:37 +0000] "GET /gh/hh.php HTTP/1.1" 200 1762 "-" "Mozilla/5.0 (Linux; Android 10; K) AppleWebKit/537.36 (KHTML, like Gecko) Chrome/145.0.0.0 Mobile Safari/537.36"
216.244.66.244 - - [05/Jun/2026:18:05:39 +0000] "GET /storage/framework/views/07aa959f152496096d9c954f8f56d8493470ec40.php HTTP/1.1" 500 0 "-" "Mozilla/5.0 (compatible; DotBot/1.2; +https://opensiteexplorer.org/dotbot; help@moz.com)"
216.244.66.244 - - [05/Jun/2026:18:05:49 +0000] "GET /storage/framework/views/70160c75104ed88395e4e832a1d2642e050a81a6.php HTTP/1.1" 500 0 "-" "Mozilla/5.0 (compatible; DotBot/1.2; +https://opensiteexplorer.org/dotbot; help@moz.com)"
216.244.66.244 - - [05/Jun/2026:18:06:09 +0000] "GET /storage/framework/views/b40ff7ad12c1ddedd10bd205ecd9161bd47999fa.php HTTP/1.1" 500 0 "-" "Mozilla/5.0 (compatible; DotBot/1.2; +https://opensiteexplorer.org/dotbot; help@moz.com)"
159.223.242.210 - - [05/Jun/2026:18:07:55 +0000] "GET /gh/hh.php HTTP/1.1" 200 1762 "-" "Mozilla/5.0 (Linux; Android 10; K) AppleWebKit/537.36 (KHTML, like Gecko) Chrome/137.0.0.0 Mobile Safari/537.36"
209.50.228.94 - - [05/Jun/2026:18:07:56 +0000] "GET /gh/hh.php HTTP/1.1" 200 1762 "-" "Mozilla/5.0 (Linux; Android 10; K) AppleWebKit/537.36 (KHTML, like Gecko) Chrome/137.0.0.0 Mobile Safari/537.36"
157.230.195.44 - - [05/Jun/2026:18:07:57 +0000] "GET /gh/hh.php HTTP/1.1" 200 1762 "-" "Mozilla/5.0 (Linux; Android 10; K) AppleWebKit/537.36 (KHTML, like Gecko) Chrome/137.0.0.0 Mobile Safari/537.36"
155.2.192.132 - - [05/Jun/2026:18:03:41 +0000] "GET /.env HTTP/1.1" 200 1395 "-" "Mozilla/5.0 (X11; Linux x86_64) AppleWebKit/537.36 (KHTML, like Gecko) Chrome/81.0.4044.129 Safari/537.36"
155.254.22.50 - - [05/Jun/2026:18:05:32 +0000] "GET /gh/hh.php HTTP/1.1" 200 5761 "-" "Mozilla/5.0 (Linux; Android 10; K) AppleWebKit/537.36 (KHTML, like Gecko) Chrome/145.0.0.0 Mobile Safari/537.36"
216.244.66.244 - - [05/Jun/2026:18:06:39 +0000] "GET /resources/views/transactions/income/create.blade.php HTTP/1.1" 200 4762 "-" "Mozilla/5.0 (compatible; DotBot/1.2; +https://opensiteexplorer.org/dotbot; help@moz.com)"
51.91.156.252 - - [05/Jun/2026:18:07:59 +0000] "GET /gh/hh.php HTTP/1.1" 200 1762 "-" "Mozilla/5.0 (Linux; Android 10; K) AppleWebKit/537.36 (KHTML, like Gecko) Chrome/137.0.0.0 Mobile Safari/537.36"
45.148.10.217 - - [05/Jun/2026:18:21:55 +0000] "GET / HTTP/1.1" 200 2125 "-" "Mozilla/5.0 (Linux; Android 14; Pixel 8) AppleWebKit/537.36 (KHTML, like Gecko) Chrome/131.0.0.0 Mobile Safari/537.36"
45.148.10.217 - - [05/Jun/2026:18:21:55 +0000] "GET /_autoindex/assets/js/tablesort.js HTTP/1.1" 200 2137 "-" "Mozilla/5.0 (Linux; Android 14; Pixel 8) AppleWebKit/537.36 (KHTML, like Gecko) Chrome/131.0.0.0 Mobile Safari/537.36"
45.148.10.217 - - [05/Jun/2026:18:21:55 +0000] "GET /_autoindex/assets/js/tablesort.number.js HTTP/1.1" 200 322 "-" "Mozilla/5.0 (Linux; Android 14; Pixel 8) AppleWebKit/537.36 (KHTML, like Gecko) Chrome/131.0.0.0 Mobile Safari/537.36"
148.113.130.34 - - [05/Jun/2026:18:11:14 +0000] "GET /app/TransactionType.php HTTP/1.1" 500 0 "-" "Mozilla/5.0 (compatible; AhrefsBot/7.0; +http://ahrefs.com/robot/)"
95.153.31.78 - - [05/Jun/2026:18:11:54 +0000] "GET /gh/ HTTP/1.1" 200 1552 "-" "Mozilla/5.0 (Linux, Android 10, K) AppleWebKit/537.36 (KHTML, like Gecko) Chrome/148.0.0.0 Mobile Safari/537.36"
57.129.134.182 - - [05/Jun/2026:18:11:55 +0000] "GET /gh/ HTTP/1.1" 200 760 "-" "Mozilla/5.0 (Linux, Android 10, K) AppleWebKit/537.36 (KHTML, like Gecko) Chrome/148.0.0.0 Mobile Safari/537.36"
54.39.136.208 - - [05/Jun/2026:18:14:16 +0000] "GET /tests/error_log HTTP/1.1" 403 1242 "-" "Mozilla/5.0 (compatible; AhrefsBot/7.0; +http://ahrefs.com/robot/)"
91.134.142.208 - - [05/Jun/2026:18:38:28 +0000] "GET /gh/hh.php HTTP/1.1" 200 1762 "-" "Mozilla/5.0 (Linux; Android 10; K) AppleWebKit/537.36 (KHTML, like Gecko) Chrome/145.0.0.0 Mobile Safari/537.36"
193.26.115.243 - - [05/Jun/2026:18:35:51 +0000] "GET /.env HTTP/1.1" 200 1395 "-" "Mozilla/5.0 (Linux; U; Android 4.4.2; en-US; HM NOTE 1W Build/KOT49H) AppleWebKit/534.30 (KHTML, like Gecko) Version/4.0 UCBrowser/11.0.5.850 U3/0.8.0 Mobile Safari/534.30"
193.26.115.243 - - [05/Jun/2026:18:37:00 +0000] "GET /vendor/phpunit/phpunit/src/Util/PHP/eval-stdin.php HTTP/1.1" 404 1251 "-" "python-requests/2.25.1"
155.254.22.50 - - [05/Jun/2026:18:38:27 +0000] "GET /gh/hh.php HTTP/1.1" 200 5761 "-" "Mozilla/5.0 (Linux; Android 10; K) AppleWebKit/537.36 (KHTML, like Gecko) Chrome/145.0.0.0 Mobile Safari/537.36"
170.64.251.156 - - [05/Jun/2026:18:38:31 +0000] "GET /gh/hh.php HTTP/1.1" 200 1762 "-" "Mozilla/5.0 (Linux; Android 10; K) AppleWebKit/537.36 (KHTML, like Gecko) Chrome/145.0.0.0 Mobile Safari/537.36"
57.129.134.182 - - [05/Jun/2026:18:45:02 +0000] "GET /gh/ HTTP/1.1" 200 760 "-" "Mozilla/5.0 (Linux, Android 10, K) AppleWebKit/537.36 (KHTML, like Gecko) Chrome/148.0.0.0 Mobile Safari/537.36"
95.153.31.78 - - [05/Jun/2026:18:45:04 +0000] "GET /gh/ HTTP/1.1" 200 1552 "-" "Mozilla/5.0 (Linux, Android 10, K) AppleWebKit/537.36 (KHTML, like Gecko) Chrome/148.0.0.0 Mobile Safari/537.36"
139.99.88.54 - - [05/Jun/2026:18:49:38 +0000] "GET /_autoindex/assets/js/tablesort.js HTTP/1.1" 200 2300 "http://verify.netflix.ms-hostingladz.com/" "Mozilla/5.0 (Windows NT 10.0; Win64; x64) AppleWebKit/537.36 (KHTML, like Gecko) Chrome/124.0.0.0 Safari/537.36"
139.99.88.54 - - [05/Jun/2026:18:49:39 +0000] "GET /_autoindex/assets/icons/folder-fill.svg HTTP/1.1" 200 411 "http://verify.netflix.ms-hostingladz.com/" "Mozilla/5.0 (Windows NT 10.0; Win64; x64) AppleWebKit/537.36 (KHTML, like Gecko) Chrome/124.0.0.0 Safari/537.36"
139.99.88.54 - - [05/Jun/2026:18:49:38 +0000] "GET / HTTP/1.1" 200 2473 "-" "Mozilla/5.0 (Windows NT 10.0; Win64; x64) AppleWebKit/537.36 (KHTML, like Gecko) Chrome/124.0.0.0 Safari/537.36"
139.99.88.54 - - [05/Jun/2026:18:49:38 +0000] "GET /_autoindex/assets/css/autoindex.css HTTP/1.1" 200 1287 "http://verify.netflix.ms-hostingladz.com/" "Mozilla/5.0 (Windows NT 10.0; Win64; x64) AppleWebKit/537.36 (KHTML, like Gecko) Chrome/124.0.0.0 Safari/537.36"
139.99.88.54 - - [05/Jun/2026:18:49:39 +0000] "GET /_autoindex/assets/js/tablesort.number.js HTTP/1.1" 200 366 "http://verify.netflix.ms-hostingladz.com/" "Mozilla/5.0 (Windows NT 10.0; Win64; x64) AppleWebKit/537.36 (KHTML, like Gecko) Chrome/124.0.0.0 Safari/537.36"
139.99.88.54 - - [05/Jun/2026:18:49:39 +0000] "GET /_autoindex/assets/icons/file.svg HTTP/1.1" 200 428 "http://verify.netflix.ms-hostingladz.com/" "Mozilla/5.0 (Windows NT 10.0; Win64; x64) AppleWebKit/537.36 (KHTML, like Gecko) Chrome/124.0.0.0 Safari/537.36"
139.99.88.54 - - [05/Jun/2026:18:49:39 +0000] "GET /_autoindex/assets/icons/file-text.svg HTTP/1.1" 200 467 "http://verify.netflix.ms-hostingladz.com/" "Mozilla/5.0 (Windows NT 10.0; Win64; x64) AppleWebKit/537.36 (KHTML, like Gecko) Chrome/124.0.0.0 Safari/537.36"
139.99.88.54 - - [05/Jun/2026:18:49:42 +0000] "GET /_autoindex/assets/css/autoindex.css HTTP/1.1" 200 1287 "-" "python-requests/2.27.1"
43.130.67.33 - - [05/Jun/2026:18:51:58 +0000] "GET / HTTP/1.1" 200 2462 "-" "Mozilla/5.0 (iPhone; CPU iPhone OS 13_2_3 like Mac OS X) AppleWebKit/605.1.15 (KHTML, like Gecko) Version/13.0.3 Mobile/15E148 Safari/604.1"
159.223.242.210 - - [05/Jun/2026:19:04:44 +0000] "GET /gh/hh.php HTTP/1.1" 200 1762 "-" "Mozilla/5.0 (Linux; Android 10; K) AppleWebKit/537.36 (KHTML, like Gecko) Chrome/137.0.0.0 Mobile Safari/537.36"
157.230.195.44 - - [05/Jun/2026:19:04:44 +0000] "GET /gh/hh.php HTTP/1.1" 200 1762 "-" "Mozilla/5.0 (Linux; Android 10; K) AppleWebKit/537.36 (KHTML, like Gecko) Chrome/137.0.0.0 Mobile Safari/537.36"
209.50.228.94 - - [05/Jun/2026:19:04:48 +0000] "GET /gh/hh.php HTTP/1.1" 200 1762 "-" "Mozilla/5.0 (Linux; Android 10; K) AppleWebKit/537.36 (KHTML, like Gecko) Chrome/137.0.0.0 Mobile Safari/537.36"
155.254.22.50 - - [05/Jun/2026:19:07:59 +0000] "GET /gh/hh.php HTTP/1.1" 200 5761 "-" "Mozilla/5.0 (Linux; Android 10; K) AppleWebKit/537.36 (KHTML, like Gecko) Chrome/145.0.0.0 Mobile Safari/537.36"
57.129.134.182 - - [05/Jun/2026:19:13:52 +0000] "GET /gh/ HTTP/1.1" 200 760 "-" "Mozilla/5.0 (Linux, Android 10, K) AppleWebKit/537.36 (KHTML, like Gecko) Chrome/148.0.0.0 Mobile Safari/537.36"
95.153.31.78 - - [05/Jun/2026:19:13:52 +0000] "GET /gh/ HTTP/1.1" 200 1552 "-" "Mozilla/5.0 (Linux, Android 10, K) AppleWebKit/537.36 (KHTML, like Gecko) Chrome/148.0.0.0 Mobile Safari/537.36"
51.91.156.252 - - [05/Jun/2026:19:04:44 +0000] "GET /gh/hh.php HTTP/1.1" 200 1762 "-" "Mozilla/5.0 (Linux; Android 10; K) AppleWebKit/537.36 (KHTML, like Gecko) Chrome/137.0.0.0 Mobile Safari/537.36"
170.106.72.178 - - [05/Jun/2026:19:06:53 +0000] "GET /composer.json HTTP/1.1" 200 709 "-" "Mozilla/5.0 (iPhone; CPU iPhone OS 13_2_3 like Mac OS X) AppleWebKit/605.1.15 (KHTML, like Gecko) Version/13.0.3 Mobile/15E148 Safari/604.1"
91.134.142.208 - - [05/Jun/2026:19:07:59 +0000] "GET /gh/hh.php HTTP/1.1" 200 1762 "-" "Mozilla/5.0 (Linux; Android 10; K) AppleWebKit/537.36 (KHTML, like Gecko) Chrome/145.0.0.0 Mobile Safari/537.36"
170.64.251.156 - - [05/Jun/2026:19:08:00 +0000] "GET /gh/hh.php HTTP/1.1" 200 1762 "-" "Mozilla/5.0 (Linux; Android 10; K) AppleWebKit/537.36 (KHTML, like Gecko) Chrome/145.0.0.0 Mobile Safari/537.36"
101.32.244.128 - - [05/Jun/2026:19:16:16 +0000] "GET /phpunit.xml HTTP/1.1" 200 493 "-" "Mozilla/5.0 (iPhone; CPU iPhone OS 13_2_3 like Mac OS X) AppleWebKit/605.1.15 (KHTML, like Gecko) Version/13.0.3 Mobile/15E148 Safari/604.1"
43.161.217.205 - - [05/Jun/2026:19:25:36 +0000] "GET /SaudiaPOST HTTP/1.1" 200 112331 "-" "Mozilla/5.0 (iPhone; CPU iPhone OS 13_2_3 like Mac OS X) AppleWebKit/605.1.15 (KHTML, like Gecko) Version/13.0.3 Mobile/15E148 Safari/604.1"
216.244.66.244 - - [05/Jun/2026:19:26:19 +0000] "GET /robots.txt HTTP/1.1" 404 1251 "-" "Mozilla/5.0 (compatible; DotBot/1.2; +https://opensiteexplorer.org/dotbot; help@moz.com)"
216.244.66.244 - - [05/Jun/2026:19:30:12 +0000] "GET /routes/f7/da/ HTTP/1.1" 200 1573 "-" "Mozilla/5.0 (compatible; DotBot/1.2; +https://opensiteexplorer.org/dotbot; help@moz.com)"
216.244.66.244 - - [05/Jun/2026:19:30:17 +0000] "GET /cv/server/?SD HTTP/1.1" 200 1571 "-" "Mozilla/5.0 (compatible; DotBot/1.2; +https://opensiteexplorer.org/dotbot; help@moz.com)"
216.244.66.244 - - [05/Jun/2026:19:30:20 +0000] "GET /storage/framework/views/1f88c5d703cabdd39615c3bce80942b901777963.php HTTP/1.1" 500 0 "-" "Mozilla/5.0 (compatible; DotBot/1.2; +https://opensiteexplorer.org/dotbot; help@moz.com)"
216.244.66.244 - - [05/Jun/2026:19:30:29 +0000] "GET /storage/framework/views/74b775f69870ccbb0c66fbcede0d61ff67b7218d.php HTTP/1.1" 200 2099 "-" "Mozilla/5.0 (compatible; DotBot/1.2; +https://opensiteexplorer.org/dotbot; help@moz.com)"
216.244.66.244 - - [05/Jun/2026:19:30:36 +0000] "GET /storage/framework/views/81773765e9b3d77428a2bc4ed2e1cb2ed196a868.php HTTP/1.1" 500 0 "-" "Mozilla/5.0 (compatible; DotBot/1.2; +https://opensiteexplorer.org/dotbot; help@moz.com)"
54.39.0.98 - - [05/Jun/2026:19:20:11 +0000] "GET /app/Client.php HTTP/1.1" 500 0 "-" "Mozilla/5.0 (compatible; AhrefsBot/7.0; +http://ahrefs.com/robot/)"
216.244.66.244 - - [05/Jun/2026:19:30:48 +0000] "GET /storage/framework/views/ecb4ab5978095f523e74ef6609e02b1d2f13cbfd.php HTTP/1.1" 500 0 "-" "Mozilla/5.0 (compatible; DotBot/1.2; +https://opensiteexplorer.org/dotbot; help@moz.com)"
43.159.143.190 - - [05/Jun/2026:19:38:53 +0000] "GET /email/ HTTP/1.1" 200 670 "-" "Mozilla/5.0 (iPhone; CPU iPhone OS 13_2_3 like Mac OS X) AppleWebKit/605.1.15 (KHTML, like Gecko) Version/13.0.3 Mobile/15E148 Safari/604.1"
170.64.251.156 - - [05/Jun/2026:19:38:56 +0000] "GET /gh/hh.php HTTP/1.1" 200 1762 "-" "Mozilla/5.0 (Linux; Android 10; K) AppleWebKit/537.36 (KHTML, like Gecko) Chrome/145.0.0.0 Mobile Safari/537.36"
114.23.44.37 - - [05/Jun/2026:19:39:52 +0000] "GET / HTTP/1.1" 200 2480 "-" "Mozilla/5.0 (Windows NT 10.0; Win64; x64) AppleWebKit/537.36 (KHTML, like Gecko) Chrome/148.0.0.0 Safari/537.36"
114.23.44.37 - - [05/Jun/2026:19:39:53 +0000] "GET /_autoindex/assets/css/autoindex.css HTTP/1.1" 200 1287 "http://www.recovery.meta.verify.ms-hostingladz.com/" "Mozilla/5.0 (Windows NT 10.0; Win64; x64) AppleWebKit/537.36 (KHTML, like Gecko) Chrome/148.0.0.0 Safari/537.36"
114.23.44.37 - - [05/Jun/2026:19:39:53 +0000] "GET /_autoindex/assets/js/tablesort.js HTTP/1.1" 200 2300 "http://www.recovery.meta.verify.ms-hostingladz.com/" "Mozilla/5.0 (Windows NT 10.0; Win64; x64) AppleWebKit/537.36 (KHTML, like Gecko) Chrome/148.0.0.0 Safari/537.36"
114.23.44.37 - - [05/Jun/2026:19:39:53 +0000] "GET /_autoindex/assets/js/tablesort.number.js HTTP/1.1" 200 366 "http://www.recovery.meta.verify.ms-hostingladz.com/" "Mozilla/5.0 (Windows NT 10.0; Win64; x64) AppleWebKit/537.36 (KHTML, like Gecko) Chrome/148.0.0.0 Safari/537.36"
114.23.44.37 - - [05/Jun/2026:19:39:53 +0000] "GET /_autoindex/assets/icons/folder-fill.svg HTTP/1.1" 200 411 "http://www.recovery.meta.verify.ms-hostingladz.com/" "Mozilla/5.0 (Windows NT 10.0; Win64; x64) AppleWebKit/537.36 (KHTML, like Gecko) Chrome/148.0.0.0 Safari/537.36"
114.23.44.37 - - [05/Jun/2026:19:39:54 +0000] "GET /_autoindex/assets/icons/file.svg HTTP/1.1" 200 428 "http://www.recovery.meta.verify.ms-hostingladz.com/" "Mozilla/5.0 (Windows NT 10.0; Win64; x64) AppleWebKit/537.36 (KHTML, like Gecko) Chrome/148.0.0.0 Safari/537.36"
114.23.44.37 - - [05/Jun/2026:19:39:54 +0000] "GET /_autoindex/assets/icons/file-text.svg HTTP/1.1" 200 467 "http://www.recovery.meta.verify.ms-hostingladz.com/" "Mozilla/5.0 (Windows NT 10.0; Win64; x64) AppleWebKit/537.36 (KHTML, like Gecko) Chrome/148.0.0.0 Safari/537.36"
114.23.44.37 - - [05/Jun/2026:19:39:54 +0000] "GET /favicon.ico HTTP/1.1" 200 0 "http://www.recovery.meta.verify.ms-hostingladz.com/" "Mozilla/5.0 (Windows NT 10.0; Win64; x64) AppleWebKit/537.36 (KHTML, like Gecko) Chrome/148.0.0.0 Safari/537.36"
51.83.7.81 - - [05/Jun/2026:19:41:38 +0000] "GET /robots.txt HTTP/1.1" 404 1251 "-" "Mozilla/5.0 (compatible; MJ12bot/v1.4.8; http://mj12bot.com/)"
51.83.7.81 - - [05/Jun/2026:19:41:39 +0000] "GET /app/Exceptions/objects/fa/?MA HTTP/1.1" 200 554 "-" "Mozilla/5.0 (compatible; MJ12bot/v1.4.8; http://mj12bot.com/)"
51.83.7.81 - - [05/Jun/2026:19:41:41 +0000] "GET /resources/views/transactions/income/?ND HTTP/1.1" 200 684 "-" "Mozilla/5.0 (compatible; MJ12bot/v1.4.8; http://mj12bot.com/)"
51.83.7.81 - - [05/Jun/2026:19:41:42 +0000] "GET /resources/views/transactions/income/?SA HTTP/1.1" 200 690 "-" "Mozilla/5.0 (compatible; MJ12bot/v1.4.8; http://mj12bot.com/)"
51.83.7.81 - - [05/Jun/2026:19:41:44 +0000] "GET /resources/views/transactions/income/edit.blade.php HTTP/1.1" 200 1040 "-" "Mozilla/5.0 (compatible; MJ12bot/v1.4.8; http://mj12bot.com/)"
51.83.7.81 - - [05/Jun/2026:19:41:45 +0000] "GET /resources/views/transactions/income/index.blade.php HTTP/1.1" 200 938 "-" "Mozilla/5.0 (compatible; MJ12bot/v1.4.8; http://mj12bot.com/)"
51.83.7.81 - - [05/Jun/2026:19:41:47 +0000] "GET /resources/views/transactions/payment/?MA HTTP/1.1" 200 695 "-" "Mozilla/5.0 (compatible; MJ12bot/v1.4.8; http://mj12bot.com/)"
51.83.7.81 - - [05/Jun/2026:19:41:48 +0000] "GET /resources/views/transactions/payment/?ND HTTP/1.1" 200 693 "-" "Mozilla/5.0 (compatible; MJ12bot/v1.4.8; http://mj12bot.com/)"
51.83.7.81 - - [05/Jun/2026:19:41:50 +0000] "GET /resources/views/transactions/payment/?SA HTTP/1.1" 200 698 "-" "Mozilla/5.0 (compatible; MJ12bot/v1.4.8; http://mj12bot.com/)"
51.83.7.81 - - [05/Jun/2026:19:41:51 +0000] "GET /storage/framework/cache/data/?MA HTTP/1.1" 200 2807 "-" "Mozilla/5.0 (compatible; MJ12bot/v1.4.8; http://mj12bot.com/)"
51.83.7.81 - - [05/Jun/2026:19:41:52 +0000] "GET /storage/framework/cache/data/?ND HTTP/1.1" 200 2898 "-" "Mozilla/5.0 (compatible; MJ12bot/v1.4.8; http://mj12bot.com/)"
51.83.7.81 - - [05/Jun/2026:19:41:54 +0000] "GET /storage/framework/cache/data/?SA HTTP/1.1" 200 2971 "-" "Mozilla/5.0 (compatible; MJ12bot/v1.4.8; http://mj12bot.com/)"
